114.119.150.248 - - [15/Jun/2026:21:00:05 +0000] "GET /home/homepage-classic-landing/ HTTP/1.1" 200 125042 "http://www.circuitorioantigo.com.br/home/homepage-classic-landing/" "Mozilla/5.0 (Linux; Android 7.0;) AppleWebKit/537.36 (HTML, like Gecko) Mobile Safari/537.36 (compatible; PetalBot;+https://webmaster.petalsearch.com/site/petalbot)"
162.241.176.232 - - [15/Jun/2026:21:03:43 +0000] "POST /wp-cron.php?doing_wp_cron=1781557423.6529040336608886718750 HTTP/1.1" 404 58050 "-" "WordPress/6.9.4; https://www.circuitorioantigo.com.br"
34.67.118.180 - - [15/Jun/2026:21:03:42 +0000] "HEAD /wp/ HTTP/1.1" 404 - "-" "Mozilla/5.0 (Macintosh; Intel Mac OS X 13_5) AppleWebKit/605.1.15 (KHTML, like Gecko) Version/16.5 Safari/605.1.15"
34.67.118.180 - - [15/Jun/2026:21:03:44 +0000] "HEAD /new/ HTTP/1.1" 404 - "-" "Mozilla/5.0 (Windows NT 10.0; Win64; x64; rv:127.0) Gecko/20100101 Firefox/127.0"
34.67.118.180 - - [15/Jun/2026:21:03:45 +0000] "HEAD /wordpress/ HTTP/1.1" 404 - "-" "Mozilla/5.0 (Windows NT 11.0; Win64; x64) AppleWebKit/537.36 (KHTML, like Gecko) Edg/128.0.2790.25 Chrome/128.0.6540.22 Safari/537.36"
34.67.118.180 - - [15/Jun/2026:21:03:46 +0000] "HEAD /old/ HTTP/1.1" 404 - "-" "Mozilla/5.0 (Windows NT 10.0; Win64; x64; rv:127.0) Gecko/20100101 Firefox/127.0"
34.67.118.180 - - [15/Jun/2026:21:03:47 +0000] "HEAD / HTTP/1.1" 301 - "-" "Mozilla/5.0 (Linux; Android 13; Nokia G42 5G) AppleWebKit/537.36 (KHTML, like Gecko) Chrome/126.0.6478.41 Mobile Safari/537.36"
34.67.118.180 - - [15/Jun/2026:21:03:49 +0000] "HEAD /blog/ HTTP/1.1" 404 - "-" "Mozilla/5.0 (Linux; Android 13; Nokia G42 5G) AppleWebKit/537.36 (KHTML, like Gecko) Chrome/126.0.6478.41 Mobile Safari/537.36"
34.67.118.180 - - [15/Jun/2026:21:03:50 +0000] "HEAD /backup/ HTTP/1.1" 404 - "-" "Mozilla/5.0 (Linux; Android 12; Redmi Note 11) AppleWebKit/537.36 (KHTML, like Gecko) Chrome/123.0.6312.112 Mobile Safari/537.36"
34.174.80.37 - - [15/Jun/2026:21:04:36 +0000] "HEAD / HTTP/1.1" 301 - "-" "Mozilla/5.0 (Linux; Android 12; TECNO CK6n) AppleWebKit/537.36 (KHTML, like Gecko) Chrome/125.0.6422.50 Mobile Safari/537.36"
34.174.80.37 - - [15/Jun/2026:21:04:38 +0000] "HEAD /wp/ HTTP/1.1" 301 - "-" "Mozilla/5.0 (Linux; Android 14; SM-A146P) AppleWebKit/537.36 (KHTML, like Gecko) SamsungBrowser/25.0 Chrome/123.0.6312.120 Mobile Safari/537.36"
34.174.80.37 - - [15/Jun/2026:21:04:39 +0000] "HEAD /wp/ HTTP/1.1" 404 - "http://circuitorioantigo.com.br/wp/" "Mozilla/5.0 (Linux; Android 14; SM-A146P) AppleWebKit/537.36 (KHTML, like Gecko) SamsungBrowser/25.0 Chrome/123.0.6312.120 Mobile Safari/537.36"
34.174.80.37 - - [15/Jun/2026:21:04:40 +0000] "HEAD /blog/ HTTP/1.1" 301 - "-" "Mozilla/5.0 (Macintosh; Intel Mac OS X 13_5) AppleWebKit/605.1.15 (KHTML, like Gecko) Version/16.5 Safari/605.1.15"
34.174.80.37 - - [15/Jun/2026:21:04:42 +0000] "HEAD /old/ HTTP/1.1" 301 - "-" "Mozilla/5.0 (Linux; Android 10; vivo 1904) AppleWebKit/537.36 (KHTML, like Gecko) Chrome/117.0.5938.60 Mobile Safari/537.36"
34.174.80.37 - - [15/Jun/2026:21:04:43 +0000] "HEAD /old/ HTTP/1.1" 404 - "http://circuitorioantigo.com.br/old/" "Mozilla/5.0 (Linux; Android 10; vivo 1904) AppleWebKit/537.36 (KHTML, like Gecko) Chrome/117.0.5938.60 Mobile Safari/537.36"
162.241.176.232 - - [15/Jun/2026:21:04:44 +0000] "POST /wp-cron.php?doing_wp_cron=1781557484.1173369884490966796875 HTTP/1.1" 404 23678 "-" "WordPress/6.9.4; https://www.circuitorioantigo.com.br"
34.174.80.37 - - [15/Jun/2026:21:04:45 +0000] "HEAD /wordpress/ HTTP/1.1" 301 - "-" "Mozilla/5.0 (Windows NT 10.0; Win64; x64) AppleWebKit/537.36 (KHTML, like Gecko) Chrome/125.0.6422.112 Safari/537.36 Brave/1.63.120"
34.174.80.37 - - [15/Jun/2026:21:04:46 +0000] "HEAD /wordpress/ HTTP/1.1" 404 - "http://circuitorioantigo.com.br/wordpress/" "Mozilla/5.0 (Windows NT 10.0; Win64; x64) AppleWebKit/537.36 (KHTML, like Gecko) Chrome/125.0.6422.112 Safari/537.36 Brave/1.63.120"
34.174.80.37 - - [15/Jun/2026:21:04:47 +0000] "HEAD /backup/ HTTP/1.1" 301 - "-" "Mozilla/5.0 (iPad; CPU OS 17_4 like Mac OS X) AppleWebKit/605.1.15 (KHTML, like Gecko) Version/17.4 Mobile/15E148 Safari/604.1"
34.174.80.37 - - [15/Jun/2026:21:04:48 +0000] "HEAD /new/ HTTP/1.1" 301 - "-" "Mozilla/5.0 (Linux; Android 12; TECNO CK6n) AppleWebKit/537.36 (KHTML, like Gecko) Chrome/125.0.6422.50 Mobile Safari/537.36"
114.119.156.3 - - [15/Jun/2026:21:10:57 +0000] "GET /2014/09/16/blog-post-left-sidebar-3 HTTP/1.1" 301 - "http://www.circuitorioantigo.com.br/2016/03/18/fullwidth-post-sample-6" "Mozilla/5.0 (Linux; Android 7.0;) AppleWebKit/537.36 (HTML, like Gecko) Mobile Safari/537.36 (compatible; PetalBot;+https://webmaster.petalsearch.com/site/petalbot)"
114.119.156.3 - - [15/Jun/2026:21:10:59 +0000] "GET /2014/09/16/blog-post-left-sidebar-3/ HTTP/1.1" 200 145768 "http://www.circuitorioantigo.com.br/2016/03/18/fullwidth-post-sample-6" "Mozilla/5.0 (Linux; Android 7.0;) AppleWebKit/537.36 (HTML, like Gecko) Mobile Safari/537.36 (compatible; PetalBot;+https://webmaster.petalsearch.com/site/petalbot)"
162.241.176.232 - - [15/Jun/2026:21:17:18 +0000] "POST /wp-cron.php?doing_wp_cron=1781558238.9309399127960205078125 HTTP/1.1" 404 58049 "-" "WordPress/6.9.4; https://www.circuitorioantigo.com.br"
185.191.171.13 - - [15/Jun/2026:21:17:17 +0000] "GET /robots.txt HTTP/1.1" 200 307 "-" "Mozilla/5.0 (compatible; SemrushBot/7~bl; +http://www.semrush.com/bot.html)"
85.208.96.200 - - [15/Jun/2026:21:17:20 +0000] "GET /2014/09/16/blog-post-right-sidebar-3/ HTTP/1.1" 200 151375 "-" "Mozilla/5.0 (compatible; SemrushBot/7~bl; +http://www.semrush.com/bot.html)"
101.32.55.28 - - [15/Jun/2026:21:20:04 +0000] "GET /site/wp-content/uploads/2024/01/regulamento.pdf HTTP/1.1" 200 349837 "-" "Mozilla/5.0 (Windows NT 10.0; Win64; x64) AppleWebKit/537.36 (KHTML, like Gecko) Chrome/111.0.0.0 Safari/537.36"
82.86.109.134 - - [15/Jun/2026:21:37:09 +0000] "GET http://www.circuitorioantigo.com.br/etapa-arcos-da-lapa/ HTTP/1.1" 404 58050 "-" "Mozilla/5.0 (Macintosh; Intel Mac OS X 10_15_7) AppleWebKit/537.36 (KHTML, like Gecko) Chrome/96.0.4664.110 Safari/537.36"
162.241.176.232 - - [15/Jun/2026:21:37:11 +0000] "POST /wp-cron.php?doing_wp_cron=1781559431.0003480911254882812500 HTTP/1.1" 404 8000 "-" "WordPress/6.9.4; https://www.circuitorioantigo.com.br"
162.241.176.232 - - [15/Jun/2026:21:40:17 +0000] "POST /wp-cron.php?doing_wp_cron=1781559617.3486580848693847656250 HTTP/1.1" 404 58050 "-" "WordPress/6.9.4; https://www.circuitorioantigo.com.br"
20.220.147.44 - - [15/Jun/2026:21:40:16 +0000] "GET /wp-content/plugins/hellopress/wp_filemanager.php HTTP/1.1" 404 58115 "-" "-"
20.220.147.44 - - [15/Jun/2026:21:40:18 +0000] "GET /this_is_a_new_hello_world.php HTTP/1.1" 404 58116 "-" "-"
20.220.147.44 - - [15/Jun/2026:21:40:19 +0000] "GET /jj.php HTTP/1.1" 404 58116 "-" "-"
20.220.147.44 - - [15/Jun/2026:21:40:21 +0000] "GET /click.php HTTP/1.1" 404 58115 "-" "-"
20.220.147.44 - - [15/Jun/2026:21:40:22 +0000] "GET /222.php HTTP/1.1" 404 58116 "-" "-"
20.220.147.44 - - [15/Jun/2026:21:40:23 +0000] "GET /z60.php HTTP/1.1" 404 58116 "-" "-"
20.220.147.44 - - [15/Jun/2026:21:40:24 +0000] "GET /xml.php HTTP/1.1" 404 58116 "-" "-"
20.220.147.44 - - [15/Jun/2026:21:40:25 +0000] "GET /acp.php HTTP/1.1" 404 58116 "-" "-"
20.220.147.44 - - [15/Jun/2026:21:40:26 +0000] "GET /wp-home.php HTTP/1.1" 404 58116 "-" "-"
20.220.147.44 - - [15/Jun/2026:21:40:27 +0000] "GET /t.php HTTP/1.1" 404 58114 "-" "-"
20.220.147.44 - - [15/Jun/2026:21:40:28 +0000] "GET /BDKR28WP.php HTTP/1.1" 404 58116 "-" "-"
20.220.147.44 - - [15/Jun/2026:21:40:29 +0000] "GET /41.php HTTP/1.1" 404 58116 "-" "-"
20.220.147.44 - - [15/Jun/2026:21:40:30 +0000] "GET /crgio.php HTTP/1.1" 404 58115 "-" "-"
20.220.147.44 - - [15/Jun/2026:21:40:31 +0000] "GET /gm.php HTTP/1.1" 404 58115 "-" "-"
20.220.147.44 - - [15/Jun/2026:21:40:32 +0000] "GET /pn.php HTTP/1.1" 404 58116 "-" "-"
20.220.147.44 - - [15/Jun/2026:21:40:33 +0000] "GET /gecko.php HTTP/1.1" 404 58116 "-" "-"
20.220.147.44 - - [15/Jun/2026:21:40:34 +0000] "GET /gg.php HTTP/1.1" 404 58115 "-" "-"
20.220.147.44 - - [15/Jun/2026:21:40:35 +0000] "GET /co.php HTTP/1.1" 404 58116 "-" "-"
20.220.147.44 - - [15/Jun/2026:21:40:36 +0000] "GET /bolt.php HTTP/1.1" 404 58116 "-" "-"
20.220.147.44 - - [15/Jun/2026:21:40:37 +0000] "GET /fvvff.php HTTP/1.1" 404 58114 "-" "-"
20.220.147.44 - - [15/Jun/2026:21:40:38 +0000] "GET /info2.php HTTP/1.1" 404 58116 "-" "-"
20.220.147.44 - - [15/Jun/2026:21:40:39 +0000] "GET /x.php HTTP/1.1" 404 58116 "-" "-"
20.220.147.44 - - [15/Jun/2026:21:40:40 +0000] "GET /wp-ac.php HTTP/1.1" 404 58115 "-" "-"
20.220.147.44 - - [15/Jun/2026:21:40:42 +0000] "GET /consultantx/wp-config.php HTTP/1.1" 404 58116 "-" "-"
20.220.147.44 - - [15/Jun/2026:21:40:43 +0000] "GET /chosen.php HTTP/1.1" 404 58116 "-" "-"
20.220.147.44 - - [15/Jun/2026:21:40:44 +0000] "GET /mg.php HTTP/1.1" 404 58115 "-" "-"
20.220.147.44 - - [15/Jun/2026:21:40:45 +0000] "GET /domains.php HTTP/1.1" 404 58115 "-" "-"
20.220.147.44 - - [15/Jun/2026:21:40:46 +0000] "GET /abc.php HTTP/1.1" 404 58116 "-" "-"
20.220.147.44 - - [15/Jun/2026:21:40:47 +0000] "GET /2026w.php HTTP/1.1" 404 58116 "-" "-"
20.220.147.44 - - [15/Jun/2026:21:40:48 +0000] "GET /epinyins.php HTTP/1.1" 404 58116 "-" "-"
20.220.147.44 - - [15/Jun/2026:21:40:49 +0000] "GET /app.php HTTP/1.1" 404 58116 "-" "-"
20.220.147.44 - - [15/Jun/2026:21:40:50 +0000] "GET /jp.php HTTP/1.1" 404 58116 "-" "-"
20.220.147.44 - - [15/Jun/2026:21:40:51 +0000] "GET /jga.php HTTP/1.1" 404 58116 "-" "-"
20.220.147.44 - - [15/Jun/2026:21:40:52 +0000] "GET /wp-access.php HTTP/1.1" 404 58116 "-" "-"
20.220.147.44 - - [15/Jun/2026:21:40:53 +0000] "GET /file5.php HTTP/1.1" 404 58116 "-" "-"
20.220.147.44 - - [15/Jun/2026:21:40:54 +0000] "GET /aaf.php HTTP/1.1" 404 58116 "-" "-"
20.220.147.44 - - [15/Jun/2026:21:40:55 +0000] "GET /inputs.php HTTP/1.1" 404 58116 "-" "-"
20.220.147.44 - - [15/Jun/2026:21:40:56 +0000] "GET /tool.php HTTP/1.1" 404 58116 "-" "-"
20.220.147.44 - - [15/Jun/2026:21:40:57 +0000] "GET /file.php HTTP/1.1" 404 58116 "-" "-"
20.220.147.44 - - [15/Jun/2026:21:40:58 +0000] "GET /classwithtostring.php HTTP/1.1" 404 58114 "-" "-"
20.220.147.44 - - [15/Jun/2026:21:40:59 +0000] "GET /ms-edit.php HTTP/1.1" 404 58116 "-" "-"
20.220.147.44 - - [15/Jun/2026:21:41:00 +0000] "GET /lib.php HTTP/1.1" 404 58116 "-" "-"
20.220.147.44 - - [15/Jun/2026:21:41:01 +0000] "GET /about.php HTTP/1.1" 404 58116 "-" "-"
20.220.147.44 - - [15/Jun/2026:21:41:02 +0000] "GET /wp-blog.php HTTP/1.1" 404 58116 "-" "-"
20.220.147.44 - - [15/Jun/2026:21:41:03 +0000] "GET /mh.php HTTP/1.1" 404 58116 "-" "-"
20.220.147.44 - - [15/Jun/2026:21:41:05 +0000] "GET /155.php HTTP/1.1" 404 58115 "-" "-"
20.220.147.44 - - [15/Jun/2026:21:41:06 +0000] "GET /gifclass.php HTTP/1.1" 404 58116 "-" "-"
20.220.147.44 - - [15/Jun/2026:21:41:07 +0000] "GET /amp.php HTTP/1.1" 404 58116 "-" "-"
20.220.147.44 - - [15/Jun/2026:21:41:08 +0000] "GET /edit.php HTTP/1.1" 404 58116 "-" "-"
20.220.147.44 - - [15/Jun/2026:21:41:09 +0000] "GET /hoeig.php HTTP/1.1" 404 58116 "-" "-"
20.220.147.44 - - [15/Jun/2026:21:41:10 +0000] "GET /ioxi-o.php HTTP/1.1" 404 58116 "-" "-"
20.220.147.44 - - [15/Jun/2026:21:41:11 +0000] "GET /public/vx.php HTTP/1.1" 404 58116 "-" "-"
20.220.147.44 - - [15/Jun/2026:21:41:12 +0000] "GET /motu.php HTTP/1.1" 404 58114 "-" "-"
20.220.147.44 - - [15/Jun/2026:21:41:13 +0000] "GET /wp-p2r3q9c8k4.php HTTP/1.1" 404 58116 "-" "-"
20.220.147.44 - - [15/Jun/2026:21:41:14 +0000] "GET /fs.php HTTP/1.1" 404 58115 "-" "-"
20.220.147.44 - - [15/Jun/2026:21:41:15 +0000] "GET /dass.php HTTP/1.1" 404 58115 "-" "-"
162.241.176.232 - - [15/Jun/2026:21:41:17 +0000] "POST /wp-cron.php?doing_wp_cron=1781559677.3980050086975097656250 HTTP/1.1" 404 8000 "-" "WordPress/6.9.4; https://www.circuitorioantigo.com.br"
20.220.147.44 - - [15/Jun/2026:21:41:16 +0000] "GET /lala.php HTTP/1.1" 404 58114 "-" "-"
20.220.147.44 - - [15/Jun/2026:21:41:18 +0000] "GET /wp-the.php HTTP/1.1" 404 58116 "-" "-"
20.220.147.44 - - [15/Jun/2026:21:41:19 +0000] "GET /a4.php HTTP/1.1" 404 58116 "-" "-"
20.220.147.44 - - [15/Jun/2026:21:41:20 +0000] "GET /wen.php HTTP/1.1" 404 58116 "-" "-"
20.220.147.44 - - [15/Jun/2026:21:41:21 +0000] "GET /term.php HTTP/1.1" 404 58116 "-" "-"
20.220.147.44 - - [15/Jun/2026:21:41:22 +0000] "GET /asd.php HTTP/1.1" 404 58116 "-" "-"
20.220.147.44 - - [15/Jun/2026:21:41:23 +0000] "GET /a5.php HTTP/1.1" 404 58116 "-" "-"
20.220.147.44 - - [15/Jun/2026:21:41:24 +0000] "GET /wp-blogs.php HTTP/1.1" 404 58116 "-" "-"
20.220.147.44 - - [15/Jun/2026:21:41:25 +0000] "GET /666.php HTTP/1.1" 404 58116 "-" "-"
20.220.147.44 - - [15/Jun/2026:21:41:26 +0000] "GET /gettest.php HTTP/1.1" 404 58115 "-" "-"
20.220.147.44 - - [15/Jun/2026:21:41:27 +0000] "GET /bgymj.php HTTP/1.1" 404 58116 "-" "-"
20.220.147.44 - - [15/Jun/2026:21:41:28 +0000] "GET /wp-blog-header.php HTTP/1.1" 404 58116 "-" "-"
20.220.147.44 - - [15/Jun/2026:21:41:29 +0000] "GET /ajax.php HTTP/1.1" 404 58116 "-" "-"
20.220.147.44 - - [15/Jun/2026:21:41:31 +0000] "GET /uuu.php HTTP/1.1" 404 58115 "-" "-"
20.220.147.44 - - [15/Jun/2026:21:41:32 +0000] "GET /l.php HTTP/1.1" 404 58116 "-" "-"
20.220.147.44 - - [15/Jun/2026:21:41:33 +0000] "GET /wp-png.php HTTP/1.1" 404 58116 "-" "-"
20.220.147.44 - - [15/Jun/2026:21:41:34 +0000] "GET /Cap.php HTTP/1.1" 404 58116 "-" "-"
20.220.147.44 - - [15/Jun/2026:21:41:35 +0000] "GET /8573.php HTTP/1.1" 404 58116 "-" "-"
20.220.147.44 - - [15/Jun/2026:21:41:36 +0000] "GET /levi.php HTTP/1.1" 404 58116 "-" "-"
20.220.147.44 - - [15/Jun/2026:21:41:37 +0000] "GET /asasx.php HTTP/1.1" 404 58116 "-" "-"
20.220.147.44 - - [15/Jun/2026:21:41:38 +0000] "GET /SrHD3odefault.php HTTP/1.1" 404 58116 "-" "-"
20.220.147.44 - - [15/Jun/2026:21:41:39 +0000] "GET /tfm.php HTTP/1.1" 404 58114 "-" "-"
20.220.147.44 - - [15/Jun/2026:21:41:40 +0000] "GET /144.php HTTP/1.1" 404 58115 "-" "-"
66.249.79.201 - - [15/Jun/2026:21:41:41 +0000] "GET /site/wp-content/uploads/2025/07/AUTORIZACAO-IND_RETIRADA_TERCEIROS_Largo-da-Carioca.pdf HTTP/1.1" 200 300237 "-" "Mozilla/5.0 AppleWebKit/537.36 (KHTML, like Gecko; compatible; GoogleOther) Chrome/148.0.7778.96 Safari/537.36"
20.220.147.44 - - [15/Jun/2026:21:41:41 +0000] "GET /ppp.php HTTP/1.1" 404 58116 "-" "-"
20.220.147.44 - - [15/Jun/2026:21:41:42 +0000] "GET /hehe.php HTTP/1.1" 404 58116 "-" "-"
20.220.147.44 - - [15/Jun/2026:21:41:44 +0000] "GET /166.php HTTP/1.1" 404 58116 "-" "-"
20.220.147.44 - - [15/Jun/2026:21:41:45 +0000] "GET /ws77.php HTTP/1.1" 404 58116 "-" "-"
20.220.147.44 - - [15/Jun/2026:21:41:46 +0000] "GET /333.php HTTP/1.1" 404 58116 "-" "-"
20.220.147.44 - - [15/Jun/2026:21:41:47 +0000] "GET /bootstrap.php HTTP/1.1" 404 58115 "-" "-"
20.220.147.44 - - [15/Jun/2026:21:41:48 +0000] "GET /amax.php HTTP/1.1" 404 58116 "-" "-"
20.220.147.44 - - [15/Jun/2026:21:41:50 +0000] "GET /wp-content/radio.php HTTP/1.1" 404 58116 "-" "-"
20.220.147.44 - - [15/Jun/2026:21:41:51 +0000] "GET /wp-good.php HTTP/1.1" 404 58115 "-" "-"
20.220.147.44 - - [15/Jun/2026:21:41:52 +0000] "GET /wp-act.php HTTP/1.1" 404 58116 "-" "-"
20.220.147.44 - - [15/Jun/2026:21:41:53 +0000] "GET /kj.php HTTP/1.1" 404 58116 "-" "-"
20.220.147.44 - - [15/Jun/2026:21:41:54 +0000] "GET /albin.php HTTP/1.1" 404 58116 "-" "-"
20.220.147.44 - - [15/Jun/2026:21:41:55 +0000] "GET /csv.php HTTP/1.1" 404 58116 "-" "-"
20.220.147.44 - - [15/Jun/2026:21:41:56 +0000] "GET /sg.php HTTP/1.1" 404 58116 "-" "-"
20.220.147.44 - - [15/Jun/2026:21:41:57 +0000] "GET /d12.php HTTP/1.1" 404 58116 "-" "-"
20.220.147.44 - - [15/Jun/2026:21:41:58 +0000] "GET /tx78.php HTTP/1.1" 404 58116 "-" "-"
20.220.147.44 - - [15/Jun/2026:21:41:59 +0000] "GET /8.php HTTP/1.1" 404 58115 "-" "-"
20.220.147.44 - - [15/Jun/2026:21:42:00 +0000] "GET /hplfuns.php HTTP/1.1" 404 58116 "-" "-"
20.220.147.44 - - [15/Jun/2026:21:42:01 +0000] "GET /rithin.php HTTP/1.1" 404 58116 "-" "-"
20.220.147.44 - - [15/Jun/2026:21:42:02 +0000] "GET /bnm.php HTTP/1.1" 404 58116 "-" "-"
20.220.147.44 - - [15/Jun/2026:21:42:03 +0000] "GET /sid3.php HTTP/1.1" 404 58116 "-" "-"
66.249.79.200 - - [15/Jun/2026:21:42:41 +0000] "GET /wp-includes/images/arrow-pointer-blue-2x.png HTTP/1.1" 200 1666 "-" "Googlebot-Image/1.0"
162.241.176.232 - - [15/Jun/2026:21:43:00 +0000] "POST /wp-cron.php?doing_wp_cron=1781559780.4529609680175781250000 HTTP/1.1" 404 58050 "-" "WordPress/6.9.4; https://www.circuitorioantigo.com.br"
185.191.171.6 - - [15/Jun/2026:21:42:59 +0000] "GET /2015/10/16/fullwidth-post-sample-3/ HTTP/1.1" 200 155835 "-" "Mozilla/5.0 (compatible; SemrushBot/7~bl; +http://www.semrush.com/bot.html)"
162.241.176.232 - - [15/Jun/2026:21:58:11 +0000] "POST /wp-cron.php?doing_wp_cron=1781560691.4573349952697753906250 HTTP/1.1" 404 58050 "-" "WordPress/6.9.4; https://www.circuitorioantigo.com.br"
65.21.113.250 - - [15/Jun/2026:21:58:10 +0000] "GET /robots.txt HTTP/1.1" 200 307 "-" "Mozilla/5.0 (compatible; AwarioBot/1.0; +https://awario.com/bots.html)"
65.21.113.250 - - [15/Jun/2026:21:58:12 +0000] "GET /index.html HTTP/1.1" 404 58050 "-" "Mozilla/5.0 (compatible; AwarioBot/1.0; +https://awario.com/bots.html)"
162.241.176.232 - - [15/Jun/2026:22:01:01 +0000] "POST /wp-cron.php?doing_wp_cron=1781560861.8129301071166992187500 HTTP/1.1" 404 58049 "-" "WordPress/6.9.4; https://www.circuitorioantigo.com.br"
47.128.42.183 - - [15/Jun/2026:22:01:00 +0000] "GET /robots.txt HTTP/1.1" 301 - "-" "Mozilla/5.0 (Linux; Android 5.0) AppleWebKit/537.36 (KHTML, like Gecko) Mobile Safari/537.36 (compatible; Bytespider; spider-feedback@bytedance.com)"
47.128.42.183 - - [15/Jun/2026:22:01:04 +0000] "GET /robots.txt HTTP/1.1" 200 307 "-" "Mozilla/5.0 (Linux; Android 5.0) AppleWebKit/537.36 (KHTML, like Gecko) Mobile Safari/537.36 (compatible; Bytespider; spider-feedback@bytedance.com)"
162.241.176.232 - - [15/Jun/2026:22:12:55 +0000] "POST /wp-cron.php?doing_wp_cron=1781561575.5805559158325195312500 HTTP/1.1" 404 58050 "-" "WordPress/6.9.4; https://www.circuitorioantigo.com.br"
47.128.42.191 - - [15/Jun/2026:22:12:54 +0000] "GET /robots.txt HTTP/1.1" 200 307 "-" "Mozilla/5.0 (Linux; Android 5.0) AppleWebKit/537.36 (KHTML, like Gecko) Mobile Safari/537.36 (compatible; Bytespider; spider-feedback@bytedance.com)"
66.249.79.201 - - [15/Jun/2026:22:19:31 +0000] "GET / HTTP/1.1" 301 - "-" "Mozilla/5.0 (Linux; Android 6.0.1; Nexus 5X Build/MMB29P) AppleWebKit/537.36 (KHTML, like Gecko) Chrome/148.0.7778.96 Mobile Safari/537.36 (compatible; Googlebot/2.1; +http://www.google.com/bot.html)"
192.185.176.186 - - [15/Jun/2026:22:21:59 +0000] "GET /.well-known/acme-challenge/HM30A5AZFSEOYEI6LCV-VD9WQNTHB1GW HTTP/1.1" 404 - "-" "Cpanel-HTTP-Client/1.0"
192.185.176.186 - - [15/Jun/2026:22:22:01 +0000] "GET /.well-known/acme-challenge/84V8FPLOAPPDP56ASM27XGIOKHN56NCE HTTP/1.1" 404 - "-" "Cpanel-HTTP-Client/1.0"
192.185.176.186 - - [15/Jun/2026:22:22:02 +0000] "GET /.well-known/acme-challenge/ZQ6SS2EOUQ2IFKR9-87IO55KDWH-J4I6 HTTP/1.1" 404 - "-" "Cpanel-HTTP-Client/1.0"
162.241.176.232 - - [15/Jun/2026:22:22:04 +0000] "GET /.well-known/acme-challenge/O48R2E1B9XS37RC0J4JME7ZR39M19PK2 HTTP/1.1" 404 - "-" "Cpanel-HTTP-Client/1.0"
162.241.176.232 - - [15/Jun/2026:22:22:06 +0000] "GET /.well-known/acme-challenge/2ETJ14BWK-5KNLL4KDT--F45WX9GLT20 HTTP/1.1" 404 - "-" "Cpanel-HTTP-Client/1.0"
162.241.176.232 - - [15/Jun/2026:22:22:06 +0000] "GET /.well-known/acme-challenge/CNHNW8ZN6LQ_LK1ZJ-RYOO1UYBCL9O4T HTTP/1.1" 404 - "-" "Cpanel-HTTP-Client/1.0"
162.241.176.232 - - [15/Jun/2026:22:22:10 +0000] "GET /.well-known/acme-challenge/J4SFY-STCS7_CFWAG71-88PNM0WAA9JB HTTP/1.1" 404 - "-" "Cpanel-HTTP-Client/1.0"
162.241.176.232 - - [15/Jun/2026:22:22:11 +0000] "GET /.well-known/acme-challenge/IIW-6NCH4PXJ-L3FBA33J-IDBHU7O628 HTTP/1.1" 404 - "-" "Cpanel-HTTP-Client/1.0"
192.185.176.186 - - [15/Jun/2026:22:22:16 +0000] "GET /.well-known/acme-challenge/6PBPXBJHTQ-UK4E4IST3WLGTGCII5ZN7 HTTP/1.1" 404 - "-" "Cpanel-HTTP-Client/1.0"
192.185.176.186 - - [15/Jun/2026:22:22:18 +0000] "GET /.well-known/acme-challenge/6SGYTSEGRF_-VJ27QKPMV46K5JP8CU3Y HTTP/1.1" 404 - "-" "Cpanel-HTTP-Client/1.0"
66.249.79.201 - - [15/Jun/2026:22:29:01 +0000] "GET /site/wp-content/uploads/2024/10/grupos.pdf HTTP/1.1" 200 259151 "-" "Mozilla/5.0 AppleWebKit/537.36 (KHTML, like Gecko; compatible; GoogleOther) Chrome/148.0.7778.96 Safari/537.36"
162.241.176.232 - - [15/Jun/2026:22:33:09 +0000] "POST /wp-cron.php?doing_wp_cron=1781562789.3628408908843994140625 HTTP/1.1" 404 58049 "-" "WordPress/6.9.4; https://www.circuitorioantigo.com.br"
207.46.13.157 - - [15/Jun/2026:22:33:08 +0000] "GET /2016/04/22/easy-to-use-gallery-system-2/ HTTP/1.1" 200 150431 "-" "Mozilla/5.0 AppleWebKit/537.36 (KHTML, like Gecko; compatible; bingbot/2.0; +http://www.bing.com/bingbot.htm) Chrome/116.0.1938.76 Safari/537.36"
123.24.245.210 - - [15/Jun/2026:22:38:28 +0000] "GET http://circuitorioantigo.com.br/percurso.html HTTP/1.1" 301 - "-" "Mozilla/5.0 (Windows NT 10.0; Win64; x64) AppleWebKit/537.36 (KHTML, like Gecko) Chrome/99.0.4844.51 Safari/537.36"
179.6.17.49 - - [15/Jun/2026:22:38:31 +0000] "GET http://circuitorioantigo.com.br/percurso.html HTTP/1.1" 301 - "-" "Mozilla/5.0 (Windows NT 10.0; Win64; x64) AppleWebKit/537.36 (KHTML, like Gecko) Chrome/116.0.0.0 Safari/537.36"
14.190.242.211 - - [15/Jun/2026:22:38:33 +0000] "GET http://circuitorioantigo.com.br/percurso.html HTTP/1.1" 301 - "-" "Mozilla/5.0 (Windows NT 10.0; Win64; x64) AppleWebKit/537.36 (KHTML, like Gecko) Chrome/107.0.0.0 Safari/537.36"
136.243.220.213 - - [15/Jun/2026:22:41:30 +0000] "GET /mapa_5k.html HTTP/1.1" 404 58049 "-" "Mozilla/5.0 (compatible; DataForSeoBot/1.0; +https://dataforseo.com/dataforseo-bot)"
162.241.176.232 - - [15/Jun/2026:22:41:31 +0000] "POST /wp-cron.php?doing_wp_cron=1781563291.8769350051879882812500 HTTP/1.1" 404 8000 "-" "WordPress/6.9.4; https://www.circuitorioantigo.com.br"
66.249.79.202 - - [15/Jun/2026:22:44:03 +0000] "GET /wp-includes/images/spinner.gif HTTP/1.1" 200 3656 "-" "Googlebot-Image/1.0"
85.208.96.196 - - [15/Jun/2026:22:50:59 +0000] "GET /robots.txt HTTP/1.1" 200 307 "-" "Mozilla/5.0 (compatible; SemrushBot/7~bl; +http://www.semrush.com/bot.html)"
85.208.96.207 - - [15/Jun/2026:22:51:00 +0000] "GET /elements/clients/ HTTP/1.1" 200 169263 "-" "Mozilla/5.0 (compatible; SemrushBot/7~bl; +http://www.semrush.com/bot.html)"
85.208.96.211 - - [15/Jun/2026:22:53:36 +0000] "GET /etapa-rio-das-flores-2025/ HTTP/1.1" 200 122613 "-" "Mozilla/5.0 (compatible; SemrushBot/7~bl; +http://www.semrush.com/bot.html)"
113.246.107.119 - - [15/Jun/2026:22:54:18 +0000] "GET /price-list/ HTTP/1.1" 404 58050 "-" "Mozilla/5.0 (Macintosh; Intel Mac OS X 10_15_7) AppleWebKit/537.36 (KHTML, like Gecko) Chrome/146.0.0.0 Safari/537.36"
162.241.176.232 - - [15/Jun/2026:22:54:19 +0000] "POST /wp-cron.php?doing_wp_cron=1781564059.7491660118103027343750 HTTP/1.1" 404 23678 "-" "WordPress/6.9.4; https://www.circuitorioantigo.com.br"
201.71.171.129 - - [15/Jun/2026:22:54:19 +0000] "GET /price-list/ HTTP/1.1" 404 58049 "-" "Mozilla/5.0 (Macintosh; Intel Mac OS X 10_15_7) AppleWebKit/537.36 (KHTML, like Gecko) Chrome/146.0.0.0 Safari/537.36"
189.178.172.5 - - [15/Jun/2026:22:54:19 +0000] "GET /price-list/ HTTP/1.1" 404 58050 "-" "Mozilla/5.0 (Macintosh; Intel Mac OS X 10.15; rv:133.0) Gecko/20100101 Firefox/133.0"
162.241.176.232 - - [15/Jun/2026:22:54:20 +0000] "POST /wp-cron.php?doing_wp_cron=1781564060.5586509704589843750000 HTTP/1.1" 404 23678 "-" "WordPress/6.9.4; https://www.circuitorioantigo.com.br"
120.228.3.135 - - [15/Jun/2026:22:54:22 +0000] "GET /price-list/ HTTP/1.1" 404 58050 "-" "Mozilla/5.0 (Macintosh; Intel Mac OS X 10.15; rv:133.0) Gecko/20100101 Firefox/133.0"
162.241.176.232 - - [15/Jun/2026:23:26:44 +0000] "POST /wp-cron.php?doing_wp_cron=1781566004.1414980888366699218750 HTTP/1.1" 404 58048 "-" "WordPress/6.9.4; https://www.circuitorioantigo.com.br"
114.119.156.181 - - [15/Jun/2026:23:26:43 +0000] "GET /robots.txt HTTP/1.1" 200 307 "http://www.circuitorioantigo.com.br/robots.txt" "Mozilla/5.0 (compatible;PetalBot;+https://webmaster.petalsearch.com/site/petalbot)"
162.241.176.232 - - [15/Jun/2026:23:45:57 +0000] "POST /wp-cron.php?doing_wp_cron=1781567157.3815760612487792968750 HTTP/1.1" 404 58050 "-" "WordPress/6.9.4; https://www.circuitorioantigo.com.br"
85.208.96.211 - - [15/Jun/2026:23:45:56 +0000] "GET /pages/about-us/about-us/ HTTP/1.1" 200 145974 "-" "Mozilla/5.0 (compatible; SemrushBot/7~bl; +http://www.semrush.com/bot.html)"
170.106.72.93 - - [15/Jun/2026:23:46:38 +0000] "GET / HTTP/1.1" 301 - "-" "Mozilla/5.0 (iPhone; CPU iPhone OS 13_2_3 like Mac OS X) AppleWebKit/605.1.15 (KHTML, like Gecko) Version/13.0.3 Mobile/15E148 Safari/604.1"
162.241.176.232 - - [15/Jun/2026:23:58:17 +0000] "POST /wp-cron.php?doing_wp_cron=1781567897.2229459285736083984375 HTTP/1.1" 404 58050 "-" "WordPress/6.9.4; https://www.circuitorioantigo.com.br"
85.208.96.204 - - [15/Jun/2026:23:58:15 +0000] "GET /robots.txt HTTP/1.1" 200 307 "-" "Mozilla/5.0 (compatible; SemrushBot/7~bl; +http://www.semrush.com/bot.html)"
185.191.171.8 - - [15/Jun/2026:23:58:18 +0000] "GET /2014/03/16/post-with-gallery-slider-3/ HTTP/1.1" 200 140769 "-" "Mozilla/5.0 (compatible; SemrushBot/7~bl; +http://www.semrush.com/bot.html)"
185.191.171.8 - - [15/Jun/2026:23:59:03 +0000] "GET /elements/icons/ HTTP/1.1" 200 259314 "-" "Mozilla/5.0 (compatible; SemrushBot/7~bl; +http://www.semrush.com/bot.html)"
35.173.18.61 - - [16/Jun/2026:00:05:24 +0000] "GET /percurso.html HTTP/1.1" 404 58049 "-" "Mozilla/5.0 AppleWebKit/537.36 (KHTML, like Gecko; compatible; Amazonbot/0.1; +https://developer.amazon.com/support/amazonbot) Chrome/119.0.6045.214 Safari/537.36"
162.241.176.232 - - [16/Jun/2026:00:08:43 +0000] "POST /wp-cron.php?doing_wp_cron=1781568523.7177329063415527343750 HTTP/1.1" 404 23678 "-" "WordPress/6.9.4; https://www.circuitorioantigo.com.br"
185.191.171.10 - - [16/Jun/2026:00:08:42 +0000] "GET /2016/03/21/simple-blog-post/ HTTP/1.1" 200 139499 "-" "Mozilla/5.0 (compatible; SemrushBot/7~bl; +http://www.semrush.com/bot.html)"
185.191.171.5 - - [16/Jun/2026:00:09:27 +0000] "GET /pf/photography-light/ HTTP/1.1" 200 112698 "-" "Mozilla/5.0 (compatible; SemrushBot/7~bl; +http://www.semrush.com/bot.html)"
162.241.176.232 - - [16/Jun/2026:00:21:22 +0000] "POST /wp-cron.php?doing_wp_cron=1781569282.9652609825134277343750 HTTP/1.1" 404 58050 "-" "WordPress/6.9.4; https://www.circuitorioantigo.com.br"
146.75.191.41 - - [16/Jun/2026:00:21:22 +0000] "GET / HTTP/1.1" 301 - "-" "Mozilla/5.0 (iPhone; CPU iPhone OS 18_7 like Mac OS X) AppleWebKit/605.1.15 (KHTML, like Gecko) Version/26.5 Mobile/15E148 Safari/604.1"
162.241.176.232 - - [16/Jun/2026:00:41:55 +0000] "POST /wp-cron.php?doing_wp_cron=1781570515.5297958850860595703125 HTTP/1.1" 404 58050 "-" "WordPress/6.9.4; https://www.circuitorioantigo.com.br"
101.33.81.73 - - [16/Jun/2026:00:41:54 +0000] "GET / HTTP/1.1" 301 - "-" "Mozilla/5.0 (iPhone; CPU iPhone OS 13_2_3 like Mac OS X) AppleWebKit/605.1.15 (KHTML, like Gecko) Version/13.0.3 Mobile/15E148 Safari/604.1"
162.241.176.232 - - [16/Jun/2026:00:42:59 +0000] "POST /wp-cron.php?doing_wp_cron=1781570579.1011691093444824218750 HTTP/1.1" 404 58050 "-" "WordPress/6.9.4; https://www.circuitorioantigo.com.br"
46.105.42.96 - - [16/Jun/2026:00:42:58 +0000] "GET /robots.txt HTTP/1.1" 200 307 "-" "Mozilla/5.0 (compatible; MJ12bot/v2.0.5; http://mj12bot.com/)"
46.105.42.96 - - [16/Jun/2026:00:43:00 +0000] "GET / HTTP/1.1" 301 - "-" "Mozilla/5.0 (compatible; MJ12bot/v2.0.5; http://mj12bot.com/)"
64.69.216.78 - - [16/Jun/2026:00:46:01 +0000] "GET / HTTP/1.1" 301 - "-" "Insites-scanner/1.0"
66.249.79.201 - - [16/Jun/2026:00:50:14 +0000] "GET /wp-includes/images/w-logo-blue-white-bg.png HTTP/1.1" 200 4119 "-" "Googlebot-Image/1.0"
162.241.176.232 - - [16/Jun/2026:00:59:13 +0000] "POST /wp-cron.php?doing_wp_cron=1781571553.1138560771942138671875 HTTP/1.1" 404 58050 "-" "WordPress/6.9.4; https://www.circuitorioantigo.com.br"
114.119.140.115 - - [16/Jun/2026:00:59:12 +0000] "GET /tag/media/page/3 HTTP/1.1" 301 - "http://www.circuitorioantigo.com.br/tag/media/page/3" "Mozilla/5.0 (Linux; Android 7.0;) AppleWebKit/537.36 (HTML, like Gecko) Mobile Safari/537.36 (compatible; PetalBot;+https://webmaster.petalsearch.com/site/petalbot)"
114.119.140.115 - - [16/Jun/2026:00:59:15 +0000] "GET /tag/media/page/3/ HTTP/1.1" 200 120980 "http://www.circuitorioantigo.com.br/tag/media/page/3" "Mozilla/5.0 (Linux; Android 7.0;) AppleWebKit/537.36 (HTML, like Gecko) Mobile Safari/537.36 (compatible; PetalBot;+https://webmaster.petalsearch.com/site/petalbot)"
34.1.22.158 - - [16/Jun/2026:01:07:56 +0000] "GET / HTTP/1.1" 301 - "-" "Mozilla/5.0 (Windows NT 10.0; Win64; x64) AppleWebKit/537.36 (KHTML, like Gecko; compatible; BuiltWith/1.4; rb.gy/xprgqj) Chrome/124.0.0.0 Safari/537.36"
66.249.79.201 - - [16/Jun/2026:01:08:59 +0000] "GET /wp-includes/images/wpicons-2x.png HTTP/1.1" 200 14931 "-" "Googlebot-Image/1.0"
162.241.176.232 - - [16/Jun/2026:01:31:50 +0000] "POST /wp-cron.php?doing_wp_cron=1781573510.0425119400024414062500 HTTP/1.1" 404 58050 "-" "WordPress/6.9.4; https://www.circuitorioantigo.com.br"
114.119.157.196 - - [16/Jun/2026:01:31:49 +0000] "GET /tag/media HTTP/1.1" 301 - "http://www.circuitorioantigo.com.br/2016/03/18/fullwidth-post-sample-6" "Mozilla/5.0 (Linux; Android 7.0;) AppleWebKit/537.36 (HTML, like Gecko) Mobile Safari/537.36 (compatible; PetalBot;+https://webmaster.petalsearch.com/site/petalbot)"
114.119.157.196 - - [16/Jun/2026:01:31:51 +0000] "GET /tag/media/ HTTP/1.1" 200 120620 "http://www.circuitorioantigo.com.br/2016/03/18/fullwidth-post-sample-6" "Mozilla/5.0 (Linux; Android 7.0;) AppleWebKit/537.36 (HTML, like Gecko) Mobile Safari/537.36 (compatible; PetalBot;+https://webmaster.petalsearch.com/site/petalbot)"
162.241.176.232 - - [16/Jun/2026:01:35:17 +0000] "POST /wp-cron.php?doing_wp_cron=1781573717.4249138832092285156250 HTTP/1.1" 404 58050 "-" "WordPress/6.9.4; https://www.circuitorioantigo.com.br"
66.249.79.201 - - [16/Jun/2026:01:35:15 +0000] "GET /site/wp-content/uploads/2016/02/price-2.pdf HTTP/1.1" 404 58050 "-" "Mozilla/5.0 (Linux; Android 6.0.1; Nexus 5X Build/MMB29P) AppleWebKit/537.36 (KHTML, like Gecko) Chrome/148.0.7778.96 Mobile Safari/537.36 (compatible; Googlebot/2.1; +http://www.google.com/bot.html)"
162.241.176.232 - - [16/Jun/2026:01:40:54 +0000] "POST /wp-cron.php?doing_wp_cron=1781574054.7667798995971679687500 HTTP/1.1" 404 58050 "-" "WordPress/6.9.4; https://www.circuitorioantigo.com.br"
85.208.96.200 - - [16/Jun/2026:01:40:53 +0000] "GET /category/videos/ HTTP/1.1" 200 70364 "-" "Mozilla/5.0 (compatible; SemrushBot/7~bl; +http://www.semrush.com/bot.html)"
185.177.238.46 - - [16/Jun/2026:01:43:16 +0000] "POST /wp-admin/admin-ajax.php HTTP/1.1" 404 58050 "-" "Mozilla/5.0 (Windows NT 10.0; Win64; x64) AppleWebKit/537.36"
185.177.238.46 - - [16/Jun/2026:01:43:17 +0000] "POST / HTTP/1.1" 200 87644 "-" "Mozilla/5.0 (Windows NT 10.0; Win64; x64) AppleWebKit/537.36"
185.177.238.46 - - [16/Jun/2026:01:43:18 +0000] "POST /wp-admin/admin-ajax.php HTTP/1.1" 404 58050 "-" "Mozilla/5.0 (Windows NT 10.0; Win64; x64) AppleWebKit/537.36"
185.177.238.46 - - [16/Jun/2026:01:43:20 +0000] "POST / HTTP/1.1" 200 87640 "-" "Mozilla/5.0 (Windows NT 10.0; Win64; x64) AppleWebKit/537.36"
185.177.238.46 - - [16/Jun/2026:01:43:21 +0000] "POST /wp-admin/admin-ajax.php HTTP/1.1" 404 58050 "-" "Mozilla/5.0 (Windows NT 10.0; Win64; x64) AppleWebKit/537.36"
185.177.238.46 - - [16/Jun/2026:01:43:22 +0000] "POST / HTTP/1.1" 200 87652 "-" "Mozilla/5.0 (Windows NT 10.0; Win64; x64) AppleWebKit/537.36"
185.177.238.46 - - [16/Jun/2026:01:43:24 +0000] "POST /wp-admin/admin-ajax.php HTTP/1.1" 404 58049 "-" "Mozilla/5.0 (Windows NT 10.0; Win64; x64) AppleWebKit/537.36"
185.177.238.46 - - [16/Jun/2026:01:43:25 +0000] "POST / HTTP/1.1" 200 87638 "-" "Mozilla/5.0 (Windows NT 10.0; Win64; x64) AppleWebKit/537.36"
162.241.176.232 - - [16/Jun/2026:01:44:10 +0000] "POST /wp-cron.php?doing_wp_cron=1781574250.7677929401397705078125 HTTP/1.1" 404 58049 "-" "WordPress/6.9.4; https://www.circuitorioantigo.com.br"
124.221.163.189 - - [16/Jun/2026:01:44:09 +0000] "GET / HTTP/1.1" 301 - "-" "Mozilla/5.0 (iPhone; CPU iPhone OS 13_2_3 like Mac OS X) AppleWebKit/605.1.15 (KHTML, like Gecko) Version/13.0.3 Mobile/15E148 Safari/604.1"
162.241.176.232 - - [16/Jun/2026:01:51:26 +0000] "POST /wp-cron.php?doing_wp_cron=1781574686.7352709770202636718750 HTTP/1.1" 404 58050 "-" "WordPress/6.9.4; https://www.circuitorioantigo.com.br"
69.63.184.14 - - [16/Jun/2026:01:51:25 +0000] "GET /images/kit_site.png HTTP/1.1" 404 58050 "-" "facebookexternalhit/1.1 (+http://www.facebook.com/externalhit_uatext.php)"
173.252.87.42 - - [16/Jun/2026:01:51:51 +0000] "GET /kit.html HTTP/1.1" 404 58050 "-" "facebookexternalhit/1.1 (+http://www.facebook.com/externalhit_uatext.php)"
173.252.87.26 - - [16/Jun/2026:01:51:51 +0000] "GET /kit.html HTTP/1.1" 404 58050 "-" "facebookexternalhit/1.1 (+http://www.facebook.com/externalhit_uatext.php)"
85.208.96.198 - - [16/Jun/2026:02:01:41 +0000] "GET /2014/03/16/post-with-gallery-slider-2/ HTTP/1.1" 200 137901 "-" "Mozilla/5.0 (compatible; SemrushBot/7~bl; +http://www.semrush.com/bot.html)"
162.241.176.232 - - [16/Jun/2026:02:05:19 +0000] "POST /wp-cron.php?doing_wp_cron=1781575519.5108699798583984375000 HTTP/1.1" 404 8000 "-" "WordPress/6.9.4; https://www.circuitorioantigo.com.br"
57.129.81.153 - - [16/Jun/2026:02:05:18 +0000] "GET / HTTP/1.1" 301 - "-" "Mozilla/5.0 (Windows NT 10.0; Win64; x64) AppleWebKit/537.36 (KHTML, like Gecko) Chrome/139.0.0.0 Safari/537.36"
42.116.136.241 - - [16/Jun/2026:02:11:06 +0000] "GET /1803-2/ HTTP/1.1" 404 58050 "-" "Mozilla/5.0 (Macintosh; Intel Mac OS X 10_15_7) AppleWebKit/537.36 (KHTML, like Gecko) Chrome/145.0.0.0 Safari/537.36"
14.247.205.235 - - [16/Jun/2026:02:11:07 +0000] "GET /1803-2/ HTTP/1.1" 404 58050 "-" "Mozilla/5.0 (Macintosh; Intel Mac OS X 10.15; rv:135.0) Gecko/20100101 Firefox/135.0"
175.0.56.154 - - [16/Jun/2026:02:11:07 +0000] "GET /1803-2/ HTTP/1.1" 404 58050 "-" "Mozilla/5.0 (Macintosh; Intel Mac OS X 10.15; rv:135.0) Gecko/20100101 Firefox/135.0"
115.239.47.228 - - [16/Jun/2026:02:11:06 +0000] "GET /1803-2/ HTTP/1.1" 404 58050 "-" "Mozilla/5.0 (Macintosh; Intel Mac OS X 10_15_7) AppleWebKit/537.36 (KHTML, like Gecko) Chrome/145.0.0.0 Safari/537.36"
8.228.29.63 - - [16/Jun/2026:02:20:20 +0000] "GET /site/wp-content/uploads/2016/01/apple-desk-office-technology-thegem-gallery-sidebar.jpg HTTP/1.1" 200 45730 "-" "Mozilla/5.0 AppleWebKit/537.36 (KHTML, like Gecko; compatible; ReyilBot/0.1"
162.241.176.232 - - [16/Jun/2026:02:23:41 +0000] "POST /wp-cron.php?doing_wp_cron=1781576621.2650039196014404296875 HTTP/1.1" 404 23678 "-" "WordPress/6.9.4; https://www.circuitorioantigo.com.br"
51.68.111.202 - - [16/Jun/2026:02:23:40 +0000] "GET /robots.txt HTTP/1.1" 200 307 "-" "Mozilla/5.0 (compatible; MJ12bot/v2.0.5; http://mj12bot.com/)"
51.68.111.202 - - [16/Jun/2026:02:23:42 +0000] "GET / HTTP/1.1" 301 - "-" "Mozilla/5.0 (compatible; MJ12bot/v2.0.5; http://mj12bot.com/)"
34.173.239.49 - - [16/Jun/2026:02:43:43 +0000] "HEAD /robots.txt HTTP/1.1" 200 - "-" "Mozilla/5.0 (X11; Linux x86_64) AppleWebKit/537.36 (KHTML, like Gecko) Chrome/136.0.0.0 Safari/537.36"
34.173.239.49 - - [16/Jun/2026:02:43:43 +0000] "GET /robots.txt HTTP/1.1" 200 307 "-" "Mozilla/5.0 (X11; Linux x86_64) AppleWebKit/537.36 (KHTML, like Gecko) Chrome/136.0.0.0 Safari/537.36"
34.173.239.49 - - [16/Jun/2026:02:43:51 +0000] "HEAD /site/wp-content/uploads/2025/06/AUT-MENOR_DE_IDADE_Volta-Redonda.pdf HTTP/1.1" 200 - "-" "Mozilla/5.0 AppleWebKit/537.36 (KHTML, like Gecko); compatible; ShapBot/0.1.0"
34.173.239.49 - - [16/Jun/2026:02:43:51 +0000] "GET /site/wp-content/uploads/2025/06/AUT-MENOR_DE_IDADE_Volta-Redonda.pdf HTTP/1.1" 200 287225 "-" "Mozilla/5.0 AppleWebKit/537.36 (KHTML, like Gecko); compatible; ShapBot/0.1.0"
136.119.129.236 - - [16/Jun/2026:02:43:56 +0000] "HEAD / HTTP/1.1" 301 - "-" "Mozilla/5.0 AppleWebKit/537.36 (KHTML, like Gecko); compatible; ShapBot/0.1.0"
136.119.129.236 - - [16/Jun/2026:02:43:58 +0000] "GET / HTTP/1.1" 301 - "-" "Mozilla/5.0 AppleWebKit/537.36 (KHTML, like Gecko); compatible; ShapBot/0.1.0"
34.173.239.49 - - [16/Jun/2026:02:47:23 +0000] "HEAD /site/wp-content/uploads/2025/06/REGULAMENTO-CIRCUITO-RIO-ANTIGO-02_porto.pdf HTTP/1.1" 200 - "-" "Mozilla/5.0 AppleWebKit/537.36 (KHTML, like Gecko); compatible; ShapBot/0.1.0"
34.173.239.49 - - [16/Jun/2026:02:47:23 +0000] "GET /site/wp-content/uploads/2025/06/REGULAMENTO-CIRCUITO-RIO-ANTIGO-02_porto.pdf HTTP/1.1" 200 400743 "-" "Mozilla/5.0 AppleWebKit/537.36 (KHTML, like Gecko); compatible; ShapBot/0.1.0"
34.173.239.49 - - [16/Jun/2026:02:47:23 +0000] "HEAD /site/wp-content/uploads/2022/10/AUT-MENOR_DE_IDADE.pdf HTTP/1.1" 200 - "-" "Mozilla/5.0 AppleWebKit/537.36 (KHTML, like Gecko); compatible; ShapBot/0.1.0"
34.173.239.49 - - [16/Jun/2026:02:47:23 +0000] "GET /site/wp-content/uploads/2022/10/AUT-MENOR_DE_IDADE.pdf HTTP/1.1" 200 111847 "-" "Mozilla/5.0 AppleWebKit/537.36 (KHTML, like Gecko); compatible; ShapBot/0.1.0"
136.119.129.236 - - [16/Jun/2026:02:48:50 +0000] "HEAD /site/wp-content/uploads/2025/06/AUTORIZACAO-IND_RETIRADA_TERCEIROS_porto.pdf HTTP/1.1" 200 - "-" "Mozilla/5.0 AppleWebKit/537.36 (KHTML, like Gecko); compatible; ShapBot/0.1.0"
136.119.129.236 - - [16/Jun/2026:02:48:50 +0000] "GET /site/wp-content/uploads/2025/06/AUTORIZACAO-IND_RETIRADA_TERCEIROS_porto.pdf HTTP/1.1" 200 300212 "-" "Mozilla/5.0 AppleWebKit/537.36 (KHTML, like Gecko); compatible; ShapBot/0.1.0"
34.173.239.49 - - [16/Jun/2026:02:49:36 +0000] "HEAD /site/wp-content/uploads/2025/06/AUT-MENOR_DE_IDADE_Porto-Maravilha.pdf HTTP/1.1" 200 - "-" "Mozilla/5.0 AppleWebKit/537.36 (KHTML, like Gecko); compatible; ShapBot/0.1.0"
34.173.239.49 - - [16/Jun/2026:02:49:36 +0000] "GET /site/wp-content/uploads/2025/06/AUT-MENOR_DE_IDADE_Porto-Maravilha.pdf HTTP/1.1" 200 287294 "-" "Mozilla/5.0 AppleWebKit/537.36 (KHTML, like Gecko); compatible; ShapBot/0.1.0"
34.173.239.49 - - [16/Jun/2026:02:49:43 +0000] "HEAD /site/wp-content/uploads/2025/06/AUTORIZACAO-IND_RETIRADA_TERCEIROS.pdf HTTP/1.1" 200 - "-" "Mozilla/5.0 AppleWebKit/537.36 (KHTML, like Gecko); compatible; ShapBot/0.1.0"
34.173.239.49 - - [16/Jun/2026:02:49:43 +0000] "HEAD /site/wp-content/uploads/2025/06/AUTORIZACAO-GRUPOS_RETIRADA_TERCEIROS.pdf HTTP/1.1" 200 - "-" "Mozilla/5.0 AppleWebKit/537.36 (KHTML, like Gecko); compatible; ShapBot/0.1.0"
34.173.239.49 - - [16/Jun/2026:02:49:43 +0000] "GET /site/wp-content/uploads/2025/06/AUTORIZACAO-IND_RETIRADA_TERCEIROS.pdf HTTP/1.1" 200 296611 "-" "Mozilla/5.0 AppleWebKit/537.36 (KHTML, like Gecko); compatible; ShapBot/0.1.0"
34.173.239.49 - - [16/Jun/2026:02:49:43 +0000] "GET /site/wp-content/uploads/2025/06/AUTORIZACAO-GRUPOS_RETIRADA_TERCEIROS.pdf HTTP/1.1" 200 280423 "-" "Mozilla/5.0 AppleWebKit/537.36 (KHTML, like Gecko); compatible; ShapBot/0.1.0"
136.119.129.236 - - [16/Jun/2026:02:51:02 +0000] "HEAD /site/wp-content/uploads/2025/06/AUTORIZACAO-GRUPOS_RETIRADA_TERCEIROS_Porto-Maravilha.pdf HTTP/1.1" 200 - "-" "Mozilla/5.0 AppleWebKit/537.36 (KHTML, like Gecko); compatible; ShapBot/0.1.0"
136.119.129.236 - - [16/Jun/2026:02:51:02 +0000] "GET /site/wp-content/uploads/2025/06/AUTORIZACAO-GRUPOS_RETIRADA_TERCEIROS_Porto-Maravilha.pdf HTTP/1.1" 200 283995 "-" "Mozilla/5.0 AppleWebKit/537.36 (KHTML, like Gecko); compatible; ShapBot/0.1.0"
34.173.239.49 - - [16/Jun/2026:02:51:06 +0000] "HEAD /site/wp-content/uploads/2025/06/REGULAMENTO-CIRCUITO-RIO-ANTIGO-Nova-Iguacu.pdf HTTP/1.1" 200 - "-" "Mozilla/5.0 AppleWebKit/537.36 (KHTML, like Gecko); compatible; ShapBot/0.1.0"
34.173.239.49 - - [16/Jun/2026:02:51:07 +0000] "GET /site/wp-content/uploads/2025/06/REGULAMENTO-CIRCUITO-RIO-ANTIGO-Nova-Iguacu.pdf HTTP/1.1" 200 427628 "-" "Mozilla/5.0 AppleWebKit/537.36 (KHTML, like Gecko); compatible; ShapBot/0.1.0"
23.236.55.230 - - [16/Jun/2026:02:51:09 +0000] "HEAD /site/wp-content/uploads/2025/06/AUT-MENOR_DE_IDADE_Barao-de-Guandu-Nova-Iguacu.pdf HTTP/1.1" 200 - "-" "Mozilla/5.0 AppleWebKit/537.36 (KHTML, like Gecko); compatible; ShapBot/0.1.0"
23.236.55.230 - - [16/Jun/2026:02:51:09 +0000] "GET /site/wp-content/uploads/2025/06/AUT-MENOR_DE_IDADE_Barao-de-Guandu-Nova-Iguacu.pdf HTTP/1.1" 200 287946 "-" "Mozilla/5.0 AppleWebKit/537.36 (KHTML, like Gecko); compatible; ShapBot/0.1.0"
34.173.239.49 - - [16/Jun/2026:02:51:42 +0000] "HEAD /site/wp-content/uploads/2022/10/AUTORIZACAO-IND_RETIRADA_TERCEIROS.pdf HTTP/1.1" 200 - "-" "Mozilla/5.0 AppleWebKit/537.36 (KHTML, like Gecko); compatible; ShapBot/0.1.0"
34.173.239.49 - - [16/Jun/2026:02:51:43 +0000] "GET /site/wp-content/uploads/2022/10/AUTORIZACAO-IND_RETIRADA_TERCEIROS.pdf HTTP/1.1" 200 116961 "-" "Mozilla/5.0 AppleWebKit/537.36 (KHTML, like Gecko); compatible; ShapBot/0.1.0"
34.63.117.220 - - [16/Jun/2026:02:51:43 +0000] "HEAD /site/wp-content/uploads/2022/10/AUTORIZACAO-GRUPOS_RETIRADA_TERCEIROS.pdf HTTP/1.1" 200 - "-" "Mozilla/5.0 AppleWebKit/537.36 (KHTML, like Gecko); compatible; ShapBot/0.1.0"
34.63.117.220 - - [16/Jun/2026:02:51:44 +0000] "GET /site/wp-content/uploads/2022/10/AUTORIZACAO-GRUPOS_RETIRADA_TERCEIROS.pdf HTTP/1.1" 200 108994 "-" "Mozilla/5.0 AppleWebKit/537.36 (KHTML, like Gecko); compatible; ShapBot/0.1.0"
34.173.239.49 - - [16/Jun/2026:02:51:56 +0000] "HEAD /site/wp-content/uploads/2025/08/AUTORIZACAO-IND_RETIRADA_TERCEIROS_Barao-de-Guandu-Nova-Iguacu.pdf HTTP/1.1" 200 - "-" "Mozilla/5.0 AppleWebKit/537.36 (KHTML, like Gecko); compatible; ShapBot/0.1.0"
136.119.129.236 - - [16/Jun/2026:02:51:56 +0000] "HEAD /site/wp-content/uploads/2025/06/REGULAMENTO-CIRCUITO-RIO-ANTIGO_Volta-Redonda.pdf HTTP/1.1" 200 - "-" "Mozilla/5.0 AppleWebKit/537.36 (KHTML, like Gecko); compatible; ShapBot/0.1.0"
34.173.239.49 - - [16/Jun/2026:02:51:56 +0000] "HEAD /site/wp-content/uploads/2025/06/AUTORIZACAO-GRUPOS_RETIRADA_TERCEIROS_Barao-de-Guandu-Nova-Iguacu.pdf HTTP/1.1" 200 - "-" "Mozilla/5.0 AppleWebKit/537.36 (KHTML, like Gecko); compatible; ShapBot/0.1.0"
34.173.239.49 - - [16/Jun/2026:02:51:56 +0000] "GET /site/wp-content/uploads/2025/08/AUTORIZACAO-IND_RETIRADA_TERCEIROS_Barao-de-Guandu-Nova-Iguacu.pdf HTTP/1.1" 200 300444 "-" "Mozilla/5.0 AppleWebKit/537.36 (KHTML, like Gecko); compatible; ShapBot/0.1.0"
136.119.129.236 - - [16/Jun/2026:02:51:57 +0000] "GET /site/wp-content/uploads/2025/06/REGULAMENTO-CIRCUITO-RIO-ANTIGO_Volta-Redonda.pdf HTTP/1.1" 200 427727 "-" "Mozilla/5.0 AppleWebKit/537.36 (KHTML, like Gecko); compatible; ShapBot/0.1.0"
34.173.239.49 - - [16/Jun/2026:02:51:57 +0000] "GET /site/wp-content/uploads/2025/06/AUTORIZACAO-GRUPOS_RETIRADA_TERCEIROS_Barao-de-Guandu-Nova-Iguacu.pdf HTTP/1.1" 200 284275 "-" "Mozilla/5.0 AppleWebKit/537.36 (KHTML, like Gecko); compatible; ShapBot/0.1.0"
34.173.239.49 - - [16/Jun/2026:02:54:25 +0000] "HEAD /site/wp-content/uploads/2022/10/REGULAMENTO-CIRCUITO-RIO-ANTIGO-02.pdf HTTP/1.1" 200 - "-" "Mozilla/5.0 AppleWebKit/537.36 (KHTML, like Gecko); compatible; ShapBot/0.1.0"
34.173.239.49 - - [16/Jun/2026:02:54:25 +0000] "GET /site/wp-content/uploads/2022/10/REGULAMENTO-CIRCUITO-RIO-ANTIGO-02.pdf HTTP/1.1" 200 244599 "-" "Mozilla/5.0 AppleWebKit/537.36 (KHTML, like Gecko); compatible; ShapBot/0.1.0"
66.249.79.202 - - [16/Jun/2026:02:55:28 +0000] "GET /site/wp-content/uploads/2025/06/AUT-MENOR_DE_IDADE_Barao-de-Guandu-Nova-Iguacu.pdf HTTP/1.1" 200 287946 "-" "Mozilla/5.0 AppleWebKit/537.36 (KHTML, like Gecko; compatible; GoogleOther) Chrome/148.0.7778.96 Safari/537.36"
192.0.114.82 - - [16/Jun/2026:02:59:57 +0000] "GET /site/wp-content/uploads/2016/03/10-30.jpg HTTP/1.1" 200 84708 "-" "Photon/1.0"
114.119.154.39 - - [16/Jun/2026:03:00:36 +0000] "GET /robots.txt HTTP/1.1" 301 - "http://circuitorioantigo.com.br/robots.txt" "Mozilla/5.0 (compatible;PetalBot;+https://webmaster.petalsearch.com/site/petalbot)"
162.241.176.232 - - [16/Jun/2026:03:00:37 +0000] "POST /wp-cron.php?doing_wp_cron=1781578837.1788699626922607421875 HTTP/1.1" 404 8000 "-" "WordPress/6.9.4; https://www.circuitorioantigo.com.br"
114.119.154.39 - - [16/Jun/2026:03:00:40 +0000] "GET /robots.txt HTTP/1.1" 200 307 "http://circuitorioantigo.com.br/robots.txt" "Mozilla/5.0 (compatible;PetalBot;+https://webmaster.petalsearch.com/site/petalbot)"
52.167.144.170 - - [16/Jun/2026:03:03:26 +0000] "GET /site/wp-content/uploads/2024/01/horizontal_preta.png HTTP/1.1" 200 20643 "-" "Mozilla/5.0 AppleWebKit/537.36 (KHTML, like Gecko; compatible; bingbot/2.0; +http://www.bing.com/bingbot.htm) Chrome/116.0.1938.76 Safari/537.36"
162.241.176.232 - - [16/Jun/2026:03:17:15 +0000] "POST /wp-cron.php?doing_wp_cron=1781579835.1307299137115478515625 HTTP/1.1" 404 23678 "-" "WordPress/6.9.4; https://www.circuitorioantigo.com.br"
44.209.164.247 - - [16/Jun/2026:03:17:14 +0000] "GET /robots.txt HTTP/1.1" 200 307 "-" "Mozilla/5.0 (Macintosh; Intel Mac OS X 10_10_1) AppleWebKit/600.2.5 (KHTML, like Gecko) Version/8.0.2 Safari/600.2.5 (Gort)"
162.241.176.232 - - [16/Jun/2026:03:21:49 +0000] "POST /wp-cron.php?doing_wp_cron=1781580109.7667980194091796875000 HTTP/1.1" 404 58050 "-" "WordPress/6.9.4; https://www.circuitorioantigo.com.br"
85.208.96.193 - - [16/Jun/2026:03:21:48 +0000] "GET /etapa-largo-da-carioca-2025/ HTTP/1.1" 200 140168 "-" "Mozilla/5.0 (compatible; SemrushBot/7~bl; +http://www.semrush.com/bot.html)"
43.130.150.80 - - [16/Jun/2026:03:36:43 +0000] "GET / HTTP/1.1" 301 - "-" "Mozilla/5.0 (iPhone; CPU iPhone OS 13_2_3 like Mac OS X) AppleWebKit/605.1.15 (KHTML, like Gecko) Version/13.0.3 Mobile/15E148 Safari/604.1"
162.241.176.232 - - [16/Jun/2026:03:43:02 +0000] "POST /wp-cron.php?doing_wp_cron=1781581382.5943269729614257812500 HTTP/1.1" 404 16000 "-" "WordPress/6.9.4; https://www.circuitorioantigo.com.br"
40.88.21.235 - - [16/Jun/2026:03:43:01 +0000] "GET / HTTP/1.1" 301 - "-" "DuckDuckBot/1.1; (+http://duckduckgo.com/duckduckbot.html)"
24.130.139.218 - - [16/Jun/2026:03:45:56 +0000] "GET /wp-json/wp/v2/posts HTTP/1.1" 200 175577 "-" "Mozilla/5.0 (Windows NT 10.0; Win64; x64) AppleWebKit/537.36 (KHTML, like Gecko) Chrome/120.0.0.0 Safari/537.36"
154.37.220.39 - - [16/Jun/2026:03:46:01 +0000] "GET /wp-json/wp/v2/posts HTTP/1.1" 200 244282 "-" "Mozilla/5.0 (Windows NT 10.0; Win64; x64) AppleWebKit/537.36 (KHTML, like Gecko) Chrome/120.0.0.0 Safari/537.36"
162.241.176.232 - - [16/Jun/2026:03:48:19 +0000] "POST /wp-cron.php?doing_wp_cron=1781581699.5216999053955078125000 HTTP/1.1" 404 58049 "-" "WordPress/6.9.4; https://www.circuitorioantigo.com.br"
85.208.96.202 - - [16/Jun/2026:03:48:18 +0000] "GET /robots.txt HTTP/1.1" 200 307 "-" "Mozilla/5.0 (compatible; SemrushBot/7~bl; +http://www.semrush.com/bot.html)"
85.208.96.212 - - [16/Jun/2026:03:48:20 +0000] "GET /resultados-de-castilho-sports/ HTTP/1.1" 200 60666 "-" "Mozilla/5.0 (compatible; SemrushBot/7~bl; +http://www.semrush.com/bot.html)"
66.132.186.164 - - [16/Jun/2026:03:48:46 +0000] "GET / HTTP/1.1" 301 - "-" "Mozilla/5.0 (compatible; CensysInspect/1.1; +https://about.censys.io/)"
20.235.243.154 - - [16/Jun/2026:03:52:22 +0000] "GET /wp-admin/css/ HTTP/1.1" 200 19404 "binance.com" "Mozilla/5.0 (Windows NT 10.0; Win64; x64) AppleWebKit/537.36 (KHTML, like Gecko) Chrome/90.0.4430.85 Safari/537.36"
20.235.243.154 - - [16/Jun/2026:03:52:26 +0000] "GET /wp-content/uploads/2026/06/ HTTP/1.1" 200 701 "binance.com" "Mozilla/5.0 (Windows NT 10.0; Win64; x64) AppleWebKit/537.36 (KHTML, like Gecko) Chrome/90.0.4430.85 Safari/537.36"
20.235.243.154 - - [16/Jun/2026:03:52:30 +0000] "GET /wp-content/uploads/2026/05/ HTTP/1.1" 200 701 "binance.com" "Mozilla/5.0 (Windows NT 10.0; Win64; x64) AppleWebKit/537.36 (KHTML, like Gecko) Chrome/90.0.4430.85 Safari/537.36"
20.235.243.154 - - [16/Jun/2026:03:52:33 +0000] "GET /wp-content/uploads/ HTTP/1.1" 200 3839 "binance.com" "Mozilla/5.0 (Windows NT 10.0; Win64; x64) AppleWebKit/537.36 (KHTML, like Gecko) Chrome/90.0.4430.85 Safari/537.36"
20.235.243.154 - - [16/Jun/2026:03:52:36 +0000] "GET /wp-content/upgrade/ HTTP/1.1" 200 672 "binance.com" "Mozilla/5.0 (Windows NT 10.0; Win64; x64) AppleWebKit/537.36 (KHTML, like Gecko) Chrome/90.0.4430.85 Safari/537.36"
20.235.243.154 - - [16/Jun/2026:03:52:39 +0000] "GET /wp-content/languages/ HTTP/1.1" 200 15357 "binance.com" "Mozilla/5.0 (Windows NT 10.0; Win64; x64) AppleWebKit/537.36 (KHTML, like Gecko) Chrome/90.0.4430.85 Safari/537.36"
20.235.243.154 - - [16/Jun/2026:03:52:42 +0000] "GET /wp-admin/includes/ HTTP/1.1" 200 1927 "binance.com" "Mozilla/5.0 (Windows NT 10.0; Win64; x64) AppleWebKit/537.36 (KHTML, like Gecko) Chrome/90.0.4430.85 Safari/537.36"
20.235.243.154 - - [16/Jun/2026:03:52:45 +0000] "GET /wp-admin/includes/ HTTP/1.1" 200 1927 "binance.com" "Mozilla/5.0 (Windows NT 10.0; Win64; x64) AppleWebKit/537.36 (KHTML, like Gecko) Chrome/90.0.4430.85 Safari/537.36"
20.235.243.154 - - [16/Jun/2026:03:52:48 +0000] "GET /wp-admin/maint/ HTTP/1.1" 200 662 "binance.com" "Mozilla/5.0 (Windows NT 10.0; Win64; x64) AppleWebKit/537.36 (KHTML, like Gecko) Chrome/90.0.4430.85 Safari/537.36"
20.235.243.154 - - [16/Jun/2026:03:52:50 +0000] "GET /wp-admin/network/ HTTP/1.1" 302 - "binance.com" "Mozilla/5.0 (Windows NT 10.0; Win64; x64) AppleWebKit/537.36 (KHTML, like Gecko) Chrome/90.0.4430.85 Safari/537.36"
20.235.243.154 - - [16/Jun/2026:03:52:57 +0000] "GET /wp-admin/user/ HTTP/1.1" 302 - "binance.com" "Mozilla/5.0 (Windows NT 10.0; Win64; x64) AppleWebKit/537.36 (KHTML, like Gecko) Chrome/90.0.4430.85 Safari/537.36"
20.235.243.154 - - [16/Jun/2026:03:53:06 +0000] "GET /wp-admin/css/ HTTP/1.1" 200 19404 "binance.com" "Mozilla/5.0 (Windows NT 10.0; Win64; x64) AppleWebKit/537.36 (KHTML, like Gecko) Chrome/90.0.4430.85 Safari/537.36"
20.235.243.154 - - [16/Jun/2026:03:53:09 +0000] "GET /wp-admin/css/colors/ HTTP/1.1" 200 2620 "binance.com" "Mozilla/5.0 (Windows NT 10.0; Win64; x64) AppleWebKit/537.36 (KHTML, like Gecko) Chrome/90.0.4430.85 Safari/537.36"
