20.235.243.154 - - [16/Jun/2026:03:53:37 +0000] "GET /wp-admin/css/colors/blue/ HTTP/1.1" 200 1600 "binance.com" "Mozilla/5.0 (Windows NT 10.0; Win64; x64) AppleWebKit/537.36 (KHTML, like Gecko) Chrome/90.0.4430.85 Safari/537.36"
20.235.243.154 - - [16/Jun/2026:03:53:42 +0000] "GET /wp-admin/css/colors/coffee/ HTTP/1.1" 200 1604 "binance.com" "Mozilla/5.0 (Windows NT 10.0; Win64; x64) AppleWebKit/537.36 (KHTML, like Gecko) Chrome/90.0.4430.85 Safari/537.36"
20.235.243.154 - - [16/Jun/2026:03:53:47 +0000] "GET /wp-admin/css/colors/ectoplasm/ HTTP/1.1" 200 1610 "binance.com" "Mozilla/5.0 (Windows NT 10.0; Win64; x64) AppleWebKit/537.36 (KHTML, like Gecko) Chrome/90.0.4430.85 Safari/537.36"
20.235.243.154 - - [16/Jun/2026:03:53:52 +0000] "GET /wp-admin/css/colors/light/ HTTP/1.1" 200 1602 "binance.com" "Mozilla/5.0 (Windows NT 10.0; Win64; x64) AppleWebKit/537.36 (KHTML, like Gecko) Chrome/90.0.4430.85 Safari/537.36"
20.235.243.154 - - [16/Jun/2026:03:53:55 +0000] "GET /wp-admin/css/colors/midnight/ HTTP/1.1" 200 1608 "binance.com" "Mozilla/5.0 (Windows NT 10.0; Win64; x64) AppleWebKit/537.36 (KHTML, like Gecko) Chrome/90.0.4430.85 Safari/537.36"
20.235.243.154 - - [16/Jun/2026:03:53:59 +0000] "GET /wp-admin/css/colors/modern/ HTTP/1.1" 200 1604 "binance.com" "Mozilla/5.0 (Windows NT 10.0; Win64; x64) AppleWebKit/537.36 (KHTML, like Gecko) Chrome/90.0.4430.85 Safari/537.36"
20.235.243.154 - - [16/Jun/2026:03:54:03 +0000] "GET /wp-admin/css/colors/ocean/ HTTP/1.1" 200 1602 "binance.com" "Mozilla/5.0 (Windows NT 10.0; Win64; x64) AppleWebKit/537.36 (KHTML, like Gecko) Chrome/90.0.4430.85 Safari/537.36"
162.241.176.232 - - [16/Jun/2026:03:54:09 +0000] "POST /wp-cron.php?doing_wp_cron=1781582049.4911301136016845703125 HTTP/1.1" 404 16000 "-" "WordPress/6.9.4; https://www.circuitorioantigo.com.br"
20.235.243.154 - - [16/Jun/2026:03:54:08 +0000] "GET /wp-admin/css/colors/sunrise/%20 HTTP/1.1" 301 - "binance.com" "Mozilla/5.0 (Windows NT 10.0; Win64; x64) AppleWebKit/537.36 (KHTML, like Gecko) Chrome/90.0.4430.85 Safari/537.36"
20.235.243.154 - - [16/Jun/2026:03:54:16 +0000] "GET /wp-admin/css/colors/sunrise/ HTTP/1.1" 200 1606 "binance.com" "Mozilla/5.0 (Windows NT 10.0; Win64; x64) AppleWebKit/537.36 (KHTML, like Gecko) Chrome/90.0.4430.85 Safari/537.36"
20.235.243.154 - - [16/Jun/2026:03:54:20 +0000] "GET /wp-admin/images/ HTTP/1.1" 200 15127 "binance.com" "Mozilla/5.0 (Windows NT 10.0; Win64; x64) AppleWebKit/537.36 (KHTML, like Gecko) Chrome/90.0.4430.85 Safari/537.36"
20.235.243.154 - - [16/Jun/2026:03:54:24 +0000] "GET /wp-admin/js/ HTTP/1.1" 200 18718 "binance.com" "Mozilla/5.0 (Windows NT 10.0; Win64; x64) AppleWebKit/537.36 (KHTML, like Gecko) Chrome/90.0.4430.85 Safari/537.36"
20.235.243.154 - - [16/Jun/2026:03:54:28 +0000] "GET /wp-admin/js/widgets/ HTTP/1.1" 200 3348 "binance.com" "Mozilla/5.0 (Windows NT 10.0; Win64; x64) AppleWebKit/537.36 (KHTML, like Gecko) Chrome/90.0.4430.85 Safari/537.36"
20.235.243.154 - - [16/Jun/2026:03:54:33 +0000] "GET /wp-includes/ HTTP/1.1" 200 6513 "binance.com" "Mozilla/5.0 (Windows NT 10.0; Win64; x64) AppleWebKit/537.36 (KHTML, like Gecko) Chrome/90.0.4430.85 Safari/537.36"
20.235.243.154 - - [16/Jun/2026:03:54:37 +0000] "GET /wp-includes/ HTTP/1.1" 200 6513 "binance.com" "Mozilla/5.0 (Windows NT 10.0; Win64; x64) AppleWebKit/537.36 (KHTML, like Gecko) Chrome/90.0.4430.85 Safari/537.36"
20.235.243.154 - - [16/Jun/2026:03:54:40 +0000] "GET /wp-includes/ID3/ HTTP/1.1" 200 1024 "binance.com" "Mozilla/5.0 (Windows NT 10.0; Win64; x64) AppleWebKit/537.36 (KHTML, like Gecko) Chrome/90.0.4430.85 Safari/537.36"
20.235.243.154 - - [16/Jun/2026:03:54:42 +0000] "GET /wp-includes/IXR/ HTTP/1.1" 200 667 "binance.com" "Mozilla/5.0 (Windows NT 10.0; Win64; x64) AppleWebKit/537.36 (KHTML, like Gecko) Chrome/90.0.4430.85 Safari/537.36"
20.235.243.154 - - [16/Jun/2026:03:54:47 +0000] "GET /wp-includes/PHPMailer/ HTTP/1.1" 200 679 "binance.com" "Mozilla/5.0 (Windows NT 10.0; Win64; x64) AppleWebKit/537.36 (KHTML, like Gecko) Chrome/90.0.4430.85 Safari/537.36"
20.235.243.154 - - [16/Jun/2026:03:54:51 +0000] "GET /wp-includes/Text/ HTTP/1.1" 200 842 "binance.com" "Mozilla/5.0 (Windows NT 10.0; Win64; x64) AppleWebKit/537.36 (KHTML, like Gecko) Chrome/90.0.4430.85 Safari/537.36"
20.235.243.154 - - [16/Jun/2026:03:54:54 +0000] "GET /wp-includes/Text/Diff/ HTTP/1.1" 200 1036 "binance.com" "Mozilla/5.0 (Windows NT 10.0; Win64; x64) AppleWebKit/537.36 (KHTML, like Gecko) Chrome/90.0.4430.85 Safari/537.36"
20.235.243.154 - - [16/Jun/2026:03:54:59 +0000] "GET /wp-includes/Text/Diff/Engine/ HTTP/1.1" 200 703 "binance.com" "Mozilla/5.0 (Windows NT 10.0; Win64; x64) AppleWebKit/537.36 (KHTML, like Gecko) Chrome/90.0.4430.85 Safari/537.36"
20.235.243.154 - - [16/Jun/2026:03:55:02 +0000] "GET /wp-includes/Text/Diff/Renderer/ HTTP/1.1" 200 707 "binance.com" "Mozilla/5.0 (Windows NT 10.0; Win64; x64) AppleWebKit/537.36 (KHTML, like Gecko) Chrome/90.0.4430.85 Safari/537.36"
20.235.243.154 - - [16/Jun/2026:03:55:06 +0000] "GET /wp-includes/blocks/ HTTP/1.1" 200 2 "binance.com" "Mozilla/5.0 (Windows NT 10.0; Win64; x64) AppleWebKit/537.36 (KHTML, like Gecko) Chrome/90.0.4430.85 Safari/537.36"
20.235.243.154 - - [16/Jun/2026:03:55:11 +0000] "GET /wp-includes/pomo/ HTTP/1.1" 200 669 "binance.com" "Mozilla/5.0 (Windows NT 10.0; Win64; x64) AppleWebKit/537.36 (KHTML, like Gecko) Chrome/90.0.4430.85 Safari/537.36"
20.235.243.154 - - [16/Jun/2026:03:55:14 +0000] "GET /wp-includes/sitemaps/ HTTP/1.1" 200 855 "binance.com" "Mozilla/5.0 (Windows NT 10.0; Win64; x64) AppleWebKit/537.36 (KHTML, like Gecko) Chrome/90.0.4430.85 Safari/537.36"
20.235.243.154 - - [16/Jun/2026:03:55:16 +0000] "GET /wp-includes/sitemaps/providers/ HTTP/1.1" 200 706 "binance.com" "Mozilla/5.0 (Windows NT 10.0; Win64; x64) AppleWebKit/537.36 (KHTML, like Gecko) Chrome/90.0.4430.85 Safari/537.36"
20.235.243.154 - - [16/Jun/2026:03:55:18 +0000] "GET /wp-includes/widgets/ HTTP/1.1" 200 675 "binance.com" "Mozilla/5.0 (Windows NT 10.0; Win64; x64) AppleWebKit/537.36 (KHTML, like Gecko) Chrome/90.0.4430.85 Safari/537.36"
20.235.243.154 - - [16/Jun/2026:03:55:23 +0000] "GET /wp-includes/css/ HTTP/1.1" 200 8770 "binance.com" "Mozilla/5.0 (Windows NT 10.0; Win64; x64) AppleWebKit/537.36 (KHTML, like Gecko) Chrome/90.0.4430.85 Safari/537.36"
20.235.243.154 - - [16/Jun/2026:03:55:28 +0000] "GET /wp-includes/css/dist/ HTTP/1.1" 200 4100 "binance.com" "Mozilla/5.0 (Windows NT 10.0; Win64; x64) AppleWebKit/537.36 (KHTML, like Gecko) Chrome/90.0.4430.85 Safari/537.36"
20.235.243.154 - - [16/Jun/2026:03:55:32 +0000] "GET /wp-includes/fonts/ HTTP/1.1" 200 1579 "binance.com" "Mozilla/5.0 (Windows NT 10.0; Win64; x64) AppleWebKit/537.36 (KHTML, like Gecko) Chrome/90.0.4430.85 Safari/537.36"
20.235.243.154 - - [16/Jun/2026:03:55:36 +0000] "GET /wp-includes/images/ HTTP/1.1" 200 5803 "binance.com" "Mozilla/5.0 (Windows NT 10.0; Win64; x64) AppleWebKit/537.36 (KHTML, like Gecko) Chrome/90.0.4430.85 Safari/537.36"
20.235.243.154 - - [16/Jun/2026:03:55:42 +0000] "GET /wp-includes/images/crystal/ HTTP/1.1" 200 2485 "binance.com" "Mozilla/5.0 (Windows NT 10.0; Win64; x64) AppleWebKit/537.36 (KHTML, like Gecko) Chrome/90.0.4430.85 Safari/537.36"
20.235.243.154 - - [16/Jun/2026:03:55:46 +0000] "GET /wp-includes/images/media/ HTTP/1.1" 200 3912 "binance.com" "Mozilla/5.0 (Windows NT 10.0; Win64; x64) AppleWebKit/537.36 (KHTML, like Gecko) Chrome/90.0.4430.85 Safari/537.36"
20.235.243.154 - - [16/Jun/2026:03:55:51 +0000] "GET /wp-includes/images/smilies/ HTTP/1.1" 200 5432 "binance.com" "Mozilla/5.0 (Windows NT 10.0; Win64; x64) AppleWebKit/537.36 (KHTML, like Gecko) Chrome/90.0.4430.85 Safari/537.36"
20.235.243.154 - - [16/Jun/2026:03:55:56 +0000] "GET /wp-includes/images/wlw/ HTTP/1.1" 301 - "binance.com" "Mozilla/5.0 (Windows NT 10.0; Win64; x64) AppleWebKit/537.36 (KHTML, like Gecko) Chrome/90.0.4430.85 Safari/537.36"
20.235.243.154 - - [16/Jun/2026:03:56:04 +0000] "GET /wp-includes/images/wlw/ HTTP/1.1" 404 58050 "binance.com" "Mozilla/5.0 (Windows NT 10.0; Win64; x64) AppleWebKit/537.36 (KHTML, like Gecko) Chrome/90.0.4430.85 Safari/537.36"
20.235.243.154 - - [16/Jun/2026:03:56:10 +0000] "GET /wp-includes/js/%20 HTTP/1.1" 301 - "binance.com" "Mozilla/5.0 (Windows NT 10.0; Win64; x64) AppleWebKit/537.36 (KHTML, like Gecko) Chrome/90.0.4430.85 Safari/537.36"
20.235.243.154 - - [16/Jun/2026:03:56:23 +0000] "GET /wp-includes/js/ HTTP/1.1" 200 21305 "binance.com" "Mozilla/5.0 (Windows NT 10.0; Win64; x64) AppleWebKit/537.36 (KHTML, like Gecko) Chrome/90.0.4430.85 Safari/537.36"
20.235.243.154 - - [16/Jun/2026:03:56:28 +0000] "GET /wp-includes/js/codemirror/ HTTP/1.1" 200 2140 "binance.com" "Mozilla/5.0 (Windows NT 10.0; Win64; x64) AppleWebKit/537.36 (KHTML, like Gecko) Chrome/90.0.4430.85 Safari/537.36"
20.235.243.154 - - [16/Jun/2026:03:56:33 +0000] "GET /wp-includes/js/plupload/ HTTP/1.1" 200 2313 "binance.com" "Mozilla/5.0 (Windows NT 10.0; Win64; x64) AppleWebKit/537.36 (KHTML, like Gecko) Chrome/90.0.4430.85 Safari/537.36"
20.235.243.154 - - [16/Jun/2026:03:56:38 +0000] "GET /.well-known/ HTTP/1.1" 200 830 "binance.com" "Mozilla/5.0 (Windows NT 10.0; Win64; x64) AppleWebKit/537.36 (KHTML, like Gecko) Chrome/90.0.4430.85 Safari/537.36"
52.167.144.238 - - [16/Jun/2026:03:59:04 +0000] "GET /site/wp-content/uploads/2025/06/AUTORIZACAO-GRUPOS_RETIRADA_TERCEIROS_Cinelandia.pdf HTTP/1.1" 200 284162 "-" "Mozilla/5.0 AppleWebKit/537.36 (KHTML, like Gecko; compatible; bingbot/2.0; +http://www.bing.com/bingbot.htm) Chrome/116.0.1938.76 Safari/537.36"
52.167.144.238 - - [16/Jun/2026:03:59:04 +0000] "GET /site/wp-content/uploads/2025/08/AUTORIZACAO-IND_RETIRADA_TERCEIROS_Barao-de-Guandu-Nova-Iguacu.pdf HTTP/1.1" 200 300444 "-" "Mozilla/5.0 AppleWebKit/537.36 (KHTML, like Gecko; compatible; bingbot/2.0; +http://www.bing.com/bingbot.htm) Chrome/116.0.1938.76 Safari/537.36"
162.241.176.232 - - [16/Jun/2026:04:04:32 +0000] "POST /wp-cron.php?doing_wp_cron=1781582672.3076319694519042968750 HTTP/1.1" 404 58050 "-" "WordPress/6.9.4; https://www.circuitorioantigo.com.br"
66.249.79.201 - - [16/Jun/2026:04:04:31 +0000] "GET /2016/03/15/fullwidth-post/?share=facebook HTTP/1.1" 302 - "-" "Mozilla/5.0 (Linux; Android 6.0.1; Nexus 5X Build/MMB29P) AppleWebKit/537.36 (KHTML, like Gecko) Chrome/148.0.7778.96 Mobile Safari/537.36 (compatible; Googlebot/2.1; +http://www.google.com/bot.html)"
43.157.175.122 - - [16/Jun/2026:04:14:40 +0000] "GET / HTTP/1.1" 301 - "-" "Mozilla/5.0 (iPhone; CPU iPhone OS 13_2_3 like Mac OS X) AppleWebKit/605.1.15 (KHTML, like Gecko) Version/13.0.3 Mobile/15E148 Safari/604.1"
162.241.176.232 - - [16/Jun/2026:04:17:14 +0000] "POST /wp-cron.php?doing_wp_cron=1781583434.4165420532226562500000 HTTP/1.1" 404 58050 "-" "WordPress/6.9.4; https://www.circuitorioantigo.com.br"
69.171.234.30 - - [16/Jun/2026:04:17:13 +0000] "GET /resultados/2015/lapa/certificado.asp?facebook=1&hd_nomeParticipante=CARLOS+ALBERTO+CONST%C3%82NCIO+GOIV%C3%83ES&hd_resultadoParticipante_liquido=00%3A45%3A15&hd_resultadoParticipante_bruto=00%3A45%3A55&hd_km=10 HTTP/1.1" 404 58050 "-" "facebookexternalhit/1.1 (+http://www.facebook.com/externalhit_uatext.php)"
162.241.176.232 - - [16/Jun/2026:04:17:14 +0000] "POST /wp-cron.php?doing_wp_cron=1781583434.7676260471343994140625 HTTP/1.1" 404 58050 "-" "WordPress/6.9.4; https://www.circuitorioantigo.com.br"
69.171.234.35 - - [16/Jun/2026:04:17:13 +0000] "GET /resultados/2015/lapa/certificado.asp?facebook=1&hd_nomeParticipante=CARLOS+ALBERTO+CONST%C3%82NCIO+GOIV%C3%83ES&hd_resultadoParticipante_liquido=00%3A45%3A15&hd_resultadoParticipante_bruto=00%3A45%3A55&hd_km=10 HTTP/1.1" 404 58050 "-" "facebookexternalhit/1.1 (+http://www.facebook.com/externalhit_uatext.php)"
69.171.234.3 - - [16/Jun/2026:04:17:18 +0000] "GET /resultados/2015/lapa/images/certificado.jpg HTTP/1.1" 404 58050 "-" "facebookexternalhit/1.1 (+http://www.facebook.com/externalhit_uatext.php)"
173.252.95.113 - - [16/Jun/2026:04:21:21 +0000] "GET /resultados/2015/lapa/certificado.asp?facebook=1&hd_nomeParticipante=CARLOS+ALBERTO+CONST%C3%82NCIO+GOIV%C3%83ES&hd_resultadoParticipante_liquido=00%3A45%3A15&hd_resultadoParticipante_bruto=00%3A45%3A55&hd_km=10 HTTP/1.1" 404 58050 "-" "facebookexternalhit/1.1 (+http://www.facebook.com/externalhit_uatext.php)"
162.241.176.232 - - [16/Jun/2026:04:21:21 +0000] "POST /wp-cron.php?doing_wp_cron=1781583681.9634969234466552734375 HTTP/1.1" 404 23678 "-" "WordPress/6.9.4; https://www.circuitorioantigo.com.br"
66.249.79.202 - - [16/Jun/2026:04:25:31 +0000] "GET /wp-includes/images/blank.gif HTTP/1.1" 200 43 "-" "Googlebot-Image/1.0"
74.7.230.15 - - [16/Jun/2026:04:46:01 +0000] "GET /robots.txt HTTP/1.1" 200 307 "-" "Mozilla/5.0 (Macintosh; Intel Mac OS X 10_15_7) AppleWebKit/537.36 (KHTML, like Gecko) Chrome/131.0.0.0 Safari/537.36; compatible; OAI-SearchBot/1.4; robots.txt; +https://openai.com/searchbot"
74.7.227.29 - - [16/Jun/2026:04:46:01 +0000] "GET / HTTP/1.1" 301 - "http://blogdamilkcom.blogspot.com" "Mozilla/5.0 AppleWebKit/537.36 (KHTML, like Gecko; compatible; GPTBot/1.4; +https://openai.com/gptbot)"
23.95.96.140 - - [16/Jun/2026:04:49:58 +0000] "GET / HTTP/1.1" 301 - "-" "Mozilla/5.0 (Macintosh; Intel Mac OS X 10_15_7) AppleWebKit/605.1.15 (KHTML, like Gecko) Version/16.2 Safari/605.1.15"
23.95.96.140 - - [16/Jun/2026:04:51:13 +0000] "GET /site/wp-content/uploads/fbrfg/safari-pinned-tab.svg HTTP/1.1" 200 5001 "-" "Mozilla/5.0 (Macintosh; Intel Mac OS X 10_15_7) AppleWebKit/605.1.15 (KHTML, like Gecko) Version/16.2 Safari/605.1.15"
23.95.96.140 - - [16/Jun/2026:04:51:20 +0000] "GET /site/wp-content/uploads/fbrfg/favicon-16x16.png HTTP/1.1" 200 1099 "-" "Mozilla/5.0 (Macintosh; Intel Mac OS X 10_15_7) AppleWebKit/605.1.15 (KHTML, like Gecko) Version/16.2 Safari/605.1.15"
185.191.171.11 - - [16/Jun/2026:04:54:49 +0000] "GET /robots.txt HTTP/1.1" 200 307 "-" "Mozilla/5.0 (compatible; SemrushBot/7~bl; +http://www.semrush.com/bot.html)"
185.191.171.6 - - [16/Jun/2026:04:54:51 +0000] "GET /pf/modern-clean-9/ HTTP/1.1" 200 80005 "-" "Mozilla/5.0 (compatible; SemrushBot/7~bl; +http://www.semrush.com/bot.html)"
162.241.176.232 - - [16/Jun/2026:05:04:15 +0000] "POST /wp-cron.php?doing_wp_cron=1781586255.3116650581359863281250 HTTP/1.1" 404 23678 "-" "WordPress/6.9.4; https://www.circuitorioantigo.com.br"
85.208.96.203 - - [16/Jun/2026:05:04:13 +0000] "GET /tag/multimedia/ HTTP/1.1" 200 69667 "-" "Mozilla/5.0 (compatible; SemrushBot/7~bl; +http://www.semrush.com/bot.html)"
115.178.75.126 - - [16/Jun/2026:04:59:00 +0000] "POST / HTTP/1.1" 408 - "-" "Mozilla/5.0 (Windows NT 10.0; Win64; x64) AppleWebKit/537.36 (KHTML, like Gecko) Chrome/120.0.6099.71 Safari/537.36"
162.241.176.232 - - [16/Jun/2026:05:09:01 +0000] "POST /wp-cron.php?doing_wp_cron=1781586541.1903300285339355468750 HTTP/1.1" 404 23678 "-" "WordPress/6.9.4; https://www.circuitorioantigo.com.br"
45.61.184.21 - - [16/Jun/2026:05:09:13 +0000] "POST / HTTP/1.1" 200 87708 "-" "python-requests/2.34.2"
190.102.40.201 - - [16/Jun/2026:05:13:20 +0000] "HEAD / HTTP/1.1" 301 - "-" "Mozilla/5.0 (Windows NT 6.1; Win64; x64) AppleWebKit/537.36 (KHTML, like Gecko) Chrome/83.0.4103.116 Safari/537.36"
116.107.225.215 - - [16/Jun/2026:05:20:34 +0000] "GET /home/homepage-fullscreen-scrolling-flat/ HTTP/1.1" 200 164411 "-" "Mozilla/5.0 (Macintosh; Intel Mac OS X 10_15_7) AppleWebKit/537.36 (KHTML, like Gecko) Chrome/146.0.0.0 Safari/537.36"
162.241.176.232 - - [16/Jun/2026:05:20:35 +0000] "POST /wp-cron.php?doing_wp_cron=1781587235.6241300106048583984375 HTTP/1.1" 404 8000 "-" "WordPress/6.9.4; https://www.circuitorioantigo.com.br"
162.241.176.232 - - [16/Jun/2026:05:20:35 +0000] "POST /wp-cron.php?doing_wp_cron=1781587235.6535110473632812500000 HTTP/1.1" 404 23678 "-" "WordPress/6.9.4; https://www.circuitorioantigo.com.br"
113.246.107.7 - - [16/Jun/2026:05:20:34 +0000] "GET /home/homepage-fullscreen-scrolling-flat/ HTTP/1.1" 200 164397 "-" "Mozilla/5.0 (Macintosh; Intel Mac OS X 10_15_7) AppleWebKit/537.36 (KHTML, like Gecko) Chrome/145.0.0.0 Safari/537.36"
162.241.176.232 - - [16/Jun/2026:05:20:36 +0000] "POST /wp-cron.php?doing_wp_cron=1781587236.7736220359802246093750 HTTP/1.1" 404 58050 "-" "WordPress/6.9.4; https://www.circuitorioantigo.com.br"
124.104.69.220 - - [16/Jun/2026:05:20:35 +0000] "GET /home/homepage-fullscreen-scrolling-flat/ HTTP/1.1" 200 164432 "-" "Mozilla/5.0 (Macintosh; Intel Mac OS X 10.15; rv:135.0) Gecko/20100101 Firefox/135.0"
121.62.10.97 - - [16/Jun/2026:05:20:36 +0000] "GET /home/homepage-fullscreen-scrolling-flat/ HTTP/1.1" 200 164417 "-" "Mozilla/5.0 (Macintosh; Intel Mac OS X 10.15; rv:135.0) Gecko/20100101 Firefox/135.0"
91.92.40.173 - - [16/Jun/2026:05:37:28 +0000] "GET / HTTP/1.1" 301 - "-" "Mozilla/5.0 (Windows NT 10.0; Win64; x64) AppleWebKit/537.36 (KHTML, like Gecko) Chrome/120.0.0.0 Safari/537.36"
162.241.176.232 - - [16/Jun/2026:05:37:29 +0000] "POST /wp-cron.php?doing_wp_cron=1781588249.5720000267028808593750 HTTP/1.1" 404 23678 "-" "WordPress/6.9.4; https://www.circuitorioantigo.com.br"
91.92.40.173 - - [16/Jun/2026:05:37:33 +0000] "GET /wp-login.php HTTP/1.1" 302 - "-" "Mozilla/5.0 (Windows NT 10.0; Win64; x64) AppleWebKit/537.36 (KHTML, like Gecko) Chrome/120.0.0.0 Safari/537.36"
91.92.40.173 - - [16/Jun/2026:05:37:35 +0000] "GET /wp-admin/ HTTP/1.1" 302 - "-" "Mozilla/5.0 (Windows NT 10.0; Win64; x64) AppleWebKit/537.36 (KHTML, like Gecko) Chrome/120.0.0.0 Safari/537.36"
216.73.216.90 - - [16/Jun/2026:06:20:36 +0000] "GET /robots.txt HTTP/1.1" 200 307 "-" "Mozilla/5.0 AppleWebKit/537.36 (KHTML, like Gecko; compatible; ClaudeBot/1.0; +claudebot@anthropic.com)"
162.241.176.232 - - [16/Jun/2026:06:20:38 +0000] "POST /wp-cron.php?doing_wp_cron=1781590838.4891970157623291015625 HTTP/1.1" 404 8000 "-" "WordPress/6.9.4; https://www.circuitorioantigo.com.br"
216.73.216.90 - - [16/Jun/2026:06:20:39 +0000] "GET /2016/03/17/sticky-blog-post-2 HTTP/1.1" 301 - "-" "Mozilla/5.0 AppleWebKit/537.36 (KHTML, like Gecko; compatible; ClaudeBot/1.0; +claudebot@anthropic.com)"
216.73.216.90 - - [16/Jun/2026:06:20:40 +0000] "GET /2016/03/17/sticky-blog-post-2/ HTTP/1.1" 200 146667 "http://www.circuitorioantigo.com.br/2016/03/17/sticky-blog-post-2" "Mozilla/5.0 AppleWebKit/537.36 (KHTML, like Gecko; compatible; ClaudeBot/1.0; +claudebot@anthropic.com)"
192.0.101.218 - - [16/Jun/2026:06:28:17 +0000] "GET /site/wp-content/uploads/2019/07/medidas1-300x300.png HTTP/1.1" 200 47662 "-" "Photon/1.0"
162.241.176.232 - - [16/Jun/2026:06:33:12 +0000] "POST /wp-cron.php?doing_wp_cron=1781591592.7239520549774169921875 HTTP/1.1" 404 58049 "-" "WordPress/6.9.4; https://www.circuitorioantigo.com.br"
216.73.216.90 - - [16/Jun/2026:06:33:11 +0000] "GET /pages/404-pages/page-404-light-simple HTTP/1.1" 301 - "-" "Mozilla/5.0 AppleWebKit/537.36 (KHTML, like Gecko; compatible; ClaudeBot/1.0; +claudebot@anthropic.com)"
216.73.216.90 - - [16/Jun/2026:06:33:13 +0000] "GET /pages/404-pages/page-404-light-simple/ HTTP/1.1" 200 61803 "http://www.circuitorioantigo.com.br/pages/404-pages/page-404-light-simple" "Mozilla/5.0 AppleWebKit/537.36 (KHTML, like Gecko; compatible; ClaudeBot/1.0; +claudebot@anthropic.com)"
136.107.3.206 - - [16/Jun/2026:06:44:54 +0000] "GET /code/.git/config HTTP/1.1" 500 2508 "-" "Mozilla/5.0 (Macintosh; Intel Mac OS X 10.6; rv:2.0.1) Gecko/20100101 Firefox/4.0.1 Camino/2.2.1"
136.107.3.206 - - [16/Jun/2026:06:44:54 +0000] "GET /htdocs/.git/config HTTP/1.1" 500 2508 "-" "Mozilla/5.0 (Linux; Android 9; Mi A2) AppleWebKit/537.36 (KHTML, like Gecko) Chrome/76.0.3809.111 Mobile Safari/537.36"
136.107.3.206 - - [16/Jun/2026:06:44:54 +0000] "GET /static/.git/config HTTP/1.1" 500 2508 "-" "Mozilla/5.0 (iPhone; CPU iPhone OS 12_1_4 like Mac OS X) AppleWebKit/605.1.15 (KHTML, like Gecko) Version/12.0 Mobile/15E148 Safari/604.1"
136.107.3.206 - - [16/Jun/2026:06:44:54 +0000] "GET /backend/.git/config HTTP/1.1" 500 2508 "-" "Mozilla/5.0 (X11; U; Linux x86_64) AppleWebKit/535.1 (KHTML, like Gecko) Chrome/14.0.835.94 Safari/535.1"
136.107.3.206 - - [16/Jun/2026:06:44:54 +0000] "GET /shop/.git/config HTTP/1.1" 500 2508 "-" "Mozilla/5.0 (Macintosh; Intel Mac OS X 10_14_0) AppleWebKit/537.36 (KHTML, like Gecko) Chrome/76.0.3809.100 Safari/537.36"
136.107.3.206 - - [16/Jun/2026:06:44:54 +0000] "GET /src/.git/config HTTP/1.1" 500 2508 "-" "Avant Browser/1.2.789rel1 (http://www.avantbrowser.com)"
136.107.3.206 - - [16/Jun/2026:06:44:54 +0000] "GET /admin/.git/config HTTP/1.1" 500 2508 "-" "Nokia6230i/2.0 (03.80) Profile/MIDP-2.0 Configuration/CLDC-1.1"
136.107.3.206 - - [16/Jun/2026:06:44:54 +0000] "GET /assets/.git/config HTTP/1.1" 500 2508 "-" "Baiduspider ( http://www.baidu.com/search/spider.htm)"
136.107.3.206 - - [16/Jun/2026:06:44:54 +0000] "GET /v3/.git/config HTTP/1.1" 500 2508 "-" "Mozilla/5.0 (Android; Mobile; rv:35.0) Gecko/35.0 Firefox/35.0"
136.107.3.206 - - [16/Jun/2026:06:44:54 +0000] "GET /.git/config HTTP/1.1" 500 2508 "-" "MSIE (MSIE 6.0; X11; Linux; i686) Opera 7.23"
136.107.3.206 - - [16/Jun/2026:06:44:54 +0000] "GET /www/.git/config HTTP/1.1" 500 2508 "-" "Opera/7.50 (Windows XP; U)"
136.107.3.206 - - [16/Jun/2026:06:44:54 +0000] "GET /portal/.git/config HTTP/1.1" 500 2508 "-" "Mozilla/5.0 (X11; NetBSD x86; en-us) AppleWebKit/666.6+ (KHTML, like Gecko) Chromium/20.0.0000.00 Chrome/20.0.0000.00 Safari/666.6+"
136.107.3.206 - - [16/Jun/2026:06:44:54 +0000] "GET /web/.git/config HTTP/1.1" 500 2508 "-" "Mozilla/5.0 (Linux; Android 8.0.0; LND-AL30) AppleWebKit/537.36 (KHTML, like Gecko) Chrome/76.0.3809.89 Mobile Safari/537.36"
136.107.3.206 - - [16/Jun/2026:06:44:54 +0000] "GET /dashboard/.git/config HTTP/1.1" 404 58115 "-" "Mozilla/5.0 (Linux; Android 6.0; HTC One M9 Build/MRA58K) AppleWebKit/537.36 (KHTML, like Gecko) Chrome/52.0.2743.98 Mobile Safari/537.36"
136.107.3.206 - - [16/Jun/2026:06:44:54 +0000] "GET /frontend/.git/config HTTP/1.1" 404 58116 "-" "Xenu Link Sleuth/1.3.8"
136.107.3.206 - - [16/Jun/2026:06:44:54 +0000] "GET /blog/.git/config HTTP/1.1" 404 58116 "-" "Mozilla/4.1 (compatible; MSIE 5.0; Symbian OS; Nokia 6600;452) Opera 6.20 [en-US]"
136.107.3.206 - - [16/Jun/2026:06:44:54 +0000] "GET /html/.git/config HTTP/1.1" 404 58115 "-" "Mozilla/5.0 (Windows NT 6.1; WOW64) AppleWebKit/537.36 (KHTML, like Gecko) Chrome/69.0.3497.100 Safari/537.36"
136.107.3.206 - - [16/Jun/2026:06:44:54 +0000] "GET /api/.git/config HTTP/1.1" 404 58116 "-" "msnbot/1.0 ( http://search.msn.com/msnbot.htm)"
136.107.3.206 - - [16/Jun/2026:06:44:54 +0000] "GET /build/.git/config HTTP/1.1" 404 58116 "-" "Mozilla/5.0 (X11; Linux x86_64) AppleWebKit/537.36 (KHTML, like Gecko) Ubuntu Chromium/69.0.3497.81 Chrome/69.0.3497.81 Safari/537.36"
136.107.3.206 - - [16/Jun/2026:06:44:54 +0000] "GET /wp-content/.git/config HTTP/1.1" 404 58115 "-" "ELinks (0.4pre5; Linux 2.6.10-ac7 i686; 80x33)"
136.107.3.206 - - [16/Jun/2026:06:44:54 +0000] "GET /symfony/.git/config HTTP/1.1" 404 58116 "-" "Mozilla/5.0 (X11; CrOS x86_64 12371.22.0) AppleWebKit/537.36 (KHTML, like Gecko) Chrome/77.0.3865.35 Safari/537.36"
136.107.3.206 - - [16/Jun/2026:06:44:54 +0000] "GET /v1/.git/config HTTP/1.1" 404 58116 "-" "Mozilla/5.0 (Linux; Android 9; SM-G975F) AppleWebKit/537.36 (KHTML, like Gecko) Chrome/76.0.3809.89 Mobile Safari/537.36"
136.107.3.206 - - [16/Jun/2026:06:44:54 +0000] "GET /v2/.git/config HTTP/1.1" 404 58116 "-" "Mozilla/5.0 (Windows NT 6.1) AppleWebKit/537.71 (KHTML like Gecko) WebVideo/1.0.1.10 Version/7.0 Safari/537.71"
136.107.3.206 - - [16/Jun/2026:06:44:54 +0000] "GET /public/.git/config HTTP/1.1" 404 58116 "-" "Mozilla/5.0 (Macintosh; Intel Mac OS X 10_13_0) AppleWebKit/537.36 (KHTML, like Gecko) Chrome/76.0.3809.87 Safari/537.36"
136.107.3.206 - - [16/Jun/2026:06:44:54 +0000] "GET /project/.git/config HTTP/1.1" 404 58116 "-" "iTunes/4.2 (Macintosh; U; PPC Mac OS X 10.2)"
136.107.3.206 - - [16/Jun/2026:06:44:54 +0000] "GET /dist/.git/config HTTP/1.1" 404 58116 "-" "Mozilla/5.0 (X11; Linux x86_64) AppleWebKit/537.36 (KHTML, like Gecko) Chrome/75.0.3770.90 Safari/537.36"
136.107.3.206 - - [16/Jun/2026:06:44:54 +0000] "GET /wordpress/.git/config HTTP/1.1" 404 58116 "-" "Mozilla/5.0 (X11; NetBSD amd64; rv:16.0) Gecko/20121102 Firefox/16.0"
136.107.3.206 - - [16/Jun/2026:06:44:54 +0000] "GET /laravel/.git/config HTTP/1.1" 404 58116 "-" "Mozilla/5.0 (Linux; Android 8.0.0; LG-H932) AppleWebKit/537.36 (KHTML, like Gecko) Chrome/76.0.3809.111 Mobile Safari/537.36"
136.107.3.206 - - [16/Jun/2026:06:44:54 +0000] "GET /site/.git/config HTTP/1.1" 404 58116 "-" "Mozilla/4.0 (compatible; MSIE 4.01; Windows CE; PPC; MDA Pro/1.0 Profile/MIDP-2.0 Configuration/CLDC-1.1)"
136.107.3.206 - - [16/Jun/2026:06:44:54 +0000] "GET /app/.git/config HTTP/1.1" 404 58116 "-" "WebCopier v4.6"
162.241.176.232 - - [16/Jun/2026:06:46:01 +0000] "POST /wp-cron.php?doing_wp_cron=1781592360.3433330059051513671875 HTTP/1.1" 404 23678 "-" "WordPress/6.9.4; https://www.circuitorioantigo.com.br"
162.241.176.232 - - [16/Jun/2026:06:46:01 +0000] "POST /wp-cron.php?doing_wp_cron=1781592360.7177491188049316406250 HTTP/1.1" 404 23678 "-" "WordPress/6.9.4; https://www.circuitorioantigo.com.br"
162.241.176.232 - - [16/Jun/2026:06:46:00 +0000] "POST /wp-cron.php?doing_wp_cron=1781592359.8490018844604492187500 HTTP/1.1" 404 23678 "-" "WordPress/6.9.4; https://www.circuitorioantigo.com.br"
162.241.176.232 - - [16/Jun/2026:06:46:05 +0000] "POST /wp-cron.php?doing_wp_cron=1781592364.7987740039825439453125 HTTP/1.1" 404 23678 "-" "WordPress/6.9.4; https://www.circuitorioantigo.com.br"
162.241.176.232 - - [16/Jun/2026:06:46:04 +0000] "POST /wp-cron.php?doing_wp_cron=1781592361.5896389484405517578125 HTTP/1.1" 404 8000 "-" "WordPress/6.9.4; https://www.circuitorioantigo.com.br"
162.241.176.232 - - [16/Jun/2026:06:46:06 +0000] "POST /wp-cron.php?doing_wp_cron=1781592366.2707200050354003906250 HTTP/1.1" 404 23678 "-" "WordPress/6.9.4; https://www.circuitorioantigo.com.br"
162.241.176.232 - - [16/Jun/2026:06:46:00 +0000] "POST /wp-cron.php?doing_wp_cron=1781592360.2645149230957031250000 HTTP/1.1" 404 16000 "-" "WordPress/6.9.4; https://www.circuitorioantigo.com.br"
162.241.176.232 - - [16/Jun/2026:06:46:01 +0000] "POST /wp-cron.php?doing_wp_cron=1781592361.0988841056823730468750 HTTP/1.1" 404 16000 "-" "WordPress/6.9.4; https://www.circuitorioantigo.com.br"
162.241.176.232 - - [16/Jun/2026:06:46:00 +0000] "POST /wp-cron.php?doing_wp_cron=1781592360.2008149623870849609375 HTTP/1.1" 404 23678 "-" "WordPress/6.9.4; https://www.circuitorioantigo.com.br"
162.241.176.232 - - [16/Jun/2026:06:46:00 +0000] "POST /wp-cron.php?doing_wp_cron=1781592359.9260139465332031250000 HTTP/1.1" 404 8000 "-" "WordPress/6.9.4; https://www.circuitorioantigo.com.br"
162.241.176.232 - - [16/Jun/2026:06:46:00 +0000] "POST /wp-cron.php?doing_wp_cron=1781592360.2759430408477783203125 HTTP/1.1" 404 23678 "-" "WordPress/6.9.4; https://www.circuitorioantigo.com.br"
162.241.176.232 - - [16/Jun/2026:06:46:00 +0000] "POST /wp-cron.php?doing_wp_cron=1781592359.9216868877410888671875 HTTP/1.1" 404 23678 "-" "WordPress/6.9.4; https://www.circuitorioantigo.com.br"
162.241.176.232 - - [16/Jun/2026:06:46:01 +0000] "POST /wp-cron.php?doing_wp_cron=1781592360.7323539257049560546875 HTTP/1.1" 404 8000 "-" "WordPress/6.9.4; https://www.circuitorioantigo.com.br"
162.241.176.232 - - [16/Jun/2026:06:46:01 +0000] "POST /wp-cron.php?doing_wp_cron=1781592361.3017759323120117187500 HTTP/1.1" 404 23678 "-" "WordPress/6.9.4; https://www.circuitorioantigo.com.br"
162.241.176.232 - - [16/Jun/2026:06:46:00 +0000] "POST /wp-cron.php?doing_wp_cron=1781592360.0431799888610839843750 HTTP/1.1" 404 23678 "-" "WordPress/6.9.4; https://www.circuitorioantigo.com.br"
162.241.176.232 - - [16/Jun/2026:06:46:00 +0000] "POST /wp-cron.php?doing_wp_cron=1781592360.0668599605560302734375 HTTP/1.1" 404 23917 "-" "WordPress/6.9.4; https://www.circuitorioantigo.com.br"
162.241.176.232 - - [16/Jun/2026:06:46:01 +0000] "POST /wp-cron.php?doing_wp_cron=1781592361.3000519275665283203125 HTTP/1.1" 404 23678 "-" "WordPress/6.9.4; https://www.circuitorioantigo.com.br"
162.241.176.232 - - [16/Jun/2026:06:52:27 +0000] "POST /wp-cron.php?doing_wp_cron=1781592747.0808720588684082031250 HTTP/1.1" 404 58050 "-" "WordPress/6.9.4; https://www.circuitorioantigo.com.br"
185.191.171.3 - - [16/Jun/2026:06:52:26 +0000] "GET /tag/media/page/3/ HTTP/1.1" 200 120984 "-" "Mozilla/5.0 (compatible; SemrushBot/7~bl; +http://www.semrush.com/bot.html)"
162.241.176.232 - - [16/Jun/2026:07:04:26 +0000] "POST /wp-cron.php?doing_wp_cron=1781593466.0632638931274414062500 HTTP/1.1" 404 58050 "-" "WordPress/6.9.4; https://www.circuitorioantigo.com.br"
114.119.157.196 - - [16/Jun/2026:07:04:25 +0000] "GET /tag/development/page/3 HTTP/1.1" 301 - "http://www.circuitorioantigo.com.br/tag/development/page/2" "Mozilla/5.0 (Linux; Android 7.0;) AppleWebKit/537.36 (HTML, like Gecko) Mobile Safari/537.36 (compatible; PetalBot;+https://webmaster.petalsearch.com/site/petalbot)"
114.119.157.196 - - [16/Jun/2026:07:04:27 +0000] "GET /tag/development/page/3/ HTTP/1.1" 200 122707 "http://www.circuitorioantigo.com.br/tag/development/page/2" "Mozilla/5.0 (Linux; Android 7.0;) AppleWebKit/537.36 (HTML, like Gecko) Mobile Safari/537.36 (compatible; PetalBot;+https://webmaster.petalsearch.com/site/petalbot)"
162.241.176.232 - - [16/Jun/2026:07:11:02 +0000] "POST /wp-cron.php?doing_wp_cron=1781593862.9772880077362060546875 HTTP/1.1" 404 58050 "-" "WordPress/6.9.4; https://www.circuitorioantigo.com.br"
51.195.244.236 - - [16/Jun/2026:07:11:02 +0000] "GET /robots.txt HTTP/1.1" 200 307 "-" "Mozilla/5.0 (compatible; AhrefsBot/7.0; +http://ahrefs.com/robot/)"
51.195.215.252 - - [16/Jun/2026:07:11:07 +0000] "GET /mapa_5k.html HTTP/1.1" 404 58050 "-" "Mozilla/5.0 (compatible; AhrefsBot/7.0; +http://ahrefs.com/robot/)"
157.55.39.63 - - [16/Jun/2026:07:11:19 +0000] "GET / HTTP/1.1" 301 - "-" "Mozilla/5.0 AppleWebKit/537.36 (KHTML, like Gecko; compatible; bingbot/2.0; +http://www.bing.com/bingbot.htm) Chrome/116.0.1938.76 Safari/537.36"
162.14.114.97 - - [16/Jun/2026:07:11:58 +0000] "GET / HTTP/1.1" 301 - "-" "Mozilla/5.0 (iPhone; CPU iPhone OS 13_2_3 like Mac OS X) AppleWebKit/605.1.15 (KHTML, like Gecko) Version/13.0.3 Mobile/15E148 Safari/604.1"
162.241.176.232 - - [16/Jun/2026:07:14:55 +0000] "POST /site/wp-cron.php?doing_wp_cron=1781594095.7137970924377441406250 HTTP/1.1" 404 58284 "-" "WordPress/6.9.4; http://www.circuitorioantigo.com.br"
49.51.203.164 - - [16/Jun/2026:07:15:01 +0000] "GET / HTTP/1.1" 301 - "-" "Mozilla/5.0 (iPhone; CPU iPhone OS 13_2_3 like Mac OS X) AppleWebKit/605.1.15 (KHTML, like Gecko) Version/13.0.3 Mobile/15E148 Safari/604.1"
114.119.139.185 - - [16/Jun/2026:07:15:16 +0000] "GET /site/2016/03/23/business-post-6/ HTTP/1.1" 301 - "http://www.circuitorioantigo.com.br/site/2016/03/23/business-post-6/" "Mozilla/5.0 (Linux; Android 7.0;) AppleWebKit/537.36 (HTML, like Gecko) Mobile Safari/537.36 (compatible; PetalBot;+https://webmaster.petalsearch.com/site/petalbot)"
162.241.176.232 - - [16/Jun/2026:07:17:14 +0000] "POST /site/wp-cron.php?doing_wp_cron=1781594234.9621639251708984375000 HTTP/1.1" 404 58282 "-" "WordPress/6.9.4; http://www.circuitorioantigo.com.br"
162.241.176.232 - - [16/Jun/2026:07:26:09 +0000] "POST /wp-cron.php?doing_wp_cron=1781594769.8064870834350585937500 HTTP/1.1" 404 58284 "-" "WordPress/6.9.4; https://www.circuitorioantigo.com.br"
114.119.154.39 - - [16/Jun/2026:07:26:08 +0000] "GET /pf/app-development HTTP/1.1" 301 - "http://www.circuitorioantigo.com.br/pf/app-development" "Mozilla/5.0 (Linux; Android 7.0;) AppleWebKit/537.36 (HTML, like Gecko) Mobile Safari/537.36 (compatible; PetalBot;+https://webmaster.petalsearch.com/site/petalbot)"
114.119.154.39 - - [16/Jun/2026:07:26:11 +0000] "GET /pf/app-development/ HTTP/1.1" 200 114023 "http://www.circuitorioantigo.com.br/pf/app-development" "Mozilla/5.0 (Linux; Android 7.0;) AppleWebKit/537.36 (HTML, like Gecko) Mobile Safari/537.36 (compatible; PetalBot;+https://webmaster.petalsearch.com/site/petalbot)"
162.241.176.232 - - [16/Jun/2026:07:28:35 +0000] "POST /wp-cron.php?doing_wp_cron=1781594915.5143539905548095703125 HTTP/1.1" 404 58284 "-" "WordPress/6.9.4; https://www.circuitorioantigo.com.br"
103.72.198.69 - - [16/Jun/2026:07:28:34 +0000] "GET http://circuitorioantigo.com.br/percurso.html HTTP/1.1" 301 - "-" "Mozilla/5.0 (Macintosh; Intel Mac OS X 10_14_6) AppleWebKit/537.36 (KHTML, like Gecko) Chrome/88.0.4324.96 Safari/537.36"
157.55.39.194 - - [16/Jun/2026:07:28:44 +0000] "GET /site/wp-content/uploads/2019/09/terceiros.pdf HTTP/1.1" 200 108280 "-" "Mozilla/5.0 AppleWebKit/537.36 (KHTML, like Gecko; compatible; bingbot/2.0; +http://www.bing.com/bingbot.htm) Chrome/116.0.1938.76 Safari/537.36"
20.104.244.165 - - [16/Jun/2026:07:31:00 +0000] "GET /wp-content/plugins/hellopress/wp_filemanager.php HTTP/1.1" 404 58350 "-" "-"
20.104.244.165 - - [16/Jun/2026:07:31:01 +0000] "GET /this_is_a_new_hello_world.php HTTP/1.1" 404 58350 "-" "-"
20.104.244.165 - - [16/Jun/2026:07:31:02 +0000] "GET /size.php HTTP/1.1" 404 58350 "-" "-"
20.104.244.165 - - [16/Jun/2026:07:31:03 +0000] "GET /lock.php HTTP/1.1" 404 58350 "-" "-"
20.104.244.165 - - [16/Jun/2026:07:31:04 +0000] "GET /ops.php HTTP/1.1" 404 58350 "-" "-"
20.104.244.165 - - [16/Jun/2026:07:31:05 +0000] "GET /8.php HTTP/1.1" 404 58348 "-" "-"
20.104.244.165 - - [16/Jun/2026:07:31:06 +0000] "GET /mac.php HTTP/1.1" 404 58350 "-" "-"
20.104.244.165 - - [16/Jun/2026:07:31:07 +0000] "GET /jp.php HTTP/1.1" 404 58350 "-" "-"
20.104.244.165 - - [16/Jun/2026:07:31:08 +0000] "GET /.well-known/index.php HTTP/1.1" 301 - "-" "-"
20.104.244.165 - - [16/Jun/2026:07:31:09 +0000] "GET /.well-known/ HTTP/1.1" 200 830 "-" "-"
20.104.244.165 - - [16/Jun/2026:07:31:09 +0000] "GET /acp.php HTTP/1.1" 404 58350 "-" "-"
20.104.244.165 - - [16/Jun/2026:07:31:10 +0000] "GET /wp-ccv.php HTTP/1.1" 404 58350 "-" "-"
20.104.244.165 - - [16/Jun/2026:07:31:11 +0000] "GET /s.php HTTP/1.1" 404 58350 "-" "-"
20.104.244.165 - - [16/Jun/2026:07:31:12 +0000] "GET /wp-lamburg.php HTTP/1.1" 404 58350 "-" "-"
20.104.244.165 - - [16/Jun/2026:07:31:13 +0000] "GET /jj.php HTTP/1.1" 404 58350 "-" "-"
20.104.244.165 - - [16/Jun/2026:07:31:14 +0000] "GET /bthil.php HTTP/1.1" 404 58350 "-" "-"
20.104.244.165 - - [16/Jun/2026:07:31:15 +0000] "GET /ups.php HTTP/1.1" 404 58349 "-" "-"
20.104.244.165 - - [16/Jun/2026:07:31:16 +0000] "GET /classwithtostring.php HTTP/1.1" 404 58350 "-" "-"
20.104.244.165 - - [16/Jun/2026:07:31:17 +0000] "GET /w.php HTTP/1.1" 404 58350 "-" "-"
20.104.244.165 - - [16/Jun/2026:07:31:18 +0000] "GET /wp-conflg.php HTTP/1.1" 404 58350 "-" "-"
20.104.244.165 - - [16/Jun/2026:07:31:20 +0000] "GET /mini.php HTTP/1.1" 404 58348 "-" "-"
20.104.244.165 - - [16/Jun/2026:07:31:20 +0000] "GET /x.php HTTP/1.1" 404 58349 "-" "-"
20.104.244.165 - - [16/Jun/2026:07:31:22 +0000] "GET /img.php HTTP/1.1" 404 58349 "-" "-"
20.104.244.165 - - [16/Jun/2026:07:31:23 +0000] "GET /xx.php HTTP/1.1" 404 58350 "-" "-"
20.104.244.165 - - [16/Jun/2026:07:31:24 +0000] "GET /wp-upload.php HTTP/1.1" 404 58350 "-" "-"
20.104.244.165 - - [16/Jun/2026:07:31:25 +0000] "GET /insc.php HTTP/1.1" 404 58350 "-" "-"
20.104.244.165 - - [16/Jun/2026:07:31:26 +0000] "GET /error_log.php HTTP/1.1" 404 58350 "-" "-"
20.104.244.165 - - [16/Jun/2026:07:31:27 +0000] "GET /ms-edit.php HTTP/1.1" 404 58350 "-" "-"
20.104.244.165 - - [16/Jun/2026:07:31:28 +0000] "GET /sd.php HTTP/1.1" 404 58350 "-" "-"
20.104.244.165 - - [16/Jun/2026:07:31:29 +0000] "GET /asd.php HTTP/1.1" 404 58350 "-" "-"
20.104.244.165 - - [16/Jun/2026:07:31:30 +0000] "GET /green.php HTTP/1.1" 404 58350 "-" "-"
20.104.244.165 - - [16/Jun/2026:07:31:31 +0000] "GET /wp-blog.php HTTP/1.1" 404 58349 "-" "-"
20.104.244.165 - - [16/Jun/2026:07:31:32 +0000] "GET /wp-block.php HTTP/1.1" 404 58350 "-" "-"
20.104.244.165 - - [16/Jun/2026:07:31:33 +0000] "GET /cilus.php HTTP/1.1" 404 58350 "-" "-"
20.104.244.165 - - [16/Jun/2026:07:31:34 +0000] "GET /co.php HTTP/1.1" 404 58350 "-" "-"
157.245.201.21 - - [16/Jun/2026:07:41:41 +0000] "GET / HTTP/1.1" 301 - "https://www.circolodellunione.it//wp-login.php" "Mozilla/5.0 (Windows NT 10.0; Win64; x64) AppleWebKit/537.36 (KHTML, like Gecko) Chrome/131.0.0.0 Safari/537.36"
162.241.176.232 - - [16/Jun/2026:07:44:18 +0000] "POST /wp-cron.php?doing_wp_cron=1781595858.5224409103393554687500 HTTP/1.1" 404 58283 "-" "WordPress/6.9.4; https://www.circuitorioantigo.com.br"
69.171.236.112 - - [16/Jun/2026:07:44:17 +0000] "GET /resultados/2014/lapa/images/certificado.jpg HTTP/1.1" 404 58284 "-" "facebookexternalhit/1.1 (+http://www.facebook.com/externalhit_uatext.php)"
162.241.176.232 - - [16/Jun/2026:07:47:54 +0000] "POST /wp-cron.php?doing_wp_cron=1781596074.1444931030273437500000 HTTP/1.1" 404 58284 "-" "WordPress/6.9.4; https://www.circuitorioantigo.com.br"
114.119.134.1 - - [16/Jun/2026:07:47:53 +0000] "GET /pf/futuristic-one-9 HTTP/1.1" 301 - "http://www.circuitorioantigo.com.br/pf/sidebar-info-4" "Mozilla/5.0 (Linux; Android 7.0;) AppleWebKit/537.36 (HTML, like Gecko) Mobile Safari/537.36 (compatible; PetalBot;+https://webmaster.petalsearch.com/site/petalbot)"
114.119.134.1 - - [16/Jun/2026:07:47:55 +0000] "GET /pf/futuristic-one-9/ HTTP/1.1" 200 80512 "http://www.circuitorioantigo.com.br/pf/sidebar-info-4" "Mozilla/5.0 (Linux; Android 7.0;) AppleWebKit/537.36 (HTML, like Gecko) Mobile Safari/537.36 (compatible; PetalBot;+https://webmaster.petalsearch.com/site/petalbot)"
Edit
Rename
Chmod
Delete
FILE
FOLDER
Name
Size
Permission
Action
barrarun.decastilhosports.com.br
7268 bytes
0640
barrarun.decastilhosports.com.br-ssl_log
61631 bytes
0640
belomonte.decastilhosports.com.br
26000428 bytes
0640
belomonte.decastilhosports.com.br-ssl_log
105656247 bytes
0640
circuitorioantigo.decastilhosports.com.br
187030 bytes
0640
circuitorioantigo.decastilhosports.com.br-ssl_log
866275 bytes
0640
circuitorioantigo2015.decastilhosports.com.br
46194 bytes
0640
circuitorioantigo2015.decastilhosports.com.br-ssl_log
22093 bytes
0640
circuitosoulcarioca.decastilhosports.com.br
91843 bytes
0640
circuitosoulcarioca.decastilhosports.com.br-ssl_log
349899 bytes
0640
combo2015.decastilhosports.com.br
27733 bytes
0640
combo2015.decastilhosports.com.br-ssl_log
25293 bytes
0640
corridaadmeprofessores.decastilhosports.com.br
54549 bytes
0640
corridaadmeprofessores.decastilhosports.com.br-ssl_log
45325 bytes
0640
corridamisamis.com.br.decastilhosports.com.br
55817 bytes
0640
corridamisamis.com.br.decastilhosports.com.br-ssl_log
10555 bytes
0640
corridascombinadas.decastilhosports.com.br
36141 bytes
0640
corridascombinadas.decastilhosports.com.br-ssl_log
1782 bytes
0640
corridasolidaria.decastilhosports.com.br
29614 bytes
0640
corridasolidaria.decastilhosports.com.br-ssl_log
2415 bytes
0640
corridauhebelomonte.decastilhosports.com.br
204437 bytes
0640
corridauhebelomonte.decastilhosports.com.br-ssl_log
830629 bytes
0640
corrridaadmeprofessores.decastilhosports.com.br
42827 bytes
0640
corrridaadmeprofessores.decastilhosports.com.br-ssl_log
19669 bytes
0640
decastilho.decastilhosports.com.br
272647 bytes
0640
decastilho.decastilhosports.com.br-ssl_log
91788 bytes
0640
decastilhosports.com.br
68360 bytes
0640
decastilhosports.com.br-ssl_log
5527988 bytes
0640
esporteuhebelomonte.com.br.decastilhosports.com.br
12766 bytes
0640
esporteuhebelomonte.com.br.decastilhosports.com.br-ssl_log
105335 bytes
0640
fluminenserun.decastilhosports.com.br
43943 bytes
0640
fluminenserun.decastilhosports.com.br-ssl_log
22080 bytes
0640
meiadopontal.decastilhosports.com.br
30777 bytes
0640
meiadopontal.decastilhosports.com.br-ssl_log
22585 bytes
0640
meiadoporto.decastilhosports.com.br
44091 bytes
0640
meiadoporto.decastilhosports.com.br-ssl_log
456470 bytes
0640
soulcarioca.decastilhosports.com.br
25700 bytes
0640
soulcarioca.decastilhosports.com.br-ssl_log
21174 bytes
0640
subidadoimperador.decastilhosports.com.br
60421 bytes
0640
subidadoimperador.decastilhosports.com.br-ssl_log
1376 bytes
0640
supersalto.decastilhosports.com.br
49768 bytes
0640
supersalto.decastilhosports.com.br-ssl_log
28703 bytes
0640
turtlerun.decastilhosports.com.br
26880 bytes
0640
turtlerun.decastilhosports.com.br-ssl_log
1832 bytes
0640
urun.com.br.decastilhosports.com.br
38208 bytes
0640
urun.com.br.decastilhosports.com.br-ssl_log
44010 bytes
0640
voleiuhebelomonte.com.br.decastilhosports.com.br
17231 bytes
0640
voleiuhebelomonte.com.br.decastilhosports.com.br-ssl_log
120898 bytes
0640
voltaciclisticabelomonte.com.br.decastilhosports.com.br
50400 bytes
0640
voltaciclisticabelomonte.com.br.decastilhosports.com.br-ssl_log
107216 bytes
0640
N4ST4R_ID | Naxtarrr