Submit
Path:
~
/
home
/
decas683
/
access-logs
/
File Content:
circuitorioantigo.decastilhosports.com.br
107.15.66.200 - - [15/Jun/2026:12:16:22 +0000] "GET /site/wp-content/uploads/2023/03/REGULAMENTO-CIRCUITO-RIO-ANTIGO-02.pdf HTTP/1.1" 200 245008 "-" "Mozilla/5.0 (Macintosh; Intel Mac OS X 10_15_7) AppleWebKit/537.36 (KHTML, like Gecko) Chrome/146.0.0.0 Safari/537.36"
216.73.217.69 - - [15/Jun/2026:12:31:54 +0000] "GET /robots.txt HTTP/1.1" 200 307 "-" "Mozilla/5.0 AppleWebKit/537.36 (KHTML, like Gecko; compatible; ClaudeBot/1.0; +claudebot@anthropic.com)"
162.241.176.232 - - [15/Jun/2026:12:31:55 +0000] "POST /wp-cron.php?doing_wp_cron=1781526715.2019920349121093750000 HTTP/1.1" 404 23678 "-" "WordPress/6.9.4; https://www.circuitorioantigo.com.br"
216.73.217.69 - - [15/Jun/2026:12:31:56 +0000] "GET / HTTP/1.1" 301 - "-" "Mozilla/5.0 AppleWebKit/537.36 (KHTML, like Gecko; compatible; ClaudeBot/1.0; +claudebot@anthropic.com)"
162.241.176.232 - - [15/Jun/2026:12:37:59 +0000] "POST /wp-cron.php?doing_wp_cron=1781527079.3525609970092773437500 HTTP/1.1" 404 58050 "-" "WordPress/6.9.4; https://www.circuitorioantigo.com.br"
170.106.160.90 - - [15/Jun/2026:12:37:58 +0000] "GET / HTTP/1.1" 301 - "-" "Mozilla/5.0 (iPhone; CPU iPhone OS 13_2_3 like Mac OS X) AppleWebKit/605.1.15 (KHTML, like Gecko) Version/13.0.3 Mobile/15E148 Safari/604.1"
185.191.171.9 - - [15/Jun/2026:12:38:51 +0000] "GET /2014/01/16/sticky-blog-post/ HTTP/1.1" 200 145422 "-" "Mozilla/5.0 (compatible; SemrushBot/7~bl; +http://www.semrush.com/bot.html)"
40.77.167.70 - - [15/Jun/2026:12:51:33 +0000] "GET /images/toponovo.jpg HTTP/1.1" 404 58050 "-" "Mozilla/5.0 AppleWebKit/537.36 (KHTML, like Gecko; compatible; bingbot/2.0; +http://www.bing.com/bingbot.htm) Chrome/116.0.1938.76 Safari/537.36"
162.241.176.232 - - [15/Jun/2026:12:51:34 +0000] "POST /wp-cron.php?doing_wp_cron=1781527894.9662859439849853515625 HTTP/1.1" 404 23678 "-" "WordPress/6.9.4; https://www.circuitorioantigo.com.br"
35.187.92.247 - - [15/Jun/2026:12:58:15 +0000] "GET / HTTP/1.1" 301 - "-" "Mozilla/5.0 (compatible; CMS-Checker/1.0; +https://example.com)"
162.241.176.232 - - [15/Jun/2026:13:12:52 +0000] "POST /wp-cron.php?doing_wp_cron=1781529172.5078029632568359375000 HTTP/1.1" 404 58050 "-" "WordPress/6.9.4; https://www.circuitorioantigo.com.br"
85.208.96.209 - - [15/Jun/2026:13:12:51 +0000] "GET /robots.txt HTTP/1.1" 200 307 "-" "Mozilla/5.0 (compatible; SemrushBot/7~bl; +http://www.semrush.com/bot.html)"
185.191.171.10 - - [15/Jun/2026:13:12:53 +0000] "GET /2016/03/21/simple-blog-post-4/ HTTP/1.1" 200 142526 "-" "Mozilla/5.0 (compatible; SemrushBot/7~bl; +http://www.semrush.com/bot.html)"
162.241.176.232 - - [15/Jun/2026:13:17:48 +0000] "POST /wp-cron.php?doing_wp_cron=1781529468.0637218952178955078125 HTTP/1.1" 404 58050 "-" "WordPress/6.9.4; https://www.circuitorioantigo.com.br"
43.130.57.76 - - [15/Jun/2026:13:17:47 +0000] "GET / HTTP/1.1" 301 - "-" "Mozilla/5.0 (iPhone; CPU iPhone OS 13_2_3 like Mac OS X) AppleWebKit/605.1.15 (KHTML, like Gecko) Version/13.0.3 Mobile/15E148 Safari/604.1"
162.55.63.40 - - [15/Jun/2026:13:20:21 +0000] "HEAD / HTTP/1.1" 301 - "-" "Mozilla/5.0 (compatible; alltool/1.0)"
162.241.176.232 - - [15/Jun/2026:13:20:22 +0000] "POST /wp-cron.php?doing_wp_cron=1781529622.5024769306182861328125 HTTP/1.1" 404 8000 "-" "WordPress/6.9.4; https://www.circuitorioantigo.com.br"
162.55.63.40 - - [15/Jun/2026:13:20:25 +0000] "GET /wp-content/plugins/car-rental-manager-pro/assets/js/admin-google-reviews.js HTTP/1.1" 404 58050 "-" "Mozilla/5.0 (Macintosh; Intel Mac OS X 10_15_7) AppleWebKit/537.36 (KHTML, like Gecko) Chrome/87.0.4280.88 Safari/537.3"
162.55.63.40 - - [15/Jun/2026:13:20:26 +0000] "GET /wp-content/plugins/image-buzz/admin/js/image-buzz-admin.js HTTP/1.1" 404 58050 "-" "Mozilla/5.0 (Macintosh; Intel Mac OS X 10_15_7) AppleWebKit/537.36 (KHTML, like Gecko) Chrome/87.0.4280.88 Safari/537.3"
162.55.63.40 - - [15/Jun/2026:13:20:27 +0000] "POST /wp-admin/admin-ajax.php HTTP/1.1" 404 58050 "-" "Mozilla/5.0 (Macintosh; Intel Mac OS X 10_15_7) AppleWebKit/537.36 (KHTML, like Gecko) Chrome/87.0.4280.88 Safari/537.3"
66.249.79.200 - - [15/Jun/2026:13:22:45 +0000] "GET /wp-content/uploads/thegem-logos/logo_15b5684cea4fb3d1137a9fa409d1accf_1x.png HTTP/1.1" 304 - "-" "Googlebot-Image/1.0"
162.241.176.232 - - [15/Jun/2026:13:29:03 +0000] "POST /wp-cron.php?doing_wp_cron=1781530143.6494529247283935546875 HTTP/1.1" 404 58050 "-" "WordPress/6.9.4; https://www.circuitorioantigo.com.br"
185.191.171.9 - - [15/Jun/2026:13:29:02 +0000] "GET /2016/03/18/blog-post-right-sidebar-6/ HTTP/1.1" 200 150850 "-" "Mozilla/5.0 (compatible; SemrushBot/7~bl; +http://www.semrush.com/bot.html)"
162.241.176.232 - - [15/Jun/2026:13:39:22 +0000] "POST /wp-cron.php?doing_wp_cron=1781530762.6155700683593750000000 HTTP/1.1" 404 23678 "-" "WordPress/6.9.4; https://www.circuitorioantigo.com.br"
85.208.96.207 - - [15/Jun/2026:13:39:21 +0000] "GET /2016/04/18/blog-post-right-sidebar-9/ HTTP/1.1" 200 149625 "-" "Mozilla/5.0 (compatible; SemrushBot/7~bl; +http://www.semrush.com/bot.html)"
162.241.176.232 - - [15/Jun/2026:13:40:58 +0000] "POST /wp-cron.php?doing_wp_cron=1781530858.6304910182952880859375 HTTP/1.1" 404 23678 "-" "WordPress/6.9.4; https://www.circuitorioantigo.com.br"
35.187.92.247 - - [15/Jun/2026:13:40:57 +0000] "GET / HTTP/1.1" 301 - "-" "Mozilla/5.0 (Windows NT 10.0; Win64; x64) AppleWebKit/537.36 (KHTML, like Gecko) Chrome/78.0.3904.108 Safari/537.36"
162.241.176.232 - - [15/Jun/2026:13:57:57 +0000] "POST /wp-cron.php?doing_wp_cron=1781531877.2469069957733154296875 HTTP/1.1" 404 58050 "-" "WordPress/6.9.4; https://www.circuitorioantigo.com.br"
165.22.118.157 - - [15/Jun/2026:13:57:56 +0000] "GET / HTTP/1.1" 301 - "-" "Mozilla/5.0 (X11; Linux x86_64) AppleWebKit/537.36 (KHTML, like Gecko) Chrome/142.0.0.0 Safari/537.36"
165.22.118.157 - - [15/Jun/2026:13:57:58 +0000] "GET /favicon.ico HTTP/1.1" 302 - "http://circuitorioantigo.com.br/" "Mozilla/5.0 (X11; Linux x86_64) AppleWebKit/537.36 (KHTML, like Gecko) Chrome/142.0.0.0 Safari/537.36"
57.141.0.38 - - [15/Jun/2026:14:04:40 +0000] "GET /robots.txt HTTP/1.1" 200 307 "-" "facebookexternalhit/1.1 (+http://www.facebook.com/externalhit_uatext.php)"
162.241.176.232 - - [15/Jun/2026:14:04:41 +0000] "POST /wp-cron.php?doing_wp_cron=1781532281.4080080986022949218750 HTTP/1.1" 404 8000 "-" "WordPress/6.9.4; https://www.circuitorioantigo.com.br"
162.241.176.232 - - [15/Jun/2026:14:15:46 +0000] "POST /wp-cron.php?doing_wp_cron=1781532946.2822129726409912109375 HTTP/1.1" 404 58050 "-" "WordPress/6.9.4; https://www.circuitorioantigo.com.br"
187.67.239.203 - - [15/Jun/2026:14:15:45 +0000] "GET /?utm_source=ig&utm_medium=social&utm_content=link_in_bio&fbclid=PAZXh0bgNhZW0CMTEAc3J0YwZhcHBfaWQPMTI0MDI0NTc0Mjg3NDE0AAGnxw8B8FNp3Cv241p4vbjqQaFh0dYhlPodmkWjN_hvyTUxIEjTqz1bzDw35Hg_aem_TvCDL6dJMZ7PcZ5GnIpMIw HTTP/1.1" 301 - "https://l.instagram.com/" "Mozilla/5.0 (iPhone; CPU iPhone OS 18_1_1 like Mac OS X) AppleWebKit/605.1.15 (KHTML, like Gecko) Mobile/22B91 Instagram 433.0.0.33.57 (iPhone12,8; iOS 18_1_1; pt_BR; pt; scale=2.00; 750x1334; IABMV/1; 989803374) Safari/604.1"
51.68.107.139 - - [15/Jun/2026:14:20:22 +0000] "GET /robots.txt HTTP/1.1" 301 - "-" "Mozilla/5.0 (compatible; MJ12bot/v2.0.5; http://mj12bot.com/)"
162.241.176.232 - - [15/Jun/2026:14:20:23 +0000] "POST /wp-cron.php?doing_wp_cron=1781533223.2036249637603759765625 HTTP/1.1" 404 23678 "-" "WordPress/6.9.4; https://www.circuitorioantigo.com.br"
51.68.107.139 - - [15/Jun/2026:14:20:24 +0000] "GET /robots.txt HTTP/1.1" 200 307 "-" "Mozilla/5.0 (compatible; MJ12bot/v2.0.5; http://mj12bot.com/)"
51.68.107.139 - - [15/Jun/2026:14:20:25 +0000] "GET / HTTP/1.1" 301 - "-" "Mozilla/5.0 (compatible; MJ12bot/v2.0.5; http://mj12bot.com/)"
85.208.96.194 - - [15/Jun/2026:14:33:02 +0000] "GET /robots.txt HTTP/1.1" 200 307 "-" "Mozilla/5.0 (compatible; SemrushBot/7~bl; +http://www.semrush.com/bot.html)"
162.241.176.232 - - [15/Jun/2026:14:33:03 +0000] "POST /wp-cron.php?doing_wp_cron=1781533983.4611129760742187500000 HTTP/1.1" 404 23678 "-" "WordPress/6.9.4; https://www.circuitorioantigo.com.br"
185.191.171.15 - - [15/Jun/2026:14:33:04 +0000] "GET /2016/03/05/blog-post-3/ HTTP/1.1" 200 145540 "-" "Mozilla/5.0 (compatible; SemrushBot/7~bl; +http://www.semrush.com/bot.html)"
162.241.176.232 - - [15/Jun/2026:14:38:33 +0000] "POST /wp-cron.php?doing_wp_cron=1781534313.4646739959716796875000 HTTP/1.1" 404 58050 "-" "WordPress/6.9.4; https://www.circuitorioantigo.com.br"
34.63.40.140 - - [15/Jun/2026:14:38:32 +0000] "GET / HTTP/1.1" 301 - "-" "Mozilla/5.0 (compatible; CMS-Checker/1.0; +https://example.com)"
162.241.176.232 - - [15/Jun/2026:14:45:06 +0000] "POST /wp-cron.php?doing_wp_cron=1781534706.7489540576934814453125 HTTP/1.1" 404 58050 "-" "WordPress/6.9.4; https://www.circuitorioantigo.com.br"
104.155.113.192 - - [15/Jun/2026:14:45:05 +0000] "GET / HTTP/1.1" 301 - "-" "Mozilla/5.0 (compatible; CMS-Checker/1.0; +https://example.com)"
162.241.176.232 - - [15/Jun/2026:14:50:07 +0000] "POST /wp-cron.php?doing_wp_cron=1781535007.2775421142578125000000 HTTP/1.1" 404 58049 "-" "WordPress/6.9.4; https://www.circuitorioantigo.com.br"
34.60.185.207 - - [15/Jun/2026:14:50:06 +0000] "GET / HTTP/1.1" 301 - "-" "Mozilla/5.0 (compatible; CMS-Checker/1.0; +https://example.com)"
162.241.176.232 - - [15/Jun/2026:14:54:57 +0000] "POST /wp-cron.php?doing_wp_cron=1781535297.1241979598999023437500 HTTP/1.1" 404 58050 "-" "WordPress/6.9.4; https://www.circuitorioantigo.com.br"
122.51.236.174 - - [15/Jun/2026:14:54:56 +0000] "GET / HTTP/1.1" 301 - "-" "Mozilla/5.0 (iPhone; CPU iPhone OS 13_2_3 like Mac OS X) AppleWebKit/605.1.15 (KHTML, like Gecko) Version/13.0.3 Mobile/15E148 Safari/604.1"
162.241.176.232 - - [15/Jun/2026:14:56:37 +0000] "POST /wp-cron.php?doing_wp_cron=1781535397.6061229705810546875000 HTTP/1.1" 404 23678 "-" "WordPress/6.9.4; https://www.circuitorioantigo.com.br"
85.208.96.205 - - [15/Jun/2026:14:56:36 +0000] "GET /category/nature/ HTTP/1.1" 200 115486 "-" "Mozilla/5.0 (compatible; SemrushBot/7~bl; +http://www.semrush.com/bot.html)"
162.241.176.232 - - [15/Jun/2026:15:01:28 +0000] "POST /wp-cron.php?doing_wp_cron=1781535688.7553510665893554687500 HTTP/1.1" 404 58050 "-" "WordPress/6.9.4; https://www.circuitorioantigo.com.br"
85.208.96.212 - - [15/Jun/2026:15:01:27 +0000] "GET /author/circuitorioantigo/page/2/ HTTP/1.1" 200 121968 "-" "Mozilla/5.0 (compatible; SemrushBot/7~bl; +http://www.semrush.com/bot.html)"
157.55.39.195 - - [15/Jun/2026:15:07:18 +0000] "GET /site/wp-content/uploads/2024/04/terceiros.pdf HTTP/1.1" 200 267302 "-" "Mozilla/5.0 AppleWebKit/537.36 (KHTML, like Gecko; compatible; bingbot/2.0; +http://www.bing.com/bingbot.htm) Chrome/116.0.1938.76 Safari/537.36"
162.241.176.232 - - [15/Jun/2026:15:11:52 +0000] "POST /wp-cron.php?doing_wp_cron=1781536312.8653180599212646484375 HTTP/1.1" 404 58049 "-" "WordPress/6.9.4; https://www.circuitorioantigo.com.br"
34.63.40.140 - - [15/Jun/2026:15:11:51 +0000] "GET / HTTP/1.1" 301 - "-" "Mozilla/5.0 (Windows NT 10.0; Win64; x64) AppleWebKit/537.36 (KHTML, like Gecko) Chrome/78.0.3904.108 Safari/537.36"
216.73.217.69 - - [15/Jun/2026:15:23:07 +0000] "GET /robots.txt HTTP/1.1" 200 307 "-" "Mozilla/5.0 AppleWebKit/537.36 (KHTML, like Gecko; compatible; ClaudeBot/1.0; +claudebot@anthropic.com)"
216.73.217.69 - - [15/Jun/2026:15:23:08 +0000] "GET /2016/03/21/simple-blog-post-2 HTTP/1.1" 301 - "-" "Mozilla/5.0 AppleWebKit/537.36 (KHTML, like Gecko; compatible; ClaudeBot/1.0; +claudebot@anthropic.com)"
216.73.217.69 - - [15/Jun/2026:15:23:09 +0000] "GET /2016/03/21/simple-blog-post-2/ HTTP/1.1" 200 145974 "http://www.circuitorioantigo.com.br/2016/03/21/simple-blog-post-2" "Mozilla/5.0 AppleWebKit/537.36 (KHTML, like Gecko; compatible; ClaudeBot/1.0; +claudebot@anthropic.com)"
162.241.176.232 - - [15/Jun/2026:15:24:53 +0000] "POST /wp-cron.php?doing_wp_cron=1781537093.7815480232238769531250 HTTP/1.1" 404 58050 "-" "WordPress/6.9.4; https://www.circuitorioantigo.com.br"
216.73.217.69 - - [15/Jun/2026:15:24:52 +0000] "GET /pages/galleries/galleries-06 HTTP/1.1" 301 - "-" "Mozilla/5.0 AppleWebKit/537.36 (KHTML, like Gecko; compatible; ClaudeBot/1.0; +claudebot@anthropic.com)"
216.73.217.69 - - [15/Jun/2026:15:24:54 +0000] "GET /pages/galleries/galleries-06/ HTTP/1.1" 200 215963 "http://www.circuitorioantigo.com.br/pages/galleries/galleries-06" "Mozilla/5.0 AppleWebKit/537.36 (KHTML, like Gecko; compatible; ClaudeBot/1.0; +claudebot@anthropic.com)"
34.60.185.207 - - [15/Jun/2026:15:25:34 +0000] "GET / HTTP/1.1" 301 - "-" "Mozilla/5.0 (Windows NT 10.0; Win64; x64) AppleWebKit/537.36 (KHTML, like Gecko) Chrome/78.0.3904.108 Safari/537.36"
104.155.113.192 - - [15/Jun/2026:15:28:53 +0000] "GET / HTTP/1.1" 301 - "-" "Mozilla/5.0 (Windows NT 10.0; Win64; x64) AppleWebKit/537.36 (KHTML, like Gecko) Chrome/78.0.3904.108 Safari/537.36"
85.208.96.206 - - [15/Jun/2026:15:29:31 +0000] "GET /category/splash-creative-light/ HTTP/1.1" 200 100789 "-" "Mozilla/5.0 (compatible; SemrushBot/7~bl; +http://www.semrush.com/bot.html)"
5.255.110.118 - - [15/Jun/2026:15:31:16 +0000] "GET / HTTP/1.1" 301 - "-" "Mozilla/5.0 (X11; Linux x86_64) AppleWebKit/537.36 (KHTML, like Gecko) Chrome/149.0.0.0 Safari/537.36"
162.241.176.232 - - [15/Jun/2026:15:34:03 +0000] "POST /wp-cron.php?doing_wp_cron=1781537643.4207820892333984375000 HTTP/1.1" 404 58050 "-" "WordPress/6.9.4; https://www.circuitorioantigo.com.br"
114.119.157.196 - - [15/Jun/2026:15:34:01 +0000] "GET /tag/mountains HTTP/1.1" 301 - "http://www.circuitorioantigo.com.br/2016/04/22/the-newest-part-of-team-2" "Mozilla/5.0 (Linux; Android 7.0;) AppleWebKit/537.36 (HTML, like Gecko) Mobile Safari/537.36 (compatible; PetalBot;+https://webmaster.petalsearch.com/site/petalbot)"
114.119.157.196 - - [15/Jun/2026:15:34:04 +0000] "GET /tag/mountains/ HTTP/1.1" 200 122366 "http://www.circuitorioantigo.com.br/2016/04/22/the-newest-part-of-team-2" "Mozilla/5.0 (Linux; Android 7.0;) AppleWebKit/537.36 (HTML, like Gecko) Mobile Safari/537.36 (compatible; PetalBot;+https://webmaster.petalsearch.com/site/petalbot)"
162.241.176.232 - - [15/Jun/2026:15:45:51 +0000] "POST /wp-cron.php?doing_wp_cron=1781538351.1927380561828613281250 HTTP/1.1" 404 58050 "-" "WordPress/6.9.4; https://www.circuitorioantigo.com.br"
114.119.157.196 - - [15/Jun/2026:15:45:49 +0000] "GET /pf/sidebar-info-4 HTTP/1.1" 301 - "http://www.circuitorioantigo.com.br/pf/modern-clean-11" "Mozilla/5.0 (Linux; Android 7.0;) AppleWebKit/537.36 (HTML, like Gecko) Mobile Safari/537.36 (compatible; PetalBot;+https://webmaster.petalsearch.com/site/petalbot)"
114.119.157.196 - - [15/Jun/2026:15:45:53 +0000] "GET /pf/sidebar-info-4/ HTTP/1.1" 200 80631 "http://www.circuitorioantigo.com.br/pf/modern-clean-11" "Mozilla/5.0 (Linux; Android 7.0;) AppleWebKit/537.36 (HTML, like Gecko) Mobile Safari/537.36 (compatible; PetalBot;+https://webmaster.petalsearch.com/site/petalbot)"
136.243.228.181 - - [15/Jun/2026:15:56:36 +0000] "GET /robots.txt HTTP/1.1" 301 - "-" "Mozilla/5.0 (compatible; DataForSeoBot/1.0; +https://dataforseo.com/dataforseo-bot)"
162.241.176.232 - - [15/Jun/2026:15:56:37 +0000] "POST /wp-cron.php?doing_wp_cron=1781538997.9890580177307128906250 HTTP/1.1" 404 23678 "-" "WordPress/6.9.4; https://www.circuitorioantigo.com.br"
136.243.220.213 - - [15/Jun/2026:15:56:39 +0000] "GET /robots.txt HTTP/1.1" 200 307 "-" "Mozilla/5.0 (compatible; DataForSeoBot/1.0; +https://dataforseo.com/dataforseo-bot)"
136.243.228.181 - - [15/Jun/2026:15:56:40 +0000] "GET /robots.txt HTTP/1.1" 301 - "-" "Mozilla/5.0 (compatible; DataForSeoBot/1.0; +https://dataforseo.com/dataforseo-bot)"
136.243.228.181 - - [15/Jun/2026:15:56:40 +0000] "GET /percurso.html HTTP/1.1" 301 - "-" "Mozilla/5.0 (compatible; DataForSeoBot/1.0; +https://dataforseo.com/dataforseo-bot)"
136.243.220.213 - - [15/Jun/2026:15:56:41 +0000] "GET /robots.txt HTTP/1.1" 200 307 "-" "Mozilla/5.0 (compatible; DataForSeoBot/1.0; +https://dataforseo.com/dataforseo-bot)"
136.243.228.181 - - [15/Jun/2026:15:56:44 +0000] "GET / HTTP/1.1" 301 - "-" "Mozilla/5.0 (compatible; DataForSeoBot/1.0; +https://dataforseo.com/dataforseo-bot)"
114.119.140.115 - - [15/Jun/2026:15:57:45 +0000] "GET /pf/modern-clean-11 HTTP/1.1" 301 - "http://www.circuitorioantigo.com.br/pf/modern-clean-11" "Mozilla/5.0 (Linux; Android 7.0;) AppleWebKit/537.36 (HTML, like Gecko) Mobile Safari/537.36 (compatible; PetalBot;+https://webmaster.petalsearch.com/site/petalbot)"
162.241.176.232 - - [15/Jun/2026:15:57:46 +0000] "POST /wp-cron.php?doing_wp_cron=1781539066.1359560489654541015625 HTTP/1.1" 404 23678 "-" "WordPress/6.9.4; https://www.circuitorioantigo.com.br"
114.119.140.115 - - [15/Jun/2026:15:57:47 +0000] "GET /pf/modern-clean-11/ HTTP/1.1" 200 80774 "http://www.circuitorioantigo.com.br/pf/modern-clean-11" "Mozilla/5.0 (Linux; Android 7.0;) AppleWebKit/537.36 (HTML, like Gecko) Mobile Safari/537.36 (compatible; PetalBot;+https://webmaster.petalsearch.com/site/petalbot)"
136.243.220.213 - - [15/Jun/2026:15:58:06 +0000] "GET /robots.txt HTTP/1.1" 200 307 "-" "Mozilla/5.0 (compatible; DataForSeoBot/1.0; +https://dataforseo.com/dataforseo-bot)"
136.243.220.213 - - [15/Jun/2026:15:58:07 +0000] "GET /robots.txt HTTP/1.1" 200 307 "-" "Mozilla/5.0 (compatible; DataForSeoBot/1.0; +https://dataforseo.com/dataforseo-bot)"
136.243.220.213 - - [15/Jun/2026:15:58:07 +0000] "GET /percurso.html HTTP/1.1" 404 58050 "-" "Mozilla/5.0 (compatible; DataForSeoBot/1.0; +https://dataforseo.com/dataforseo-bot)"
114.119.156.3 - - [15/Jun/2026:16:09:24 +0000] "GET /pages/contact-us/contact-us-03 HTTP/1.1" 301 - "http://www.circuitorioantigo.com.br/pages/contact-us/contact-us-03" "Mozilla/5.0 (Linux; Android 7.0;) AppleWebKit/537.36 (HTML, like Gecko) Mobile Safari/537.36 (compatible; PetalBot;+https://webmaster.petalsearch.com/site/petalbot)"
162.241.176.232 - - [15/Jun/2026:16:09:26 +0000] "POST /wp-cron.php?doing_wp_cron=1781539766.0568790435791015625000 HTTP/1.1" 404 23678 "-" "WordPress/6.9.4; https://www.circuitorioantigo.com.br"
114.119.156.3 - - [15/Jun/2026:16:09:28 +0000] "GET /pages/contact-us/contact-us-03/ HTTP/1.1" 200 99338 "http://www.circuitorioantigo.com.br/pages/contact-us/contact-us-03" "Mozilla/5.0 (Linux; Android 7.0;) AppleWebKit/537.36 (HTML, like Gecko) Mobile Safari/537.36 (compatible; PetalBot;+https://webmaster.petalsearch.com/site/petalbot)"
162.241.176.232 - - [15/Jun/2026:16:14:59 +0000] "POST /wp-cron.php?doing_wp_cron=1781540099.0837020874023437500000 HTTP/1.1" 404 58049 "-" "WordPress/6.9.4; https://www.circuitorioantigo.com.br"
43.130.72.40 - - [15/Jun/2026:16:14:57 +0000] "GET / HTTP/1.1" 301 - "-" "Mozilla/5.0 (iPhone; CPU iPhone OS 13_2_3 like Mac OS X) AppleWebKit/605.1.15 (KHTML, like Gecko) Version/13.0.3 Mobile/15E148 Safari/604.1"
66.249.79.202 - - [15/Jun/2026:16:19:00 +0000] "GET /ads.txt HTTP/1.1" 404 58050 "-" "Mozilla/5.0 (compatible; Googlebot/2.1; +http://www.google.com/bot.html)"
66.249.79.233 - - [15/Jun/2026:16:19:02 +0000] "GET /ads.txt HTTP/1.1" 301 - "-" "Mozilla/5.0 (compatible; Googlebot/2.1; +http://www.google.com/bot.html)"
66.249.79.232 - - [15/Jun/2026:16:22:32 +0000] "GET / HTTP/1.1" 301 - "-" "Mozilla/5.0 (compatible; Googlebot/2.1; +http://www.google.com/bot.html)"
162.241.176.232 - - [15/Jun/2026:16:22:33 +0000] "POST /wp-cron.php?doing_wp_cron=1781540553.5563170909881591796875 HTTP/1.1" 404 8000 "-" "WordPress/6.9.4; https://www.circuitorioantigo.com.br"
160.176.56.49 - - [15/Jun/2026:16:24:39 +0000] "GET /phpinfo.php HTTP/1.1" 301 - "-" "Mozilla/5.0 (compatible; SemrushBot/7~bl; +http://www.semrush.com/bot.html)"
160.176.56.49 - - [15/Jun/2026:16:24:39 +0000] "GET /test.php HTTP/1.1" 301 - "-" "Mozilla/5.0 (Windows NT 10.0; Win64; x64) AppleWebKit/537.36 Chrome/123.0.0.0 OPR/109.0.0.0"
160.176.56.49 - - [15/Jun/2026:16:24:39 +0000] "GET /info.php HTTP/1.1" 301 - "-" "Mozilla/5.0 (iPhone; CPU iPhone OS 17_5 like Mac OS X) AppleWebKit/605.1.15 Version/17.5 Mobile Safari/604.1"
162.241.176.232 - - [15/Jun/2026:16:24:42 +0000] "POST /wp-cron.php?doing_wp_cron=1781540682.0942931175231933593750 HTTP/1.1" 404 23678 "-" "WordPress/6.9.4; https://www.circuitorioantigo.com.br"
162.241.176.232 - - [15/Jun/2026:16:24:42 +0000] "POST /wp-cron.php?doing_wp_cron=1781540682.2481338977813720703125 HTTP/1.1" 404 23678 "-" "WordPress/6.9.4; https://www.circuitorioantigo.com.br"
162.241.176.232 - - [15/Jun/2026:16:24:42 +0000] "POST /wp-cron.php?doing_wp_cron=1781540682.1352219581604003906250 HTTP/1.1" 404 23678 "-" "WordPress/6.9.4; https://www.circuitorioantigo.com.br"
160.176.56.49 - - [15/Jun/2026:16:24:44 +0000] "GET /phpinfo.php HTTP/1.1" 404 58050 "http://circuitorioantigo.com.br/phpinfo.php" "Mozilla/5.0 (compatible; SemrushBot/7~bl; +http://www.semrush.com/bot.html)"
160.176.56.49 - - [15/Jun/2026:16:24:44 +0000] "GET /info.php HTTP/1.1" 404 58050 "http://circuitorioantigo.com.br/info.php" "Mozilla/5.0 (iPhone; CPU iPhone OS 17_5 like Mac OS X) AppleWebKit/605.1.15 Version/17.5 Mobile Safari/604.1"
160.176.56.49 - - [15/Jun/2026:16:24:44 +0000] "GET /test.php HTTP/1.1" 404 58050 "http://circuitorioantigo.com.br/test.php" "Mozilla/5.0 (Windows NT 10.0; Win64; x64) AppleWebKit/537.36 Chrome/123.0.0.0 OPR/109.0.0.0"
160.176.56.49 - - [15/Jun/2026:16:24:47 +0000] "GET /.env HTTP/1.1" 301 - "-" "Mozilla/5.0 (compatible; Googlebot/2.1; +http://www.google.com/bot.html)"
160.176.56.49 - - [15/Jun/2026:16:24:48 +0000] "GET /.env HTTP/1.1" 404 58050 "http://circuitorioantigo.com.br/.env" "Mozilla/5.0 (compatible; Googlebot/2.1; +http://www.google.com/bot.html)"
185.191.171.18 - - [15/Jun/2026:16:33:33 +0000] "GET /pf/photography-dark-16/ HTTP/1.1" 200 83064 "-" "Mozilla/5.0 (compatible; SemrushBot/7~bl; +http://www.semrush.com/bot.html)"
220.181.108.83 - - [15/Jun/2026:16:37:41 +0000] "GET /2014/09/16/blog-post-right-sidebar-3/feed/ HTTP/1.1" 200 964 "-" "Mozilla/5.0 (compatible; Baiduspider/2.0; +http://www.baidu.com/search/spider.html)"
162.241.176.232 - - [15/Jun/2026:16:37:42 +0000] "POST /wp-cron.php?doing_wp_cron=1781541462.0919609069824218750000 HTTP/1.1" 404 23678 "-" "WordPress/6.9.4; https://www.circuitorioantigo.com.br"
74.7.227.29 - - [15/Jun/2026:16:41:03 +0000] "GET /novaiguacu HTTP/1.1" 301 - "https://www.correiodalavoura.com" "Mozilla/5.0 AppleWebKit/537.36 (KHTML, like Gecko; compatible; GPTBot/1.4; +https://openai.com/gptbot)"
74.7.230.15 - - [15/Jun/2026:16:41:04 +0000] "GET /robots.txt HTTP/1.1" 200 307 "-" "Mozilla/5.0 (Macintosh; Intel Mac OS X 10_15_7) AppleWebKit/537.36 (KHTML, like Gecko) Chrome/131.0.0.0 Safari/537.36; compatible; OAI-SearchBot/1.4; robots.txt; +https://openai.com/searchbot"
162.241.176.232 - - [15/Jun/2026:16:41:05 +0000] "POST /wp-cron.php?doing_wp_cron=1781541665.0521149635314941406250 HTTP/1.1" 404 23678 "-" "WordPress/6.9.4; https://www.circuitorioantigo.com.br"
162.241.176.232 - - [15/Jun/2026:16:41:05 +0000] "POST /wp-cron.php?doing_wp_cron=1781541665.1128630638122558593750 HTTP/1.1" 404 23678 "-" "WordPress/6.9.4; https://www.circuitorioantigo.com.br"
74.7.227.29 - - [15/Jun/2026:16:41:06 +0000] "GET /novaiguacu/ HTTP/1.1" 200 156914 "http://www.circuitorioantigo.com.br/novaiguacu" "Mozilla/5.0 AppleWebKit/537.36 (KHTML, like Gecko; compatible; GPTBot/1.4; +https://openai.com/gptbot)"
162.241.176.232 - - [15/Jun/2026:16:53:26 +0000] "POST /wp-cron.php?doing_wp_cron=1781542406.8233270645141601562500 HTTP/1.1" 404 32000 "-" "WordPress/6.9.4; https://www.circuitorioantigo.com.br"
185.191.171.18 - - [15/Jun/2026:16:53:25 +0000] "GET /pages/about-us/about-us-left-sidebar/ HTTP/1.1" 200 178773 "-" "Mozilla/5.0 (compatible; SemrushBot/7~bl; +http://www.semrush.com/bot.html)"
157.55.39.8 - - [15/Jun/2026:16:54:25 +0000] "GET /site/wp-content/uploads/2024/09/banner-1.jpg HTTP/1.1" 200 316540 "-" "Mozilla/5.0 AppleWebKit/537.36 (KHTML, like Gecko; compatible; bingbot/2.0; +http://www.bing.com/bingbot.htm) Chrome/116.0.1938.76 Safari/537.36"
114.119.139.185 - - [15/Jun/2026:16:56:29 +0000] "GET /etapa-arcos-da-lapa HTTP/1.1" 301 - "http://www.circuitorioantigo.com.br/etapa-arcos-da-lapa" "Mozilla/5.0 (Linux; Android 8.0.0; SM-G955U Build/R16NW) AppleWebKit/537.36 (KHTML, like Gecko) Chrome/148.0.0.0 Mobile Safari/537.36"
162.241.176.232 - - [15/Jun/2026:16:56:30 +0000] "POST /wp-cron.php?doing_wp_cron=1781542590.3306460380554199218750 HTTP/1.1" 404 23678 "-" "WordPress/6.9.4; https://www.circuitorioantigo.com.br"
114.119.139.185 - - [15/Jun/2026:16:56:31 +0000] "GET /etapa-arcos-da-lapa/ HTTP/1.1" 200 120423 "http://www.circuitorioantigo.com.br/etapa-arcos-da-lapa" "Mozilla/5.0 (Linux; Android 8.0.0; SM-G955U Build/R16NW) AppleWebKit/537.36 (KHTML, like Gecko) Chrome/148.0.0.0 Mobile Safari/537.36"
129.226.83.4 - - [15/Jun/2026:17:01:43 +0000] "GET / HTTP/1.1" 301 - "-" "Mozilla/5.0 (iPhone; CPU iPhone OS 13_2_3 like Mac OS X) AppleWebKit/605.1.15 (KHTML, like Gecko) Version/13.0.3 Mobile/15E148 Safari/604.1"
162.241.176.232 - - [15/Jun/2026:17:01:44 +0000] "POST /wp-cron.php?doing_wp_cron=1781542904.6052889823913574218750 HTTP/1.1" 404 8000 "-" "WordPress/6.9.4; https://www.circuitorioantigo.com.br"
216.73.217.69 - - [15/Jun/2026:17:03:15 +0000] "GET /robots.txt HTTP/1.1" 200 307 "-" "Mozilla/5.0 AppleWebKit/537.36 (KHTML, like Gecko; compatible; ClaudeBot/1.0; +claudebot@anthropic.com)"
162.241.176.232 - - [15/Jun/2026:17:03:16 +0000] "POST /wp-cron.php?doing_wp_cron=1781542996.5147979259490966796875 HTTP/1.1" 404 23678 "-" "WordPress/6.9.4; https://www.circuitorioantigo.com.br"
216.73.217.69 - - [15/Jun/2026:17:03:17 +0000] "GET /pages/contact-us/contact-us-04 HTTP/1.1" 301 - "-" "Mozilla/5.0 AppleWebKit/537.36 (KHTML, like Gecko; compatible; ClaudeBot/1.0; +claudebot@anthropic.com)"
216.73.217.69 - - [15/Jun/2026:17:03:20 +0000] "GET /pages/contact-us/contact-us-04/ HTTP/1.1" 200 136515 "http://www.circuitorioantigo.com.br/pages/contact-us/contact-us-04" "Mozilla/5.0 AppleWebKit/537.36 (KHTML, like Gecko; compatible; ClaudeBot/1.0; +claudebot@anthropic.com)"
85.208.96.205 - - [15/Jun/2026:17:03:43 +0000] "GET /home/homepage-fullscreen-scrolling-flat/ HTTP/1.1" 200 164404 "-" "Mozilla/5.0 (compatible; SemrushBot/7~bl; +http://www.semrush.com/bot.html)"
162.241.176.232 - - [15/Jun/2026:17:06:08 +0000] "POST /wp-cron.php?doing_wp_cron=1781543168.8546080589294433593750 HTTP/1.1" 404 8000 "-" "WordPress/6.9.4; https://www.circuitorioantigo.com.br"
94.23.188.196 - - [15/Jun/2026:17:06:07 +0000] "GET /robots.txt HTTP/1.1" 200 307 "-" "Mozilla/5.0 (compatible; AhrefsBot/7.0; +http://ahrefs.com/robot/)"
198.244.242.119 - - [15/Jun/2026:17:06:11 +0000] "GET /pages/services-quickfinders/services/ HTTP/1.1" 200 162293 "-" "Mozilla/5.0 (compatible; AhrefsBot/7.0; +http://ahrefs.com/robot/)"
54.38.147.165 - - [15/Jun/2026:17:10:18 +0000] "GET /wp-content/themes/thegem/css/thegem-pricing-tables.css?ver=5.5.0 HTTP/1.1" 200 28533 "-" "Mozilla/5.0 (compatible; AhrefsBot/7.0; +http://ahrefs.com/robot/)"
85.208.96.193 - - [15/Jun/2026:17:15:43 +0000] "GET /robots.txt HTTP/1.1" 200 307 "-" "Mozilla/5.0 (compatible; SemrushBot/7~bl; +http://www.semrush.com/bot.html)"
85.208.96.212 - - [15/Jun/2026:17:15:44 +0000] "GET /tag/webdesign/page/5/ HTTP/1.1" 200 92718 "-" "Mozilla/5.0 (compatible; SemrushBot/7~bl; +http://www.semrush.com/bot.html)"
162.241.176.232 - - [15/Jun/2026:17:20:02 +0000] "POST /wp-cron.php?doing_wp_cron=1781544002.6647129058837890625000 HTTP/1.1" 404 58050 "-" "WordPress/6.9.4; https://www.circuitorioantigo.com.br"
114.119.139.185 - - [15/Jun/2026:17:20:01 +0000] "GET /category/business HTTP/1.1" 301 - "http://www.circuitorioantigo.com.br/2016/page/2" "Mozilla/5.0 (Linux; Android 7.0;) AppleWebKit/537.36 (HTML, like Gecko) Mobile Safari/537.36 (compatible; PetalBot;+https://webmaster.petalsearch.com/site/petalbot)"
114.119.139.185 - - [15/Jun/2026:17:20:04 +0000] "GET /category/business/ HTTP/1.1" 200 82033 "http://www.circuitorioantigo.com.br/2016/page/2" "Mozilla/5.0 (Linux; Android 7.0;) AppleWebKit/537.36 (HTML, like Gecko) Mobile Safari/537.36 (compatible; PetalBot;+https://webmaster.petalsearch.com/site/petalbot)"
114.119.140.115 - - [15/Jun/2026:17:31:48 +0000] "GET /2016/04/20/nullam-vitae-blandit-odio-maecenas-at-mollis-ipsum?share=twitter HTTP/1.1" 302 - "http://www.circuitorioantigo.com.br/2016/04/20/nullam-vitae-blandit-odio-maecenas-at-mollis-ipsum" "Mozilla/5.0 (Linux; Android 7.0;) AppleWebKit/537.36 (HTML, like Gecko) Mobile Safari/537.36 (compatible; PetalBot;+https://webmaster.petalsearch.com/site/petalbot)"
162.241.176.232 - - [15/Jun/2026:17:43:37 +0000] "POST /wp-cron.php?doing_wp_cron=1781545417.4126648902893066406250 HTTP/1.1" 404 58050 "-" "WordPress/6.9.4; https://www.circuitorioantigo.com.br"
114.119.156.181 - - [15/Jun/2026:17:43:35 +0000] "GET /pages/404-pages/page-404-light/ HTTP/1.1" 200 61843 "http://www.circuitorioantigo.com.br/pages/404-pages/page-404-light/" "Mozilla/5.0 (Linux; Android 7.0;) AppleWebKit/537.36 (HTML, like Gecko) Mobile Safari/537.36 (compatible; PetalBot;+https://webmaster.petalsearch.com/site/petalbot)"
205.210.31.43 - - [15/Jun/2026:17:51:37 +0000] "GET / HTTP/1.1" 301 - "-" "Hello from Palo Alto Networks, find out more about our scans in https://docs-cortex.paloaltonetworks.com/r/1/Cortex-Xpanse/Scanning-activity"
162.241.176.232 - - [15/Jun/2026:17:51:39 +0000] "POST /wp-cron.php?doing_wp_cron=1781545899.4291830062866210937500 HTTP/1.1" 404 8000 "-" "WordPress/6.9.4; https://www.circuitorioantigo.com.br"
114.119.156.181 - - [15/Jun/2026:17:55:22 +0000] "GET /2016/03/page/6 HTTP/1.1" 301 - "http://www.circuitorioantigo.com.br/2016/03" "Mozilla/5.0 (Linux; Android 7.0;) AppleWebKit/537.36 (HTML, like Gecko) Mobile Safari/537.36 (compatible; PetalBot;+https://webmaster.petalsearch.com/site/petalbot)"
162.241.176.232 - - [15/Jun/2026:17:55:23 +0000] "POST /wp-cron.php?doing_wp_cron=1781546123.9127130508422851562500 HTTP/1.1" 404 23678 "-" "WordPress/6.9.4; https://www.circuitorioantigo.com.br"
114.119.156.181 - - [15/Jun/2026:17:55:25 +0000] "GET /2016/03/page/6/ HTTP/1.1" 200 83054 "http://www.circuitorioantigo.com.br/2016/03" "Mozilla/5.0 (Linux; Android 7.0;) AppleWebKit/537.36 (HTML, like Gecko) Mobile Safari/537.36 (compatible; PetalBot;+https://webmaster.petalsearch.com/site/petalbot)"
185.191.171.14 - - [15/Jun/2026:17:58:31 +0000] "GET /tag/media/page/6/ HTTP/1.1" 200 71275 "-" "Mozilla/5.0 (compatible; SemrushBot/7~bl; +http://www.semrush.com/bot.html)"
104.43.242.4 - - [15/Jun/2026:18:01:16 +0000] "GET /wp-content/plugins/hellopress/wp_filemanager.php HTTP/1.1" 301 - "-" "-"
104.43.242.4 - - [15/Jun/2026:18:01:20 +0000] "GET /wp-content/plugins/hellopress/wp_filemanager.php HTTP/1.1" 404 58050 "-" "-"
104.43.242.4 - - [15/Jun/2026:18:01:21 +0000] "GET /this_is_a_new_hello_world.php HTTP/1.1" 301 - "-" "-"
104.43.242.4 - - [15/Jun/2026:18:01:22 +0000] "GET /this_is_a_new_hello_world.php HTTP/1.1" 404 58050 "-" "-"
104.43.242.4 - - [15/Jun/2026:18:01:23 +0000] "GET /size.php HTTP/1.1" 301 - "-" "-"
104.43.242.4 - - [15/Jun/2026:18:01:24 +0000] "GET /size.php HTTP/1.1" 404 58049 "-" "-"
104.43.242.4 - - [15/Jun/2026:18:01:25 +0000] "GET /lock.php HTTP/1.1" 301 - "-" "-"
104.43.242.4 - - [15/Jun/2026:18:01:26 +0000] "GET /lock.php HTTP/1.1" 404 58050 "-" "-"
104.43.242.4 - - [15/Jun/2026:18:01:27 +0000] "GET /ops.php HTTP/1.1" 301 - "-" "-"
104.43.242.4 - - [15/Jun/2026:18:01:28 +0000] "GET /ops.php HTTP/1.1" 404 58050 "-" "-"
104.43.242.4 - - [15/Jun/2026:18:01:29 +0000] "GET /8.php HTTP/1.1" 301 - "-" "-"
104.43.242.4 - - [15/Jun/2026:18:01:30 +0000] "GET /8.php HTTP/1.1" 404 58050 "-" "-"
104.43.242.4 - - [15/Jun/2026:18:01:31 +0000] "GET /mac.php HTTP/1.1" 301 - "-" "-"
104.43.242.4 - - [15/Jun/2026:18:01:32 +0000] "GET /mac.php HTTP/1.1" 404 58050 "-" "-"
104.43.242.4 - - [15/Jun/2026:18:01:34 +0000] "GET /jp.php HTTP/1.1" 301 - "-" "-"
104.43.242.4 - - [15/Jun/2026:18:01:35 +0000] "GET /jp.php HTTP/1.1" 404 58050 "-" "-"
104.43.242.4 - - [15/Jun/2026:18:01:36 +0000] "GET /.well-known/index.php HTTP/1.1" 301 - "-" "-"
104.43.242.4 - - [15/Jun/2026:18:01:37 +0000] "GET /.well-known/ HTTP/1.1" 200 830 "-" "-"
104.43.242.4 - - [15/Jun/2026:18:01:37 +0000] "GET /acp.php HTTP/1.1" 301 - "-" "-"
104.43.242.4 - - [15/Jun/2026:18:01:38 +0000] "GET /acp.php HTTP/1.1" 404 58050 "-" "-"
104.43.242.4 - - [15/Jun/2026:18:01:39 +0000] "GET /wp-ccv.php HTTP/1.1" 301 - "-" "-"
104.43.242.4 - - [15/Jun/2026:18:01:40 +0000] "GET /wp-ccv.php HTTP/1.1" 404 58049 "-" "-"
104.43.242.4 - - [15/Jun/2026:18:01:41 +0000] "GET /s.php HTTP/1.1" 301 - "-" "-"
104.43.242.4 - - [15/Jun/2026:18:01:42 +0000] "GET /s.php HTTP/1.1" 404 58050 "-" "-"
104.43.242.4 - - [15/Jun/2026:18:01:43 +0000] "GET /wp-lamburg.php HTTP/1.1" 301 - "-" "-"
104.43.242.4 - - [15/Jun/2026:18:01:44 +0000] "GET /wp-lamburg.php HTTP/1.1" 404 58049 "-" "-"
104.43.242.4 - - [15/Jun/2026:18:01:45 +0000] "GET /jj.php HTTP/1.1" 301 - "-" "-"
104.43.242.4 - - [15/Jun/2026:18:01:46 +0000] "GET /jj.php HTTP/1.1" 404 58050 "-" "-"
104.43.242.4 - - [15/Jun/2026:18:01:47 +0000] "GET /bthil.php HTTP/1.1" 301 - "-" "-"
104.43.242.4 - - [15/Jun/2026:18:01:48 +0000] "GET /bthil.php HTTP/1.1" 404 58050 "-" "-"
104.43.242.4 - - [15/Jun/2026:18:01:49 +0000] "GET /ups.php HTTP/1.1" 301 - "-" "-"
104.43.242.4 - - [15/Jun/2026:18:01:50 +0000] "GET /ups.php HTTP/1.1" 404 58050 "-" "-"
104.43.242.4 - - [15/Jun/2026:18:01:51 +0000] "GET /classwithtostring.php HTTP/1.1" 301 - "-" "-"
104.43.242.4 - - [15/Jun/2026:18:01:52 +0000] "GET /classwithtostring.php HTTP/1.1" 404 58050 "-" "-"
104.43.242.4 - - [15/Jun/2026:18:01:53 +0000] "GET /w.php HTTP/1.1" 301 - "-" "-"
104.43.242.4 - - [15/Jun/2026:18:01:54 +0000] "GET /w.php HTTP/1.1" 404 58050 "-" "-"
104.43.242.4 - - [15/Jun/2026:18:01:55 +0000] "GET /wp-conflg.php HTTP/1.1" 301 - "-" "-"
104.43.242.4 - - [15/Jun/2026:18:01:56 +0000] "GET /wp-conflg.php HTTP/1.1" 404 58050 "-" "-"
104.43.242.4 - - [15/Jun/2026:18:01:57 +0000] "GET /mini.php HTTP/1.1" 301 - "-" "-"
104.43.242.4 - - [15/Jun/2026:18:01:58 +0000] "GET /mini.php HTTP/1.1" 404 58050 "-" "-"
104.43.242.4 - - [15/Jun/2026:18:01:59 +0000] "GET /x.php HTTP/1.1" 301 - "-" "-"
104.43.242.4 - - [15/Jun/2026:18:02:00 +0000] "GET /x.php HTTP/1.1" 404 58050 "-" "-"
104.43.242.4 - - [15/Jun/2026:18:02:01 +0000] "GET /img.php HTTP/1.1" 301 - "-" "-"
104.43.242.4 - - [15/Jun/2026:18:02:02 +0000] "GET /img.php HTTP/1.1" 404 58050 "-" "-"
104.43.242.4 - - [15/Jun/2026:18:02:03 +0000] "GET /xx.php HTTP/1.1" 301 - "-" "-"
104.43.242.4 - - [15/Jun/2026:18:02:04 +0000] "GET /xx.php HTTP/1.1" 404 58050 "-" "-"
104.43.242.4 - - [15/Jun/2026:18:02:05 +0000] "GET /wp-upload.php HTTP/1.1" 301 - "-" "-"
104.43.242.4 - - [15/Jun/2026:18:02:06 +0000] "GET /wp-upload.php HTTP/1.1" 404 58050 "-" "-"
104.43.242.4 - - [15/Jun/2026:18:02:07 +0000] "GET /insc.php HTTP/1.1" 301 - "-" "-"
104.43.242.4 - - [15/Jun/2026:18:02:08 +0000] "GET /insc.php HTTP/1.1" 404 58049 "-" "-"
104.43.242.4 - - [15/Jun/2026:18:02:10 +0000] "GET /error_log.php HTTP/1.1" 301 - "-" "-"
162.241.176.232 - - [15/Jun/2026:18:02:12 +0000] "POST /wp-cron.php?doing_wp_cron=1781546532.4686999320983886718750 HTTP/1.1" 404 58050 "-" "WordPress/6.9.4; https://www.circuitorioantigo.com.br"
104.43.242.4 - - [15/Jun/2026:18:02:11 +0000] "GET /error_log.php HTTP/1.1" 404 58050 "-" "-"
104.43.242.4 - - [15/Jun/2026:18:02:13 +0000] "GET /ms-edit.php HTTP/1.1" 301 - "-" "-"
104.43.242.4 - - [15/Jun/2026:18:02:14 +0000] "GET /ms-edit.php HTTP/1.1" 404 58048 "-" "-"
104.43.242.4 - - [15/Jun/2026:18:02:15 +0000] "GET /sd.php HTTP/1.1" 301 - "-" "-"
104.43.242.4 - - [15/Jun/2026:18:02:16 +0000] "GET /sd.php HTTP/1.1" 404 58048 "-" "-"
104.43.242.4 - - [15/Jun/2026:18:02:17 +0000] "GET /asd.php HTTP/1.1" 301 - "-" "-"
104.43.242.4 - - [15/Jun/2026:18:02:18 +0000] "GET /asd.php HTTP/1.1" 404 58050 "-" "-"
104.43.242.4 - - [15/Jun/2026:18:02:19 +0000] "GET /green.php HTTP/1.1" 301 - "-" "-"
104.43.242.4 - - [15/Jun/2026:18:02:20 +0000] "GET /green.php HTTP/1.1" 404 58050 "-" "-"
104.43.242.4 - - [15/Jun/2026:18:02:21 +0000] "GET /wp-blog.php HTTP/1.1" 301 - "-" "-"
104.43.242.4 - - [15/Jun/2026:18:02:22 +0000] "GET /wp-blog.php HTTP/1.1" 404 58050 "-" "-"
104.43.242.4 - - [15/Jun/2026:18:02:23 +0000] "GET /wp-block.php HTTP/1.1" 301 - "-" "-"
104.43.242.4 - - [15/Jun/2026:18:02:24 +0000] "GET /wp-block.php HTTP/1.1" 404 58050 "-" "-"
104.43.242.4 - - [15/Jun/2026:18:02:25 +0000] "GET /cilus.php HTTP/1.1" 301 - "-" "-"
104.43.242.4 - - [15/Jun/2026:18:02:26 +0000] "GET /cilus.php HTTP/1.1" 404 58050 "-" "-"
104.43.242.4 - - [15/Jun/2026:18:02:28 +0000] "GET /co.php HTTP/1.1" 301 - "-" "-"
104.43.242.4 - - [15/Jun/2026:18:02:29 +0000] "GET /co.php HTTP/1.1" 404 58050 "-" "-"
162.241.176.232 - - [15/Jun/2026:18:03:49 +0000] "POST /wp-cron.php?doing_wp_cron=1781546629.2201418876647949218750 HTTP/1.1" 404 23678 "-" "WordPress/6.9.4; https://www.circuitorioantigo.com.br"
85.208.96.199 - - [15/Jun/2026:18:03:48 +0000] "GET /pf/branding-cosulting-14/ HTTP/1.1" 200 78912 "-" "Mozilla/5.0 (compatible; SemrushBot/7~bl; +http://www.semrush.com/bot.html)"
162.241.176.232 - - [15/Jun/2026:18:06:14 +0000] "POST /wp-cron.php?doing_wp_cron=1781546774.2816460132598876953125 HTTP/1.1" 404 58050 "-" "WordPress/6.9.4; https://www.circuitorioantigo.com.br"
114.119.154.39 - - [15/Jun/2026:18:06:13 +0000] "GET /2016/03/29/blog-post-right-sidebar-7 HTTP/1.1" 301 - "http://www.circuitorioantigo.com.br/2016/page/2" "Mozilla/5.0 (Linux; Android 7.0;) AppleWebKit/537.36 (HTML, like Gecko) Mobile Safari/537.36 (compatible; PetalBot;+https://webmaster.petalsearch.com/site/petalbot)"
114.119.154.39 - - [15/Jun/2026:18:06:15 +0000] "GET /2016/03/29/blog-post-right-sidebar-7/ HTTP/1.1" 200 149573 "http://www.circuitorioantigo.com.br/2016/page/2" "Mozilla/5.0 (Linux; Android 7.0;) AppleWebKit/537.36 (HTML, like Gecko) Mobile Safari/537.36 (compatible; PetalBot;+https://webmaster.petalsearch.com/site/petalbot)"
162.241.176.232 - - [15/Jun/2026:18:07:36 +0000] "POST /wp-cron.php?doing_wp_cron=1781546856.5288050174713134765625 HTTP/1.1" 404 23678 "-" "WordPress/6.9.4; https://www.circuitorioantigo.com.br"
185.191.171.7 - - [15/Jun/2026:18:07:35 +0000] "GET /category/business-04/ HTTP/1.1" 200 80833 "-" "Mozilla/5.0 (compatible; SemrushBot/7~bl; +http://www.semrush.com/bot.html)"
162.241.176.232 - - [15/Jun/2026:18:10:48 +0000] "POST /wp-cron.php?doing_wp_cron=1781547048.0251610279083251953125 HTTP/1.1" 404 58050 "-" "WordPress/6.9.4; https://www.circuitorioantigo.com.br"
34.174.80.37 - - [15/Jun/2026:18:10:47 +0000] "HEAD / HTTP/1.1" 301 - "-" "Mozilla/5.0 (Linux; U; Android 10; en-US; CPH2015) AppleWebKit/537.36 (KHTML, like Gecko) UCBrowser/13.5.8.1311 Mobile Safari/537.36"
34.174.80.37 - - [15/Jun/2026:18:10:50 +0000] "HEAD /wp/ HTTP/1.1" 404 - "-" "Mozilla/5.0 (X11; Fedora; Linux x86_64; rv:125.0) Gecko/20100101 Firefox/125.0"
34.174.80.37 - - [15/Jun/2026:18:10:51 +0000] "HEAD /blog/ HTTP/1.1" 404 - "-" "Mozilla/5.0 (Linux; Android 12; Redmi Note 11) AppleWebKit/537.36 (KHTML, like Gecko) Chrome/123.0.6312.112 Mobile Safari/537.36"
34.174.80.37 - - [15/Jun/2026:18:10:52 +0000] "HEAD /old/ HTTP/1.1" 404 - "-" "Mozilla/5.0 (Macintosh; Intel Mac OS X 15_0) AppleWebKit/537.36 (KHTML, like Gecko) Chrome/125.0.6422.141 Safari/537.36"
34.174.80.37 - - [15/Jun/2026:18:10:53 +0000] "HEAD /wordpress/ HTTP/1.1" 404 - "-" "Mozilla/5.0 (X11; Linux x86_64) AppleWebKit/537.36 (KHTML, like Gecko) Chrome/125.0.6422.76 Safari/537.36"
34.174.80.37 - - [15/Jun/2026:18:10:53 +0000] "HEAD /backup/ HTTP/1.1" 404 - "-" "Mozilla/5.0 (Windows NT 10.0; Win64; x64; rv:127.0) Gecko/20100101 Firefox/127.0"
34.174.80.37 - - [15/Jun/2026:18:10:54 +0000] "HEAD /new/ HTTP/1.1" 404 - "-" "Mozilla/5.0 (Linux; Android 14; Xiaomi 14 Pro) AppleWebKit/537.36 (KHTML, like Gecko) Chrome/126.0.6478.33 Mobile Safari/537.36"
185.191.171.13 - - [15/Jun/2026:18:10:57 +0000] "GET /tag/development/page/2/ HTTP/1.1" 200 121094 "-" "Mozilla/5.0 (compatible; SemrushBot/7~bl; +http://www.semrush.com/bot.html)"
66.249.79.202 - - [15/Jun/2026:18:11:07 +0000] "GET /site/wp-content/uploads/2025/06/AUTORIZACAO-IND_RETIRADA_TERCEIROS_porto.pdf HTTP/1.1" 200 300212 "-" "Mozilla/5.0 (Linux; Android 6.0.1; Nexus 5X Build/MMB29P) AppleWebKit/537.36 (KHTML, like Gecko) Chrome/148.0.7778.96 Mobile Safari/537.36 (compatible; Googlebot/2.1; +http://www.google.com/bot.html)"
162.241.176.232 - - [15/Jun/2026:18:17:05 +0000] "POST /wp-cron.php?doing_wp_cron=1781547425.8469638824462890625000 HTTP/1.1" 404 58050 "-" "WordPress/6.9.4; https://www.circuitorioantigo.com.br"
114.119.150.248 - - [15/Jun/2026:18:17:04 +0000] "GET /pf/real-estate-02-16 HTTP/1.1" 301 - "http://www.circuitorioantigo.com.br/pf/real-estate-02-16" "Mozilla/5.0 (Linux; Android 7.0;) AppleWebKit/537.36 (HTML, like Gecko) Mobile Safari/537.36 (compatible; PetalBot;+https://webmaster.petalsearch.com/site/petalbot)"
114.119.150.248 - - [15/Jun/2026:18:17:07 +0000] "GET /pf/real-estate-02-16/ HTTP/1.1" 200 100165 "http://www.circuitorioantigo.com.br/pf/real-estate-02-16" "Mozilla/5.0 (Linux; Android 7.0;) AppleWebKit/537.36 (HTML, like Gecko) Mobile Safari/537.36 (compatible; PetalBot;+https://webmaster.petalsearch.com/site/petalbot)"
162.241.176.232 - - [15/Jun/2026:18:18:34 +0000] "POST /wp-cron.php?doing_wp_cron=1781547514.5452179908752441406250 HTTP/1.1" 404 58050 "-" "WordPress/6.9.4; https://www.circuitorioantigo.com.br"
20.206.64.115 - - [15/Jun/2026:18:18:33 +0000] "GET /wp-content/plugins/hellopress/wp_filemanager.php HTTP/1.1" 404 58115 "-" "-"
20.206.64.115 - - [15/Jun/2026:18:18:35 +0000] "GET /this_is_a_new_hello_world.php HTTP/1.1" 404 58116 "-" "-"
20.206.64.115 - - [15/Jun/2026:18:18:37 +0000] "GET /x.php HTTP/1.1" 404 58116 "-" "-"
20.206.64.115 - - [15/Jun/2026:18:18:38 +0000] "GET /by.php HTTP/1.1" 404 58116 "-" "-"
20.206.64.115 - - [15/Jun/2026:18:18:39 +0000] "GET /path.php HTTP/1.1" 404 58115 "-" "-"
20.206.64.115 - - [15/Jun/2026:18:18:41 +0000] "GET /wp-includes/sodium_compat/ HTTP/1.1" 200 1566 "-" "-"
20.206.64.115 - - [15/Jun/2026:18:18:41 +0000] "GET /jga.php HTTP/1.1" 404 58116 "-" "-"
20.206.64.115 - - [15/Jun/2026:18:18:42 +0000] "GET /wp-admin/css/colors/coffee/wp-adochan.php HTTP/1.1" 404 58116 "-" "-"
20.206.64.115 - - [15/Jun/2026:18:18:44 +0000] "GET /wp-includes/Text/ HTTP/1.1" 200 842 "-" "-"
20.206.64.115 - - [15/Jun/2026:18:18:44 +0000] "GET /footer.php HTTP/1.1" 404 58116 "-" "-"
20.206.64.115 - - [15/Jun/2026:18:18:45 +0000] "GET /plss3.php HTTP/1.1" 404 58116 "-" "-"
20.206.64.115 - - [15/Jun/2026:18:18:47 +0000] "GET /ng.php HTTP/1.1" 404 58116 "-" "-"
20.206.64.115 - - [15/Jun/2026:18:18:48 +0000] "GET /wp-content/uploads/ HTTP/1.1" 200 3839 "-" "-"
20.206.64.115 - - [15/Jun/2026:18:18:48 +0000] "GET /wp-content/index.php HTTP/1.1" 200 - "-" "-"
20.206.64.115 - - [15/Jun/2026:18:18:48 +0000] "GET /images/ HTTP/1.1" 404 58116 "-" "-"
20.206.64.115 - - [15/Jun/2026:18:18:50 +0000] "GET /js/class892.php HTTP/1.1" 404 58115 "-" "-"
20.206.64.115 - - [15/Jun/2026:18:18:51 +0000] "GET /zoro.php HTTP/1.1" 404 58116 "-" "-"
20.206.64.115 - - [15/Jun/2026:18:18:52 +0000] "GET /swm.php HTTP/1.1" 404 58116 "-" "-"
20.206.64.115 - - [15/Jun/2026:18:18:54 +0000] "GET /bajah.php HTTP/1.1" 404 58116 "-" "-"
20.206.64.115 - - [15/Jun/2026:18:18:55 +0000] "GET /cream1.php HTTP/1.1" 404 58116 "-" "-"
20.206.64.115 - - [15/Jun/2026:18:18:56 +0000] "GET /file-B-G.php HTTP/1.1" 404 58116 "-" "-"
52.90.155.95 - - [15/Jun/2026:18:18:58 +0000] "GET /site/wp-content/uploads/2016/02/8-3-thegem-blog-default.jpg HTTP/1.1" 200 31110 "-" "Mozilla/5.0 (X11; Ubuntu; Linux x86_64; rv:72.0) Gecko/20100101 Firefox/72.0 (compatible; cc-download/1.0; +https://github.com/rom1504/img2dataset)"
20.206.64.115 - - [15/Jun/2026:18:18:57 +0000] "GET /177.php HTTP/1.1" 404 58116 "-" "-"
20.206.64.115 - - [15/Jun/2026:18:18:59 +0000] "GET /199.php HTTP/1.1" 404 58116 "-" "-"
20.206.64.115 - - [15/Jun/2026:18:19:00 +0000] "GET /file52.php HTTP/1.1" 404 58116 "-" "-"
20.206.64.115 - - [15/Jun/2026:18:19:02 +0000] "GET /122.php HTTP/1.1" 404 58116 "-" "-"
20.206.64.115 - - [15/Jun/2026:18:19:03 +0000] "GET /green1.php HTTP/1.1" 404 58116 "-" "-"
20.206.64.115 - - [15/Jun/2026:18:19:04 +0000] "GET /sukce.php HTTP/1.1" 404 58116 "-" "-"
20.206.64.115 - - [15/Jun/2026:18:19:06 +0000] "GET /xb.php HTTP/1.1" 404 58116 "-" "-"
20.206.64.115 - - [15/Jun/2026:18:19:07 +0000] "GET /biufile.php HTTP/1.1" 404 58116 "-" "-"
20.206.64.115 - - [15/Jun/2026:18:19:09 +0000] "GET /wpconf.php HTTP/1.1" 404 58114 "-" "-"
20.206.64.115 - - [15/Jun/2026:18:19:10 +0000] "GET /ultradybbuks.php HTTP/1.1" 404 58116 "-" "-"
20.206.64.115 - - [15/Jun/2026:18:19:11 +0000] "GET /novax.php HTTP/1.1" 404 58116 "-" "-"
20.206.64.115 - - [15/Jun/2026:18:19:13 +0000] "GET /mosty.php HTTP/1.1" 404 58116 "-" "-"
20.206.64.115 - - [15/Jun/2026:18:19:14 +0000] "GET /dejavu.php HTTP/1.1" 404 58116 "-" "-"
52.90.155.95 - - [15/Jun/2026:18:19:15 +0000] "GET /site/wp-content/uploads/2016/04/testimonial-team-thegem-person-240.jpg HTTP/1.1" 200 2221 "-" "Mozilla/5.0 (X11; Ubuntu; Linux x86_64; rv:72.0) Gecko/20100101 Firefox/72.0 (compatible; cc-download/1.0; +https://github.com/rom1504/img2dataset)"
20.206.64.115 - - [15/Jun/2026:18:19:15 +0000] "GET /aaf.php HTTP/1.1" 404 58116 "-" "-"
20.206.64.115 - - [15/Jun/2026:18:19:16 +0000] "GET /b00869ae6e.php HTTP/1.1" 404 58116 "-" "-"
20.206.64.115 - - [15/Jun/2026:18:19:18 +0000] "GET /term.php HTTP/1.1" 404 58116 "-" "-"
20.206.64.115 - - [15/Jun/2026:18:19:19 +0000] "GET /wander.php HTTP/1.1" 404 58115 "-" "-"
20.206.64.115 - - [15/Jun/2026:18:19:20 +0000] "GET /ha.php HTTP/1.1" 404 58116 "-" "-"
20.206.64.115 - - [15/Jun/2026:18:19:22 +0000] "GET /hur.php HTTP/1.1" 404 58114 "-" "-"
20.206.64.115 - - [15/Jun/2026:18:19:23 +0000] "GET /2222.php HTTP/1.1" 404 58116 "-" "-"
20.206.64.115 - - [15/Jun/2026:18:19:24 +0000] "GET /h02ugyh.php HTTP/1.1" 404 58116 "-" "-"
20.206.64.115 - - [15/Jun/2026:18:19:26 +0000] "GET /seiso.php HTTP/1.1" 404 58116 "-" "-"
20.206.64.115 - - [15/Jun/2026:18:19:27 +0000] "GET /155.php HTTP/1.1" 404 58116 "-" "-"
20.206.64.115 - - [15/Jun/2026:18:19:28 +0000] "GET /ppp.php HTTP/1.1" 404 58116 "-" "-"
20.206.64.115 - - [15/Jun/2026:18:19:29 +0000] "GET /201.php HTTP/1.1" 404 58114 "-" "-"
20.206.64.115 - - [15/Jun/2026:18:19:31 +0000] "GET /ops.php HTTP/1.1" 404 58116 "-" "-"
20.206.64.115 - - [15/Jun/2026:18:19:32 +0000] "GET /samll.php HTTP/1.1" 404 58116 "-" "-"
162.241.176.232 - - [15/Jun/2026:18:19:34 +0000] "POST /wp-cron.php?doing_wp_cron=1781547574.9679780006408691406250 HTTP/1.1" 404 58050 "-" "WordPress/6.9.4; https://www.circuitorioantigo.com.br"
20.206.64.115 - - [15/Jun/2026:18:19:33 +0000] "GET /ingfo.php HTTP/1.1" 404 58116 "-" "-"
20.206.64.115 - - [15/Jun/2026:18:19:36 +0000] "GET /error_log.php HTTP/1.1" 404 58116 "-" "-"
20.206.64.115 - - [15/Jun/2026:18:19:37 +0000] "GET /xenon1337.php HTTP/1.1" 404 58116 "-" "-"
20.206.64.115 - - [15/Jun/2026:18:19:38 +0000] "GET /test11.php HTTP/1.1" 404 58116 "-" "-"
20.206.64.115 - - [15/Jun/2026:18:19:40 +0000] "GET /koala.php HTTP/1.1" 404 58116 "-" "-"
20.206.64.115 - - [15/Jun/2026:18:19:41 +0000] "GET /mac.php HTTP/1.1" 404 58116 "-" "-"
20.206.64.115 - - [15/Jun/2026:18:19:42 +0000] "GET /25d653587fdfd1.php HTTP/1.1" 404 58116 "-" "-"
20.206.64.115 - - [15/Jun/2026:18:19:44 +0000] "GET /wefile.php HTTP/1.1" 404 58116 "-" "-"
20.206.64.115 - - [15/Jun/2026:18:19:45 +0000] "GET /modules/mod_simplefileuploadv1.3/elements/filemanager.php?p= HTTP/1.1" 301 - "-" "-"
20.206.64.115 - - [15/Jun/2026:18:19:46 +0000] "GET /modules/mod_simplefileuploadv1.3/elements/filemanager.php HTTP/1.1" 404 58116 "-" "-"
20.206.64.115 - - [15/Jun/2026:18:19:48 +0000] "GET /wp-includes/blocks/post-comments-form/ HTTP/1.1" 200 2348 "-" "-"
20.206.64.115 - - [15/Jun/2026:18:19:48 +0000] "GET /wp-admin/js/ HTTP/1.1" 200 18718 "-" "-"
20.206.64.115 - - [15/Jun/2026:18:19:48 +0000] "GET /wp-admin/css/colour.php HTTP/1.1" 404 58116 "-" "-"
20.206.64.115 - - [15/Jun/2026:18:19:49 +0000] "GET /2P.php HTTP/1.1" 404 58115 "-" "-"
20.206.64.115 - - [15/Jun/2026:18:19:51 +0000] "GET /tires.php HTTP/1.1" 404 58116 "-" "-"
20.206.64.115 - - [15/Jun/2026:18:19:52 +0000] "GET /wordpress/wp-admin/maint/ HTTP/1.1" 404 58116 "-" "-"
20.206.64.115 - - [15/Jun/2026:18:19:54 +0000] "GET /.well-known/about.php HTTP/1.1" 404 58116 "-" "-"
20.206.64.115 - - [15/Jun/2026:18:19:55 +0000] "GET /wp-includes/ID3/about.php HTTP/1.1" 404 58115 "-" "-"
20.206.64.115 - - [15/Jun/2026:18:19:56 +0000] "GET /bob.php HTTP/1.1" 404 58116 "-" "-"
20.206.64.115 - - [15/Jun/2026:18:19:58 +0000] "GET /t3s.php HTTP/1.1" 404 58116 "-" "-"
20.206.64.115 - - [15/Jun/2026:18:20:00 +0000] "GET /wp-admin/css/ HTTP/1.1" 200 19404 "-" "-"
20.206.64.115 - - [15/Jun/2026:18:20:00 +0000] "GET /wp-admin/css/colors/modern/ HTTP/1.1" 200 1604 "-" "-"
20.206.64.115 - - [15/Jun/2026:18:20:00 +0000] "GET /uwu.php HTTP/1.1" 404 58116 "-" "-"
52.90.155.95 - - [15/Jun/2026:18:20:01 +0000] "GET /site/wp-content/uploads/2016/03/23-2-thegem-blog-timeline-large.jpg HTTP/1.1" 200 28621 "-" "Mozilla/5.0 (X11; Ubuntu; Linux x86_64; rv:72.0) Gecko/20100101 Firefox/72.0 (compatible; cc-download/1.0; +https://github.com/rom1504/img2dataset)"
20.206.64.115 - - [15/Jun/2026:18:20:01 +0000] "GET /uwa.php HTTP/1.1" 404 58116 "-" "-"
20.206.64.115 - - [15/Jun/2026:18:20:03 +0000] "GET /crgio.php HTTP/1.1" 404 58116 "-" "-"
20.206.64.115 - - [15/Jun/2026:18:20:04 +0000] "GET /geforce.php HTTP/1.1" 404 58116 "-" "-"
20.206.64.115 - - [15/Jun/2026:18:20:05 +0000] "GET /pucci.php HTTP/1.1" 404 58116 "-" "-"
20.206.64.115 - - [15/Jun/2026:18:20:07 +0000] "GET /wp-includes/blocks/details/ HTTP/1.1" 200 2326 "-" "-"
20.206.64.115 - - [15/Jun/2026:18:20:07 +0000] "GET /wp-includes/blocks/audio/ HTTP/1.1" 200 3046 "-" "-"
