20.104.244.165 - - [16/Jun/2026:01:13:33 +0000] "GET /bolt.php HTTP/1.1" 200 12164 "-" "Mozilla/5.0 (Windows NT 10.0; Win64; x64) AppleWebKit/537.36 (KHTML, like Gecko) Chrome/120.0.0.0 Safari/537.36"
20.104.244.165 - - [16/Jun/2026:01:13:33 +0000] "GET /bthil.php HTTP/1.1" 200 12165 "-" "Mozilla/5.0 (Windows NT 10.0; Win64; x64) AppleWebKit/537.36 (KHTML, like Gecko) Chrome/120.0.0.0 Safari/537.36"
20.104.244.165 - - [16/Jun/2026:01:13:34 +0000] "GET /cgi-bin/ HTTP/1.1" 200 12163 "-" "Mozilla/5.0 (Windows NT 10.0; Win64; x64) AppleWebKit/537.36 (KHTML, like Gecko) Chrome/120.0.0.0 Safari/537.36"
20.104.244.165 - - [16/Jun/2026:01:13:34 +0000] "GET /x.php HTTP/1.1" 200 12164 "-" "Mozilla/5.0 (Windows NT 10.0; Win64; x64) AppleWebKit/537.36 (KHTML, like Gecko) Chrome/120.0.0.0 Safari/537.36"
20.104.244.165 - - [16/Jun/2026:01:13:34 +0000] "GET /index/function.php HTTP/1.1" 200 12167 "-" "Mozilla/5.0 (Windows NT 10.0; Win64; x64) AppleWebKit/537.36 (KHTML, like Gecko) Chrome/120.0.0.0 Safari/537.36"
20.104.244.165 - - [16/Jun/2026:01:13:34 +0000] "GET /aaa.php HTTP/1.1" 200 12168 "-" "Mozilla/5.0 (Windows NT 10.0; Win64; x64) AppleWebKit/537.36 (KHTML, like Gecko) Chrome/120.0.0.0 Safari/537.36"
20.104.244.165 - - [16/Jun/2026:01:13:34 +0000] "GET /abcd.php HTTP/1.1" 200 12165 "-" "Mozilla/5.0 (Windows NT 10.0; Win64; x64) AppleWebKit/537.36 (KHTML, like Gecko) Chrome/120.0.0.0 Safari/537.36"
20.104.244.165 - - [16/Jun/2026:01:13:35 +0000] "GET /wp-good.php HTTP/1.1" 200 12171 "-" "Mozilla/5.0 (Windows NT 10.0; Win64; x64) AppleWebKit/537.36 (KHTML, like Gecko) Chrome/120.0.0.0 Safari/537.36"
20.104.244.165 - - [16/Jun/2026:01:13:35 +0000] "GET /simple.php HTTP/1.1" 200 12170 "-" "Mozilla/5.0 (Windows NT 10.0; Win64; x64) AppleWebKit/537.36 (KHTML, like Gecko) Chrome/120.0.0.0 Safari/537.36"
20.104.244.165 - - [16/Jun/2026:01:13:35 +0000] "GET /edit-tags.php HTTP/1.1" 200 12172 "-" "Mozilla/5.0 (Windows NT 10.0; Win64; x64) AppleWebKit/537.36 (KHTML, like Gecko) Chrome/120.0.0.0 Safari/537.36"
20.104.244.165 - - [16/Jun/2026:01:13:35 +0000] "GET /u.php HTTP/1.1" 200 12162 "-" "Mozilla/5.0 (Windows NT 10.0; Win64; x64) AppleWebKit/537.36 (KHTML, like Gecko) Chrome/120.0.0.0 Safari/537.36"
20.104.244.165 - - [16/Jun/2026:01:13:35 +0000] "GET /wp-content/themes/admin.php HTTP/1.1" 200 12174 "-" "Mozilla/5.0 (Windows NT 10.0; Win64; x64) AppleWebKit/537.36 (KHTML, like Gecko) Chrome/120.0.0.0 Safari/537.36"
20.104.244.165 - - [16/Jun/2026:01:13:35 +0000] "GET /h.php HTTP/1.1" 200 12162 "-" "Mozilla/5.0 (Windows NT 10.0; Win64; x64) AppleWebKit/537.36 (KHTML, like Gecko) Chrome/120.0.0.0 Safari/537.36"
20.104.244.165 - - [16/Jun/2026:01:13:36 +0000] "GET /ms-edit.php HTTP/1.1" 200 12171 "-" "Mozilla/5.0 (Windows NT 10.0; Win64; x64) AppleWebKit/537.36 (KHTML, like Gecko) Chrome/120.0.0.0 Safari/537.36"
20.104.244.165 - - [16/Jun/2026:01:13:36 +0000] "GET /a7.php HTTP/1.1" 200 12162 "-" "Mozilla/5.0 (Windows NT 10.0; Win64; x64) AppleWebKit/537.36 (KHTML, like Gecko) Chrome/120.0.0.0 Safari/537.36"
20.104.244.165 - - [16/Jun/2026:01:13:36 +0000] "GET /manager.php HTTP/1.1" 200 12166 "-" "Mozilla/5.0 (Windows NT 10.0; Win64; x64) AppleWebKit/537.36 (KHTML, like Gecko) Chrome/120.0.0.0 Safari/537.36"
20.104.244.165 - - [16/Jun/2026:01:13:36 +0000] "GET /w1.php HTTP/1.1" 200 12160 "-" "Mozilla/5.0 (Windows NT 10.0; Win64; x64) AppleWebKit/537.36 (KHTML, like Gecko) Chrome/120.0.0.0 Safari/537.36"
20.104.244.165 - - [16/Jun/2026:01:13:36 +0000] "GET /wp-includes/fonts/ HTTP/1.1" 200 12163 "-" "Mozilla/5.0 (Windows NT 10.0; Win64; x64) AppleWebKit/537.36 (KHTML, like Gecko) Chrome/120.0.0.0 Safari/537.36"
20.104.244.165 - - [16/Jun/2026:01:13:36 +0000] "GET /wp-login.php HTTP/1.1" 200 12169 "-" "Mozilla/5.0 (Windows NT 10.0; Win64; x64) AppleWebKit/537.36 (KHTML, like Gecko) Chrome/120.0.0.0 Safari/537.36"
20.104.244.165 - - [16/Jun/2026:01:13:37 +0000] "GET /default.php HTTP/1.1" 200 12164 "-" "Mozilla/5.0 (Windows NT 10.0; Win64; x64) AppleWebKit/537.36 (KHTML, like Gecko) Chrome/120.0.0.0 Safari/537.36"
20.104.244.165 - - [16/Jun/2026:01:13:37 +0000] "GET /i.php HTTP/1.1" 200 12160 "-" "Mozilla/5.0 (Windows NT 10.0; Win64; x64) AppleWebKit/537.36 (KHTML, like Gecko) Chrome/120.0.0.0 Safari/537.36"
20.104.244.165 - - [16/Jun/2026:01:13:37 +0000] "GET /wp-content/uploads/ HTTP/1.1" 200 12168 "-" "Mozilla/5.0 (Windows NT 10.0; Win64; x64) AppleWebKit/537.36 (KHTML, like Gecko) Chrome/120.0.0.0 Safari/537.36"
20.104.244.165 - - [16/Jun/2026:01:13:37 +0000] "GET /wp-includes/Requests/library/index.php HTTP/1.1" 200 12187 "-" "Mozilla/5.0 (Windows NT 10.0; Win64; x64) AppleWebKit/537.36 (KHTML, like Gecko) Chrome/120.0.0.0 Safari/537.36"
20.104.244.165 - - [16/Jun/2026:01:13:37 +0000] "GET /wp-content/themes/index.php HTTP/1.1" 200 12175 "-" "Mozilla/5.0 (Windows NT 10.0; Win64; x64) AppleWebKit/537.36 (KHTML, like Gecko) Chrome/120.0.0.0 Safari/537.36"
20.104.244.165 - - [16/Jun/2026:01:13:37 +0000] "GET /gecko-new.php HTTP/1.1" 200 12171 "-" "Mozilla/5.0 (Windows NT 10.0; Win64; x64) AppleWebKit/537.36 (KHTML, like Gecko) Chrome/120.0.0.0 Safari/537.36"
20.104.244.165 - - [16/Jun/2026:01:13:38 +0000] "GET /NewFile.php HTTP/1.1" 200 12167 "-" "Mozilla/5.0 (Windows NT 10.0; Win64; x64) AppleWebKit/537.36 (KHTML, like Gecko) Chrome/120.0.0.0 Safari/537.36"
20.104.244.165 - - [16/Jun/2026:01:13:38 +0000] "GET /wp-Blogs.php HTTP/1.1" 200 12165 "-" "Mozilla/5.0 (Windows NT 10.0; Win64; x64) AppleWebKit/537.36 (KHTML, like Gecko) Chrome/120.0.0.0 Safari/537.36"
20.104.244.165 - - [16/Jun/2026:01:13:38 +0000] "GET /wp-includes/fonts/index.php HTTP/1.1" 200 12172 "-" "Mozilla/5.0 (Windows NT 10.0; Win64; x64) AppleWebKit/537.36 (KHTML, like Gecko) Chrome/120.0.0.0 Safari/537.36"
20.104.244.165 - - [16/Jun/2026:01:13:38 +0000] "GET /themes.php HTTP/1.1" 200 12165 "-" "Mozilla/5.0 (Windows NT 10.0; Win64; x64) AppleWebKit/537.36 (KHTML, like Gecko) Chrome/120.0.0.0 Safari/537.36"
20.104.244.165 - - [16/Jun/2026:01:13:38 +0000] "GET /cv.php HTTP/1.1" 200 12164 "-" "Mozilla/5.0 (Windows NT 10.0; Win64; x64) AppleWebKit/537.36 (KHTML, like Gecko) Chrome/120.0.0.0 Safari/537.36"
20.104.244.165 - - [16/Jun/2026:01:13:39 +0000] "GET /wp-admin/js/ HTTP/1.1" 200 12164 "-" "Mozilla/5.0 (Windows NT 10.0; Win64; x64) AppleWebKit/537.36 (KHTML, like Gecko) Chrome/120.0.0.0 Safari/537.36"
20.104.244.165 - - [16/Jun/2026:01:13:39 +0000] "GET /wp-content/uploads/index.php HTTP/1.1" 200 12175 "-" "Mozilla/5.0 (Windows NT 10.0; Win64; x64) AppleWebKit/537.36 (KHTML, like Gecko) Chrome/120.0.0.0 Safari/537.36"
20.104.244.165 - - [16/Jun/2026:01:13:39 +0000] "GET /ws83.php HTTP/1.1" 200 12169 "-" "Mozilla/5.0 (Windows NT 10.0; Win64; x64) AppleWebKit/537.36 (KHTML, like Gecko) Chrome/120.0.0.0 Safari/537.36"
20.104.244.165 - - [16/Jun/2026:01:13:39 +0000] "GET /atex1.php HTTP/1.1" 200 12165 "-" "Mozilla/5.0 (Windows NT 10.0; Win64; x64) AppleWebKit/537.36 (KHTML, like Gecko) Chrome/120.0.0.0 Safari/537.36"
20.104.244.165 - - [16/Jun/2026:01:13:39 +0000] "GET /class-t.api.php HTTP/1.1" 200 12167 "-" "Mozilla/5.0 (Windows NT 10.0; Win64; x64) AppleWebKit/537.36 (KHTML, like Gecko) Chrome/120.0.0.0 Safari/537.36"
20.104.244.165 - - [16/Jun/2026:01:13:39 +0000] "GET /w.php HTTP/1.1" 200 12159 "-" "Mozilla/5.0 (Windows NT 10.0; Win64; x64) AppleWebKit/537.36 (KHTML, like Gecko) Chrome/120.0.0.0 Safari/537.36"
20.104.244.165 - - [16/Jun/2026:01:13:40 +0000] "GET /archive.php HTTP/1.1" 200 12171 "-" "Mozilla/5.0 (Windows NT 10.0; Win64; x64) AppleWebKit/537.36 (KHTML, like Gecko) Chrome/120.0.0.0 Safari/537.36"
20.104.244.165 - - [16/Jun/2026:01:13:40 +0000] "GET /bless.php HTTP/1.1" 200 12165 "-" "Mozilla/5.0 (Windows NT 10.0; Win64; x64) AppleWebKit/537.36 (KHTML, like Gecko) Chrome/120.0.0.0 Safari/537.36"
20.104.244.165 - - [16/Jun/2026:01:13:40 +0000] "GET /sagax1.php HTTP/1.1" 200 12170 "-" "Mozilla/5.0 (Windows NT 10.0; Win64; x64) AppleWebKit/537.36 (KHTML, like Gecko) Chrome/120.0.0.0 Safari/537.36"
20.104.244.165 - - [16/Jun/2026:01:13:40 +0000] "GET /wpc.php HTTP/1.1" 200 12168 "-" "Mozilla/5.0 (Windows NT 10.0; Win64; x64) AppleWebKit/537.36 (KHTML, like Gecko) Chrome/120.0.0.0 Safari/537.36"
20.104.244.165 - - [16/Jun/2026:01:13:40 +0000] "GET /fone1.php HTTP/1.1" 200 12167 "-" "Mozilla/5.0 (Windows NT 10.0; Win64; x64) AppleWebKit/537.36 (KHTML, like Gecko) Chrome/120.0.0.0 Safari/537.36"
20.104.244.165 - - [16/Jun/2026:01:13:40 +0000] "GET /ncx.php HTTP/1.1" 200 12168 "-" "Mozilla/5.0 (Windows NT 10.0; Win64; x64) AppleWebKit/537.36 (KHTML, like Gecko) Chrome/120.0.0.0 Safari/537.36"
20.104.244.165 - - [16/Jun/2026:01:13:41 +0000] "GET /wp-admin/js/index.php HTTP/1.1" 200 12171 "-" "Mozilla/5.0 (Windows NT 10.0; Win64; x64) AppleWebKit/537.36 (KHTML, like Gecko) Chrome/120.0.0.0 Safari/537.36"
20.104.244.165 - - [16/Jun/2026:01:13:41 +0000] "GET /wso.php HTTP/1.1" 200 12164 "-" "Mozilla/5.0 (Windows NT 10.0; Win64; x64) AppleWebKit/537.36 (KHTML, like Gecko) Chrome/120.0.0.0 Safari/537.36"
20.104.244.165 - - [16/Jun/2026:01:13:41 +0000] "GET /zup.php73 HTTP/1.1" 200 12171 "-" "Mozilla/5.0 (Windows NT 10.0; Win64; x64) AppleWebKit/537.36 (KHTML, like Gecko) Chrome/120.0.0.0 Safari/537.36"
20.104.244.165 - - [16/Jun/2026:01:13:41 +0000] "GET /k.php HTTP/1.1" 200 12164 "-" "Mozilla/5.0 (Windows NT 10.0; Win64; x64) AppleWebKit/537.36 (KHTML, like Gecko) Chrome/120.0.0.0 Safari/537.36"
20.104.244.165 - - [16/Jun/2026:01:13:41 +0000] "GET /wp-blink.php HTTP/1.1" 200 12169 "-" "Mozilla/5.0 (Windows NT 10.0; Win64; x64) AppleWebKit/537.36 (KHTML, like Gecko) Chrome/120.0.0.0 Safari/537.36"
20.104.244.165 - - [16/Jun/2026:01:13:41 +0000] "GET /randkeyword.PhP7 HTTP/1.1" 200 12171 "-" "Mozilla/5.0 (Windows NT 10.0; Win64; x64) AppleWebKit/537.36 (KHTML, like Gecko) Chrome/120.0.0.0 Safari/537.36"
20.104.244.165 - - [16/Jun/2026:01:13:42 +0000] "GET /wp-admin/css/colors/ectoplasm/ HTTP/1.1" 200 12179 "-" "Mozilla/5.0 (Windows NT 10.0; Win64; x64) AppleWebKit/537.36 (KHTML, like Gecko) Chrome/120.0.0.0 Safari/537.36"
20.104.244.165 - - [16/Jun/2026:01:13:42 +0000] "GET /wp-content/ HTTP/1.1" 200 12163 "-" "Mozilla/5.0 (Windows NT 10.0; Win64; x64) AppleWebKit/537.36 (KHTML, like Gecko) Chrome/120.0.0.0 Safari/537.36"
20.104.244.165 - - [16/Jun/2026:01:13:42 +0000] "GET /ww5.php HTTP/1.1" 200 12166 "-" "Mozilla/5.0 (Windows NT 10.0; Win64; x64) AppleWebKit/537.36 (KHTML, like Gecko) Chrome/120.0.0.0 Safari/537.36"
20.104.244.165 - - [16/Jun/2026:01:13:42 +0000] "GET /2.php HTTP/1.1" 200 12160 "-" "Mozilla/5.0 (Windows NT 10.0; Win64; x64) AppleWebKit/537.36 (KHTML, like Gecko) Chrome/120.0.0.0 Safari/537.36"
20.104.244.165 - - [16/Jun/2026:01:13:42 +0000] "GET /wp-admin/classwithtostring.php HTTP/1.1" 200 12181 "-" "Mozilla/5.0 (Windows NT 10.0; Win64; x64) AppleWebKit/537.36 (KHTML, like Gecko) Chrome/120.0.0.0 Safari/537.36"
20.104.244.165 - - [16/Jun/2026:01:13:43 +0000] "GET /atomlib.php HTTP/1.1" 200 12169 "-" "Mozilla/5.0 (Windows NT 10.0; Win64; x64) AppleWebKit/537.36 (KHTML, like Gecko) Chrome/120.0.0.0 Safari/537.36"
20.104.244.165 - - [16/Jun/2026:01:13:43 +0000] "GET /rip.php HTTP/1.1" 200 12167 "-" "Mozilla/5.0 (Windows NT 10.0; Win64; x64) AppleWebKit/537.36 (KHTML, like Gecko) Chrome/120.0.0.0 Safari/537.36"
20.104.244.165 - - [16/Jun/2026:01:13:43 +0000] "GET /p.php HTTP/1.1" 200 12159 "-" "Mozilla/5.0 (Windows NT 10.0; Win64; x64) AppleWebKit/537.36 (KHTML, like Gecko) Chrome/120.0.0.0 Safari/537.36"
20.104.244.165 - - [16/Jun/2026:01:13:43 +0000] "GET /php.php HTTP/1.1" 200 12163 "-" "Mozilla/5.0 (Windows NT 10.0; Win64; x64) AppleWebKit/537.36 (KHTML, like Gecko) Chrome/120.0.0.0 Safari/537.36"
162.241.176.232 - - [16/Jun/2026:01:14:49 +0000] "POST /wp-cron.php?doing_wp_cron=1781572489.9756550788879394531250 HTTP/1.1" 404 58105 "-" "WordPress/6.9.4; https://www.circuitorioantigo.com.br"
216.73.216.90 - - [16/Jun/2026:01:14:49 +0000] "GET /sitemap_index.xml HTTP/1.1" 200 1133 "-" "Mozilla/5.0 AppleWebKit/537.36 (KHTML, like Gecko; compatible; ClaudeBot/1.0; +claudebot@anthropic.com)"
162.241.176.232 - - [16/Jun/2026:01:17:27 +0000] "POST /wp-cron.php?doing_wp_cron=1781572647.9163389205932617187500 HTTP/1.1" 404 58104 "-" "WordPress/6.9.4; https://www.circuitorioantigo.com.br"
57.141.0.20 - - [16/Jun/2026:01:17:26 +0000] "GET /cards-2025-junho/ HTTP/1.1" 200 59570 "-" "meta-externalagent/1.1 (+https://developers.facebook.com/docs/sharing/webmasters/crawler)"
142.44.225.196 - - [16/Jun/2026:01:17:59 +0000] "GET /wp-content/themes/thegem/js/thegem-lazyLoading.js?ver=5.5.0 HTTP/1.1" 200 12061 "-" "Mozilla/5.0 (compatible; AhrefsBot/7.0; +http://ahrefs.com/robot/)"
54.39.203.96 - - [16/Jun/2026:01:18:00 +0000] "GET /wp-content/themes/thegem/css/thegem-lazy-loading-animations.css?ver=5.5.0 HTTP/1.1" 200 8168 "-" "Mozilla/5.0 (compatible; AhrefsBot/7.0; +http://ahrefs.com/robot/)"
89.58.31.106 - - [16/Jun/2026:01:18:45 +0000] "GET /wp-login.php HTTP/1.1" 200 11855 "-" "Mozilla/5.0 (X11; CrOS x86_64 14541.0.0) AppleWebKit/537.36 (KHTML, like Gecko) Chrome/133.0.0.0 Safari/537.36"
89.58.31.106 - - [16/Jun/2026:01:18:46 +0000] "POST /wp-login.php HTTP/1.1" 200 11855 "https://circuitorioantigo.com.br/wp-login.php" "Mozilla/5.0 (X11; CrOS x86_64 14541.0.0) AppleWebKit/537.36 (KHTML, like Gecko) Chrome/133.0.0.0 Safari/537.36"
144.76.80.54 - - [16/Jun/2026:01:19:12 +0000] "GET /wp-login.php HTTP/1.1" 200 11855 "-" "Mozilla/5.0 (X11; Ubuntu; Linux x86_64; rv:133.0) Gecko/20100101 Firefox/133.0"
162.241.176.232 - - [16/Jun/2026:01:20:17 +0000] "POST /wp-cron.php?doing_wp_cron=1781572817.4151909351348876953125 HTTP/1.1" 404 58105 "-" "WordPress/6.9.4; https://www.circuitorioantigo.com.br"
66.249.79.199 - - [16/Jun/2026:01:20:16 +0000] "GET /2016/04/18/easy-to-use-gallery-system/feed/ HTTP/1.1" 200 968 "-" "Mozilla/5.0 (Linux; Android 6.0.1; Nexus 5X Build/MMB29P) AppleWebKit/537.36 (KHTML, like Gecko) Chrome/148.0.7778.96 Mobile Safari/537.36 (compatible; Googlebot/2.1; +http://www.google.com/bot.html)"
114.119.157.196 - - [16/Jun/2026:01:20:58 +0000] "GET /2014/03/16/post-with-gallery-slider-2/ HTTP/1.1" 200 140476 "https://www.circuitorioantigo.com.br/category/web/" "Mozilla/5.0 (Linux; Android 7.0;) AppleWebKit/537.36 (HTML, like Gecko) Mobile Safari/537.36 (compatible; PetalBot;+https://webmaster.petalsearch.com/site/petalbot)"
162.241.176.232 - - [16/Jun/2026:01:21:27 +0000] "POST /wp-cron.php?doing_wp_cron=1781572887.1701450347900390625000 HTTP/1.1" 404 58105 "-" "WordPress/6.9.4; https://www.circuitorioantigo.com.br"
187.212.104.175 - - [16/Jun/2026:01:21:26 +0000] "GET /2016/03/18/blog-post-2/?share=facebook HTTP/1.1" 302 - "-" "Mozilla/5.0 (Macintosh; Intel Mac OS X 10_14_6) AppleWebKit/537.36 (KHTML, like Gecko) Chrome/88.0.4324.146 Safari/537.36"
176.61.149.165 - - [16/Jun/2026:01:26:32 +0000] "GET /wp-login.php HTTP/1.1" 200 11857 "-" "Mozilla/5.0 (Windows NT 10.0) AppleWebKit/537.36 (KHTML, like Gecko) Chrome/133.0.0.0 Safari/537.36"
176.61.149.165 - - [16/Jun/2026:01:26:33 +0000] "POST /wp-login.php HTTP/1.1" 200 11857 "https://www.circuitorioantigo.com.br/wp-login.php" "Mozilla/5.0 (Windows NT 10.0) AppleWebKit/537.36 (KHTML, like Gecko) Chrome/133.0.0.0 Safari/537.36"
45.117.169.86 - - [16/Jun/2026:01:26:35 +0000] "GET /wp-login.php HTTP/1.1" 200 11856 "-" "Mozilla/5.0 (Macintosh; Intel Mac OS X 10_15_7) AppleWebKit/537.36 (KHTML, like Gecko) Chrome/133.0.0.0 Safari/537.36 Edg/133.0.0.0"
45.117.169.86 - - [16/Jun/2026:01:26:36 +0000] "POST /wp-login.php HTTP/1.1" 200 11856 "https://circuitorioantigo.com.br/wp-login.php" "Mozilla/5.0 (Macintosh; Intel Mac OS X 10_15_7) AppleWebKit/537.36 (KHTML, like Gecko) Chrome/133.0.0.0 Safari/537.36 Edg/133.0.0.0"
162.241.176.232 - - [16/Jun/2026:01:26:51 +0000] "POST /wp-cron.php?doing_wp_cron=1781573211.7020070552825927734375 HTTP/1.1" 404 58105 "-" "WordPress/6.9.4; https://www.circuitorioantigo.com.br"
40.77.167.151 - - [16/Jun/2026:01:26:50 +0000] "GET /novaiguacu/ HTTP/1.1" 200 157008 "-" "Mozilla/5.0 AppleWebKit/537.36 (KHTML, like Gecko; compatible; bingbot/2.0; +http://www.bing.com/bingbot.htm) Chrome/116.0.1938.76 Safari/537.36"
47.128.42.160 - - [16/Jun/2026:01:27:32 +0000] "GET /robots.txt HTTP/1.1" 200 307 "-" "Mozilla/5.0 (Linux; Android 5.0) AppleWebKit/537.36 (KHTML, like Gecko) Mobile Safari/537.36 (compatible; Bytespider; spider-feedback@bytedance.com)"
103.127.30.137 - - [16/Jun/2026:01:34:18 +0000] "GET /wp-login.php HTTP/1.1" 200 11857 "-" "Mozilla/5.0 (Macintosh; Intel Mac OS X 14_7_4) AppleWebKit/537.36 (KHTML, like Gecko) Chrome/133.0.0.0 Safari/537.36"
188.240.191.168 - - [16/Jun/2026:01:34:18 +0000] "GET /wp-login.php HTTP/1.1" 200 11858 "-" "Mozilla/5.0 (X11; CrOS x86_64 14541.0.0) AppleWebKit/537.36 (KHTML, like Gecko) Chrome/133.0.0.0 Safari/537.36"
103.127.30.137 - - [16/Jun/2026:01:34:19 +0000] "POST /wp-login.php HTTP/1.1" 200 11857 "https://www.circuitorioantigo.com.br/wp-login.php" "Mozilla/5.0 (Macintosh; Intel Mac OS X 14_7_4) AppleWebKit/537.36 (KHTML, like Gecko) Chrome/133.0.0.0 Safari/537.36"
188.240.191.168 - - [16/Jun/2026:01:34:19 +0000] "POST /wp-login.php HTTP/1.1" 200 11858 "https://circuitorioantigo.com.br/wp-login.php" "Mozilla/5.0 (X11; CrOS x86_64 14541.0.0) AppleWebKit/537.36 (KHTML, like Gecko) Chrome/133.0.0.0 Safari/537.36"
66.249.79.197 - - [16/Jun/2026:01:35:19 +0000] "GET /wp-content/themes/thegem-child/css/custom-LKGqBkp6.css?ver=5.5.0 HTTP/1.1" 200 248018 "https://www.circuitorioantigo.com.br/" "Mozilla/5.0 (Linux; Android 6.0.1; Nexus 5X Build/MMB29P) AppleWebKit/537.36 (KHTML, like Gecko) Chrome/148.0.7778.96 Mobile Safari/537.36 (compatible; Googlebot/2.1; +http://www.google.com/bot.html)"
192.185.4.35 - - [16/Jun/2026:01:35:30 +0000] "GET /wp-login.php HTTP/1.1" 200 11855 "-" "Mozilla/5.0 (Windows NT 10.0; Win64; x64) AppleWebKit/537.36 (KHTML, like Gecko) Chrome/120.0.0.0 Safari/537.36"
31.3.241.131 - - [16/Jun/2026:01:41:12 +0000] "GET /wp-login.php HTTP/1.1" 200 11855 "-" "Mozilla/5.0 (X11; Linux x86_64) AppleWebKit/537.36 (KHTML, like Gecko) Chrome/133.0.0.0 Safari/537.36 Edg/133.0.0.0"
31.3.241.131 - - [16/Jun/2026:01:41:13 +0000] "POST /wp-login.php HTTP/1.1" 200 11855 "https://www.circuitorioantigo.com.br/wp-login.php" "Mozilla/5.0 (X11; Linux x86_64) AppleWebKit/537.36 (KHTML, like Gecko) Chrome/133.0.0.0 Safari/537.36 Edg/133.0.0.0"
162.241.176.232 - - [16/Jun/2026:01:42:42 +0000] "POST /wp-cron.php?doing_wp_cron=1781574162.0100569725036621093750 HTTP/1.1" 404 58105 "-" "WordPress/6.9.4; https://www.circuitorioantigo.com.br"
114.119.157.196 - - [16/Jun/2026:01:42:40 +0000] "GET /pf/new-ui-kit-8/ HTTP/1.1" 200 112991 "http://www.circuitorioantigo.com.br/pf/web-project-13" "Mozilla/5.0 (Linux; Android 7.0;) AppleWebKit/537.36 (HTML, like Gecko) Mobile Safari/537.36 (compatible; PetalBot;+https://webmaster.petalsearch.com/site/petalbot)"
162.241.176.232 - - [16/Jun/2026:01:47:23 +0000] "POST /wp-cron.php?doing_wp_cron=1781574443.2915010452270507812500 HTTP/1.1" 404 15678 "-" "WordPress/6.9.4; https://www.circuitorioantigo.com.br"
52.167.144.56 - - [16/Jun/2026:01:47:22 +0000] "GET /robots.txt HTTP/1.1" 301 - "-" "Mozilla/5.0 AppleWebKit/537.36 (KHTML, like Gecko; compatible; bingbot/2.0; +http://www.bing.com/bingbot.htm) Chrome/116.0.1938.76 Safari/537.36"
52.167.144.56 - - [16/Jun/2026:01:47:24 +0000] "GET /robots.txt HTTP/1.1" 200 307 "-" "Mozilla/5.0 AppleWebKit/537.36 (KHTML, like Gecko; compatible; bingbot/2.0; +http://www.bing.com/bingbot.htm) Chrome/116.0.1938.76 Safari/537.36"
40.77.167.24 - - [16/Jun/2026:01:47:33 +0000] "GET /2014/01/16/sticky-blog-post HTTP/1.1" 301 - "-" "Mozilla/5.0 AppleWebKit/537.36 (KHTML, like Gecko; compatible; bingbot/2.0; +http://www.bing.com/bingbot.htm) Chrome/116.0.1938.76 Safari/537.36"
97.74.88.143 - - [16/Jun/2026:01:48:51 +0000] "GET /wp-login.php HTTP/1.1" 200 11855 "-" "Mozilla/5.0 (X11; CrOS x86_64 14541.0.0) AppleWebKit/537.36 (KHTML, like Gecko) Chrome/133.0.0.0 Safari/537.36"
97.74.88.143 - - [16/Jun/2026:01:48:52 +0000] "POST /wp-login.php HTTP/1.1" 200 11855 "https://www.circuitorioantigo.com.br/wp-login.php" "Mozilla/5.0 (X11; CrOS x86_64 14541.0.0) AppleWebKit/537.36 (KHTML, like Gecko) Chrome/133.0.0.0 Safari/537.36"
162.241.176.232 - - [16/Jun/2026:01:49:33 +0000] "POST /wp-cron.php?doing_wp_cron=1781574573.5450770854949951171875 HTTP/1.1" 404 58105 "-" "WordPress/6.9.4; https://www.circuitorioantigo.com.br"
50.87.144.37 - - [16/Jun/2026:01:49:31 +0000] "GET /wp-json/wp/v2/users/me HTTP/1.1" 401 114 "-" "Mozilla/5.0 (X11; CrOS x86_64 14541.0.0) AppleWebKit/537.36 (KHTML, like Gecko) Chrome/133.0.0.0 Safari/537.36"
162.241.176.232 - - [16/Jun/2026:01:53:34 +0000] "POST /wp-cron.php?doing_wp_cron=1781574814.8315649032592773437500 HTTP/1.1" 404 58105 "-" "WordPress/6.9.4; https://www.circuitorioantigo.com.br"
114.119.140.115 - - [16/Jun/2026:01:53:33 +0000] "GET /2016/03/29/100-width-galleries-post-7/ HTTP/1.1" 200 141935 "https://www.circuitorioantigo.com.br/2016/03/18/blog-post-2" "Mozilla/5.0 (Linux; Android 7.0;) AppleWebKit/537.36 (HTML, like Gecko) Mobile Safari/537.36 (compatible; PetalBot;+https://webmaster.petalsearch.com/site/petalbot)"
46.105.40.140 - - [16/Jun/2026:01:54:28 +0000] "GET /robots.txt HTTP/1.1" 200 307 "-" "Mozilla/5.0 (compatible; MJ12bot/v2.0.5; http://mj12bot.com/)"
46.105.40.140 - - [16/Jun/2026:01:54:29 +0000] "GET / HTTP/1.1" 200 87710 "-" "Mozilla/5.0 (compatible; MJ12bot/v2.0.5; http://mj12bot.com/)"
78.142.18.172 - - [16/Jun/2026:01:57:51 +0000] "GET /wp-login.php HTTP/1.1" 200 11856 "-" "Mozilla/5.0 (X11; Fedora; Linux x86_64) AppleWebKit/537.36 (KHTML, like Gecko) Chrome/133.0.0.0 Safari/537.36"
78.142.18.172 - - [16/Jun/2026:01:57:52 +0000] "POST /wp-login.php HTTP/1.1" 200 11856 "https://www.circuitorioantigo.com.br/wp-login.php" "Mozilla/5.0 (X11; Fedora; Linux x86_64) AppleWebKit/537.36 (KHTML, like Gecko) Chrome/133.0.0.0 Safari/537.36"
203.190.11.3 - - [16/Jun/2026:01:58:11 +0000] "GET /wp-login.php HTTP/1.1" 200 11855 "-" "Mozilla/5.0 (Macintosh; Intel Mac OS X 11_7_10) AppleWebKit/537.36 (KHTML, like Gecko) Chrome/133.0.0.0 Safari/537.36"
203.190.11.3 - - [16/Jun/2026:01:58:12 +0000] "POST /wp-login.php HTTP/1.1" 200 11855 "https://circuitorioantigo.com.br/wp-login.php" "Mozilla/5.0 (Macintosh; Intel Mac OS X 11_7_10) AppleWebKit/537.36 (KHTML, like Gecko) Chrome/133.0.0.0 Safari/537.36"
162.241.176.232 - - [16/Jun/2026:01:59:07 +0000] "POST /wp-cron.php?doing_wp_cron=1781575147.9760730266571044921875 HTTP/1.1" 404 58103 "-" "WordPress/6.9.4; https://www.circuitorioantigo.com.br"
216.73.216.90 - - [16/Jun/2026:01:59:06 +0000] "GET /sitemap_index.xml HTTP/1.1" 200 1133 "-" "Mozilla/5.0 AppleWebKit/537.36 (KHTML, like Gecko; compatible; ClaudeBot/1.0; +claudebot@anthropic.com)"
162.241.176.232 - - [16/Jun/2026:02:01:32 +0000] "POST /wp-cron.php?doing_wp_cron=1781575292.6820890903472900390625 HTTP/1.1" 404 58105 "-" "WordPress/6.9.4; https://www.circuitorioantigo.com.br"
85.208.96.196 - - [16/Jun/2026:02:01:31 +0000] "GET /category/business-05/ HTTP/1.1" 200 69281 "-" "Mozilla/5.0 (compatible; SemrushBot/7~bl; +http://www.semrush.com/bot.html)"
103.239.14.19 - - [16/Jun/2026:02:05:37 +0000] "GET /wp-login.php HTTP/1.1" 200 11856 "-" "Mozilla/5.0 (X11; Linux i686) AppleWebKit/537.36 (KHTML, like Gecko) Chrome/133.0.0.0 Safari/537.36"
103.239.14.19 - - [16/Jun/2026:02:05:39 +0000] "POST /wp-login.php HTTP/1.1" 200 11856 "https://www.circuitorioantigo.com.br/wp-login.php" "Mozilla/5.0 (X11; Linux i686) AppleWebKit/537.36 (KHTML, like Gecko) Chrome/133.0.0.0 Safari/537.36"
216.73.216.90 - - [16/Jun/2026:02:05:46 +0000] "GET /robots.txt HTTP/1.1" 200 307 "-" "Mozilla/5.0 AppleWebKit/537.36 (KHTML, like Gecko; compatible; ClaudeBot/1.0; +claudebot@anthropic.com)"
216.73.216.90 - - [16/Jun/2026:02:05:51 +0000] "GET /sitemap.xml HTTP/1.1" 200 652 "-" "Mozilla/5.0 AppleWebKit/537.36 (KHTML, like Gecko; compatible; ClaudeBot/1.0; +claudebot@anthropic.com)"
168.63.79.147 - - [16/Jun/2026:02:06:12 +0000] "GET /wp-login.php HTTP/1.1" 200 11856 "-" "Mozilla/5.0 (Windows NT 10.0; Win64; x64; rv:133.0) Gecko/20100101 Firefox/133.0"
168.63.79.147 - - [16/Jun/2026:02:06:14 +0000] "POST /wp-login.php HTTP/1.1" 200 11856 "https://circuitorioantigo.com.br/wp-login.php" "Mozilla/5.0 (Windows NT 10.0; Win64; x64; rv:133.0) Gecko/20100101 Firefox/133.0"
162.241.176.232 - - [16/Jun/2026:02:08:24 +0000] "POST /wp-cron.php?doing_wp_cron=1781575704.5165989398956298828125 HTTP/1.1" 404 58105 "-" "WordPress/6.9.4; https://www.circuitorioantigo.com.br"
216.73.216.90 - - [16/Jun/2026:02:08:23 +0000] "GET /news-sitemap.xml HTTP/1.1" 200 495 "-" "Mozilla/5.0 AppleWebKit/537.36 (KHTML, like Gecko; compatible; ClaudeBot/1.0; +claudebot@anthropic.com)"
162.241.176.232 - - [16/Jun/2026:02:10:58 +0000] "POST /wp-cron.php?doing_wp_cron=1781575858.1298079490661621093750 HTTP/1.1" 404 58104 "-" "WordPress/6.9.4; https://www.circuitorioantigo.com.br"
114.119.156.181 - - [16/Jun/2026:02:10:57 +0000] "GET /2016/03/21/simple-blog-post-2?share=twitter HTTP/1.1" 302 - "http://www.circuitorioantigo.com.br/2014/09/16/blog-post-left-sidebar-3" "Mozilla/5.0 (Linux; Android 7.0;) AppleWebKit/537.36 (HTML, like Gecko) Mobile Safari/537.36 (compatible; PetalBot;+https://webmaster.petalsearch.com/site/petalbot)"
66.249.79.198 - - [16/Jun/2026:02:12:01 +0000] "GET /wp-login.php?redirect_to=https%3A%2F%2Fwww.circuitorioantigo.com.br%2Felements%2Ftabs-styles%2F HTTP/1.1" 200 12398 "-" "Mozilla/5.0 (Linux; Android 6.0.1; Nexus 5X Build/MMB29P) AppleWebKit/537.36 (KHTML, like Gecko) Chrome/148.0.7778.96 Mobile Safari/537.36 (compatible; Googlebot/2.1; +http://www.google.com/bot.html)"
162.241.176.232 - - [16/Jun/2026:02:12:02 +0000] "POST /wp-cron.php?doing_wp_cron=1781575922.6205959320068359375000 HTTP/1.1" 404 15678 "-" "WordPress/6.9.4; https://www.circuitorioantigo.com.br"
66.249.79.198 - - [16/Jun/2026:02:12:04 +0000] "GET /wp-includes/css/buttons.min.css?ver=6.9.4 HTTP/1.1" 200 6061 "https://www.circuitorioantigo.com.br/wp-login.php?redirect_to=https%3A%2F%2Fwww.circuitorioantigo.com.br%2Felements%2Ftabs-styles%2F" "Mozilla/5.0 (Linux; Android 6.0.1; Nexus 5X Build/MMB29P) AppleWebKit/537.36 (KHTML, like Gecko) Chrome/148.0.7778.96 Mobile Safari/537.36 (compatible; Googlebot/2.1; +http://www.google.com/bot.html)"
66.249.79.198 - - [16/Jun/2026:02:12:06 +0000] "GET /wp-admin/css/forms.min.css?ver=6.9.4 HTTP/1.1" 200 28422 "https://www.circuitorioantigo.com.br/wp-login.php?redirect_to=https%3A%2F%2Fwww.circuitorioantigo.com.br%2Felements%2Ftabs-styles%2F" "Mozilla/5.0 (Linux; Android 6.0.1; Nexus 5X Build/MMB29P) AppleWebKit/537.36 (KHTML, like Gecko) Chrome/148.0.7778.96 Mobile Safari/537.36 (compatible; Googlebot/2.1; +http://www.google.com/bot.html)"
66.249.79.197 - - [16/Jun/2026:02:12:08 +0000] "GET /wp-includes/js/wp-util.min.js?ver=6.9.4 HTTP/1.1" 200 1431 "https://www.circuitorioantigo.com.br/wp-login.php?redirect_to=https%3A%2F%2Fwww.circuitorioantigo.com.br%2Felements%2Ftabs-styles%2F" "Mozilla/5.0 (Linux; Android 6.0.1; Nexus 5X Build/MMB29P) AppleWebKit/537.36 (KHTML, like Gecko) Chrome/148.0.7778.96 Mobile Safari/537.36 (compatible; Googlebot/2.1; +http://www.google.com/bot.html)"
66.249.79.198 - - [16/Jun/2026:02:12:09 +0000] "GET /wp-includes/js/dist/dom-ready.min.js?ver=f77871ff7694fffea381 HTTP/1.1" 200 457 "https://www.circuitorioantigo.com.br/wp-login.php?redirect_to=https%3A%2F%2Fwww.circuitorioantigo.com.br%2Felements%2Ftabs-styles%2F" "Mozilla/5.0 (Linux; Android 6.0.1; Nexus 5X Build/MMB29P) AppleWebKit/537.36 (KHTML, like Gecko) Chrome/148.0.7778.96 Mobile Safari/537.36 (compatible; Googlebot/2.1; +http://www.google.com/bot.html)"
66.249.79.197 - - [16/Jun/2026:02:12:11 +0000] "GET /wp-includes/js/clipboard.min.js?ver=2.0.11 HTTP/1.1" 200 9009 "https://www.circuitorioantigo.com.br/wp-login.php?redirect_to=https%3A%2F%2Fwww.circuitorioantigo.com.br%2Felements%2Ftabs-styles%2F" "Mozilla/5.0 (Linux; Android 6.0.1; Nexus 5X Build/MMB29P) AppleWebKit/537.36 (KHTML, like Gecko) Chrome/148.0.7778.96 Mobile Safari/537.36 (compatible; Googlebot/2.1; +http://www.google.com/bot.html)"
66.249.79.197 - - [16/Jun/2026:02:12:13 +0000] "GET /wp-admin/css/l10n.min.css?ver=6.9.4 HTTP/1.1" 200 3200 "https://www.circuitorioantigo.com.br/wp-login.php?redirect_to=https%3A%2F%2Fwww.circuitorioantigo.com.br%2Felements%2Ftabs-styles%2F" "Mozilla/5.0 (Linux; Android 6.0.1; Nexus 5X Build/MMB29P) AppleWebKit/537.36 (KHTML, like Gecko) Chrome/148.0.7778.96 Mobile Safari/537.36 (compatible; Googlebot/2.1; +http://www.google.com/bot.html)"
66.249.79.197 - - [16/Jun/2026:02:12:15 +0000] "GET /wp-admin/js/user-profile.min.js?ver=6.9.4 HTTP/1.1" 200 7997 "https://www.circuitorioantigo.com.br/wp-login.php?redirect_to=https%3A%2F%2Fwww.circuitorioantigo.com.br%2Felements%2Ftabs-styles%2F" "Mozilla/5.0 (Linux; Android 6.0.1; Nexus 5X Build/MMB29P) AppleWebKit/537.36 (KHTML, like Gecko) Chrome/148.0.7778.96 Mobile Safari/537.36 (compatible; Googlebot/2.1; +http://www.google.com/bot.html)"
66.249.79.197 - - [16/Jun/2026:02:12:17 +0000] "GET /wp-admin/css/login.min.css?ver=6.9.4 HTTP/1.1" 200 6381 "https://www.circuitorioantigo.com.br/wp-login.php?redirect_to=https%3A%2F%2Fwww.circuitorioantigo.com.br%2Felements%2Ftabs-styles%2F" "Mozilla/5.0 (Linux; Android 6.0.1; Nexus 5X Build/MMB29P) AppleWebKit/537.36 (KHTML, like Gecko) Chrome/148.0.7778.96 Mobile Safari/537.36 (compatible; Googlebot/2.1; +http://www.google.com/bot.html)"
66.249.79.198 - - [16/Jun/2026:02:12:19 +0000] "GET /wp-includes/js/underscore.min.js?ver=1.13.7 HTTP/1.1" 200 18905 "https://www.circuitorioantigo.com.br/wp-login.php?redirect_to=https%3A%2F%2Fwww.circuitorioantigo.com.br%2Felements%2Ftabs-styles%2F" "Mozilla/5.0 (Linux; Android 6.0.1; Nexus 5X Build/MMB29P) AppleWebKit/537.36 (KHTML, like Gecko) Chrome/148.0.7778.96 Mobile Safari/537.36 (compatible; Googlebot/2.1; +http://www.google.com/bot.html)"
66.249.79.197 - - [16/Jun/2026:02:12:21 +0000] "GET /wp-admin/images/wordpress-logo.svg?ver=20131107 HTTP/1.1" 200 1521 "https://www.circuitorioantigo.com.br/wp-admin/css/login.min.css?ver=6.9.4" "Mozilla/5.0 (Linux; Android 6.0.1; Nexus 5X Build/MMB29P) AppleWebKit/537.36 (KHTML, like Gecko) Chrome/148.0.7778.96 Mobile Safari/537.36 (compatible; Googlebot/2.1; +http://www.google.com/bot.html)"
162.241.176.232 - - [16/Jun/2026:02:13:27 +0000] "POST /wp-cron.php?doing_wp_cron=1781576007.0714459419250488281250 HTTP/1.1" 404 58105 "-" "WordPress/6.9.4; https://www.circuitorioantigo.com.br"
190.92.174.29 - - [16/Jun/2026:02:13:26 +0000] "GET /wp-login.php HTTP/1.1" 200 12886 "-" "Mozilla/5.0 (X11; Ubuntu; Linux x86_64) AppleWebKit/537.36 (KHTML, like Gecko) Chrome/133.0.0.0 Safari/537.36"
190.92.174.29 - - [16/Jun/2026:02:13:28 +0000] "POST /wp-login.php HTTP/1.1" 401 3510 "https://circuitorioantigo.com.br/wp-login.php" "Mozilla/5.0 (X11; Ubuntu; Linux x86_64) AppleWebKit/537.36 (KHTML, like Gecko) Chrome/133.0.0.0 Safari/537.36"
162.241.176.232 - - [16/Jun/2026:02:19:27 +0000] "POST /wp-cron.php?doing_wp_cron=1781576367.6321499347686767578125 HTTP/1.1" 404 58104 "-" "WordPress/6.9.4; https://www.circuitorioantigo.com.br"
74.125.210.171 - - [16/Jun/2026:02:19:26 +0000] "GET /.well-known/assetlinks.json HTTP/1.1" 404 58105 "-" "GoogleAssociationService"
66.249.84.137 - - [16/Jun/2026:02:19:26 +0000] "GET /.well-known/assetlinks.json HTTP/1.1" 404 58103 "-" "GoogleAssociationService"
162.241.176.232 - - [16/Jun/2026:02:19:27 +0000] "POST /wp-cron.php?doing_wp_cron=1781576367.6873340606689453125000 HTTP/1.1" 404 15678 "-" "WordPress/6.9.4; https://www.circuitorioantigo.com.br"
31.3.241.131 - - [16/Jun/2026:02:20:00 +0000] "GET /wp-login.php HTTP/1.1" 200 11855 "-" "Mozilla/5.0 (Windows NT 10.0; WOW64) AppleWebKit/537.36 (KHTML, like Gecko) Chrome/133.0.0.0 Safari/537.36"
31.3.241.131 - - [16/Jun/2026:02:20:01 +0000] "POST /wp-login.php HTTP/1.1" 200 11855 "https://www.circuitorioantigo.com.br/wp-login.php" "Mozilla/5.0 (Windows NT 10.0; WOW64) AppleWebKit/537.36 (KHTML, like Gecko) Chrome/133.0.0.0 Safari/537.36"
192.185.4.166 - - [16/Jun/2026:02:20:29 +0000] "GET /wp-login.php HTTP/1.1" 200 11856 "-" "Mozilla/5.0 (Windows NT 10.0; Win64; x64) AppleWebKit/537.36 (KHTML, like Gecko) Chrome/120.0.0.0 Safari/537.36"
162.241.176.232 - - [16/Jun/2026:02:21:49 +0000] "POST /wp-cron.php?doing_wp_cron=1781576509.7474861145019531250000 HTTP/1.1" 404 58104 "-" "WordPress/6.9.4; https://www.circuitorioantigo.com.br"
114.119.154.39 - - [16/Jun/2026:02:21:48 +0000] "GET /2016/03/17/post-with-video-lightbox-7/ HTTP/1.1" 200 148199 "https://www.circuitorioantigo.com.br/2016/page/5" "Mozilla/5.0 (Linux; Android 7.0;) AppleWebKit/537.36 (HTML, like Gecko) Mobile Safari/537.36 (compatible; PetalBot;+https://webmaster.petalsearch.com/site/petalbot)"
51.68.111.202 - - [16/Jun/2026:02:23:43 +0000] "GET /robots.txt HTTP/1.1" 200 307 "-" "Mozilla/5.0 (compatible; MJ12bot/v2.0.5; http://mj12bot.com/)"
51.68.111.202 - - [16/Jun/2026:02:23:44 +0000] "GET / HTTP/1.1" 200 87711 "-" "Mozilla/5.0 (compatible; MJ12bot/v2.0.5; http://mj12bot.com/)"
51.68.111.202 - - [16/Jun/2026:02:23:46 +0000] "GET / HTTP/1.1" 200 87718 "-" "Mozilla/5.0 (compatible; MJ12bot/v2.0.5; http://mj12bot.com/)"
210.211.99.176 - - [16/Jun/2026:02:27:53 +0000] "GET /wp-login.php HTTP/1.1" 200 11857 "-" "Mozilla/5.0 (Macintosh; Intel Mac OS X 10_15_7) AppleWebKit/537.36 (KHTML, like Gecko) Chrome/133.0.0.0 Safari/537.36 Edg/133.0.0.0"
159.223.76.255 - - [16/Jun/2026:02:27:55 +0000] "GET /wp-login.php HTTP/1.1" 200 11857 "-" "Mozilla/5.0 (X11; Ubuntu; Linux x86_64) AppleWebKit/537.36 (KHTML, like Gecko) Chrome/133.0.0.0 Safari/537.36"
210.211.99.176 - - [16/Jun/2026:02:27:55 +0000] "POST /wp-login.php HTTP/1.1" 200 11857 "https://www.circuitorioantigo.com.br/wp-login.php" "Mozilla/5.0 (Macintosh; Intel Mac OS X 10_15_7) AppleWebKit/537.36 (KHTML, like Gecko) Chrome/133.0.0.0 Safari/537.36 Edg/133.0.0.0"
159.223.76.255 - - [16/Jun/2026:02:27:56 +0000] "POST /wp-login.php HTTP/1.1" 200 11857 "https://circuitorioantigo.com.br/wp-login.php" "Mozilla/5.0 (X11; Ubuntu; Linux x86_64) AppleWebKit/537.36 (KHTML, like Gecko) Chrome/133.0.0.0 Safari/537.36"
57.141.0.12 - - [16/Jun/2026:02:29:15 +0000] "GET /tag/media/ HTTP/1.1" 200 120702 "-" "meta-externalagent/1.1 (+https://developers.facebook.com/docs/sharing/webmasters/crawler)"
162.241.176.232 - - [16/Jun/2026:02:29:17 +0000] "POST /wp-cron.php?doing_wp_cron=1781576957.5563509464263916015625 HTTP/1.1" 404 16000 "-" "WordPress/6.9.4; https://www.circuitorioantigo.com.br"
185.191.171.13 - - [16/Jun/2026:02:30:03 +0000] "GET /robots.txt HTTP/1.1" 200 307 "-" "Mozilla/5.0 (compatible; SemrushBot/7~bl; +http://www.semrush.com/bot.html)"
185.191.171.5 - - [16/Jun/2026:02:30:04 +0000] "GET /2016/03/15/blog-post-left-sidebar/ HTTP/1.1" 200 157783 "-" "Mozilla/5.0 (compatible; SemrushBot/7~bl; +http://www.semrush.com/bot.html)"
66.249.88.233 - - [16/Jun/2026:02:32:07 +0000] "GET /.well-known/traffic-advice HTTP/1.1" 404 58105 "-" "Chrome Privacy Preserving Prefetch Proxy"
162.241.176.232 - - [16/Jun/2026:02:32:08 +0000] "POST /wp-cron.php?doing_wp_cron=1781577128.2057089805603027343750 HTTP/1.1" 404 15678 "-" "WordPress/6.9.4; https://www.circuitorioantigo.com.br"
162.241.176.232 - - [16/Jun/2026:02:32:08 +0000] "POST /wp-cron.php?doing_wp_cron=1781577128.8413839340209960937500 HTTP/1.1" 404 58105 "-" "WordPress/6.9.4; https://www.circuitorioantigo.com.br"
193.186.4.236 - - [16/Jun/2026:02:32:07 +0000] "GET / HTTP/1.1" 200 87719 "https://www.google.com/" "Mozilla/5.0 (Linux; Android 10; K) AppleWebKit/537.36 (KHTML, like Gecko) Chrome/149.0.0.0 Mobile Safari/537.36"
114.119.140.115 - - [16/Jun/2026:02:32:39 +0000] "GET /2016/03/17/blog-post-right-sidebar-4/?share=facebook HTTP/1.1" 302 - "http://www.circuitorioantigo.com.br/2016/03/18/blog-post-right-sidebar-6" "Mozilla/5.0 (Linux; Android 7.0;) AppleWebKit/537.36 (HTML, like Gecko) Mobile Safari/537.36 (compatible; PetalBot;+https://webmaster.petalsearch.com/site/petalbot)"
162.241.176.232 - - [16/Jun/2026:02:33:12 +0000] "POST /wp-cron.php?doing_wp_cron=1781577192.5145759582519531250000 HTTP/1.1" 404 58104 "-" "WordPress/6.9.4; https://www.circuitorioantigo.com.br"
157.55.39.195 - - [16/Jun/2026:02:33:11 +0000] "GET /sitemap.xml HTTP/1.1" 200 652 "-" "Mozilla/5.0 AppleWebKit/537.36 (KHTML, like Gecko; compatible; bingbot/2.0; +http://www.bing.com/bingbot.htm) Chrome/116.0.1938.76 Safari/537.36"
103.127.30.137 - - [16/Jun/2026:02:35:20 +0000] "GET /wp-login.php HTTP/1.1" 200 11857 "-" "Mozilla/5.0 (Windows NT 10.0; Win64; x64; rv:133.0) Gecko/20100101 Firefox/133.0"
103.127.30.137 - - [16/Jun/2026:02:35:22 +0000] "POST /wp-login.php HTTP/1.1" 200 11857 "https://circuitorioantigo.com.br/wp-login.php" "Mozilla/5.0 (Windows NT 10.0; Win64; x64; rv:133.0) Gecko/20100101 Firefox/133.0"
162.241.176.232 - - [16/Jun/2026:02:35:31 +0000] "POST /wp-cron.php?doing_wp_cron=1781577331.0946769714355468750000 HTTP/1.1" 404 58105 "-" "WordPress/6.9.4; https://www.circuitorioantigo.com.br"
34.173.239.49 - - [16/Jun/2026:02:35:29 +0000] "HEAD /robots.txt HTTP/1.1" 200 - "-" "Mozilla/5.0 (X11; Linux x86_64) AppleWebKit/537.36 (KHTML, like Gecko) Chrome/136.0.0.0 Safari/537.36"
34.173.239.49 - - [16/Jun/2026:02:35:32 +0000] "GET /robots.txt HTTP/1.1" 200 307 "-" "Mozilla/5.0 (X11; Linux x86_64) AppleWebKit/537.36 (KHTML, like Gecko) Chrome/136.0.0.0 Safari/537.36"
34.173.239.49 - - [16/Jun/2026:02:35:33 +0000] "HEAD / HTTP/1.1" 200 - "-" "Mozilla/5.0 AppleWebKit/537.36 (KHTML, like Gecko); compatible; ShapBot/0.1.0"
34.173.239.49 - - [16/Jun/2026:02:35:34 +0000] "GET / HTTP/1.1" 200 87715 "-" "Mozilla/5.0 AppleWebKit/537.36 (KHTML, like Gecko); compatible; ShapBot/0.1.0"
178.105.87.245 - - [16/Jun/2026:02:35:44 +0000] "GET /wp-json/wp/v2/users/me HTTP/1.1" 401 114 "-" "Mozilla/5.0 (X11; Linux x86_64) AppleWebKit/537.36 (KHTML, like Gecko) Chrome/133.0.0.0 Safari/537.36"
51.89.39.37 - - [16/Jun/2026:02:36:10 +0000] "GET /blog-verify HTTP/1.1" 404 58104 "-" "Mozilla/5.0 (X11; Linux x86_64) AppleWebKit/537.36 (KHTML, like Gecko) Chrome/148.0.0.0 Safari/537.36"
51.89.39.37 - - [16/Jun/2026:02:36:10 +0000] "GET /?wmo_hc=k7Hx9mQp2wRt HTTP/1.1" 200 87720 "-" "Mozilla/5.0 (Windows NT 10.0; Win64; x64) AppleWebKit/537.36 (KHTML, like Gecko) Chrome/147.0.0.0 Safari/537.36"
35.247.151.219 - - [16/Jun/2026:02:36:30 +0000] "GET /wp-login.php HTTP/1.1" 200 11857 "-" "Mozilla/5.0 (Windows NT 10.0; Win64; x64) AppleWebKit/537.36 (KHTML, like Gecko) Chrome/120.0.0.0 Safari/537.36"
34.173.239.49 - - [16/Jun/2026:02:39:47 +0000] "HEAD /etapa-nova-iguacu-2025 HTTP/1.1" 301 - "-" "Mozilla/5.0 AppleWebKit/537.36 (KHTML, like Gecko); compatible; ShapBot/0.1.0"
34.173.239.49 - - [16/Jun/2026:02:39:47 +0000] "HEAD /etapa-volta-redonda-2025 HTTP/1.1" 301 - "-" "Mozilla/5.0 AppleWebKit/537.36 (KHTML, like Gecko); compatible; ShapBot/0.1.0"
66.249.79.199 - - [16/Jun/2026:02:39:47 +0000] "GET /2016/03/17/blog-post-right-sidebar-4/ HTTP/1.1" 200 151151 "-" "Mozilla/5.0 (Linux; Android 6.0.1; Nexus 5X Build/MMB29P) AppleWebKit/537.36 (KHTML, like Gecko) Chrome/148.0.7778.96 Mobile Safari/537.36 (compatible; Googlebot/2.1; +http://www.google.com/bot.html)"
34.173.239.49 - - [16/Jun/2026:02:39:47 +0000] "HEAD /etapa-porto-maravilha-2025 HTTP/1.1" 301 - "-" "Mozilla/5.0 AppleWebKit/537.36 (KHTML, like Gecko); compatible; ShapBot/0.1.0"
162.241.176.232 - - [16/Jun/2026:02:39:49 +0000] "POST /wp-cron.php?doing_wp_cron=1781577589.3511459827423095703125 HTTP/1.1" 404 16000 "-" "WordPress/6.9.4; https://www.circuitorioantigo.com.br"
162.241.176.232 - - [16/Jun/2026:02:39:49 +0000] "POST /wp-cron.php?doing_wp_cron=1781577589.2463190555572509765625 HTTP/1.1" 404 15678 "-" "WordPress/6.9.4; https://www.circuitorioantigo.com.br"
162.241.176.232 - - [16/Jun/2026:02:39:49 +0000] "POST /wp-cron.php?doing_wp_cron=1781577589.3524029254913330078125 HTTP/1.1" 404 16000 "-" "WordPress/6.9.4; https://www.circuitorioantigo.com.br"
162.241.176.232 - - [16/Jun/2026:02:39:49 +0000] "POST /wp-cron.php?doing_wp_cron=1781577589.2870240211486816406250 HTTP/1.1" 404 15678 "-" "WordPress/6.9.4; https://www.circuitorioantigo.com.br"
34.173.239.49 - - [16/Jun/2026:02:39:50 +0000] "HEAD /etapa-nova-iguacu-2025 HTTP/1.1" 301 - "-" "Mozilla/5.0 AppleWebKit/537.36 (KHTML, like Gecko); compatible; ShapBot/0.1.0"
34.173.239.49 - - [16/Jun/2026:02:39:50 +0000] "HEAD /etapa-volta-redonda-2025 HTTP/1.1" 301 - "-" "Mozilla/5.0 AppleWebKit/537.36 (KHTML, like Gecko); compatible; ShapBot/0.1.0"
34.173.239.49 - - [16/Jun/2026:02:39:50 +0000] "HEAD /etapa-porto-maravilha-2025 HTTP/1.1" 301 - "-" "Mozilla/5.0 AppleWebKit/537.36 (KHTML, like Gecko); compatible; ShapBot/0.1.0"
34.173.239.49 - - [16/Jun/2026:02:39:51 +0000] "HEAD /etapa-volta-redonda-2025/ HTTP/1.1" 200 - "-" "Mozilla/5.0 AppleWebKit/537.36 (KHTML, like Gecko); compatible; ShapBot/0.1.0"
34.173.239.49 - - [16/Jun/2026:02:39:51 +0000] "HEAD /etapa-porto-maravilha-2025/ HTTP/1.1" 200 - "-" "Mozilla/5.0 AppleWebKit/537.36 (KHTML, like Gecko); compatible; ShapBot/0.1.0"
34.173.239.49 - - [16/Jun/2026:02:39:51 +0000] "HEAD /etapa-nova-iguacu-2025/ HTTP/1.1" 200 - "-" "Mozilla/5.0 AppleWebKit/537.36 (KHTML, like Gecko); compatible; ShapBot/0.1.0"
34.173.239.49 - - [16/Jun/2026:02:39:52 +0000] "GET /etapa-volta-redonda-2025 HTTP/1.1" 301 - "-" "Mozilla/5.0 AppleWebKit/537.36 (KHTML, like Gecko); compatible; ShapBot/0.1.0"
34.173.239.49 - - [16/Jun/2026:02:39:52 +0000] "GET /etapa-porto-maravilha-2025 HTTP/1.1" 301 - "-" "Mozilla/5.0 AppleWebKit/537.36 (KHTML, like Gecko); compatible; ShapBot/0.1.0"
34.173.239.49 - - [16/Jun/2026:02:39:53 +0000] "GET /etapa-nova-iguacu-2025 HTTP/1.1" 301 - "-" "Mozilla/5.0 AppleWebKit/537.36 (KHTML, like Gecko); compatible; ShapBot/0.1.0"
34.173.239.49 - - [16/Jun/2026:02:39:53 +0000] "GET /etapa-porto-maravilha-2025/ HTTP/1.1" 200 127335 "-" "Mozilla/5.0 AppleWebKit/537.36 (KHTML, like Gecko); compatible; ShapBot/0.1.0"
34.173.239.49 - - [16/Jun/2026:02:39:53 +0000] "GET /etapa-volta-redonda-2025/ HTTP/1.1" 200 123747 "-" "Mozilla/5.0 AppleWebKit/537.36 (KHTML, like Gecko); compatible; ShapBot/0.1.0"
34.173.239.49 - - [16/Jun/2026:02:39:53 +0000] "GET /etapa-nova-iguacu-2025/ HTTP/1.1" 200 134524 "-" "Mozilla/5.0 AppleWebKit/537.36 (KHTML, like Gecko); compatible; ShapBot/0.1.0"
177.145.38.254 - - [16/Jun/2026:02:40:56 +0000] "GET /wp-content/plugins/LayerSlider/assets/static/layerslider/css/layerslider.css?ver=7.9.7 HTTP/1.1" 200 29430 "https://www.circuitorioantigo.com.br/" "Mozilla/5.0 (Windows NT 10.0; Win64; x64) AppleWebKit/537.36 (KHTML, like Gecko) Chrome/149.0.0.0 Safari/537.36"
177.145.38.254 - - [16/Jun/2026:02:40:56 +0000] "GET /wp-content/themes/thegem/css/thegem-preloader.css?ver=5.5.0 HTTP/1.1" 200 4203 "https://www.circuitorioantigo.com.br/" "Mozilla/5.0 (Windows NT 10.0; Win64; x64) AppleWebKit/537.36 (KHTML, like Gecko) Chrome/149.0.0.0 Safari/537.36"
177.145.38.254 - - [16/Jun/2026:02:40:56 +0000] "GET /wp-content/themes/thegem/css/thegem-grid.css?ver=5.5.0 HTTP/1.1" 200 10841 "https://www.circuitorioantigo.com.br/" "Mozilla/5.0 (Windows NT 10.0; Win64; x64) AppleWebKit/537.36 (KHTML, like Gecko) Chrome/149.0.0.0 Safari/537.36"
177.145.38.254 - - [16/Jun/2026:02:40:56 +0000] "GET /wp-content/themes/thegem/css/thegem-reset.css?ver=5.5.0 HTTP/1.1" 200 4099 "https://www.circuitorioantigo.com.br/" "Mozilla/5.0 (Windows NT 10.0; Win64; x64) AppleWebKit/537.36 (KHTML, like Gecko) Chrome/149.0.0.0 Safari/537.36"
177.145.38.254 - - [16/Jun/2026:02:40:56 +0000] "GET /wp-content/themes/thegem-child/style.css?ver=5.5.0 HTTP/1.1" 200 528 "https://www.circuitorioantigo.com.br/" "Mozilla/5.0 (Windows NT 10.0; Win64; x64) AppleWebKit/537.36 (KHTML, like Gecko) Chrome/149.0.0.0 Safari/537.36"
177.145.38.254 - - [16/Jun/2026:02:40:56 +0000] "GET /wp-content/themes/thegem/css/thegem-new-css.css?ver=5.5.0 HTTP/1.1" 200 51283 "https://www.circuitorioantigo.com.br/" "Mozilla/5.0 (Windows NT 10.0; Win64; x64) AppleWebKit/537.36 (KHTML, like Gecko) Chrome/149.0.0.0 Safari/537.36"
177.145.38.254 - - [16/Jun/2026:02:40:56 +0000] "GET /wp-content/themes/thegem/css/thegem-perevazka-css.css?ver=5.5.0 HTTP/1.1" 200 18210 "https://www.circuitorioantigo.com.br/" "Mozilla/5.0 (Windows NT 10.0; Win64; x64) AppleWebKit/537.36 (KHTML, like Gecko) Chrome/149.0.0.0 Safari/537.36"
177.145.38.254 - - [16/Jun/2026:02:40:54 +0000] "GET / HTTP/1.1" 200 87693 "https://br.search.yahoo.com/" "Mozilla/5.0 (Windows NT 10.0; Win64; x64) AppleWebKit/537.36 (KHTML, like Gecko) Chrome/149.0.0.0 Safari/537.36"
162.241.176.232 - - [16/Jun/2026:02:40:56 +0000] "POST /wp-cron.php?doing_wp_cron=1781577656.0291309356689453125000 HTTP/1.1" 404 15678 "-" "WordPress/6.9.4; https://www.circuitorioantigo.com.br"
177.145.38.254 - - [16/Jun/2026:02:40:56 +0000] "GET /wp-content/themes/thegem/style.css?ver=5.5.0 HTTP/1.1" 200 199352 "https://www.circuitorioantigo.com.br/" "Mozilla/5.0 (Windows NT 10.0; Win64; x64) AppleWebKit/537.36 (KHTML, like Gecko) Chrome/149.0.0.0 Safari/537.36"
177.145.38.254 - - [16/Jun/2026:02:40:56 +0000] "GET /wp-content/themes/thegem-child/css/custom-LKGqBkp6.css?ver=5.5.0 HTTP/1.1" 200 248018 "https://www.circuitorioantigo.com.br/" "Mozilla/5.0 (Windows NT 10.0; Win64; x64) AppleWebKit/537.36 (KHTML, like Gecko) Chrome/149.0.0.0 Safari/537.36"
177.145.38.254 - - [16/Jun/2026:02:40:57 +0000] "GET /wp-content/plugins/js_composer/assets/css/js_composer.min.css?ver=7.3 HTTP/1.1" 200 464841 "https://www.circuitorioantigo.com.br/" "Mozilla/5.0 (Windows NT 10.0; Win64; x64) AppleWebKit/537.36 (KHTML, like Gecko) Chrome/149.0.0.0 Safari/537.36"
177.145.38.254 - - [16/Jun/2026:02:40:57 +0000] "GET /wp-content/themes/thegem/css/thegem-js_composer_columns.css?ver=5.5.0 HTTP/1.1" 200 960 "https://www.circuitorioantigo.com.br/" "Mozilla/5.0 (Windows NT 10.0; Win64; x64) AppleWebKit/537.36 (KHTML, like Gecko) Chrome/149.0.0.0 Safari/537.36"
177.145.38.254 - - [16/Jun/2026:02:40:57 +0000] "GET /wp-content/themes/thegem/css/thegem-additional-blog-1.css?ver=5.5.0 HTTP/1.1" 200 7476 "https://www.circuitorioantigo.com.br/" "Mozilla/5.0 (Windows NT 10.0; Win64; x64) AppleWebKit/537.36 (KHTML, like Gecko) Chrome/149.0.0.0 Safari/537.36"
177.145.38.254 - - [16/Jun/2026:02:40:56 +0000] "GET /wp-content/themes/thegem/css/thegem-widgets.css?ver=5.5.0 HTTP/1.1" 200 75796 "https://www.circuitorioantigo.com.br/" "Mozilla/5.0 (Windows NT 10.0; Win64; x64) AppleWebKit/537.36 (KHTML, like Gecko) Chrome/149.0.0.0 Safari/537.36"
177.145.38.254 - - [16/Jun/2026:02:40:57 +0000] "GET /wp-content/themes/thegem/js/fancyBox/jquery.fancybox.min.css?ver=5.5.0 HTTP/1.1" 200 12795 "https://www.circuitorioantigo.com.br/" "Mozilla/5.0 (Windows NT 10.0; Win64; x64) AppleWebKit/537.36 (KHTML, like Gecko) Chrome/149.0.0.0 Safari/537.36"
177.145.38.254 - - [16/Jun/2026:02:40:57 +0000] "GET /wp-content/themes/thegem/css/thegem-vc_elements.css?ver=5.5.0 HTTP/1.1" 200 6408 "https://www.circuitorioantigo.com.br/" "Mozilla/5.0 (Windows NT 10.0; Win64; x64) AppleWebKit/537.36 (KHTML, like Gecko) Chrome/149.0.0.0 Safari/537.36"
177.145.38.254 - - [16/Jun/2026:02:40:57 +0000] "GET /wp-content/plugins/contact-form-7/includes/css/styles.css?ver=5.6.1 HTTP/1.1" 200 2731 "https://www.circuitorioantigo.com.br/" "Mozilla/5.0 (Windows NT 10.0; Win64; x64) AppleWebKit/537.36 (KHTML, like Gecko) Chrome/149.0.0.0 Safari/537.36"
177.145.38.254 - - [16/Jun/2026:02:40:57 +0000] "GET /wp-content/plugins/go_pricing/assets/css/go_pricing_styles.css?ver=3.3.14 HTTP/1.1" 200 72083 "https://www.circuitorioantigo.com.br/" "Mozilla/5.0 (Windows NT 10.0; Win64; x64) AppleWebKit/537.36 (KHTML, like Gecko) Chrome/149.0.0.0 Safari/537.36"
177.145.38.254 - - [16/Jun/2026:02:40:57 +0000] "GET /wp-content/plugins/mailchimp-for-wp/assets/css/form-themes.css?ver=4.9.11 HTTP/1.1" 200 6739 "https://www.circuitorioantigo.com.br/" "Mozilla/5.0 (Windows NT 10.0; Win64; x64) AppleWebKit/537.36 (KHTML, like Gecko) Chrome/149.0.0.0 Safari/537.36"
177.145.38.254 - - [16/Jun/2026:02:40:57 +0000] "GET /wp-content/plugins/jetpack/css/jetpack.css?ver=13.0.1 HTTP/1.1" 200 101629 "https://www.circuitorioantigo.com.br/" "Mozilla/5.0 (Windows NT 10.0; Win64; x64) AppleWebKit/537.36 (KHTML, like Gecko) Chrome/149.0.0.0 Safari/537.36"
177.145.38.254 - - [16/Jun/2026:02:40:57 +0000] "GET /wp-content/plugins/js_composer/assets/lib/bower/animate-css/animate.min.css?ver=7.3 HTTP/1.1" 200 16177 "https://www.circuitorioantigo.com.br/" "Mozilla/5.0 (Windows NT 10.0; Win64; x64) AppleWebKit/537.36 (KHTML, like Gecko) Chrome/149.0.0.0 Safari/537.36"
177.145.38.254 - - [16/Jun/2026:02:40:57 +0000] "GET /wp-content/themes/thegem/css/odometer-theme-default.css?ver=5.5.0 HTTP/1.1" 200 3987 "https://www.circuitorioantigo.com.br/" "Mozilla/5.0 (Windows NT 10.0; Win64; x64) AppleWebKit/537.36 (KHTML, like Gecko) Chrome/149.0.0.0 Safari/537.36"
177.145.38.254 - - [16/Jun/2026:02:40:57 +0000] "GET /wp-content/themes/thegem/css/thegem-lazy-loading-animations.css?ver=5.5.0 HTTP/1.1" 200 8168 "https://www.circuitorioantigo.com.br/" "Mozilla/5.0 (Windows NT 10.0; Win64; x64) AppleWebKit/537.36 (KHTML, like Gecko) Chrome/149.0.0.0 Safari/537.36"
177.145.38.254 - - [16/Jun/2026:02:40:57 +0000] "GET /wp-content/themes/thegem/css/icons-material.css?ver=5.5.0 HTTP/1.1" 200 65157 "https://www.circuitorioantigo.com.br/" "Mozilla/5.0 (Windows NT 10.0; Win64; x64) AppleWebKit/537.36 (KHTML, like Gecko) Chrome/149.0.0.0 Safari/537.36"
177.145.38.254 - - [16/Jun/2026:02:40:57 +0000] "GET /wp-content/themes/thegem/css/icons-thegem-header.css?ver=5.5.0 HTTP/1.1" 200 13765 "https://www.circuitorioantigo.com.br/" "Mozilla/5.0 (Windows NT 10.0; Win64; x64) AppleWebKit/537.36 (KHTML, like Gecko) Chrome/149.0.0.0 Safari/537.36"
