74.7.227.29 - - [16/Jun/2026:03:35:06 +0000] "GET /pf/architecture-project/ HTTP/1.1" 200 92216 "https://www.circuitorioantigo.com.br/pf/clean-minimalism/" "Mozilla/5.0 AppleWebKit/537.36 (KHTML, like Gecko; compatible; GPTBot/1.4; +https://openai.com/gptbot)"
74.7.227.29 - - [16/Jun/2026:03:35:08 +0000] "GET /wp-json/oembed/1.0/embed?url=https%3A%2F%2Fwww.circuitorioantigo.com.br%2Fpf%2Farchitecture-project%2F HTTP/1.1" 200 2531 "https://www.circuitorioantigo.com.br/pf/architecture-project/" "Mozilla/5.0 AppleWebKit/537.36 (KHTML, like Gecko; compatible; GPTBot/1.4; +https://openai.com/gptbot)"
74.7.227.29 - - [16/Jun/2026:03:35:09 +0000] "GET /pf/villa-for-rent/ HTTP/1.1" 200 115940 "https://www.circuitorioantigo.com.br/pf/architecture-project/" "Mozilla/5.0 AppleWebKit/537.36 (KHTML, like Gecko; compatible; GPTBot/1.4; +https://openai.com/gptbot)"
74.7.227.29 - - [16/Jun/2026:03:35:11 +0000] "GET /wp-json/oembed/1.0/embed?format=xml&url=https%3A%2F%2Fwww.circuitorioantigo.com.br%2Fpf%2Farchitecture-project%2F HTTP/1.1" 200 2715 "https://www.circuitorioantigo.com.br/pf/architecture-project/" "Mozilla/5.0 AppleWebKit/537.36 (KHTML, like Gecko; compatible; GPTBot/1.4; +https://openai.com/gptbot)"
74.7.227.29 - - [16/Jun/2026:03:35:11 +0000] "GET /wp-json/oembed/1.0/embed?url=https%3A%2F%2Fwww.circuitorioantigo.com.br%2Fpf%2Fvilla-for-rent%2F HTTP/1.1" 200 2499 "https://www.circuitorioantigo.com.br/pf/villa-for-rent/" "Mozilla/5.0 AppleWebKit/537.36 (KHTML, like Gecko; compatible; GPTBot/1.4; +https://openai.com/gptbot)"
74.7.227.29 - - [16/Jun/2026:03:35:12 +0000] "GET /pf/real-estate-02/ HTTP/1.1" 200 111627 "https://www.circuitorioantigo.com.br/pf/villa-for-rent/" "Mozilla/5.0 AppleWebKit/537.36 (KHTML, like Gecko; compatible; GPTBot/1.4; +https://openai.com/gptbot)"
74.7.227.29 - - [16/Jun/2026:03:35:14 +0000] "GET /wp-json/oembed/1.0/embed?format=xml&url=https%3A%2F%2Fwww.circuitorioantigo.com.br%2Fpf%2Fvilla-for-rent%2F HTTP/1.1" 200 2687 "https://www.circuitorioantigo.com.br/pf/villa-for-rent/" "Mozilla/5.0 AppleWebKit/537.36 (KHTML, like Gecko; compatible; GPTBot/1.4; +https://openai.com/gptbot)"
74.7.227.29 - - [16/Jun/2026:03:35:15 +0000] "GET /pf/architecture-project-2/ HTTP/1.1" 200 91300 "https://www.circuitorioantigo.com.br/pf/real-estate-02/" "Mozilla/5.0 AppleWebKit/537.36 (KHTML, like Gecko; compatible; GPTBot/1.4; +https://openai.com/gptbot)"
74.7.227.29 - - [16/Jun/2026:03:35:16 +0000] "GET /wp-json/oembed/1.0/embed?url=https%3A%2F%2Fwww.circuitorioantigo.com.br%2Fpf%2Freal-estate-02%2F HTTP/1.1" 200 2499 "https://www.circuitorioantigo.com.br/pf/real-estate-02/" "Mozilla/5.0 AppleWebKit/537.36 (KHTML, like Gecko; compatible; GPTBot/1.4; +https://openai.com/gptbot)"
74.7.227.29 - - [16/Jun/2026:03:35:17 +0000] "GET /wp-json/oembed/1.0/embed?format=xml&url=https%3A%2F%2Fwww.circuitorioantigo.com.br%2Fpf%2Freal-estate-02%2F HTTP/1.1" 200 2687 "https://www.circuitorioantigo.com.br/pf/real-estate-02/" "Mozilla/5.0 AppleWebKit/537.36 (KHTML, like Gecko; compatible; GPTBot/1.4; +https://openai.com/gptbot)"
74.7.227.29 - - [16/Jun/2026:03:35:18 +0000] "GET /wp-json/oembed/1.0/embed?url=https%3A%2F%2Fwww.circuitorioantigo.com.br%2Fpf%2Farchitecture-project-2%2F HTTP/1.1" 200 2530 "https://www.circuitorioantigo.com.br/pf/architecture-project-2/" "Mozilla/5.0 AppleWebKit/537.36 (KHTML, like Gecko; compatible; GPTBot/1.4; +https://openai.com/gptbot)"
74.7.227.29 - - [16/Jun/2026:03:35:19 +0000] "GET /wp-json/oembed/1.0/embed?format=xml&url=https%3A%2F%2Fwww.circuitorioantigo.com.br%2Fpf%2Farchitecture-project-2%2F HTTP/1.1" 200 2714 "https://www.circuitorioantigo.com.br/pf/architecture-project-2/" "Mozilla/5.0 AppleWebKit/537.36 (KHTML, like Gecko; compatible; GPTBot/1.4; +https://openai.com/gptbot)"
66.249.79.199 - - [16/Jun/2026:03:36:00 +0000] "GET /wp-content/plugins/jetpack/css/jetpack.css?ver=13.0.1 HTTP/1.1" 200 101629 "https://www.circuitorioantigo.com.br/pages/contact-us/contact-us-02/" "Mozilla/5.0 (Linux; Android 6.0.1; Nexus 5X Build/MMB29P) AppleWebKit/537.36 (KHTML, like Gecko) Chrome/148.0.7778.96 Mobile Safari/537.36 (compatible; Googlebot/2.1; +http://www.google.com/bot.html)"
68.183.22.192 - - [16/Jun/2026:03:36:07 +0000] "GET /wp-login.php HTTP/1.1" 200 11856 "-" "Mozilla/5.0 (X11; Ubuntu; Linux x86_64; rv:133.0) Gecko/20100101 Firefox/133.0"
68.183.22.192 - - [16/Jun/2026:03:36:08 +0000] "POST /wp-login.php HTTP/1.1" 200 11856 "https://circuitorioantigo.com.br/wp-login.php" "Mozilla/5.0 (X11; Ubuntu; Linux x86_64; rv:133.0) Gecko/20100101 Firefox/133.0"
162.241.176.232 - - [16/Jun/2026:03:36:14 +0000] "POST /wp-cron.php?doing_wp_cron=1781580974.6158590316772460937500 HTTP/1.1" 404 16000 "-" "WordPress/6.9.4; https://www.circuitorioantigo.com.br"
66.249.79.198 - - [16/Jun/2026:03:36:13 +0000] "GET /wp-json/contact-form-7/v1/contact-forms/13123/feedback/schema HTTP/1.1" 200 358 "https://www.circuitorioantigo.com.br/pages/contact-us/contact-us-02/" "Mozilla/5.0 (Linux; Android 6.0.1; Nexus 5X Build/MMB29P) AppleWebKit/537.36 (KHTML, like Gecko) Chrome/148.0.7778.96 Mobile Safari/537.36 (compatible; Googlebot/2.1; +http://www.google.com/bot.html)"
188.240.191.168 - - [16/Jun/2026:03:36:29 +0000] "GET /wp-json/wp/v2/users/me HTTP/1.1" 401 114 "-" "Mozilla/5.0 (Windows NT 10.0; Win64; x64) AppleWebKit/537.36 (KHTML, like Gecko) Chrome/133.0.0.0 Safari/537.36 Edg/133.0.0.0"
190.107.92.55 - - [16/Jun/2026:03:36:40 +0000] "GET /etapa-porto-maravilha-2025/ HTTP/1.1" 200 127335 "https://www.google.com/" "Mozilla/5.0 (Linux; Android 10; K) AppleWebKit/537.36 (KHTML, like Gecko) Chrome/149.0.0.0 Mobile Safari/537.36"
190.107.92.55 - - [16/Jun/2026:03:36:41 +0000] "GET /wp-content/uploads/thegem-logos/logo_6a158fe81161548481d3edd20289cd29_2x.png HTTP/1.1" 200 23039 "https://www.circuitorioantigo.com.br/etapa-porto-maravilha-2025/" "Mozilla/5.0 (Linux; Android 10; K) AppleWebKit/537.36 (KHTML, like Gecko) Chrome/149.0.0.0 Mobile Safari/537.36"
190.107.92.55 - - [16/Jun/2026:03:36:42 +0000] "GET /wp-content/uploads/thegem-logos/logo_d1048ece1d9073975ef87e0acba7b348_2x.png HTTP/1.1" 200 183 "https://www.circuitorioantigo.com.br/etapa-porto-maravilha-2025/" "Mozilla/5.0 (Linux; Android 10; K) AppleWebKit/537.36 (KHTML, like Gecko) Chrome/149.0.0.0 Mobile Safari/537.36"
190.107.92.55 - - [16/Jun/2026:03:36:42 +0000] "GET /wp-content/plugins/jetpack/jetpack_vendor/automattic/jetpack-connection/dist/tracks-callables.js?minify=false&ver=d9dbf909a3d10fb26f39 HTTP/1.1" 304 - "https://www.circuitorioantigo.com.br/etapa-porto-maravilha-2025/" "Mozilla/5.0 (Linux; Android 10; K) AppleWebKit/537.36 (KHTML, like Gecko) Chrome/149.0.0.0 Mobile Safari/537.36"
190.107.92.55 - - [16/Jun/2026:03:36:42 +0000] "GET /wp-content/themes/thegem/js/vc-accordion.js?ver=7.3 HTTP/1.1" 200 17271 "https://www.circuitorioantigo.com.br/etapa-porto-maravilha-2025/" "Mozilla/5.0 (Linux; Android 10; K) AppleWebKit/537.36 (KHTML, like Gecko) Chrome/149.0.0.0 Mobile Safari/537.36"
190.107.92.55 - - [16/Jun/2026:03:36:42 +0000] "GET /wp-content/plugins/js_composer/assets/lib/vc-tta-autoplay/vc-tta-autoplay.min.js?ver=7.3 HTTP/1.1" 200 2545 "https://www.circuitorioantigo.com.br/etapa-porto-maravilha-2025/" "Mozilla/5.0 (Linux; Android 10; K) AppleWebKit/537.36 (KHTML, like Gecko) Chrome/149.0.0.0 Mobile Safari/537.36"
190.107.92.55 - - [16/Jun/2026:03:36:41 +0000] "GET /wp-content/plugins/js_composer/assets/css/js_composer_tta.min.css?ver=7.3 HTTP/1.1" 200 273142 "https://www.circuitorioantigo.com.br/etapa-porto-maravilha-2025/" "Mozilla/5.0 (Linux; Android 10; K) AppleWebKit/537.36 (KHTML, like Gecko) Chrome/149.0.0.0 Mobile Safari/537.36"
190.107.92.55 - - [16/Jun/2026:03:36:42 +0000] "GET /wp-content/themes/thegem/js/jquery.waypoints.js?ver=5.5.0 HTTP/1.1" 200 20631 "https://www.circuitorioantigo.com.br/etapa-porto-maravilha-2025/" "Mozilla/5.0 (Linux; Android 10; K) AppleWebKit/537.36 (KHTML, like Gecko) Chrome/149.0.0.0 Mobile Safari/537.36"
190.107.92.55 - - [16/Jun/2026:03:36:42 +0000] "GET /wp-content/themes/thegem/js/thegem-stickyColumn.js?ver=5.5.0 HTTP/1.1" 200 2910 "https://www.circuitorioantigo.com.br/etapa-porto-maravilha-2025/" "Mozilla/5.0 (Linux; Android 10; K) AppleWebKit/537.36 (KHTML, like Gecko) Chrome/149.0.0.0 Mobile Safari/537.36"
190.107.92.55 - - [16/Jun/2026:03:36:42 +0000] "GET /wp-content/themes/thegem/js/thegem-parallax-footer.js?ver=5.5.0 HTTP/1.1" 200 622 "https://www.circuitorioantigo.com.br/etapa-porto-maravilha-2025/" "Mozilla/5.0 (Linux; Android 10; K) AppleWebKit/537.36 (KHTML, like Gecko) Chrome/149.0.0.0 Mobile Safari/537.36"
190.107.92.55 - - [16/Jun/2026:03:36:42 +0000] "GET /wp-content/plugins/akismet/_inc/akismet-frontend.js?ver=1777917086 HTTP/1.1" 200 11388 "https://www.circuitorioantigo.com.br/etapa-porto-maravilha-2025/" "Mozilla/5.0 (Linux; Android 10; K) AppleWebKit/537.36 (KHTML, like Gecko) Chrome/149.0.0.0 Mobile Safari/537.36"
190.107.92.55 - - [16/Jun/2026:03:36:42 +0000] "GET /site/wp-content/themes/thegem/fonts/montserrat-ultralight.woff HTTP/1.1" 200 54036 "https://www.circuitorioantigo.com.br/wp-content/themes/thegem-child/css/custom-LKGqBkp6.css?ver=5.5.0" "Mozilla/5.0 (Linux; Android 10; K) AppleWebKit/537.36 (KHTML, like Gecko) Chrome/149.0.0.0 Mobile Safari/537.36"
190.107.92.55 - - [16/Jun/2026:03:36:42 +0000] "GET /wp-content/plugins/elfsight-instagram-feed-cc/assets/elfsight-instagram-feed.js?ver=4.0.2 HTTP/1.1" 200 378786 "https://www.circuitorioantigo.com.br/etapa-porto-maravilha-2025/" "Mozilla/5.0 (Linux; Android 10; K) AppleWebKit/537.36 (KHTML, like Gecko) Chrome/149.0.0.0 Mobile Safari/537.36"
190.107.92.55 - - [16/Jun/2026:03:36:42 +0000] "GET /site/wp-content/uploads/2022/08/back2-2.jpg?id=25192 HTTP/1.1" 200 106083 "https://www.circuitorioantigo.com.br/etapa-porto-maravilha-2025/" "Mozilla/5.0 (Linux; Android 10; K) AppleWebKit/537.36 (KHTML, like Gecko) Chrome/149.0.0.0 Mobile Safari/537.36"
190.107.92.55 - - [16/Jun/2026:03:36:42 +0000] "GET /wp-json/contact-form-7/v1/contact-forms/13123/feedback/schema HTTP/1.1" 200 358 "https://www.circuitorioantigo.com.br/etapa-porto-maravilha-2025/" "Mozilla/5.0 (Linux; Android 10; K) AppleWebKit/537.36 (KHTML, like Gecko) Chrome/149.0.0.0 Mobile Safari/537.36"
190.107.92.55 - - [16/Jun/2026:03:36:43 +0000] "GET /wp-json/contact-form-7/v1/contact-forms/13123/refill HTTP/1.1" 200 2 "https://www.circuitorioantigo.com.br/etapa-porto-maravilha-2025/" "Mozilla/5.0 (Linux; Android 10; K) AppleWebKit/537.36 (KHTML, like Gecko) Chrome/149.0.0.0 Mobile Safari/537.36"
190.107.92.55 - - [16/Jun/2026:03:36:43 +0000] "GET /wp-json/elfsight-instagram-feed/api/facebook?q=17841400178264463%2Fmedia%3Ffields%3Dcaption%252Ccomments_count%252Cid%252Clike_count%252Cmedia_type%252Cmedia_url%252Cpermalink%252Cthumbnail_url%252Ctimestamp%252Cusername%252Cchildren%257Bmedia_type%252Cmedia_url%252Cthumbnail_url%257D&user_id=17841400178264463 HTTP/1.1" 200 201 "https://www.circuitorioantigo.com.br/etapa-porto-maravilha-2025/" "Mozilla/5.0 (Linux; Android 10; K) AppleWebKit/537.36 (KHTML, like Gecko) Chrome/149.0.0.0 Mobile Safari/537.36"
43.130.150.80 - - [16/Jun/2026:03:36:45 +0000] "GET / HTTP/1.1" 200 87707 "http://circuitorioantigo.com.br" "Mozilla/5.0 (iPhone; CPU iPhone OS 13_2_3 like Mac OS X) AppleWebKit/605.1.15 (KHTML, like Gecko) Version/13.0.3 Mobile/15E148 Safari/604.1"
162.241.176.232 - - [16/Jun/2026:03:37:55 +0000] "POST /wp-cron.php?doing_wp_cron=1781581075.3844380378723144531250 HTTP/1.1" 404 58105 "-" "WordPress/6.9.4; https://www.circuitorioantigo.com.br"
114.119.139.185 - - [16/Jun/2026:03:37:54 +0000] "GET /image-sitemap-1.xml HTTP/1.1" 200 219992 "https://www.circuitorioantigo.com.br/image-sitemap-1.xml" "Mozilla/5.0 (Linux; Android 8.0.0; SM-G955U Build/R16NW) AppleWebKit/537.36 (KHTML, like Gecko) Chrome/148.0.0.0 Mobile Safari/537.36"
192.0.112.113 - - [16/Jun/2026:03:38:23 +0000] "GET /site/wp-content/uploads/2016/01/logo.png HTTP/1.1" 200 1717 "-" "Photon/1.0"
40.88.21.235 - - [16/Jun/2026:03:43:03 +0000] "GET / HTTP/1.1" 200 87710 "http://www.circuitorioantigo.com.br" "DuckDuckBot/1.1; (+http://duckduckgo.com/duckduckbot.html)"
40.88.21.235 - - [16/Jun/2026:03:43:04 +0000] "GET /site/wp-content/uploads/fbrfg/favicon-32x32.png HTTP/1.1" 200 2049 "-" "DuckDuckBot/1.1; (+http://duckduckgo.com/duckduckbot.html)"
78.142.18.172 - - [16/Jun/2026:03:43:46 +0000] "GET /wp-login.php HTTP/1.1" 200 11856 "-" "Mozilla/5.0 (Macintosh; Intel Mac OS X 11_7_10) AppleWebKit/537.36 (KHTML, like Gecko) Chrome/133.0.0.0 Safari/537.36"
78.142.18.172 - - [16/Jun/2026:03:43:47 +0000] "POST /wp-login.php HTTP/1.1" 200 11856 "https://circuitorioantigo.com.br/wp-login.php" "Mozilla/5.0 (Macintosh; Intel Mac OS X 11_7_10) AppleWebKit/537.36 (KHTML, like Gecko) Chrome/133.0.0.0 Safari/537.36"
216.73.216.90 - - [16/Jun/2026:03:45:23 +0000] "GET /robots.txt HTTP/1.1" 200 307 "-" "Mozilla/5.0 AppleWebKit/537.36 (KHTML, like Gecko; compatible; ClaudeBot/1.0; +claudebot@anthropic.com)"
162.241.176.232 - - [16/Jun/2026:03:45:25 +0000] "POST /wp-cron.php?doing_wp_cron=1781581525.5214700698852539062500 HTTP/1.1" 404 15678 "-" "WordPress/6.9.4; https://www.circuitorioantigo.com.br"
216.73.216.90 - - [16/Jun/2026:03:45:26 +0000] "GET /sitemap.xml HTTP/1.1" 200 652 "-" "Mozilla/5.0 AppleWebKit/537.36 (KHTML, like Gecko; compatible; ClaudeBot/1.0; +claudebot@anthropic.com)"
154.37.220.39 - - [16/Jun/2026:03:46:10 +0000] "POST /wp-comments-post.php HTTP/1.1" 404 58105 "-" "Mozilla/5.0 (Windows NT 10.0; Win64; x64) AppleWebKit/537.36 (KHTML, like Gecko) Chrome/120.0.0.0 Safari/537.36"
154.37.220.39 - - [16/Jun/2026:03:46:13 +0000] "POST /wp-comments-post.php HTTP/1.1" 404 58105 "-" "Mozilla/5.0 (Windows NT 10.0; Win64; x64) AppleWebKit/537.36 (KHTML, like Gecko) Chrome/120.0.0.0 Safari/537.36"
154.37.220.39 - - [16/Jun/2026:03:46:15 +0000] "POST /wp-comments-post.php HTTP/1.1" 404 58105 "-" "Mozilla/5.0 (Windows NT 10.0; Win64; x64) AppleWebKit/537.36 (KHTML, like Gecko) Chrome/120.0.0.0 Safari/537.36"
154.37.220.39 - - [16/Jun/2026:03:46:22 +0000] "POST /wp-comments-post.php HTTP/1.1" 404 58105 "-" "Mozilla/5.0 (Windows NT 10.0; Win64; x64) AppleWebKit/537.36 (KHTML, like Gecko) Chrome/120.0.0.0 Safari/537.36"
162.241.176.232 - - [16/Jun/2026:03:46:25 +0000] "POST /wp-cron.php?doing_wp_cron=1781581585.8432810306549072265625 HTTP/1.1" 404 58105 "-" "WordPress/6.9.4; https://www.circuitorioantigo.com.br"
154.37.220.39 - - [16/Jun/2026:03:46:24 +0000] "POST /wp-comments-post.php HTTP/1.1" 404 58105 "-" "Mozilla/5.0 (Windows NT 10.0; Win64; x64) AppleWebKit/537.36 (KHTML, like Gecko) Chrome/120.0.0.0 Safari/537.36"
154.37.220.39 - - [16/Jun/2026:03:46:30 +0000] "POST /wp-comments-post.php HTTP/1.1" 404 58105 "-" "Mozilla/5.0 (Windows NT 10.0; Win64; x64) AppleWebKit/537.36 (KHTML, like Gecko) Chrome/120.0.0.0 Safari/537.36"
154.37.220.39 - - [16/Jun/2026:03:46:33 +0000] "POST /wp-comments-post.php HTTP/1.1" 404 58105 "-" "Mozilla/5.0 (Windows NT 10.0; Win64; x64) AppleWebKit/537.36 (KHTML, like Gecko) Chrome/120.0.0.0 Safari/537.36"
154.37.220.39 - - [16/Jun/2026:03:46:39 +0000] "POST /wp-comments-post.php HTTP/1.1" 404 58105 "-" "Mozilla/5.0 (Windows NT 10.0; Win64; x64) AppleWebKit/537.36 (KHTML, like Gecko) Chrome/120.0.0.0 Safari/537.36"
114.119.134.1 - - [16/Jun/2026:03:48:46 +0000] "GET /2016/04/22/easy-to-use-gallery-system-2/ HTTP/1.1" 200 146211 "https://www.circuitorioantigo.com.br/2016/03/29/sticky-blog-post-4/" "Mozilla/5.0 (Linux; Android 7.0;) AppleWebKit/537.36 (HTML, like Gecko) Mobile Safari/537.36 (compatible; PetalBot;+https://webmaster.petalsearch.com/site/petalbot)"
66.132.186.164 - - [16/Jun/2026:03:48:53 +0000] "GET / HTTP/1.1" 200 87713 "-" "Mozilla/5.0 (compatible; CensysInspect/1.1; +https://about.censys.io/)"
66.132.186.164 - - [16/Jun/2026:03:49:10 +0000] "GET /site/wp-content/uploads/fbrfg/favicon-32x32.png HTTP/1.1" 200 2049 "-" "Mozilla/5.0 (compatible; CensysInspect/1.1; +https://about.censys.io/)"
66.132.186.164 - - [16/Jun/2026:03:49:21 +0000] "GET /site/wp-content/uploads/fbrfg/favicon.ico HTTP/1.1" 200 15086 "-" "Mozilla/5.0 (compatible; CensysInspect/1.1; +https://about.censys.io/)"
162.241.176.232 - - [16/Jun/2026:03:49:30 +0000] "POST /wp-cron.php?doing_wp_cron=1781581770.4700820446014404296875 HTTP/1.1" 404 58105 "-" "WordPress/6.9.4; https://www.circuitorioantigo.com.br"
52.167.144.179 - - [16/Jun/2026:03:49:29 +0000] "GET /sitemap_index.xml HTTP/1.1" 200 1133 "-" "Mozilla/5.0 AppleWebKit/537.36 (KHTML, like Gecko; compatible; bingbot/2.0; +http://www.bing.com/bingbot.htm) Chrome/116.0.1938.76 Safari/537.36"
216.73.216.90 - - [16/Jun/2026:03:49:56 +0000] "GET /sitemap_index.xml HTTP/1.1" 200 1133 "-" "Mozilla/5.0 AppleWebKit/537.36 (KHTML, like Gecko; compatible; ClaudeBot/1.0; +claudebot@anthropic.com)"
185.177.9.161 - - [16/Jun/2026:03:52:12 +0000] "GET /wp-login.php HTTP/1.1" 200 11856 "-" "Mozilla/5.0 (Windows NT 10.0; Win64; x64) AppleWebKit/537.36 (KHTML, like Gecko) Chrome/133.0.0.0 Safari/537.36 Edg/133.0.0.0"
185.177.9.161 - - [16/Jun/2026:03:52:13 +0000] "POST /wp-login.php HTTP/1.1" 200 11856 "https://circuitorioantigo.com.br/wp-login.php" "Mozilla/5.0 (Windows NT 10.0; Win64; x64) AppleWebKit/537.36 (KHTML, like Gecko) Chrome/133.0.0.0 Safari/537.36 Edg/133.0.0.0"
162.241.176.232 - - [16/Jun/2026:03:52:24 +0000] "POST /wp-cron.php?doing_wp_cron=1781581944.7483708858489990234375 HTTP/1.1" 404 58105 "-" "WordPress/6.9.4; https://www.circuitorioantigo.com.br"
216.73.216.90 - - [16/Jun/2026:03:52:23 +0000] "GET /news-sitemap.xml HTTP/1.1" 200 495 "-" "Mozilla/5.0 AppleWebKit/537.36 (KHTML, like Gecko; compatible; ClaudeBot/1.0; +claudebot@anthropic.com)"
20.235.243.154 - - [16/Jun/2026:03:52:53 +0000] "GET /wp-admin/upgrade.php?_wp_http_referer=%2Fwp-admin%2Fnetwork%2F HTTP/1.1" 404 58104 "binance.com" "Mozilla/5.0 (Windows NT 10.0; Win64; x64) AppleWebKit/537.36 (KHTML, like Gecko) Chrome/90.0.4430.85 Safari/537.36"
20.235.243.154 - - [16/Jun/2026:03:53:01 +0000] "GET /wp-admin/upgrade.php?_wp_http_referer=%2Fwp-admin%2Fuser%2F HTTP/1.1" 404 58104 "binance.com" "Mozilla/5.0 (Windows NT 10.0; Win64; x64) AppleWebKit/537.36 (KHTML, like Gecko) Chrome/90.0.4430.85 Safari/537.36"
205.205.38.2 - - [16/Jun/2026:03:55:17 +0000] "GET /wp-content/plugins/LayerSlider/assets/static/layerslider/css/layerslider.css?ver=7.9.7 HTTP/1.1" 200 29430 "https://www.circuitorioantigo.com.br/resultados/" "Mozilla/5.0 (Macintosh; Intel Mac OS X 10.15; rv:151.0) Gecko/20100101 Firefox/151.0"
204.101.48.166 - - [16/Jun/2026:03:55:17 +0000] "GET /wp-content/themes/thegem/css/thegem-reset.css?ver=5.5.0 HTTP/1.1" 200 4099 "https://www.circuitorioantigo.com.br/resultados/" "Mozilla/5.0 (Macintosh; Intel Mac OS X 10.15; rv:151.0) Gecko/20100101 Firefox/151.0"
204.101.48.166 - - [16/Jun/2026:03:55:17 +0000] "GET /wp-content/themes/thegem/css/thegem-grid.css?ver=5.5.0 HTTP/1.1" 200 10841 "https://www.circuitorioantigo.com.br/resultados/" "Mozilla/5.0 (Macintosh; Intel Mac OS X 10.15; rv:151.0) Gecko/20100101 Firefox/151.0"
205.205.38.2 - - [16/Jun/2026:03:55:17 +0000] "GET /wp-content/themes/thegem-child/style.css?ver=5.5.0 HTTP/1.1" 200 528 "https://www.circuitorioantigo.com.br/resultados/" "Mozilla/5.0 (Macintosh; Intel Mac OS X 10.15; rv:151.0) Gecko/20100101 Firefox/151.0"
205.205.38.2 - - [16/Jun/2026:03:55:17 +0000] "GET /wp-content/themes/thegem/css/thegem-preloader.css?ver=5.5.0 HTTP/1.1" 200 4203 "https://www.circuitorioantigo.com.br/resultados/" "Mozilla/5.0 (Macintosh; Intel Mac OS X 10.15; rv:151.0) Gecko/20100101 Firefox/151.0"
204.101.48.166 - - [16/Jun/2026:03:55:17 +0000] "GET /wp-content/themes/thegem/css/thegem-widgets.css?ver=5.5.0 HTTP/1.1" 200 75796 "https://www.circuitorioantigo.com.br/resultados/" "Mozilla/5.0 (Macintosh; Intel Mac OS X 10.15; rv:151.0) Gecko/20100101 Firefox/151.0"
204.101.48.166 - - [16/Jun/2026:03:55:17 +0000] "GET /wp-content/themes/thegem/css/thegem-new-css.css?ver=5.5.0 HTTP/1.1" 200 51283 "https://www.circuitorioantigo.com.br/resultados/" "Mozilla/5.0 (Macintosh; Intel Mac OS X 10.15; rv:151.0) Gecko/20100101 Firefox/151.0"
205.205.38.2 - - [16/Jun/2026:03:55:17 +0000] "GET /wp-content/themes/thegem/css/thegem-perevazka-css.css?ver=5.5.0 HTTP/1.1" 200 18210 "https://www.circuitorioantigo.com.br/resultados/" "Mozilla/5.0 (Macintosh; Intel Mac OS X 10.15; rv:151.0) Gecko/20100101 Firefox/151.0"
205.205.38.2 - - [16/Jun/2026:03:55:17 +0000] "GET /wp-content/themes/thegem/style.css?ver=5.5.0 HTTP/1.1" 200 199352 "https://www.circuitorioantigo.com.br/resultados/" "Mozilla/5.0 (Macintosh; Intel Mac OS X 10.15; rv:151.0) Gecko/20100101 Firefox/151.0"
205.205.38.2 - - [16/Jun/2026:03:55:17 +0000] "GET /wp-content/themes/thegem-child/css/custom-LKGqBkp6.css?ver=5.5.0 HTTP/1.1" 200 248018 "https://www.circuitorioantigo.com.br/resultados/" "Mozilla/5.0 (Macintosh; Intel Mac OS X 10.15; rv:151.0) Gecko/20100101 Firefox/151.0"
205.205.38.2 - - [16/Jun/2026:03:55:17 +0000] "GET /wp-content/themes/thegem/css/thegem-js_composer_columns.css?ver=5.5.0 HTTP/1.1" 200 960 "https://www.circuitorioantigo.com.br/resultados/" "Mozilla/5.0 (Macintosh; Intel Mac OS X 10.15; rv:151.0) Gecko/20100101 Firefox/151.0"
204.101.48.166 - - [16/Jun/2026:03:55:17 +0000] "GET /wp-content/themes/thegem/css/thegem-additional-blog-1.css?ver=5.5.0 HTTP/1.1" 200 7476 "https://www.circuitorioantigo.com.br/resultados/" "Mozilla/5.0 (Macintosh; Intel Mac OS X 10.15; rv:151.0) Gecko/20100101 Firefox/151.0"
204.101.48.166 - - [16/Jun/2026:03:55:17 +0000] "GET /wp-content/plugins/js_composer/assets/css/js_composer.min.css?ver=7.3 HTTP/1.1" 200 464841 "https://www.circuitorioantigo.com.br/resultados/" "Mozilla/5.0 (Macintosh; Intel Mac OS X 10.15; rv:151.0) Gecko/20100101 Firefox/151.0"
205.205.38.2 - - [16/Jun/2026:03:55:17 +0000] "GET /wp-content/themes/thegem/js/fancyBox/jquery.fancybox.min.css?ver=5.5.0 HTTP/1.1" 200 12795 "https://www.circuitorioantigo.com.br/resultados/" "Mozilla/5.0 (Macintosh; Intel Mac OS X 10.15; rv:151.0) Gecko/20100101 Firefox/151.0"
204.101.48.166 - - [16/Jun/2026:03:55:17 +0000] "GET /wp-includes/css/dist/block-library/style.min.css?ver=6.9.4 HTTP/1.1" 200 119358 "https://www.circuitorioantigo.com.br/resultados/" "Mozilla/5.0 (Macintosh; Intel Mac OS X 10.15; rv:151.0) Gecko/20100101 Firefox/151.0"
205.205.38.2 - - [16/Jun/2026:03:55:17 +0000] "GET /wp-content/themes/thegem/css/thegem-vc_elements.css?ver=5.5.0 HTTP/1.1" 200 6408 "https://www.circuitorioantigo.com.br/resultados/" "Mozilla/5.0 (Macintosh; Intel Mac OS X 10.15; rv:151.0) Gecko/20100101 Firefox/151.0"
205.205.38.2 - - [16/Jun/2026:03:55:17 +0000] "GET /wp-content/plugins/contact-form-7/includes/css/styles.css?ver=5.6.1 HTTP/1.1" 200 2731 "https://www.circuitorioantigo.com.br/resultados/" "Mozilla/5.0 (Macintosh; Intel Mac OS X 10.15; rv:151.0) Gecko/20100101 Firefox/151.0"
205.205.38.2 - - [16/Jun/2026:03:55:17 +0000] "GET /wp-content/plugins/go_pricing/assets/css/go_pricing_styles.css?ver=3.3.14 HTTP/1.1" 200 72083 "https://www.circuitorioantigo.com.br/resultados/" "Mozilla/5.0 (Macintosh; Intel Mac OS X 10.15; rv:151.0) Gecko/20100101 Firefox/151.0"
205.205.38.2 - - [16/Jun/2026:03:55:17 +0000] "GET /wp-content/plugins/mailchimp-for-wp/assets/css/form-themes.css?ver=4.9.11 HTTP/1.1" 200 6739 "https://www.circuitorioantigo.com.br/resultados/" "Mozilla/5.0 (Macintosh; Intel Mac OS X 10.15; rv:151.0) Gecko/20100101 Firefox/151.0"
205.205.38.2 - - [16/Jun/2026:03:55:17 +0000] "GET /wp-content/plugins/jetpack/css/jetpack.css?ver=13.0.1 HTTP/1.1" 200 101629 "https://www.circuitorioantigo.com.br/resultados/" "Mozilla/5.0 (Macintosh; Intel Mac OS X 10.15; rv:151.0) Gecko/20100101 Firefox/151.0"
204.101.48.166 - - [16/Jun/2026:03:55:17 +0000] "GET /wp-includes/js/jquery/jquery.min.js?ver=3.7.1 HTTP/1.1" 200 87553 "https://www.circuitorioantigo.com.br/resultados/" "Mozilla/5.0 (Macintosh; Intel Mac OS X 10.15; rv:151.0) Gecko/20100101 Firefox/151.0"
205.205.38.2 - - [16/Jun/2026:03:55:17 +0000] "GET /wp-includes/js/jquery/jquery-migrate.min.js?ver=3.4.1 HTTP/1.1" 200 13577 "https://www.circuitorioantigo.com.br/resultados/" "Mozilla/5.0 (Macintosh; Intel Mac OS X 10.15; rv:151.0) Gecko/20100101 Firefox/151.0"
204.101.48.166 - - [16/Jun/2026:03:55:17 +0000] "GET /wp-content/plugins/zilla-likes/scripts/zilla-likes.js?ver=6.9.4 HTTP/1.1" 200 860 "https://www.circuitorioantigo.com.br/resultados/" "Mozilla/5.0 (Macintosh; Intel Mac OS X 10.15; rv:151.0) Gecko/20100101 Firefox/151.0"
205.205.38.2 - - [16/Jun/2026:03:55:17 +0000] "GET /wp-content/plugins/advanced-iframe/js/ai.min.js?ver=380743 HTTP/1.1" 200 89201 "https://www.circuitorioantigo.com.br/resultados/" "Mozilla/5.0 (Macintosh; Intel Mac OS X 10.15; rv:151.0) Gecko/20100101 Firefox/151.0"
205.205.38.2 - - [16/Jun/2026:03:55:17 +0000] "GET /wp-content/plugins/jetpack/jetpack_vendor/automattic/jetpack-connection/dist/tracks-callables.js?minify=false&ver=d9dbf909a3d10fb26f39 HTTP/1.1" 200 1075 "https://www.circuitorioantigo.com.br/resultados/" "Mozilla/5.0 (Macintosh; Intel Mac OS X 10.15; rv:151.0) Gecko/20100101 Firefox/151.0"
204.101.48.166 - - [16/Jun/2026:03:55:17 +0000] "GET /wp-content/themes/thegem/js/thegem-form-elements.js?ver=5.5.0 HTTP/1.1" 200 1787 "https://www.circuitorioantigo.com.br/resultados/" "Mozilla/5.0 (Macintosh; Intel Mac OS X 10.15; rv:151.0) Gecko/20100101 Firefox/151.0"
204.101.48.166 - - [16/Jun/2026:03:55:17 +0000] "GET /wp-content/themes/thegem/js/SmoothScroll.js?ver=5.5.0 HTTP/1.1" 200 23338 "https://www.circuitorioantigo.com.br/resultados/" "Mozilla/5.0 (Macintosh; Intel Mac OS X 10.15; rv:151.0) Gecko/20100101 Firefox/151.0"
205.205.38.2 - - [16/Jun/2026:03:55:17 +0000] "GET /wp-content/themes/thegem/js/jquery.easing.js?ver=5.5.0 HTTP/1.1" 200 4198 "https://www.circuitorioantigo.com.br/resultados/" "Mozilla/5.0 (Macintosh; Intel Mac OS X 10.15; rv:151.0) Gecko/20100101 Firefox/151.0"
204.101.48.166 - - [16/Jun/2026:03:55:17 +0000] "GET /wp-content/themes/thegem/js/functions.js?ver=5.5.0 HTTP/1.1" 200 21139 "https://www.circuitorioantigo.com.br/resultados/" "Mozilla/5.0 (Macintosh; Intel Mac OS X 10.15; rv:151.0) Gecko/20100101 Firefox/151.0"
204.101.48.166 - - [16/Jun/2026:03:55:18 +0000] "GET /wp-content/themes/thegem/js/fancyBox/jquery.fancybox-init.js?ver=5.5.0 HTTP/1.1" 200 2429 "https://www.circuitorioantigo.com.br/resultados/" "Mozilla/5.0 (Macintosh; Intel Mac OS X 10.15; rv:151.0) Gecko/20100101 Firefox/151.0"
205.205.38.2 - - [16/Jun/2026:03:55:18 +0000] "GET /wp-content/themes/thegem/js/fancyBox/jquery.mousewheel.pack.js?ver=5.5.0 HTTP/1.1" 200 1396 "https://www.circuitorioantigo.com.br/resultados/" "Mozilla/5.0 (Macintosh; Intel Mac OS X 10.15; rv:151.0) Gecko/20100101 Firefox/151.0"
205.205.38.2 - - [16/Jun/2026:03:55:18 +0000] "GET /wp-content/themes/thegem/js/fancyBox/jquery.fancybox.min.js?ver=5.5.0 HTTP/1.1" 200 68253 "https://www.circuitorioantigo.com.br/resultados/" "Mozilla/5.0 (Macintosh; Intel Mac OS X 10.15; rv:151.0) Gecko/20100101 Firefox/151.0"
205.205.38.2 - - [16/Jun/2026:03:55:18 +0000] "GET /wp-content/plugins/jetpack/jetpack_vendor/automattic/jetpack-image-cdn/dist/image-cdn.js?minify=false&ver=132249e245926ae3e188 HTTP/1.1" 200 701 "https://www.circuitorioantigo.com.br/resultados/" "Mozilla/5.0 (Macintosh; Intel Mac OS X 10.15; rv:151.0) Gecko/20100101 Firefox/151.0"
204.101.48.166 - - [16/Jun/2026:03:55:18 +0000] "GET /wp-includes/js/dist/vendor/wp-polyfill.min.js?ver=3.15.0 HTTP/1.1" 200 33548 "https://www.circuitorioantigo.com.br/resultados/" "Mozilla/5.0 (Macintosh; Intel Mac OS X 10.15; rv:151.0) Gecko/20100101 Firefox/151.0"
204.101.48.166 - - [16/Jun/2026:03:55:18 +0000] "GET /wp-content/themes/thegem/js/jquery.parallaxVertical.js?ver=5.5.0 HTTP/1.1" 200 6033 "https://www.circuitorioantigo.com.br/resultados/" "Mozilla/5.0 (Macintosh; Intel Mac OS X 10.15; rv:151.0) Gecko/20100101 Firefox/151.0"
205.205.38.2 - - [16/Jun/2026:03:55:18 +0000] "GET /wp-content/plugins/go_pricing/assets/js/go_pricing_scripts.js?ver=3.3.14 HTTP/1.1" 200 23561 "https://www.circuitorioantigo.com.br/resultados/" "Mozilla/5.0 (Macintosh; Intel Mac OS X 10.15; rv:151.0) Gecko/20100101 Firefox/151.0"
205.205.38.2 - - [16/Jun/2026:03:55:18 +0000] "GET /wp-content/plugins/contact-form-7/includes/js/index.js?ver=5.6.1 HTTP/1.1" 200 21904 "https://www.circuitorioantigo.com.br/resultados/" "Mozilla/5.0 (Macintosh; Intel Mac OS X 10.15; rv:151.0) Gecko/20100101 Firefox/151.0"
205.205.38.2 - - [16/Jun/2026:03:55:18 +0000] "GET /wp-content/plugins/boxzilla/assets/js/script.min.js?ver=3.2.27 HTTP/1.1" 200 15588 "https://www.circuitorioantigo.com.br/resultados/" "Mozilla/5.0 (Macintosh; Intel Mac OS X 10.15; rv:151.0) Gecko/20100101 Firefox/151.0"
204.101.48.166 - - [16/Jun/2026:03:55:18 +0000] "GET /wp-content/plugins/js_composer/assets/js/dist/js_composer_front.min.js?ver=7.3 HTTP/1.1" 200 20757 "https://www.circuitorioantigo.com.br/resultados/" "Mozilla/5.0 (Macintosh; Intel Mac OS X 10.15; rv:151.0) Gecko/20100101 Firefox/151.0"
204.101.48.166 - - [16/Jun/2026:03:55:18 +0000] "GET /wp-content/plugins/mailchimp-for-wp/assets/js/forms.js?ver=4.9.11 HTTP/1.1" 200 6591 "https://www.circuitorioantigo.com.br/resultados/" "Mozilla/5.0 (Macintosh; Intel Mac OS X 10.15; rv:151.0) Gecko/20100101 Firefox/151.0"
205.205.38.2 - - [16/Jun/2026:03:55:18 +0000] "GET /wp-content/themes/thegem/fonts/thegem-icons.woff HTTP/1.1" 200 21584 "https://www.circuitorioantigo.com.br/wp-content/themes/thegem/style.css?ver=5.5.0" "Mozilla/5.0 (Macintosh; Intel Mac OS X 10.15; rv:151.0) Gecko/20100101 Firefox/151.0"
205.205.38.2 - - [16/Jun/2026:03:55:18 +0000] "GET /wp-content/themes/thegem/fonts/thegem-socials.woff HTTP/1.1" 200 36664 "https://www.circuitorioantigo.com.br/wp-content/themes/thegem/style.css?ver=5.5.0" "Mozilla/5.0 (Macintosh; Intel Mac OS X 10.15; rv:151.0) Gecko/20100101 Firefox/151.0"
205.205.38.2 - - [16/Jun/2026:03:55:18 +0000] "GET /site/wp-content/themes/thegem/images/backgrounds/title/13.jpg HTTP/1.1" 200 34876 "https://www.circuitorioantigo.com.br/resultados/" "Mozilla/5.0 (Macintosh; Intel Mac OS X 10.15; rv:151.0) Gecko/20100101 Firefox/151.0"
162.241.176.232 - - [16/Jun/2026:03:55:17 +0000] "POST /wp-cron.php?doing_wp_cron=1781582117.4417829513549804687500 HTTP/1.1" 404 15678 "-" "WordPress/6.9.4; https://www.circuitorioantigo.com.br"
204.101.48.166 - - [16/Jun/2026:03:55:16 +0000] "GET /resultados/ HTTP/1.1" 200 49951 "https://www.google.com/" "Mozilla/5.0 (Macintosh; Intel Mac OS X 10.15; rv:151.0) Gecko/20100101 Firefox/151.0"
204.101.48.166 - - [16/Jun/2026:03:55:18 +0000] "GET /site/wp-content/uploads/fbrfg/apple-touch-icon.png HTTP/1.1" 200 19564 "https://www.circuitorioantigo.com.br/resultados/" "Mozilla/5.0 (Macintosh; Intel Mac OS X 10.15; rv:151.0) Gecko/20100101 Firefox/151.0"
205.205.38.2 - - [16/Jun/2026:03:55:18 +0000] "GET /site/wp-content/uploads/fbrfg/favicon-32x32.png HTTP/1.1" 200 2049 "https://www.circuitorioantigo.com.br/resultados/" "Mozilla/5.0 (Macintosh; Intel Mac OS X 10.15; rv:151.0) Gecko/20100101 Firefox/151.0"
204.101.48.166 - - [16/Jun/2026:03:55:18 +0000] "GET /wp-includes/js/wp-emoji-release.min.js?ver=6.9.4 HTTP/1.1" 200 22762 "https://www.circuitorioantigo.com.br/resultados/" "Mozilla/5.0 (Macintosh; Intel Mac OS X 10.15; rv:151.0) Gecko/20100101 Firefox/151.0"
162.241.176.232 - - [16/Jun/2026:03:57:34 +0000] "POST /wp-cron.php?doing_wp_cron=1781582254.9200119972229003906250 HTTP/1.1" 404 58105 "-" "WordPress/6.9.4; https://www.circuitorioantigo.com.br"
95.108.213.101 - - [16/Jun/2026:03:57:33 +0000] "GET /robots.txt HTTP/1.1" 200 307 "-" "Mozilla/5.0 (compatible; YandexBot/3.0; +http://yandex.com/bots)"
95.108.213.203 - - [16/Jun/2026:03:57:36 +0000] "GET /elements/ HTTP/1.1" 200 59532 "-" "Mozilla/5.0 (compatible; YandexBot/3.0; +http://yandex.com/bots)"
204.101.48.166 - - [16/Jun/2026:03:58:25 +0000] "GET / HTTP/1.1" 200 87714 "https://www.google.com/" "Mozilla/5.0 (Macintosh; Intel Mac OS X 10.15; rv:151.0) Gecko/20100101 Firefox/151.0"
204.101.48.166 - - [16/Jun/2026:03:58:26 +0000] "GET /wp-content/themes/thegem/css/icons-material.css?ver=5.5.0 HTTP/1.1" 200 65157 "https://www.circuitorioantigo.com.br/" "Mozilla/5.0 (Macintosh; Intel Mac OS X 10.15; rv:151.0) Gecko/20100101 Firefox/151.0"
204.101.48.166 - - [16/Jun/2026:03:58:26 +0000] "GET /wp-content/themes/thegem/css/icons-thegem-header.css?ver=5.5.0 HTTP/1.1" 200 13765 "https://www.circuitorioantigo.com.br/" "Mozilla/5.0 (Macintosh; Intel Mac OS X 10.15; rv:151.0) Gecko/20100101 Firefox/151.0"
205.205.38.2 - - [16/Jun/2026:03:58:26 +0000] "GET /wp-content/plugins/js_composer/assets/lib/bower/animate-css/animate.min.css?ver=7.3 HTTP/1.1" 200 16177 "https://www.circuitorioantigo.com.br/" "Mozilla/5.0 (Macintosh; Intel Mac OS X 10.15; rv:151.0) Gecko/20100101 Firefox/151.0"
205.205.38.2 - - [16/Jun/2026:03:58:26 +0000] "GET /wp-content/themes/thegem/css/odometer-theme-default.css?ver=5.5.0 HTTP/1.1" 200 3987 "https://www.circuitorioantigo.com.br/" "Mozilla/5.0 (Macintosh; Intel Mac OS X 10.15; rv:151.0) Gecko/20100101 Firefox/151.0"
205.205.38.2 - - [16/Jun/2026:03:58:26 +0000] "GET /wp-content/themes/thegem/css/thegem-lazy-loading-animations.css?ver=5.5.0 HTTP/1.1" 200 8168 "https://www.circuitorioantigo.com.br/" "Mozilla/5.0 (Macintosh; Intel Mac OS X 10.15; rv:151.0) Gecko/20100101 Firefox/151.0"
204.101.48.166 - - [16/Jun/2026:03:58:26 +0000] "GET /wp-content/themes/thegem/css/icons-elegant.css?ver=5.5.0 HTTP/1.1" 200 18832 "https://www.circuitorioantigo.com.br/" "Mozilla/5.0 (Macintosh; Intel Mac OS X 10.15; rv:151.0) Gecko/20100101 Firefox/151.0"
205.205.38.2 - - [16/Jun/2026:03:58:26 +0000] "GET /wp-content/themes/thegem/js/jquery.dlmenu.js?ver=5.5.0 HTTP/1.1" 200 10120 "https://www.circuitorioantigo.com.br/" "Mozilla/5.0 (Macintosh; Intel Mac OS X 10.15; rv:151.0) Gecko/20100101 Firefox/151.0"
205.205.38.2 - - [16/Jun/2026:03:58:26 +0000] "GET /wp-content/themes/thegem/js/thegem-menu_init.js?ver=5.5.0 HTTP/1.1" 200 40513 "https://www.circuitorioantigo.com.br/" "Mozilla/5.0 (Macintosh; Intel Mac OS X 10.15; rv:151.0) Gecko/20100101 Firefox/151.0"
204.101.48.166 - - [16/Jun/2026:03:58:26 +0000] "GET /wp-content/themes/thegem/js/thegem-header.js?ver=5.5.0 HTTP/1.1" 200 18156 "https://www.circuitorioantigo.com.br/" "Mozilla/5.0 (Macintosh; Intel Mac OS X 10.15; rv:151.0) Gecko/20100101 Firefox/151.0"
204.101.48.166 - - [16/Jun/2026:03:58:26 +0000] "GET /wp-content/themes/thegem/css/thegem-header.css?ver=5.5.0 HTTP/1.1" 200 164080 "https://www.circuitorioantigo.com.br/" "Mozilla/5.0 (Macintosh; Intel Mac OS X 10.15; rv:151.0) Gecko/20100101 Firefox/151.0"
204.101.48.166 - - [16/Jun/2026:03:58:26 +0000] "GET /wp-content/plugins/js_composer/assets/lib/vc_waypoints/vc-waypoints.min.js?ver=7.3 HTTP/1.1" 200 9237 "https://www.circuitorioantigo.com.br/" "Mozilla/5.0 (Macintosh; Intel Mac OS X 10.15; rv:151.0) Gecko/20100101 Firefox/151.0"
205.205.38.2 - - [16/Jun/2026:03:58:26 +0000] "GET /wp-content/themes/thegem/js/odometer.js?ver=5.5.0 HTTP/1.1" 200 21077 "https://www.circuitorioantigo.com.br/" "Mozilla/5.0 (Macintosh; Intel Mac OS X 10.15; rv:151.0) Gecko/20100101 Firefox/151.0"
205.205.38.2 - - [16/Jun/2026:03:58:26 +0000] "GET /wp-content/themes/thegem/js/counters-effects.js?ver=5.5.0 HTTP/1.1" 200 5108 "https://www.circuitorioantigo.com.br/" "Mozilla/5.0 (Macintosh; Intel Mac OS X 10.15; rv:151.0) Gecko/20100101 Firefox/151.0"
204.101.48.166 - - [16/Jun/2026:03:58:26 +0000] "GET /wp-content/themes/thegem/js/thegem-counters.js?ver=5.5.0 HTTP/1.1" 200 1261 "https://www.circuitorioantigo.com.br/" "Mozilla/5.0 (Macintosh; Intel Mac OS X 10.15; rv:151.0) Gecko/20100101 Firefox/151.0"
204.101.48.166 - - [16/Jun/2026:03:58:26 +0000] "GET /wp-content/themes/thegem/js/thegem-lazyLoading.js?ver=5.5.0 HTTP/1.1" 200 12061 "https://www.circuitorioantigo.com.br/" "Mozilla/5.0 (Macintosh; Intel Mac OS X 10.15; rv:151.0) Gecko/20100101 Firefox/151.0"
204.101.48.166 - - [16/Jun/2026:03:58:26 +0000] "GET /wp-content/uploads/thegem-logos/logo_9bd0efd545d2cb70423239cb224db293_2x.png HTTP/1.1" 200 21516 "https://www.circuitorioantigo.com.br/" "Mozilla/5.0 (Macintosh; Intel Mac OS X 10.15; rv:151.0) Gecko/20100101 Firefox/151.0"
205.205.38.2 - - [16/Jun/2026:03:58:26 +0000] "GET /wp-content/uploads/thegem-logos/logo_9bdf2c523176049ebe4920a7a7348556_2x.png HTTP/1.1" 200 21516 "https://www.circuitorioantigo.com.br/" "Mozilla/5.0 (Macintosh; Intel Mac OS X 10.15; rv:151.0) Gecko/20100101 Firefox/151.0"
204.101.48.166 - - [16/Jun/2026:03:58:26 +0000] "GET /wp-content/themes/thegem/fonts/elegant/ElegantIcons.woff HTTP/1.1" 200 63664 "https://www.circuitorioantigo.com.br/wp-content/themes/thegem/css/icons-elegant.css?ver=5.5.0" "Mozilla/5.0 (Macintosh; Intel Mac OS X 10.15; rv:151.0) Gecko/20100101 Firefox/151.0"
204.101.48.166 - - [16/Jun/2026:03:58:26 +0000] "GET /wp-content/themes/thegem/fonts/material/materialdesignicons.woff HTTP/1.1" 200 88492 "https://www.circuitorioantigo.com.br/wp-content/themes/thegem/css/icons-material.css?ver=5.5.0" "Mozilla/5.0 (Macintosh; Intel Mac OS X 10.15; rv:151.0) Gecko/20100101 Firefox/151.0"
205.205.38.2 - - [16/Jun/2026:03:58:26 +0000] "GET /wp-content/themes/thegem/fonts/thegem-header/thegem-header.woff HTTP/1.1" 200 54652 "https://www.circuitorioantigo.com.br/wp-content/themes/thegem/css/icons-thegem-header.css?ver=5.5.0" "Mozilla/5.0 (Macintosh; Intel Mac OS X 10.15; rv:151.0) Gecko/20100101 Firefox/151.0"
204.101.48.166 - - [16/Jun/2026:03:58:26 +0000] "GET /site/wp-content/uploads/2025/12/Rio_Antigo_Porto_339.jpg?id=26553 HTTP/1.1" 200 735721 "https://www.circuitorioantigo.com.br/" "Mozilla/5.0 (Macintosh; Intel Mac OS X 10.15; rv:151.0) Gecko/20100101 Firefox/151.0"
205.205.38.2 - - [16/Jun/2026:03:58:26 +0000] "GET /site/wp-content/uploads/2025/12/Circuito-Rio-Antigo-Nov-25-Foto-Bruno-de-Lima-175-Medio.jpg?id=26559 HTTP/1.1" 200 392945 "https://www.circuitorioantigo.com.br/" "Mozilla/5.0 (Macintosh; Intel Mac OS X 10.15; rv:151.0) Gecko/20100101 Firefox/151.0"
205.205.38.2 - - [16/Jun/2026:03:58:26 +0000] "GET /site/wp-content/uploads/2025/12/Circuito-Rio-Antigo-_NI-Foto-Bruno-de-Lima-163.jpg?id=26555 HTTP/1.1" 200 1240142 "https://www.circuitorioantigo.com.br/" "Mozilla/5.0 (Macintosh; Intel Mac OS X 10.15; rv:151.0) Gecko/20100101 Firefox/151.0"
162.241.176.232 - - [16/Jun/2026:03:59:03 +0000] "POST /wp-cron.php?doing_wp_cron=1781582343.0161569118499755859375 HTTP/1.1" 404 58105 "-" "WordPress/6.9.4; https://www.circuitorioantigo.com.br"
204.101.48.166 - - [16/Jun/2026:03:59:01 +0000] "GET /resultados/ HTTP/1.1" 200 49946 "https://www.google.com/" "Mozilla/5.0 (Macintosh; Intel Mac OS X 10.15; rv:151.0) Gecko/20100101 Firefox/151.0"
154.127.86.8 - - [16/Jun/2026:03:59:35 +0000] "GET /wp-login.php HTTP/1.1" 200 11855 "-" "Mozilla/5.0 (Macintosh; Intel Mac OS X 11_7_10) AppleWebKit/537.36 (KHTML, like Gecko) Chrome/133.0.0.0 Safari/537.36"
154.127.86.8 - - [16/Jun/2026:03:59:37 +0000] "POST /wp-login.php HTTP/1.1" 200 11855 "https://www.circuitorioantigo.com.br/wp-login.php" "Mozilla/5.0 (Macintosh; Intel Mac OS X 11_7_10) AppleWebKit/537.36 (KHTML, like Gecko) Chrome/133.0.0.0 Safari/537.36"
114.119.157.196 - - [16/Jun/2026:03:59:36 +0000] "GET /2014/10/15/blog-post-right-sidebar-2/ HTTP/1.1" 200 151482 "https://www.circuitorioantigo.com.br/category/web/" "Mozilla/5.0 (Linux; Android 7.0;) AppleWebKit/537.36 (HTML, like Gecko) Mobile Safari/537.36 (compatible; PetalBot;+https://webmaster.petalsearch.com/site/petalbot)"
82.223.68.64 - - [16/Jun/2026:04:06:25 +0000] "GET /wp-login.php HTTP/1.1" 200 11855 "-" "Mozilla/5.0 (Windows NT 10.0; Win64; x64) AppleWebKit/537.36 (KHTML, like Gecko) Chrome/133.0.0.0 Safari/537.36 Edg/133.0.0.0"
82.223.68.64 - - [16/Jun/2026:04:06:26 +0000] "POST /wp-login.php HTTP/1.1" 200 11855 "https://circuitorioantigo.com.br/wp-login.php" "Mozilla/5.0 (Windows NT 10.0; Win64; x64) AppleWebKit/537.36 (KHTML, like Gecko) Chrome/133.0.0.0 Safari/537.36 Edg/133.0.0.0"
162.241.176.232 - - [16/Jun/2026:04:06:33 +0000] "POST /wp-cron.php?doing_wp_cron=1781582793.0171470642089843750000 HTTP/1.1" 404 58104 "-" "WordPress/6.9.4; https://www.circuitorioantigo.com.br"
35.254.244.123 - - [16/Jun/2026:04:06:31 +0000] "POST / HTTP/1.1" 200 87784 "https://www.circuitorioantigo.decastilhosports.com.br/" "Mozilla/5.0 (Windows NT 10.0; Win64; x64) AppleWebKit/537.36 (KHTML, like Gecko) Chrome/145.0.0.0 Safari/537.36"
176.61.149.165 - - [16/Jun/2026:04:07:10 +0000] "GET /wp-login.php HTTP/1.1" 200 11857 "-" "Mozilla/5.0 (X11; Linux i686) AppleWebKit/537.36 (KHTML, like Gecko) Chrome/133.0.0.0 Safari/537.36"
176.61.149.165 - - [16/Jun/2026:04:07:13 +0000] "POST /wp-login.php HTTP/1.1" 200 11857 "https://www.circuitorioantigo.com.br/wp-login.php" "Mozilla/5.0 (X11; Linux i686) AppleWebKit/537.36 (KHTML, like Gecko) Chrome/133.0.0.0 Safari/537.36"
162.241.176.232 - - [16/Jun/2026:04:10:22 +0000] "POST /wp-cron.php?doing_wp_cron=1781583022.2224841117858886718750 HTTP/1.1" 404 58105 "-" "WordPress/6.9.4; https://www.circuitorioantigo.com.br"
40.77.167.72 - - [16/Jun/2026:04:10:20 +0000] "GET /news-sitemap.xml HTTP/1.1" 200 495 "-" "Mozilla/5.0 AppleWebKit/537.36 (KHTML, like Gecko; compatible; bingbot/2.0; +http://www.bing.com/bingbot.htm) Chrome/116.0.1938.76 Safari/537.36"
114.119.139.185 - - [16/Jun/2026:04:10:29 +0000] "GET /2014/01/16/sticky-blog-post/?share=facebook HTTP/1.1" 302 - "https://www.circuitorioantigo.com.br/2016/03/21/simple-blog-post-3" "Mozilla/5.0 (Linux; Android 7.0;) AppleWebKit/537.36 (HTML, like Gecko) Mobile Safari/537.36 (compatible; PetalBot;+https://webmaster.petalsearch.com/site/petalbot)"
85.208.96.205 - - [16/Jun/2026:04:10:44 +0000] "GET /category/plannig/ HTTP/1.1" 200 79240 "-" "Mozilla/5.0 (compatible; SemrushBot/7~bl; +http://www.semrush.com/bot.html)"
162.241.176.232 - - [16/Jun/2026:04:11:26 +0000] "POST /wp-cron.php?doing_wp_cron=1781583086.0880239009857177734375 HTTP/1.1" 404 58104 "-" "WordPress/6.9.4; https://www.circuitorioantigo.com.br"
51.75.236.148 - - [16/Jun/2026:04:11:25 +0000] "GET /robots.txt HTTP/1.1" 200 307 "-" "Mozilla/5.0 (compatible; AhrefsBot/7.0; +http://ahrefs.com/robot/)"
51.222.95.42 - - [16/Jun/2026:04:11:28 +0000] "GET /news-sitemap.xml HTTP/1.1" 200 495 "-" "Mozilla/5.0 (compatible; AhrefsBot/7.0; +http://ahrefs.com/robot/)"
162.241.176.232 - - [16/Jun/2026:04:13:03 +0000] "POST /wp-cron.php?doing_wp_cron=1781583183.7486190795898437500000 HTTP/1.1" 404 58105 "-" "WordPress/6.9.4; https://www.circuitorioantigo.com.br"
207.46.13.153 - - [16/Jun/2026:04:13:02 +0000] "GET /etapa-cinelandia-2025/ HTTP/1.1" 200 137333 "-" "Mozilla/5.0 AppleWebKit/537.36 (KHTML, like Gecko; compatible; bingbot/2.0; +http://www.bing.com/bingbot.htm) Chrome/116.0.1938.76 Safari/537.36"
199.45.155.90 - - [16/Jun/2026:04:13:52 +0000] "GET / HTTP/1.1" 301 - "-" "Mozilla/5.0 (compatible; CensysInspect/1.1; +https://about.censys.io/)"
199.45.155.90 - - [16/Jun/2026:04:14:00 +0000] "GET / HTTP/1.1" 200 87712 "-" "Mozilla/5.0 (compatible; CensysInspect/1.1; +https://about.censys.io/)"
199.45.155.90 - - [16/Jun/2026:04:14:09 +0000] "GET /site/wp-content/uploads/fbrfg/apple-touch-icon.png HTTP/1.1" 200 19564 "-" "Mozilla/5.0 (compatible; CensysInspect/1.1; +https://about.censys.io/)"
185.31.65.66 - - [16/Jun/2026:04:14:21 +0000] "GET /wp-login.php HTTP/1.1" 200 11855 "-" "Mozilla/5.0 (X11; Linux x86_64) AppleWebKit/537.36 (KHTML, like Gecko) Chrome/133.0.0.0 Safari/537.36"
185.31.65.66 - - [16/Jun/2026:04:14:23 +0000] "POST /wp-login.php HTTP/1.1" 200 11855 "https://circuitorioantigo.com.br/wp-login.php" "Mozilla/5.0 (X11; Linux x86_64) AppleWebKit/537.36 (KHTML, like Gecko) Chrome/133.0.0.0 Safari/537.36"
199.45.155.90 - - [16/Jun/2026:04:14:25 +0000] "GET /site/wp-content/uploads/fbrfg/favicon.ico HTTP/1.1" 200 15086 "-" "Mozilla/5.0 (compatible; CensysInspect/1.1; +https://about.censys.io/)"
162.241.176.232 - - [16/Jun/2026:04:14:31 +0000] "POST /wp-cron.php?doing_wp_cron=1781583271.9357810020446777343750 HTTP/1.1" 404 58105 "-" "WordPress/6.9.4; https://www.circuitorioantigo.com.br"
199.45.155.90 - - [16/Jun/2026:04:14:30 +0000] "GET /favicon.ico HTTP/1.1" 302 - "-" "Mozilla/5.0 (compatible; CensysInspect/1.1; +https://about.censys.io/)"
144.76.80.54 - - [16/Jun/2026:04:14:37 +0000] "GET /wp-login.php HTTP/1.1" 200 11855 "-" "Mozilla/5.0 (X11; Linux x86_64; rv:133.0) Gecko/20100101 Firefox/133.0"
144.76.80.54 - - [16/Jun/2026:04:14:38 +0000] "POST /wp-login.php HTTP/1.1" 200 11855 "https://www.circuitorioantigo.com.br/wp-login.php" "Mozilla/5.0 (X11; Linux x86_64; rv:133.0) Gecko/20100101 Firefox/133.0"
43.157.175.122 - - [16/Jun/2026:04:14:43 +0000] "GET / HTTP/1.1" 200 87715 "http://www.circuitorioantigo.com.br" "Mozilla/5.0 (iPhone; CPU iPhone OS 13_2_3 like Mac OS X) AppleWebKit/605.1.15 (KHTML, like Gecko) Version/13.0.3 Mobile/15E148 Safari/604.1"
199.45.155.90 - - [16/Jun/2026:04:15:15 +0000] "GET /wp-json/?_fields=name,description,home,gmt_offset,timezone_string,namespaces HTTP/1.1" 200 647 "-" "Mozilla/5.0 (compatible; CensysInspect/1.1; +https://about.censys.io/)"
199.45.155.90 - - [16/Jun/2026:04:15:33 +0000] "GET / HTTP/1.1" 421 362 "-" "Mozilla/5.0 (compatible; CensysInspect/1.1; +https://about.censys.io/)"
162.241.176.232 - - [16/Jun/2026:04:15:47 +0000] "POST /wp-cron.php?doing_wp_cron=1781583347.7661581039428710937500 HTTP/1.1" 404 58105 "-" "WordPress/6.9.4; https://www.circuitorioantigo.com.br"
176.231.66.242 - - [16/Jun/2026:04:15:46 +0000] "GET /2016/03/17/fullwidth-post-sample-5/?share=twitter HTTP/1.1" 302 - "-" "Mozilla/5.0 (Macintosh; Intel Mac OS X 10_13_0) AppleWebKit/537.36 (KHTML, like Gecko) Chrome/67.0.3396.5 Safari/537.36"
37.72.141.141 - - [16/Jun/2026:04:15:52 +0000] "GET / HTTP/1.1" 301 - "-" "Mozilla/5.0 (Windows NT 10.0; Win64; x64) AppleWebKit/537.36 (KHTML, like Gecko) Chrome/120.0.0.0 Safari/537.36"
37.72.141.141 - - [16/Jun/2026:04:15:54 +0000] "GET / HTTP/1.1" 200 87720 "-" "Mozilla/5.0 (Windows NT 10.0; Win64; x64) AppleWebKit/537.36 (KHTML, like Gecko) Chrome/120.0.0.0 Safari/537.36"
20.206.64.115 - - [16/Jun/2026:04:18:12 +0000] "GET /inputs.php HTTP/1.1" 301 - "-" "Mozilla/5.0 (Windows NT 10.0; Win64; x64) AppleWebKit/537.36 (KHTML, like Gecko) Chrome/120.0.0.0 Safari/537.36"
162.241.176.232 - - [16/Jun/2026:04:18:14 +0000] "POST /wp-cron.php?doing_wp_cron=1781583494.8672790527343750000000 HTTP/1.1" 404 58105 "-" "WordPress/6.9.4; https://www.circuitorioantigo.com.br"
20.206.64.115 - - [16/Jun/2026:04:18:14 +0000] "GET /admin.php HTTP/1.1" 301 - "-" "Mozilla/5.0 (Windows NT 10.0; Win64; x64) AppleWebKit/537.36 (KHTML, like Gecko) Chrome/120.0.0.0 Safari/537.36"
20.206.64.115 - - [16/Jun/2026:04:18:15 +0000] "GET /goods.php HTTP/1.1" 301 - "-" "Mozilla/5.0 (Windows NT 10.0; Win64; x64) AppleWebKit/537.36 (KHTML, like Gecko) Chrome/120.0.0.0 Safari/537.36"
20.206.64.115 - - [16/Jun/2026:04:18:16 +0000] "GET /file.php HTTP/1.1" 301 - "-" "Mozilla/5.0 (Windows NT 10.0; Win64; x64) AppleWebKit/537.36 (KHTML, like Gecko) Chrome/120.0.0.0 Safari/537.36"
20.206.64.115 - - [16/Jun/2026:04:18:17 +0000] "GET /adminfuns.php HTTP/1.1" 301 - "-" "Mozilla/5.0 (Windows NT 10.0; Win64; x64) AppleWebKit/537.36 (KHTML, like Gecko) Chrome/120.0.0.0 Safari/537.36"
20.206.64.115 - - [16/Jun/2026:04:18:19 +0000] "GET /404.php HTTP/1.1" 301 - "-" "Mozilla/5.0 (Windows NT 10.0; Win64; x64) AppleWebKit/537.36 (KHTML, like Gecko) Chrome/120.0.0.0 Safari/537.36"
20.206.64.115 - - [16/Jun/2026:04:18:20 +0000] "GET /wk/index.php HTTP/1.1" 301 - "-" "Mozilla/5.0 (Windows NT 10.0; Win64; x64) AppleWebKit/537.36 (KHTML, like Gecko) Chrome/120.0.0.0 Safari/537.36"
20.206.64.115 - - [16/Jun/2026:04:18:20 +0000] "GET /about.php HTTP/1.1" 301 - "-" "Mozilla/5.0 (Windows NT 10.0; Win64; x64) AppleWebKit/537.36 (KHTML, like Gecko) Chrome/120.0.0.0 Safari/537.36"
20.206.64.115 - - [16/Jun/2026:04:18:21 +0000] "GET /term.php HTTP/1.1" 301 - "-" "Mozilla/5.0 (Windows NT 10.0; Win64; x64) AppleWebKit/537.36 (KHTML, like Gecko) Chrome/120.0.0.0 Safari/537.36"
20.206.64.115 - - [16/Jun/2026:04:18:22 +0000] "GET /ioxi-o.php HTTP/1.1" 301 - "-" "Mozilla/5.0 (Windows NT 10.0; Win64; x64) AppleWebKit/537.36 (KHTML, like Gecko) Chrome/120.0.0.0 Safari/537.36"
20.206.64.115 - - [16/Jun/2026:04:18:24 +0000] "GET /1.php HTTP/1.1" 301 - "-" "Mozilla/5.0 (Windows NT 10.0; Win64; x64) AppleWebKit/537.36 (KHTML, like Gecko) Chrome/120.0.0.0 Safari/537.36"
20.206.64.115 - - [16/Jun/2026:04:18:25 +0000] "GET /alfa.php HTTP/1.1" 301 - "-" "Mozilla/5.0 (Windows NT 10.0; Win64; x64) AppleWebKit/537.36 (KHTML, like Gecko) Chrome/120.0.0.0 Safari/537.36"
20.206.64.115 - - [16/Jun/2026:04:18:26 +0000] "GET /edit.php HTTP/1.1" 301 - "-" "Mozilla/5.0 (Windows NT 10.0; Win64; x64) AppleWebKit/537.36 (KHTML, like Gecko) Chrome/120.0.0.0 Safari/537.36"
20.206.64.115 - - [16/Jun/2026:04:18:27 +0000] "GET /elp.php HTTP/1.1" 301 - "-" "Mozilla/5.0 (Windows NT 10.0; Win64; x64) AppleWebKit/537.36 (KHTML, like Gecko) Chrome/120.0.0.0 Safari/537.36"
20.206.64.115 - - [16/Jun/2026:04:18:28 +0000] "GET /classwithtostring.php HTTP/1.1" 301 - "-" "Mozilla/5.0 (Windows NT 10.0; Win64; x64) AppleWebKit/537.36 (KHTML, like Gecko) Chrome/120.0.0.0 Safari/537.36"
20.206.64.115 - - [16/Jun/2026:04:18:29 +0000] "GET /666.php HTTP/1.1" 301 - "-" "Mozilla/5.0 (Windows NT 10.0; Win64; x64) AppleWebKit/537.36 (KHTML, like Gecko) Chrome/120.0.0.0 Safari/537.36"
20.206.64.115 - - [16/Jun/2026:04:18:30 +0000] "GET /wp-admin/ HTTP/1.1" 302 - "-" "Mozilla/5.0 (Windows NT 10.0; Win64; x64) AppleWebKit/537.36 (KHTML, like Gecko) Chrome/120.0.0.0 Safari/537.36"
20.206.64.115 - - [16/Jun/2026:04:18:31 +0000] "GET /ws54.php HTTP/1.1" 301 - "-" "Mozilla/5.0 (Windows NT 10.0; Win64; x64) AppleWebKit/537.36 (KHTML, like Gecko) Chrome/120.0.0.0 Safari/537.36"
