162.241.176.232 - - [15/Jun/2026:23:21:24 +0000] "POST /wp-cron.php?doing_wp_cron=1781565684.8085980415344238281250 HTTP/1.1" 404 58105 "-" "WordPress/6.9.4; https://www.circuitorioantigo.com.br"
114.119.139.185 - - [15/Jun/2026:23:21:23 +0000] "GET /2016/04/18/organizing-your-workspace/ HTTP/1.1" 200 145821 "https://www.circuitorioantigo.com.br/tag/travelling/" "Mozilla/5.0 (Linux; Android 7.0;) AppleWebKit/537.36 (HTML, like Gecko) Mobile Safari/537.36 (compatible; PetalBot;+https://webmaster.petalsearch.com/site/petalbot)"
82.223.101.158 - - [15/Jun/2026:23:22:14 +0000] "GET /wp-login.php HTTP/1.1" 200 11857 "-" "Mozilla/5.0 (X11; CrOS x86_64 14541.0.0) AppleWebKit/537.36 (KHTML, like Gecko) Chrome/133.0.0.0 Safari/537.36"
82.223.101.158 - - [15/Jun/2026:23:22:15 +0000] "POST /wp-login.php HTTP/1.1" 200 11857 "https://circuitorioantigo.com.br/wp-login.php" "Mozilla/5.0 (X11; CrOS x86_64 14541.0.0) AppleWebKit/537.36 (KHTML, like Gecko) Chrome/133.0.0.0 Safari/537.36"
162.241.176.232 - - [15/Jun/2026:23:22:37 +0000] "POST /wp-cron.php?doing_wp_cron=1781565757.0361430644989013671875 HTTP/1.1" 404 58105 "-" "WordPress/6.9.4; https://www.circuitorioantigo.com.br"
66.249.88.224 - - [15/Jun/2026:23:22:36 +0000] "GET /.well-known/traffic-advice HTTP/1.1" 404 58105 "-" "Chrome Privacy Preserving Prefetch Proxy"
162.241.176.232 - - [15/Jun/2026:23:22:37 +0000] "POST /wp-cron.php?doing_wp_cron=1781565757.6964719295501708984375 HTTP/1.1" 404 58105 "-" "WordPress/6.9.4; https://www.circuitorioantigo.com.br"
193.186.4.203 - - [15/Jun/2026:23:22:36 +0000] "GET / HTTP/1.1" 200 87715 "https://www.google.com/" "Mozilla/5.0 (Macintosh; Intel Mac OS X 10_15_7) AppleWebKit/537.36 (KHTML, like Gecko) Chrome/149.0.0.0 Safari/537.36"
168.63.79.147 - - [15/Jun/2026:23:22:38 +0000] "GET /wp-login.php HTTP/1.1" 200 11856 "-" "Mozilla/5.0 (X11; Linux x86_64; rv:133.0) Gecko/20100101 Firefox/133.0"
168.63.79.147 - - [15/Jun/2026:23:22:39 +0000] "POST /wp-login.php HTTP/1.1" 200 11856 "https://www.circuitorioantigo.com.br/wp-login.php" "Mozilla/5.0 (X11; Linux x86_64; rv:133.0) Gecko/20100101 Firefox/133.0"
162.241.176.232 - - [15/Jun/2026:23:24:17 +0000] "POST /wp-cron.php?doing_wp_cron=1781565857.6753089427947998046875 HTTP/1.1" 404 58105 "-" "WordPress/6.9.4; https://www.circuitorioantigo.com.br"
57.141.0.46 - - [15/Jun/2026:23:24:16 +0000] "GET /robots.txt HTTP/1.1" 200 307 "-" "facebookexternalhit/1.1 (+http://www.facebook.com/externalhit_uatext.php)"
57.141.0.21 - - [15/Jun/2026:23:24:18 +0000] "GET /robots.txt HTTP/1.1" 200 307 "-" "facebookexternalhit/1.1 (+http://www.facebook.com/externalhit_uatext.php)"
57.141.0.22 - - [15/Jun/2026:23:24:18 +0000] "GET /robots.txt HTTP/1.1" 200 307 "-" "facebookexternalhit/1.1 (+http://www.facebook.com/externalhit_uatext.php)"
57.141.0.38 - - [15/Jun/2026:23:24:19 +0000] "GET /pf/photography-dark-16/ HTTP/1.1" 200 83149 "-" "meta-externalagent/1.1 (+https://developers.facebook.com/docs/sharing/webmasters/crawler)"
162.241.176.232 - - [15/Jun/2026:23:28:45 +0000] "POST /wp-cron.php?doing_wp_cron=1781566125.0739328861236572265625 HTTP/1.1" 404 58104 "-" "WordPress/6.9.4; https://www.circuitorioantigo.com.br"
4.227.232.143 - - [15/Jun/2026:23:28:44 +0000] "POST / HTTP/1.1" 200 87774 "https://www.circuitorioantigo.decastilhosports.com.br/" "Mozilla/5.0 (Macintosh; Intel Mac OS X 10_15_7) AppleWebKit/537.36 (KHTML, like Gecko) Chrome/146.0.0.0 Safari/537.36"
162.254.36.150 - - [15/Jun/2026:23:30:36 +0000] "GET /wp-login.php HTTP/1.1" 200 11857 "-" "Mozilla/5.0 (Windows NT 10.0; WOW64) AppleWebKit/537.36 (KHTML, like Gecko) Chrome/133.0.0.0 Safari/537.36"
162.254.36.150 - - [15/Jun/2026:23:30:37 +0000] "POST /wp-login.php HTTP/1.1" 200 11857 "https://www.circuitorioantigo.com.br/wp-login.php" "Mozilla/5.0 (Windows NT 10.0; WOW64) AppleWebKit/537.36 (KHTML, like Gecko) Chrome/133.0.0.0 Safari/537.36"
162.241.176.232 - - [15/Jun/2026:23:32:17 +0000] "POST /wp-cron.php?doing_wp_cron=1781566337.1440920829772949218750 HTTP/1.1" 404 58105 "-" "WordPress/6.9.4; https://www.circuitorioantigo.com.br"
114.119.140.115 - - [15/Jun/2026:23:32:16 +0000] "GET /2016/03/18/post-with-gallery-slider-7/?share=facebook HTTP/1.1" 302 - "https://www.circuitorioantigo.com.br/2016/03/15/fullwidth-post/" "Mozilla/5.0 (Linux; Android 7.0;) AppleWebKit/537.36 (HTML, like Gecko) Mobile Safari/537.36 (compatible; PetalBot;+https://webmaster.petalsearch.com/site/petalbot)"
162.241.176.232 - - [15/Jun/2026:23:37:12 +0000] "POST /wp-cron.php?doing_wp_cron=1781566632.3356449604034423828125 HTTP/1.1" 404 58105 "-" "WordPress/6.9.4; https://www.circuitorioantigo.com.br"
66.249.79.199 - - [15/Jun/2026:23:37:11 +0000] "GET /etapa-porto-maravilha-2025/ HTTP/1.1" 200 127344 "-" "Mozilla/5.0 (Linux; Android 6.0.1; Nexus 5X Build/MMB29P) AppleWebKit/537.36 (KHTML, like Gecko) Chrome/148.0.7778.96 Mobile Safari/537.36 (compatible; Googlebot/2.1; +http://www.google.com/bot.html)"
57.141.0.54 - - [15/Jun/2026:23:38:47 +0000] "GET /sitemap.txt HTTP/1.1" 301 - "-" "meta-externalagent/1.1 (+https://developers.facebook.com/docs/sharing/webmasters/crawler)"
162.241.176.232 - - [15/Jun/2026:23:38:48 +0000] "POST /wp-cron.php?doing_wp_cron=1781566728.9558210372924804687500 HTTP/1.1" 404 15678 "-" "WordPress/6.9.4; https://www.circuitorioantigo.com.br"
103.143.207.18 - - [15/Jun/2026:23:39:15 +0000] "GET /wp-login.php HTTP/1.1" 200 11857 "-" "Mozilla/5.0 (X11; Ubuntu; Linux x86_64; rv:133.0) Gecko/20100101 Firefox/133.0"
103.143.207.18 - - [15/Jun/2026:23:39:17 +0000] "POST /wp-login.php HTTP/1.1" 200 11857 "https://circuitorioantigo.com.br/wp-login.php" "Mozilla/5.0 (X11; Ubuntu; Linux x86_64; rv:133.0) Gecko/20100101 Firefox/133.0"
194.163.139.224 - - [15/Jun/2026:23:39:46 +0000] "GET /wp-login.php HTTP/1.1" 200 11858 "-" "Mozilla/5.0 (Windows NT 10.0; Win64; x64) AppleWebKit/537.36 (KHTML, like Gecko) Chrome/133.0.0.0 Safari/537.36 Edg/133.0.0.0"
194.163.139.224 - - [15/Jun/2026:23:39:48 +0000] "POST /wp-login.php HTTP/1.1" 200 11858 "https://www.circuitorioantigo.com.br/wp-login.php" "Mozilla/5.0 (Windows NT 10.0; Win64; x64) AppleWebKit/537.36 (KHTML, like Gecko) Chrome/133.0.0.0 Safari/537.36 Edg/133.0.0.0"
162.241.176.232 - - [15/Jun/2026:23:43:08 +0000] "POST /wp-cron.php?doing_wp_cron=1781566988.8125178813934326171875 HTTP/1.1" 404 58104 "-" "WordPress/6.9.4; https://www.circuitorioantigo.com.br"
114.119.150.248 - - [15/Jun/2026:23:43:07 +0000] "GET /2016/03/15/100-width-galleries-post/?share=twitter HTTP/1.1" 302 - "https://www.circuitorioantigo.com.br/2016/03/17/blog-post-left-sidebar-5" "Mozilla/5.0 (Linux; Android 7.0;) AppleWebKit/537.36 (HTML, like Gecko) Mobile Safari/537.36 (compatible; PetalBot;+https://webmaster.petalsearch.com/site/petalbot)"
162.241.176.232 - - [15/Jun/2026:23:44:41 +0000] "POST /wp-cron.php?doing_wp_cron=1781567081.3886809349060058593750 HTTP/1.1" 404 58104 "-" "WordPress/6.9.4; https://www.circuitorioantigo.com.br"
44.212.106.171 - - [15/Jun/2026:23:44:40 +0000] "GET /wp-json/oembed/1.0/embed?url=https://www.circuitorioantigo.com.br/2014/01/10/single-post/ HTTP/1.1" 200 2636 "-" "Mozilla/5.0 AppleWebKit/537.36 (KHTML, like Gecko; compatible; Amazonbot/0.1; +https://developer.amazon.com/support/amazonbot) Chrome/119.0.6045.214 Safari/537.36"
162.120.186.150 - - [15/Jun/2026:23:45:03 +0000] "GET / HTTP/1.1" 200 87709 "https://www.google.com/" "Mozilla/5.0 (Linux; Android 10; K) AppleWebKit/537.36 (KHTML, like Gecko) Chrome/146.0.0.0 Mobile Safari/537.36"
170.106.72.93 - - [15/Jun/2026:23:46:40 +0000] "GET / HTTP/1.1" 200 87707 "http://circuitorioantigo.com.br" "Mozilla/5.0 (iPhone; CPU iPhone OS 13_2_3 like Mac OS X) AppleWebKit/605.1.15 (KHTML, like Gecko) Version/13.0.3 Mobile/15E148 Safari/604.1"
74.208.140.41 - - [15/Jun/2026:23:46:54 +0000] "GET /wp-login.php HTTP/1.1" 200 11856 "-" "Mozilla/5.0 (Macintosh; Intel Mac OS X 11_7_10) AppleWebKit/537.36 (KHTML, like Gecko) Chrome/133.0.0.0 Safari/537.36"
74.208.140.41 - - [15/Jun/2026:23:46:55 +0000] "POST /wp-login.php HTTP/1.1" 200 11856 "https://circuitorioantigo.com.br/wp-login.php" "Mozilla/5.0 (Macintosh; Intel Mac OS X 11_7_10) AppleWebKit/537.36 (KHTML, like Gecko) Chrome/133.0.0.0 Safari/537.36"
185.31.65.66 - - [15/Jun/2026:23:47:30 +0000] "GET /wp-login.php HTTP/1.1" 200 11855 "-" "Mozilla/5.0 (Macintosh; Intel Mac OS X 10_15_7) AppleWebKit/537.36 (KHTML, like Gecko) Chrome/133.0.0.0 Safari/537.36"
185.31.65.66 - - [15/Jun/2026:23:47:31 +0000] "POST /wp-login.php HTTP/1.1" 200 11855 "https://www.circuitorioantigo.com.br/wp-login.php" "Mozilla/5.0 (Macintosh; Intel Mac OS X 10_15_7) AppleWebKit/537.36 (KHTML, like Gecko) Chrome/133.0.0.0 Safari/537.36"
162.241.176.232 - - [15/Jun/2026:23:50:19 +0000] "POST /wp-cron.php?doing_wp_cron=1781567419.0646300315856933593750 HTTP/1.1" 404 58105 "-" "WordPress/6.9.4; https://www.circuitorioantigo.com.br"
66.249.79.198 - - [15/Jun/2026:23:50:18 +0000] "GET /2016/03/15/blog-post-left-sidebar/?share=facebook HTTP/1.1" 302 - "-" "Mozilla/5.0 (Linux; Android 6.0.1; Nexus 5X Build/MMB29P) AppleWebKit/537.36 (KHTML, like Gecko) Chrome/148.0.7778.96 Mobile Safari/537.36 (compatible; Googlebot/2.1; +http://www.google.com/bot.html)"
52.3.102.51 - - [15/Jun/2026:23:50:28 +0000] "GET /wp-json/oembed/1.0/embed?url=https://www.circuitorioantigo.com.br/2016/03/29/fullwidth-post-sample-7/ HTTP/1.1" 200 2886 "-" "Mozilla/5.0 AppleWebKit/537.36 (KHTML, like Gecko; compatible; Amazonbot/0.1; +https://developer.amazon.com/support/amazonbot) Chrome/119.0.6045.214 Safari/537.36"
52.4.229.9 - - [15/Jun/2026:23:50:32 +0000] "GET /wp-json/oembed/1.0/embed?format=xml&url=https://www.circuitorioantigo.com.br/2016/03/15/post-with-video-lightbox/ HTTP/1.1" 200 2806 "-" "Mozilla/5.0 AppleWebKit/537.36 (KHTML, like Gecko; compatible; Amazonbot/0.1; +https://developer.amazon.com/support/amazonbot) Chrome/119.0.6045.214 Safari/537.36"
54.84.93.8 - - [15/Jun/2026:23:50:36 +0000] "GET /wp-json/oembed/1.0/embed?url=https://www.circuitorioantigo.com.br/2016/03/15/post-with-video-lightbox/ HTTP/1.1" 200 2667 "-" "Mozilla/5.0 AppleWebKit/537.36 (KHTML, like Gecko; compatible; Amazonbot/0.1; +https://developer.amazon.com/support/amazonbot) Chrome/119.0.6045.214 Safari/537.36"
162.241.176.232 - - [15/Jun/2026:23:51:33 +0000] "POST /wp-cron.php?doing_wp_cron=1781567493.9888150691986083984375 HTTP/1.1" 404 58105 "-" "WordPress/6.9.4; https://www.circuitorioantigo.com.br"
40.77.167.32 - - [15/Jun/2026:23:51:33 +0000] "GET /2014/01/16/sticky-blog-post/ HTTP/1.1" 200 143052 "-" "Mozilla/5.0 AppleWebKit/537.36 (KHTML, like Gecko; compatible; bingbot/2.0; +http://www.bing.com/bingbot.htm) Chrome/116.0.1938.76 Safari/537.36"
192.185.4.61 - - [15/Jun/2026:23:53:04 +0000] "GET /wp-login.php HTTP/1.1" 200 11855 "-" "Mozilla/5.0 (Windows NT 10.0; Win64; x64) AppleWebKit/537.36 (KHTML, like Gecko) Chrome/120.0.0.0 Safari/537.36"
162.241.176.232 - - [15/Jun/2026:23:54:01 +0000] "POST /wp-cron.php?doing_wp_cron=1781567641.5683610439300537109375 HTTP/1.1" 404 58104 "-" "WordPress/6.9.4; https://www.circuitorioantigo.com.br"
114.119.140.115 - - [15/Jun/2026:23:54:00 +0000] "GET /2016/03/18/blog-post-left-sidebar-6/?share=facebook HTTP/1.1" 302 - "https://www.circuitorioantigo.com.br/2016/03/18/blog-post-2" "Mozilla/5.0 (Linux; Android 7.0;) AppleWebKit/537.36 (HTML, like Gecko) Mobile Safari/537.36 (compatible; PetalBot;+https://webmaster.petalsearch.com/site/petalbot)"
52.167.144.140 - - [15/Jun/2026:23:54:52 +0000] "GET /site/wp-content/uploads/2016/01/landscape-mountains-nature-mountain-e1454659866539-thegem-gallery-sidebar.jpeg HTTP/1.1" 200 45659 "-" "Mozilla/5.0 AppleWebKit/537.36 (KHTML, like Gecko; compatible; bingbot/2.0; +http://www.bing.com/bingbot.htm) Chrome/116.0.1938.76 Safari/537.36"
185.31.65.66 - - [15/Jun/2026:23:55:07 +0000] "GET /wp-login.php HTTP/1.1" 200 11855 "-" "Mozilla/5.0 (Macintosh; Intel Mac OS X 10_15_7) AppleWebKit/605.1.15 (KHTML, like Gecko) Version/18.3 Safari/605.1.15"
185.31.65.66 - - [15/Jun/2026:23:55:08 +0000] "POST /wp-login.php HTTP/1.1" 200 11855 "https://www.circuitorioantigo.com.br/wp-login.php" "Mozilla/5.0 (Macintosh; Intel Mac OS X 10_15_7) AppleWebKit/605.1.15 (KHTML, like Gecko) Version/18.3 Safari/605.1.15"
162.241.176.232 - - [16/Jun/2026:00:02:42 +0000] "POST /wp-cron.php?doing_wp_cron=1781568162.0127439498901367187500 HTTP/1.1" 404 58104 "-" "WordPress/6.9.4; https://www.circuitorioantigo.com.br"
85.208.96.209 - - [16/Jun/2026:00:02:40 +0000] "GET /elements/counters/ HTTP/1.1" 200 172634 "-" "Mozilla/5.0 (compatible; SemrushBot/7~bl; +http://www.semrush.com/bot.html)"
159.223.76.255 - - [16/Jun/2026:00:02:55 +0000] "GET /wp-login.php HTTP/1.1" 200 11857 "-" "Mozilla/5.0 (X11; Ubuntu; Linux x86_64) AppleWebKit/537.36 (KHTML, like Gecko) Chrome/133.0.0.0 Safari/537.36"
159.223.76.255 - - [16/Jun/2026:00:02:56 +0000] "POST /wp-login.php HTTP/1.1" 200 11857 "https://www.circuitorioantigo.com.br/wp-login.php" "Mozilla/5.0 (X11; Ubuntu; Linux x86_64) AppleWebKit/537.36 (KHTML, like Gecko) Chrome/133.0.0.0 Safari/537.36"
162.241.176.232 - - [16/Jun/2026:00:04:33 +0000] "POST /wp-cron.php?doing_wp_cron=1781568273.2633259296417236328125 HTTP/1.1" 404 58105 "-" "WordPress/6.9.4; https://www.circuitorioantigo.com.br"
66.249.79.198 - - [16/Jun/2026:00:04:31 +0000] "GET /2016/03/23/business-post-7/feed/ HTTP/1.1" 200 931 "-" "Mozilla/5.0 (Linux; Android 6.0.1; Nexus 5X Build/MMB29P) AppleWebKit/537.36 (KHTML, like Gecko) Chrome/148.0.7778.96 Mobile Safari/537.36 (compatible; Googlebot/2.1; +http://www.google.com/bot.html)"
114.119.154.39 - - [16/Jun/2026:00:04:51 +0000] "GET /2015/12/16/single-post-5?share=twitter HTTP/1.1" 302 - "https://www.circuitorioantigo.com.br/2014/03/16/post-with-gallery-slider-3" "Mozilla/5.0 (Linux; Android 7.0;) AppleWebKit/537.36 (HTML, like Gecko) Mobile Safari/537.36 (compatible; PetalBot;+https://webmaster.petalsearch.com/site/petalbot)"
54.84.147.79 - - [16/Jun/2026:00:05:20 +0000] "GET /wp-json/wp/v2/posts/11825 HTTP/1.1" 200 24525 "-" "Mozilla/5.0 AppleWebKit/537.36 (KHTML, like Gecko; compatible; Amazonbot/0.1; +https://developer.amazon.com/support/amazonbot) Chrome/119.0.6045.214 Safari/537.36"
98.156.100.191 - - [16/Jun/2026:00:09:41 +0000] "GET /wp-login.php HTTP/1.1" 200 11857 "-" "Mozilla/5.0 (X11; Ubuntu; Linux x86_64; rv:133.0) Gecko/20100101 Firefox/133.0"
98.156.100.191 - - [16/Jun/2026:00:09:43 +0000] "POST /wp-login.php HTTP/1.1" 200 11857 "https://circuitorioantigo.com.br/wp-login.php" "Mozilla/5.0 (X11; Ubuntu; Linux x86_64; rv:133.0) Gecko/20100101 Firefox/133.0"
83.171.249.194 - - [16/Jun/2026:00:10:05 +0000] "GET /wp-login.php HTTP/1.1" 200 11857 "-" "Mozilla/5.0 (X11; Ubuntu; Linux x86_64; rv:133.0) Gecko/20100101 Firefox/133.0"
83.171.249.194 - - [16/Jun/2026:00:10:06 +0000] "POST /wp-login.php HTTP/1.1" 200 11857 "https://www.circuitorioantigo.com.br/wp-login.php" "Mozilla/5.0 (X11; Ubuntu; Linux x86_64; rv:133.0) Gecko/20100101 Firefox/133.0"
192.185.4.92 - - [16/Jun/2026:00:12:34 +0000] "GET /wp-login.php HTTP/1.1" 200 11855 "-" "Mozilla/5.0 (Windows NT 10.0; Win64; x64) AppleWebKit/537.36 (KHTML, like Gecko) Chrome/120.0.0.0 Safari/537.36"
162.241.176.232 - - [16/Jun/2026:00:13:17 +0000] "POST /wp-cron.php?doing_wp_cron=1781568797.4680449962615966796875 HTTP/1.1" 404 16000 "-" "WordPress/6.9.4; https://www.circuitorioantigo.com.br"
74.125.210.169 - - [16/Jun/2026:00:13:16 +0000] "GET /.well-known/assetlinks.json HTTP/1.1" 404 58105 "-" "GoogleAssociationService"
162.241.176.232 - - [16/Jun/2026:00:13:17 +0000] "POST /wp-cron.php?doing_wp_cron=1781568797.5493791103363037109375 HTTP/1.1" 404 58105 "-" "WordPress/6.9.4; https://www.circuitorioantigo.com.br"
66.249.84.139 - - [16/Jun/2026:00:13:16 +0000] "GET /.well-known/assetlinks.json HTTP/1.1" 404 58105 "-" "GoogleAssociationService"
198.57.247.165 - - [16/Jun/2026:00:15:02 +0000] "GET /wp-login.php HTTP/1.1" 200 11857 "-" "Mozilla/5.0 (Windows NT 10.0; Win64; x64) AppleWebKit/537.36 (KHTML, like Gecko) Chrome/120.0.0.0 Safari/537.36"
162.241.176.232 - - [16/Jun/2026:00:15:06 +0000] "POST /wp-cron.php?doing_wp_cron=1781568906.2919559478759765625000 HTTP/1.1" 404 58105 "-" "WordPress/6.9.4; https://www.circuitorioantigo.com.br"
57.141.0.52 - - [16/Jun/2026:00:15:04 +0000] "GET /page-sitemap.xml HTTP/1.1" 200 68448 "-" "meta-externalagent/1.1 (+https://developers.facebook.com/docs/sharing/webmasters/crawler)"
114.119.156.181 - - [16/Jun/2026:00:15:44 +0000] "GET /2016/03/18/blog-post-right-sidebar-6/?share=twitter HTTP/1.1" 302 - "http://www.circuitorioantigo.com.br/2016/03/18/blog-post-right-sidebar-6" "Mozilla/5.0 (Linux; Android 7.0;) AppleWebKit/537.36 (HTML, like Gecko) Mobile Safari/537.36 (compatible; PetalBot;+https://webmaster.petalsearch.com/site/petalbot)"
82.137.41.8 - - [16/Jun/2026:00:17:38 +0000] "GET /wp-login.php HTTP/1.1" 200 11854 "-" "Mozilla/5.0 (Macintosh; Intel Mac OS X 11_7_10) AppleWebKit/537.36 (KHTML, like Gecko) Chrome/133.0.0.0 Safari/537.36"
82.137.41.8 - - [16/Jun/2026:00:17:39 +0000] "POST /wp-login.php HTTP/1.1" 200 11854 "https://circuitorioantigo.com.br/wp-login.php" "Mozilla/5.0 (Macintosh; Intel Mac OS X 11_7_10) AppleWebKit/537.36 (KHTML, like Gecko) Chrome/133.0.0.0 Safari/537.36"
31.24.44.107 - - [16/Jun/2026:00:18:04 +0000] "GET /wp-login.php HTTP/1.1" 200 11855 "-" "Mozilla/5.0 (Windows NT 10.0) AppleWebKit/537.36 (KHTML, like Gecko) Chrome/133.0.0.0 Safari/537.36"
31.24.44.107 - - [16/Jun/2026:00:18:05 +0000] "POST /wp-login.php HTTP/1.1" 200 11855 "https://www.circuitorioantigo.com.br/wp-login.php" "Mozilla/5.0 (Windows NT 10.0) AppleWebKit/537.36 (KHTML, like Gecko) Chrome/133.0.0.0 Safari/537.36"
146.75.191.41 - - [16/Jun/2026:00:21:24 +0000] "GET / HTTP/1.1" 200 87714 "-" "Mozilla/5.0 (iPhone; CPU iPhone OS 18_7 like Mac OS X) AppleWebKit/605.1.15 (KHTML, like Gecko) Version/26.5 Mobile/15E148 Safari/604.1"
146.75.191.41 - - [16/Jun/2026:00:21:25 +0000] "GET /wp-content/themes/thegem/style.css?ver=5.5.0 HTTP/1.1" 200 199352 "https://www.circuitorioantigo.com.br/" "Mozilla/5.0 (iPhone; CPU iPhone OS 18_7 like Mac OS X) AppleWebKit/605.1.15 (KHTML, like Gecko) Version/26.5 Mobile/15E148 Safari/604.1"
146.75.191.41 - - [16/Jun/2026:00:21:25 +0000] "GET /wp-content/themes/thegem/css/thegem-reset.css?ver=5.5.0 HTTP/1.1" 200 4099 "https://www.circuitorioantigo.com.br/" "Mozilla/5.0 (iPhone; CPU iPhone OS 18_7 like Mac OS X) AppleWebKit/605.1.15 (KHTML, like Gecko) Version/26.5 Mobile/15E148 Safari/604.1"
146.75.191.41 - - [16/Jun/2026:00:21:25 +0000] "GET /wp-content/plugins/LayerSlider/assets/static/layerslider/css/layerslider.css?ver=7.9.7 HTTP/1.1" 200 29430 "https://www.circuitorioantigo.com.br/" "Mozilla/5.0 (iPhone; CPU iPhone OS 18_7 like Mac OS X) AppleWebKit/605.1.15 (KHTML, like Gecko) Version/26.5 Mobile/15E148 Safari/604.1"
146.75.191.41 - - [16/Jun/2026:00:21:25 +0000] "GET /wp-content/themes/thegem/css/thegem-preloader.css?ver=5.5.0 HTTP/1.1" 200 4203 "https://www.circuitorioantigo.com.br/" "Mozilla/5.0 (iPhone; CPU iPhone OS 18_7 like Mac OS X) AppleWebKit/605.1.15 (KHTML, like Gecko) Version/26.5 Mobile/15E148 Safari/604.1"
146.75.191.41 - - [16/Jun/2026:00:21:25 +0000] "GET /wp-content/themes/thegem/css/thegem-grid.css?ver=5.5.0 HTTP/1.1" 200 10841 "https://www.circuitorioantigo.com.br/" "Mozilla/5.0 (iPhone; CPU iPhone OS 18_7 like Mac OS X) AppleWebKit/605.1.15 (KHTML, like Gecko) Version/26.5 Mobile/15E148 Safari/604.1"
146.75.191.41 - - [16/Jun/2026:00:21:25 +0000] "GET /wp-content/themes/thegem-child/style.css?ver=5.5.0 HTTP/1.1" 200 528 "https://www.circuitorioantigo.com.br/" "Mozilla/5.0 (iPhone; CPU iPhone OS 18_7 like Mac OS X) AppleWebKit/605.1.15 (KHTML, like Gecko) Version/26.5 Mobile/15E148 Safari/604.1"
146.75.191.41 - - [16/Jun/2026:00:21:26 +0000] "GET /wp-content/themes/thegem/css/thegem-widgets.css?ver=5.5.0 HTTP/1.1" 200 75796 "https://www.circuitorioantigo.com.br/" "Mozilla/5.0 (iPhone; CPU iPhone OS 18_7 like Mac OS X) AppleWebKit/605.1.15 (KHTML, like Gecko) Version/26.5 Mobile/15E148 Safari/604.1"
146.75.191.41 - - [16/Jun/2026:00:21:26 +0000] "GET /wp-content/themes/thegem/css/thegem-new-css.css?ver=5.5.0 HTTP/1.1" 200 51283 "https://www.circuitorioantigo.com.br/" "Mozilla/5.0 (iPhone; CPU iPhone OS 18_7 like Mac OS X) AppleWebKit/605.1.15 (KHTML, like Gecko) Version/26.5 Mobile/15E148 Safari/604.1"
146.75.191.41 - - [16/Jun/2026:00:21:25 +0000] "GET /wp-content/themes/thegem/css/thegem-header.css?ver=5.5.0 HTTP/1.1" 200 164080 "https://www.circuitorioantigo.com.br/" "Mozilla/5.0 (iPhone; CPU iPhone OS 18_7 like Mac OS X) AppleWebKit/605.1.15 (KHTML, like Gecko) Version/26.5 Mobile/15E148 Safari/604.1"
146.75.191.41 - - [16/Jun/2026:00:21:26 +0000] "GET /wp-content/themes/thegem/css/thegem-perevazka-css.css?ver=5.5.0 HTTP/1.1" 200 18210 "https://www.circuitorioantigo.com.br/" "Mozilla/5.0 (iPhone; CPU iPhone OS 18_7 like Mac OS X) AppleWebKit/605.1.15 (KHTML, like Gecko) Version/26.5 Mobile/15E148 Safari/604.1"
146.75.191.41 - - [16/Jun/2026:00:21:26 +0000] "GET /wp-content/themes/thegem/css/thegem-js_composer_columns.css?ver=5.5.0 HTTP/1.1" 200 960 "https://www.circuitorioantigo.com.br/" "Mozilla/5.0 (iPhone; CPU iPhone OS 18_7 like Mac OS X) AppleWebKit/605.1.15 (KHTML, like Gecko) Version/26.5 Mobile/15E148 Safari/604.1"
146.75.191.41 - - [16/Jun/2026:00:21:26 +0000] "GET /wp-content/themes/thegem/css/thegem-additional-blog-1.css?ver=5.5.0 HTTP/1.1" 200 7476 "https://www.circuitorioantigo.com.br/" "Mozilla/5.0 (iPhone; CPU iPhone OS 18_7 like Mac OS X) AppleWebKit/605.1.15 (KHTML, like Gecko) Version/26.5 Mobile/15E148 Safari/604.1"
146.75.191.41 - - [16/Jun/2026:00:21:26 +0000] "GET /wp-content/themes/thegem/js/fancyBox/jquery.fancybox.min.css?ver=5.5.0 HTTP/1.1" 200 12795 "https://www.circuitorioantigo.com.br/" "Mozilla/5.0 (iPhone; CPU iPhone OS 18_7 like Mac OS X) AppleWebKit/605.1.15 (KHTML, like Gecko) Version/26.5 Mobile/15E148 Safari/604.1"
146.75.191.41 - - [16/Jun/2026:00:21:26 +0000] "GET /wp-content/themes/thegem/css/thegem-vc_elements.css?ver=5.5.0 HTTP/1.1" 200 6408 "https://www.circuitorioantigo.com.br/" "Mozilla/5.0 (iPhone; CPU iPhone OS 18_7 like Mac OS X) AppleWebKit/605.1.15 (KHTML, like Gecko) Version/26.5 Mobile/15E148 Safari/604.1"
146.75.191.41 - - [16/Jun/2026:00:21:26 +0000] "GET /wp-content/themes/thegem-child/css/custom-LKGqBkp6.css?ver=5.5.0 HTTP/1.1" 200 248018 "https://www.circuitorioantigo.com.br/" "Mozilla/5.0 (iPhone; CPU iPhone OS 18_7 like Mac OS X) AppleWebKit/605.1.15 (KHTML, like Gecko) Version/26.5 Mobile/15E148 Safari/604.1"
146.75.191.41 - - [16/Jun/2026:00:21:26 +0000] "GET /wp-includes/css/dist/block-library/style.min.css?ver=6.9.4 HTTP/1.1" 200 119358 "https://www.circuitorioantigo.com.br/" "Mozilla/5.0 (iPhone; CPU iPhone OS 18_7 like Mac OS X) AppleWebKit/605.1.15 (KHTML, like Gecko) Version/26.5 Mobile/15E148 Safari/604.1"
146.75.191.41 - - [16/Jun/2026:00:21:26 +0000] "GET /wp-content/plugins/contact-form-7/includes/css/styles.css?ver=5.6.1 HTTP/1.1" 200 2731 "https://www.circuitorioantigo.com.br/" "Mozilla/5.0 (iPhone; CPU iPhone OS 18_7 like Mac OS X) AppleWebKit/605.1.15 (KHTML, like Gecko) Version/26.5 Mobile/15E148 Safari/604.1"
146.75.191.41 - - [16/Jun/2026:00:21:26 +0000] "GET /wp-content/plugins/js_composer/assets/css/js_composer.min.css?ver=7.3 HTTP/1.1" 200 464841 "https://www.circuitorioantigo.com.br/" "Mozilla/5.0 (iPhone; CPU iPhone OS 18_7 like Mac OS X) AppleWebKit/605.1.15 (KHTML, like Gecko) Version/26.5 Mobile/15E148 Safari/604.1"
146.75.191.41 - - [16/Jun/2026:00:21:26 +0000] "GET /wp-content/plugins/go_pricing/assets/css/go_pricing_styles.css?ver=3.3.14 HTTP/1.1" 200 72083 "https://www.circuitorioantigo.com.br/" "Mozilla/5.0 (iPhone; CPU iPhone OS 18_7 like Mac OS X) AppleWebKit/605.1.15 (KHTML, like Gecko) Version/26.5 Mobile/15E148 Safari/604.1"
146.75.191.41 - - [16/Jun/2026:00:21:26 +0000] "GET /wp-content/plugins/mailchimp-for-wp/assets/css/form-themes.css?ver=4.9.11 HTTP/1.1" 200 6739 "https://www.circuitorioantigo.com.br/" "Mozilla/5.0 (iPhone; CPU iPhone OS 18_7 like Mac OS X) AppleWebKit/605.1.15 (KHTML, like Gecko) Version/26.5 Mobile/15E148 Safari/604.1"
146.75.191.41 - - [16/Jun/2026:00:21:26 +0000] "GET /wp-content/plugins/jetpack/css/jetpack.css?ver=13.0.1 HTTP/1.1" 200 101629 "https://www.circuitorioantigo.com.br/" "Mozilla/5.0 (iPhone; CPU iPhone OS 18_7 like Mac OS X) AppleWebKit/605.1.15 (KHTML, like Gecko) Version/26.5 Mobile/15E148 Safari/604.1"
146.75.191.41 - - [16/Jun/2026:00:21:26 +0000] "GET /wp-includes/js/jquery/jquery.min.js?ver=3.7.1 HTTP/1.1" 200 87553 "https://www.circuitorioantigo.com.br/" "Mozilla/5.0 (iPhone; CPU iPhone OS 18_7 like Mac OS X) AppleWebKit/605.1.15 (KHTML, like Gecko) Version/26.5 Mobile/15E148 Safari/604.1"
146.75.191.41 - - [16/Jun/2026:00:21:26 +0000] "GET /wp-includes/js/jquery/jquery-migrate.min.js?ver=3.4.1 HTTP/1.1" 200 13577 "https://www.circuitorioantigo.com.br/" "Mozilla/5.0 (iPhone; CPU iPhone OS 18_7 like Mac OS X) AppleWebKit/605.1.15 (KHTML, like Gecko) Version/26.5 Mobile/15E148 Safari/604.1"
146.75.191.41 - - [16/Jun/2026:00:21:26 +0000] "GET /wp-content/plugins/zilla-likes/scripts/zilla-likes.js?ver=6.9.4 HTTP/1.1" 200 860 "https://www.circuitorioantigo.com.br/" "Mozilla/5.0 (iPhone; CPU iPhone OS 18_7 like Mac OS X) AppleWebKit/605.1.15 (KHTML, like Gecko) Version/26.5 Mobile/15E148 Safari/604.1"
146.75.191.41 - - [16/Jun/2026:00:21:26 +0000] "GET /wp-content/plugins/advanced-iframe/js/ai.min.js?ver=380743 HTTP/1.1" 200 89201 "https://www.circuitorioantigo.com.br/" "Mozilla/5.0 (iPhone; CPU iPhone OS 18_7 like Mac OS X) AppleWebKit/605.1.15 (KHTML, like Gecko) Version/26.5 Mobile/15E148 Safari/604.1"
146.75.191.41 - - [16/Jun/2026:00:21:26 +0000] "GET /wp-content/plugins/js_composer/assets/lib/bower/animate-css/animate.min.css?ver=7.3 HTTP/1.1" 200 16177 "https://www.circuitorioantigo.com.br/" "Mozilla/5.0 (iPhone; CPU iPhone OS 18_7 like Mac OS X) AppleWebKit/605.1.15 (KHTML, like Gecko) Version/26.5 Mobile/15E148 Safari/604.1"
146.75.191.41 - - [16/Jun/2026:00:21:26 +0000] "GET /wp-content/themes/thegem/css/odometer-theme-default.css?ver=5.5.0 HTTP/1.1" 200 3987 "https://www.circuitorioantigo.com.br/" "Mozilla/5.0 (iPhone; CPU iPhone OS 18_7 like Mac OS X) AppleWebKit/605.1.15 (KHTML, like Gecko) Version/26.5 Mobile/15E148 Safari/604.1"
146.75.191.41 - - [16/Jun/2026:00:21:26 +0000] "GET /wp-content/themes/thegem/css/thegem-lazy-loading-animations.css?ver=5.5.0 HTTP/1.1" 200 8168 "https://www.circuitorioantigo.com.br/" "Mozilla/5.0 (iPhone; CPU iPhone OS 18_7 like Mac OS X) AppleWebKit/605.1.15 (KHTML, like Gecko) Version/26.5 Mobile/15E148 Safari/604.1"
146.75.191.41 - - [16/Jun/2026:00:21:26 +0000] "GET /wp-content/themes/thegem/css/icons-material.css?ver=5.5.0 HTTP/1.1" 200 65157 "https://www.circuitorioantigo.com.br/" "Mozilla/5.0 (iPhone; CPU iPhone OS 18_7 like Mac OS X) AppleWebKit/605.1.15 (KHTML, like Gecko) Version/26.5 Mobile/15E148 Safari/604.1"
146.75.191.41 - - [16/Jun/2026:00:21:26 +0000] "GET /wp-content/themes/thegem/css/icons-thegem-header.css?ver=5.5.0 HTTP/1.1" 200 13765 "https://www.circuitorioantigo.com.br/" "Mozilla/5.0 (iPhone; CPU iPhone OS 18_7 like Mac OS X) AppleWebKit/605.1.15 (KHTML, like Gecko) Version/26.5 Mobile/15E148 Safari/604.1"
146.75.191.41 - - [16/Jun/2026:00:21:26 +0000] "GET /wp-content/themes/thegem/css/icons-elegant.css?ver=5.5.0 HTTP/1.1" 200 18832 "https://www.circuitorioantigo.com.br/" "Mozilla/5.0 (iPhone; CPU iPhone OS 18_7 like Mac OS X) AppleWebKit/605.1.15 (KHTML, like Gecko) Version/26.5 Mobile/15E148 Safari/604.1"
146.75.191.41 - - [16/Jun/2026:00:21:26 +0000] "GET /wp-content/plugins/jetpack/jetpack_vendor/automattic/jetpack-connection/dist/tracks-callables.js?minify=false&ver=d9dbf909a3d10fb26f39 HTTP/1.1" 200 1075 "https://www.circuitorioantigo.com.br/" "Mozilla/5.0 (iPhone; CPU iPhone OS 18_7 like Mac OS X) AppleWebKit/605.1.15 (KHTML, like Gecko) Version/26.5 Mobile/15E148 Safari/604.1"
146.75.191.41 - - [16/Jun/2026:00:21:26 +0000] "GET /wp-content/themes/thegem/js/thegem-form-elements.js?ver=5.5.0 HTTP/1.1" 200 1787 "https://www.circuitorioantigo.com.br/" "Mozilla/5.0 (iPhone; CPU iPhone OS 18_7 like Mac OS X) AppleWebKit/605.1.15 (KHTML, like Gecko) Version/26.5 Mobile/15E148 Safari/604.1"
146.75.191.41 - - [16/Jun/2026:00:21:26 +0000] "GET /wp-content/themes/thegem/js/jquery.easing.js?ver=5.5.0 HTTP/1.1" 200 4198 "https://www.circuitorioantigo.com.br/" "Mozilla/5.0 (iPhone; CPU iPhone OS 18_7 like Mac OS X) AppleWebKit/605.1.15 (KHTML, like Gecko) Version/26.5 Mobile/15E148 Safari/604.1"
146.75.191.41 - - [16/Jun/2026:00:21:27 +0000] "GET /wp-content/themes/thegem/js/SmoothScroll.js?ver=5.5.0 HTTP/1.1" 200 23338 "https://www.circuitorioantigo.com.br/" "Mozilla/5.0 (iPhone; CPU iPhone OS 18_7 like Mac OS X) AppleWebKit/605.1.15 (KHTML, like Gecko) Version/26.5 Mobile/15E148 Safari/604.1"
146.75.191.41 - - [16/Jun/2026:00:21:27 +0000] "GET /wp-content/themes/thegem/js/jquery.dlmenu.js?ver=5.5.0 HTTP/1.1" 200 10120 "https://www.circuitorioantigo.com.br/" "Mozilla/5.0 (iPhone; CPU iPhone OS 18_7 like Mac OS X) AppleWebKit/605.1.15 (KHTML, like Gecko) Version/26.5 Mobile/15E148 Safari/604.1"
146.75.191.41 - - [16/Jun/2026:00:21:27 +0000] "GET /wp-content/themes/thegem/js/thegem-menu_init.js?ver=5.5.0 HTTP/1.1" 200 40513 "https://www.circuitorioantigo.com.br/" "Mozilla/5.0 (iPhone; CPU iPhone OS 18_7 like Mac OS X) AppleWebKit/605.1.15 (KHTML, like Gecko) Version/26.5 Mobile/15E148 Safari/604.1"
146.75.191.41 - - [16/Jun/2026:00:21:27 +0000] "GET /wp-content/themes/thegem/js/thegem-header.js?ver=5.5.0 HTTP/1.1" 200 18156 "https://www.circuitorioantigo.com.br/" "Mozilla/5.0 (iPhone; CPU iPhone OS 18_7 like Mac OS X) AppleWebKit/605.1.15 (KHTML, like Gecko) Version/26.5 Mobile/15E148 Safari/604.1"
146.75.191.41 - - [16/Jun/2026:00:21:27 +0000] "GET /wp-content/themes/thegem/js/functions.js?ver=5.5.0 HTTP/1.1" 200 21139 "https://www.circuitorioantigo.com.br/" "Mozilla/5.0 (iPhone; CPU iPhone OS 18_7 like Mac OS X) AppleWebKit/605.1.15 (KHTML, like Gecko) Version/26.5 Mobile/15E148 Safari/604.1"
146.75.191.41 - - [16/Jun/2026:00:21:27 +0000] "GET /wp-content/themes/thegem/js/fancyBox/jquery.mousewheel.pack.js?ver=5.5.0 HTTP/1.1" 200 1396 "https://www.circuitorioantigo.com.br/" "Mozilla/5.0 (iPhone; CPU iPhone OS 18_7 like Mac OS X) AppleWebKit/605.1.15 (KHTML, like Gecko) Version/26.5 Mobile/15E148 Safari/604.1"
146.75.191.41 - - [16/Jun/2026:00:21:27 +0000] "GET /wp-content/themes/thegem/js/fancyBox/jquery.fancybox.min.js?ver=5.5.0 HTTP/1.1" 200 68253 "https://www.circuitorioantigo.com.br/" "Mozilla/5.0 (iPhone; CPU iPhone OS 18_7 like Mac OS X) AppleWebKit/605.1.15 (KHTML, like Gecko) Version/26.5 Mobile/15E148 Safari/604.1"
146.75.191.41 - - [16/Jun/2026:00:21:27 +0000] "GET /wp-content/themes/thegem/js/fancyBox/jquery.fancybox-init.js?ver=5.5.0 HTTP/1.1" 200 2429 "https://www.circuitorioantigo.com.br/" "Mozilla/5.0 (iPhone; CPU iPhone OS 18_7 like Mac OS X) AppleWebKit/605.1.15 (KHTML, like Gecko) Version/26.5 Mobile/15E148 Safari/604.1"
146.75.191.41 - - [16/Jun/2026:00:21:27 +0000] "GET /wp-content/plugins/jetpack/jetpack_vendor/automattic/jetpack-image-cdn/dist/image-cdn.js?minify=false&ver=132249e245926ae3e188 HTTP/1.1" 200 701 "https://www.circuitorioantigo.com.br/" "Mozilla/5.0 (iPhone; CPU iPhone OS 18_7 like Mac OS X) AppleWebKit/605.1.15 (KHTML, like Gecko) Version/26.5 Mobile/15E148 Safari/604.1"
146.75.191.41 - - [16/Jun/2026:00:21:27 +0000] "GET /wp-includes/js/dist/vendor/wp-polyfill.min.js?ver=3.15.0 HTTP/1.1" 200 33548 "https://www.circuitorioantigo.com.br/" "Mozilla/5.0 (iPhone; CPU iPhone OS 18_7 like Mac OS X) AppleWebKit/605.1.15 (KHTML, like Gecko) Version/26.5 Mobile/15E148 Safari/604.1"
146.75.191.41 - - [16/Jun/2026:00:21:27 +0000] "GET /wp-content/plugins/contact-form-7/includes/js/index.js?ver=5.6.1 HTTP/1.1" 200 21904 "https://www.circuitorioantigo.com.br/" "Mozilla/5.0 (iPhone; CPU iPhone OS 18_7 like Mac OS X) AppleWebKit/605.1.15 (KHTML, like Gecko) Version/26.5 Mobile/15E148 Safari/604.1"
146.75.191.41 - - [16/Jun/2026:00:21:27 +0000] "GET /wp-content/plugins/go_pricing/assets/js/go_pricing_scripts.js?ver=3.3.14 HTTP/1.1" 200 23561 "https://www.circuitorioantigo.com.br/" "Mozilla/5.0 (iPhone; CPU iPhone OS 18_7 like Mac OS X) AppleWebKit/605.1.15 (KHTML, like Gecko) Version/26.5 Mobile/15E148 Safari/604.1"
146.75.191.41 - - [16/Jun/2026:00:21:27 +0000] "GET /wp-content/plugins/boxzilla/assets/js/script.min.js?ver=3.2.27 HTTP/1.1" 200 15588 "https://www.circuitorioantigo.com.br/" "Mozilla/5.0 (iPhone; CPU iPhone OS 18_7 like Mac OS X) AppleWebKit/605.1.15 (KHTML, like Gecko) Version/26.5 Mobile/15E148 Safari/604.1"
146.75.191.41 - - [16/Jun/2026:00:21:27 +0000] "GET /wp-content/plugins/js_composer/assets/js/dist/js_composer_front.min.js?ver=7.3 HTTP/1.1" 200 20757 "https://www.circuitorioantigo.com.br/" "Mozilla/5.0 (iPhone; CPU iPhone OS 18_7 like Mac OS X) AppleWebKit/605.1.15 (KHTML, like Gecko) Version/26.5 Mobile/15E148 Safari/604.1"
146.75.191.41 - - [16/Jun/2026:00:21:27 +0000] "GET /wp-content/plugins/js_composer/assets/lib/vc_waypoints/vc-waypoints.min.js?ver=7.3 HTTP/1.1" 200 9237 "https://www.circuitorioantigo.com.br/" "Mozilla/5.0 (iPhone; CPU iPhone OS 18_7 like Mac OS X) AppleWebKit/605.1.15 (KHTML, like Gecko) Version/26.5 Mobile/15E148 Safari/604.1"
146.75.191.41 - - [16/Jun/2026:00:21:27 +0000] "GET /wp-content/themes/thegem/js/odometer.js?ver=5.5.0 HTTP/1.1" 200 21077 "https://www.circuitorioantigo.com.br/" "Mozilla/5.0 (iPhone; CPU iPhone OS 18_7 like Mac OS X) AppleWebKit/605.1.15 (KHTML, like Gecko) Version/26.5 Mobile/15E148 Safari/604.1"
146.75.191.41 - - [16/Jun/2026:00:21:27 +0000] "GET /wp-content/themes/thegem/js/counters-effects.js?ver=5.5.0 HTTP/1.1" 200 5108 "https://www.circuitorioantigo.com.br/" "Mozilla/5.0 (iPhone; CPU iPhone OS 18_7 like Mac OS X) AppleWebKit/605.1.15 (KHTML, like Gecko) Version/26.5 Mobile/15E148 Safari/604.1"
146.75.191.41 - - [16/Jun/2026:00:21:27 +0000] "GET /wp-content/themes/thegem/js/thegem-counters.js?ver=5.5.0 HTTP/1.1" 200 1261 "https://www.circuitorioantigo.com.br/" "Mozilla/5.0 (iPhone; CPU iPhone OS 18_7 like Mac OS X) AppleWebKit/605.1.15 (KHTML, like Gecko) Version/26.5 Mobile/15E148 Safari/604.1"
146.75.191.41 - - [16/Jun/2026:00:21:27 +0000] "GET /wp-content/themes/thegem/js/thegem-lazyLoading.js?ver=5.5.0 HTTP/1.1" 200 12061 "https://www.circuitorioantigo.com.br/" "Mozilla/5.0 (iPhone; CPU iPhone OS 18_7 like Mac OS X) AppleWebKit/605.1.15 (KHTML, like Gecko) Version/26.5 Mobile/15E148 Safari/604.1"
146.75.191.41 - - [16/Jun/2026:00:21:27 +0000] "GET /wp-content/plugins/mailchimp-for-wp/assets/js/forms.js?ver=4.9.11 HTTP/1.1" 200 6591 "https://www.circuitorioantigo.com.br/" "Mozilla/5.0 (iPhone; CPU iPhone OS 18_7 like Mac OS X) AppleWebKit/605.1.15 (KHTML, like Gecko) Version/26.5 Mobile/15E148 Safari/604.1"
146.75.191.41 - - [16/Jun/2026:00:21:27 +0000] "GET /wp-content/themes/thegem/fonts/thegem-icons.woff HTTP/1.1" 200 21584 "https://www.circuitorioantigo.com.br/" "Mozilla/5.0 (iPhone; CPU iPhone OS 18_7 like Mac OS X) AppleWebKit/605.1.15 (KHTML, like Gecko) Version/26.5 Mobile/15E148 Safari/604.1"
146.75.191.41 - - [16/Jun/2026:00:21:27 +0000] "GET /wp-content/themes/thegem/fonts/thegem-socials.woff HTTP/1.1" 200 36664 "https://www.circuitorioantigo.com.br/" "Mozilla/5.0 (iPhone; CPU iPhone OS 18_7 like Mac OS X) AppleWebKit/605.1.15 (KHTML, like Gecko) Version/26.5 Mobile/15E148 Safari/604.1"
146.75.191.41 - - [16/Jun/2026:00:21:27 +0000] "GET /wp-content/themes/thegem/fonts/material/materialdesignicons.woff HTTP/1.1" 200 88492 "https://www.circuitorioantigo.com.br/" "Mozilla/5.0 (iPhone; CPU iPhone OS 18_7 like Mac OS X) AppleWebKit/605.1.15 (KHTML, like Gecko) Version/26.5 Mobile/15E148 Safari/604.1"
146.75.191.41 - - [16/Jun/2026:00:21:27 +0000] "GET /wp-content/themes/thegem/fonts/thegem-header/thegem-header.woff HTTP/1.1" 200 54652 "https://www.circuitorioantigo.com.br/" "Mozilla/5.0 (iPhone; CPU iPhone OS 18_7 like Mac OS X) AppleWebKit/605.1.15 (KHTML, like Gecko) Version/26.5 Mobile/15E148 Safari/604.1"
146.75.191.41 - - [16/Jun/2026:00:21:27 +0000] "GET /wp-content/themes/thegem/fonts/elegant/ElegantIcons.woff HTTP/1.1" 200 63664 "https://www.circuitorioantigo.com.br/" "Mozilla/5.0 (iPhone; CPU iPhone OS 18_7 like Mac OS X) AppleWebKit/605.1.15 (KHTML, like Gecko) Version/26.5 Mobile/15E148 Safari/604.1"
146.75.191.41 - - [16/Jun/2026:00:21:27 +0000] "GET /wp-content/uploads/thegem-logos/logo_9bdf2c523176049ebe4920a7a7348556_3x.png HTTP/1.1" 200 21516 "https://www.circuitorioantigo.com.br/" "Mozilla/5.0 (iPhone; CPU iPhone OS 18_7 like Mac OS X) AppleWebKit/605.1.15 (KHTML, like Gecko) Version/26.5 Mobile/15E148 Safari/604.1"
146.75.191.41 - - [16/Jun/2026:00:21:27 +0000] "GET /wp-includes/js/wp-emoji-release.min.js?ver=6.9.4 HTTP/1.1" 200 22762 "https://www.circuitorioantigo.com.br/" "Mozilla/5.0 (iPhone; CPU iPhone OS 18_7 like Mac OS X) AppleWebKit/605.1.15 (KHTML, like Gecko) Version/26.5 Mobile/15E148 Safari/604.1"
146.75.191.41 - - [16/Jun/2026:00:21:27 +0000] "GET /site/wp-content/uploads/2025/12/Rio_Antigo_Porto_339.jpg?id=26553 HTTP/1.1" 200 735721 "https://www.circuitorioantigo.com.br/" "Mozilla/5.0 (iPhone; CPU iPhone OS 18_7 like Mac OS X) AppleWebKit/605.1.15 (KHTML, like Gecko) Version/26.5 Mobile/15E148 Safari/604.1"
146.75.191.41 - - [16/Jun/2026:00:21:27 +0000] "GET /wp-content/uploads/thegem-logos/logo_9bd0efd545d2cb70423239cb224db293_3x.png HTTP/1.1" 200 21516 "https://www.circuitorioantigo.com.br/" "Mozilla/5.0 (iPhone; CPU iPhone OS 18_7 like Mac OS X) AppleWebKit/605.1.15 (KHTML, like Gecko) Version/26.5 Mobile/15E148 Safari/604.1"
146.75.191.41 - - [16/Jun/2026:00:21:28 +0000] "GET /site/wp-content/uploads/fbrfg/site.webmanifest HTTP/1.1" 200 486 "https://www.circuitorioantigo.com.br/" "Mozilla/5.0 (iPhone; CPU iPhone OS 18_7 like Mac OS X) AppleWebKit/605.1.15 (KHTML, like Gecko) Version/26.5 Mobile/15E148 Safari/604.1"
146.75.191.41 - - [16/Jun/2026:00:21:28 +0000] "GET /site/wp-content/uploads/2025/12/Circuito-Rio-Antigo-Nov-25-Foto-Bruno-de-Lima-175-Medio.jpg?id=26559 HTTP/1.1" 200 392945 "https://www.circuitorioantigo.com.br/" "Mozilla/5.0 (iPhone; CPU iPhone OS 18_7 like Mac OS X) AppleWebKit/605.1.15 (KHTML, like Gecko) Version/26.5 Mobile/15E148 Safari/604.1"
146.75.191.41 - - [16/Jun/2026:00:21:28 +0000] "GET /site/wp-content/uploads/2025/12/Circuito-Rio-Antigo-_NI-Foto-Bruno-de-Lima-163.jpg?id=26555 HTTP/1.1" 200 1240142 "https://www.circuitorioantigo.com.br/" "Mozilla/5.0 (iPhone; CPU iPhone OS 18_7 like Mac OS X) AppleWebKit/605.1.15 (KHTML, like Gecko) Version/26.5 Mobile/15E148 Safari/604.1"
146.75.191.41 - - [16/Jun/2026:00:21:28 +0000] "GET /site/wp-content/uploads/fbrfg/favicon.ico HTTP/1.1" 200 15086 "https://www.circuitorioantigo.com.br/" "Mozilla/5.0 (iPhone; CPU iPhone OS 18_7 like Mac OS X) AppleWebKit/605.1.15 (KHTML, like Gecko) Version/26.5 Mobile/15E148 Safari/604.1"
146.75.191.41 - - [16/Jun/2026:00:21:28 +0000] "GET /site/wp-content/uploads/fbrfg/favicon-32x32.png HTTP/1.1" 200 2049 "https://www.circuitorioantigo.com.br/" "Mozilla/5.0 (iPhone; CPU iPhone OS 18_7 like Mac OS X) AppleWebKit/605.1.15 (KHTML, like Gecko) Version/26.5 Mobile/15E148 Safari/604.1"
146.75.191.41 - - [16/Jun/2026:00:21:28 +0000] "GET /site/wp-content/uploads/fbrfg/favicon-16x16.png HTTP/1.1" 200 1099 "https://www.circuitorioantigo.com.br/" "Mozilla/5.0 (iPhone; CPU iPhone OS 18_7 like Mac OS X) AppleWebKit/605.1.15 (KHTML, like Gecko) Version/26.5 Mobile/15E148 Safari/604.1"
146.75.191.41 - - [16/Jun/2026:00:21:31 +0000] "GET / HTTP/1.1" 200 87714 "https://www.circuitorioantigo.com.br/" "Mozilla/5.0 (iPhone; CPU iPhone OS 18_7 like Mac OS X) AppleWebKit/605.1.15 (KHTML, like Gecko) Version/26.5 Mobile/15E148 Safari/604.1"
146.75.191.41 - - [16/Jun/2026:00:21:31 +0000] "GET / HTTP/1.1" 200 87717 "https://www.circuitorioantigo.com.br/" "Mozilla/5.0 (iPhone; CPU iPhone OS 18_7 like Mac OS X) AppleWebKit/605.1.15 (KHTML, like Gecko) Version/26.5 Mobile/15E148 Safari/604.1"
146.75.191.41 - - [16/Jun/2026:00:21:40 +0000] "GET /etapa-largo-da-carioca-2025/ HTTP/1.1" 200 140203 "https://www.circuitorioantigo.com.br/" "Mozilla/5.0 (iPhone; CPU iPhone OS 18_7 like Mac OS X) AppleWebKit/605.1.15 (KHTML, like Gecko) Version/26.5 Mobile/15E148 Safari/604.1"
146.75.191.41 - - [16/Jun/2026:00:21:41 +0000] "GET /wp-content/themes/thegem/js/vc-accordion.js?ver=7.3 HTTP/1.1" 200 17271 "https://www.circuitorioantigo.com.br/etapa-largo-da-carioca-2025/" "Mozilla/5.0 (iPhone; CPU iPhone OS 18_7 like Mac OS X) AppleWebKit/605.1.15 (KHTML, like Gecko) Version/26.5 Mobile/15E148 Safari/604.1"
146.75.191.41 - - [16/Jun/2026:00:21:41 +0000] "GET /wp-content/plugins/revslider/public/assets/js/rbtools.min.js?ver=6.6.20 HTTP/1.1" 200 165339 "https://www.circuitorioantigo.com.br/etapa-largo-da-carioca-2025/" "Mozilla/5.0 (iPhone; CPU iPhone OS 18_7 like Mac OS X) AppleWebKit/605.1.15 (KHTML, like Gecko) Version/26.5 Mobile/15E148 Safari/604.1"
146.75.191.41 - - [16/Jun/2026:00:21:41 +0000] "GET /wp-content/plugins/revslider/public/assets/css/rs6.css?ver=6.6.20 HTTP/1.1" 200 58327 "https://www.circuitorioantigo.com.br/etapa-largo-da-carioca-2025/" "Mozilla/5.0 (iPhone; CPU iPhone OS 18_7 like Mac OS X) AppleWebKit/605.1.15 (KHTML, like Gecko) Version/26.5 Mobile/15E148 Safari/604.1"
146.75.191.41 - - [16/Jun/2026:00:21:41 +0000] "GET /wp-content/plugins/js_composer/assets/lib/prettyphoto/css/prettyPhoto.min.css?ver=7.3 HTTP/1.1" 200 21138 "https://www.circuitorioantigo.com.br/etapa-largo-da-carioca-2025/" "Mozilla/5.0 (iPhone; CPU iPhone OS 18_7 like Mac OS X) AppleWebKit/605.1.15 (KHTML, like Gecko) Version/26.5 Mobile/15E148 Safari/604.1"
146.75.191.41 - - [16/Jun/2026:00:21:41 +0000] "GET /wp-content/plugins/js_composer/assets/lib/vc-tta-autoplay/vc-tta-autoplay.min.js?ver=7.3 HTTP/1.1" 200 2545 "https://www.circuitorioantigo.com.br/etapa-largo-da-carioca-2025/" "Mozilla/5.0 (iPhone; CPU iPhone OS 18_7 like Mac OS X) AppleWebKit/605.1.15 (KHTML, like Gecko) Version/26.5 Mobile/15E148 Safari/604.1"
146.75.191.41 - - [16/Jun/2026:00:21:41 +0000] "GET /wp-content/plugins/js_composer/assets/lib/prettyphoto/js/jquery.prettyPhoto.min.js?ver=7.3 HTTP/1.1" 200 23702 "https://www.circuitorioantigo.com.br/etapa-largo-da-carioca-2025/" "Mozilla/5.0 (iPhone; CPU iPhone OS 18_7 like Mac OS X) AppleWebKit/605.1.15 (KHTML, like Gecko) Version/26.5 Mobile/15E148 Safari/604.1"
146.75.191.41 - - [16/Jun/2026:00:21:41 +0000] "GET /wp-content/plugins/js_composer/assets/css/js_composer_tta.min.css?ver=7.3 HTTP/1.1" 200 273142 "https://www.circuitorioantigo.com.br/etapa-largo-da-carioca-2025/" "Mozilla/5.0 (iPhone; CPU iPhone OS 18_7 like Mac OS X) AppleWebKit/605.1.15 (KHTML, like Gecko) Version/26.5 Mobile/15E148 Safari/604.1"
146.75.191.41 - - [16/Jun/2026:00:21:41 +0000] "GET /wp-content/themes/thegem/js/jquery.waypoints.js?ver=5.5.0 HTTP/1.1" 200 20631 "https://www.circuitorioantigo.com.br/etapa-largo-da-carioca-2025/" "Mozilla/5.0 (iPhone; CPU iPhone OS 18_7 like Mac OS X) AppleWebKit/605.1.15 (KHTML, like Gecko) Version/26.5 Mobile/15E148 Safari/604.1"
146.75.191.41 - - [16/Jun/2026:00:21:42 +0000] "GET /wp-content/themes/thegem/js/thegem-stickyColumn.js?ver=5.5.0 HTTP/1.1" 200 2910 "https://www.circuitorioantigo.com.br/etapa-largo-da-carioca-2025/" "Mozilla/5.0 (iPhone; CPU iPhone OS 18_7 like Mac OS X) AppleWebKit/605.1.15 (KHTML, like Gecko) Version/26.5 Mobile/15E148 Safari/604.1"
146.75.191.41 - - [16/Jun/2026:00:21:41 +0000] "GET /wp-content/plugins/revslider/public/assets/js/rs6.min.js?ver=6.6.20 HTTP/1.1" 200 410361 "https://www.circuitorioantigo.com.br/etapa-largo-da-carioca-2025/" "Mozilla/5.0 (iPhone; CPU iPhone OS 18_7 like Mac OS X) AppleWebKit/605.1.15 (KHTML, like Gecko) Version/26.5 Mobile/15E148 Safari/604.1"
146.75.191.41 - - [16/Jun/2026:00:21:42 +0000] "GET /wp-content/plugins/akismet/_inc/akismet-frontend.js?ver=1777917086 HTTP/1.1" 200 11388 "https://www.circuitorioantigo.com.br/etapa-largo-da-carioca-2025/" "Mozilla/5.0 (iPhone; CPU iPhone OS 18_7 like Mac OS X) AppleWebKit/605.1.15 (KHTML, like Gecko) Version/26.5 Mobile/15E148 Safari/604.1"
146.75.191.41 - - [16/Jun/2026:00:21:42 +0000] "GET /wp-content/themes/thegem/js/thegem-parallax-footer.js?ver=5.5.0 HTTP/1.1" 200 622 "https://www.circuitorioantigo.com.br/etapa-largo-da-carioca-2025/" "Mozilla/5.0 (iPhone; CPU iPhone OS 18_7 like Mac OS X) AppleWebKit/605.1.15 (KHTML, like Gecko) Version/26.5 Mobile/15E148 Safari/604.1"
146.75.191.41 - - [16/Jun/2026:00:21:42 +0000] "GET /wp-content/plugins/elfsight-instagram-feed-cc/assets/elfsight-instagram-feed.js?ver=4.0.2 HTTP/1.1" 200 378786 "https://www.circuitorioantigo.com.br/etapa-largo-da-carioca-2025/" "Mozilla/5.0 (iPhone; CPU iPhone OS 18_7 like Mac OS X) AppleWebKit/605.1.15 (KHTML, like Gecko) Version/26.5 Mobile/15E148 Safari/604.1"
146.75.191.41 - - [16/Jun/2026:00:21:42 +0000] "GET /site/wp-content/themes/thegem/fonts/montserrat-ultralight.woff HTTP/1.1" 200 54036 "https://www.circuitorioantigo.com.br/" "Mozilla/5.0 (iPhone; CPU iPhone OS 18_7 like Mac OS X) AppleWebKit/605.1.15 (KHTML, like Gecko) Version/26.5 Mobile/15E148 Safari/604.1"
146.75.191.41 - - [16/Jun/2026:00:21:42 +0000] "GET /wp-content/uploads/thegem-logos/logo_d1048ece1d9073975ef87e0acba7b348_3x.png HTTP/1.1" 200 183 "https://www.circuitorioantigo.com.br/etapa-largo-da-carioca-2025/" "Mozilla/5.0 (iPhone; CPU iPhone OS 18_7 like Mac OS X) AppleWebKit/605.1.15 (KHTML, like Gecko) Version/26.5 Mobile/15E148 Safari/604.1"
146.75.191.41 - - [16/Jun/2026:00:21:42 +0000] "GET /wp-content/plugins/revslider/public/assets/assets/dummy.png HTTP/1.1" 200 68 "https://www.circuitorioantigo.com.br/etapa-largo-da-carioca-2025/" "Mozilla/5.0 (iPhone; CPU iPhone OS 18_7 like Mac OS X) AppleWebKit/605.1.15 (KHTML, like Gecko) Version/26.5 Mobile/15E148 Safari/604.1"
146.75.191.41 - - [16/Jun/2026:00:21:42 +0000] "GET /wp-content/themes/thegem/images/preloader-1.gif HTTP/1.1" 200 12796 "https://www.circuitorioantigo.com.br/etapa-largo-da-carioca-2025/" "Mozilla/5.0 (iPhone; CPU iPhone OS 18_7 like Mac OS X) AppleWebKit/605.1.15 (KHTML, like Gecko) Version/26.5 Mobile/15E148 Safari/604.1"
146.75.191.41 - - [16/Jun/2026:00:21:42 +0000] "GET /site/wp-content/uploads/2022/08/back2-2.jpg?id=25192 HTTP/1.1" 200 106083 "https://www.circuitorioantigo.com.br/etapa-largo-da-carioca-2025/" "Mozilla/5.0 (iPhone; CPU iPhone OS 18_7 like Mac OS X) AppleWebKit/605.1.15 (KHTML, like Gecko) Version/26.5 Mobile/15E148 Safari/604.1"
146.75.191.41 - - [16/Jun/2026:00:21:42 +0000] "GET /wp-content/uploads/thegem-logos/logo_6a158fe81161548481d3edd20289cd29_3x.png HTTP/1.1" 200 23039 "https://www.circuitorioantigo.com.br/etapa-largo-da-carioca-2025/" "Mozilla/5.0 (iPhone; CPU iPhone OS 18_7 like Mac OS X) AppleWebKit/605.1.15 (KHTML, like Gecko) Version/26.5 Mobile/15E148 Safari/604.1"
146.75.191.41 - - [16/Jun/2026:00:21:42 +0000] "GET /site/wp-content/uploads/2025/05/post_largodacariocabanner-site.jpg HTTP/1.1" 200 426497 "https://www.circuitorioantigo.com.br/etapa-largo-da-carioca-2025/" "Mozilla/5.0 (iPhone; CPU iPhone OS 18_7 like Mac OS X) AppleWebKit/605.1.15 (KHTML, like Gecko) Version/26.5 Mobile/15E148 Safari/604.1"
146.75.191.41 - - [16/Jun/2026:00:21:42 +0000] "GET /wp-json/contact-form-7/v1/contact-forms/13123/feedback/schema HTTP/1.1" 200 358 "https://www.circuitorioantigo.com.br/etapa-largo-da-carioca-2025/" "Mozilla/5.0 (iPhone; CPU iPhone OS 18_7 like Mac OS X) AppleWebKit/605.1.15 (KHTML, like Gecko) Version/26.5 Mobile/15E148 Safari/604.1"
146.75.191.41 - - [16/Jun/2026:00:21:42 +0000] "GET /wp-json/elfsight-instagram-feed/api/facebook?q=17841400178264463%2Fmedia%3Ffields%3Dcaption%252Ccomments_count%252Cid%252Clike_count%252Cmedia_type%252Cmedia_url%252Cpermalink%252Cthumbnail_url%252Ctimestamp%252Cusername%252Cchildren%257Bmedia_type%252Cmedia_url%252Cthumbnail_url%257D&user_id=17841400178264463 HTTP/1.1" 200 201 "https://www.circuitorioantigo.com.br/etapa-largo-da-carioca-2025/" "Mozilla/5.0 (iPhone; CPU iPhone OS 18_7 like Mac OS X) AppleWebKit/605.1.15 (KHTML, like Gecko) Version/26.5 Mobile/15E148 Safari/604.1"
146.75.191.41 - - [16/Jun/2026:00:21:43 +0000] "GET /wp-json/contact-form-7/v1/contact-forms/13123/refill HTTP/1.1" 200 2 "https://www.circuitorioantigo.com.br/etapa-largo-da-carioca-2025/" "Mozilla/5.0 (iPhone; CPU iPhone OS 18_7 like Mac OS X) AppleWebKit/605.1.15 (KHTML, like Gecko) Version/26.5 Mobile/15E148 Safari/604.1"
146.75.191.41 - - [16/Jun/2026:00:21:56 +0000] "GET / HTTP/1.1" 200 87712 "-" "Mozilla/5.0 (iPhone; CPU iPhone OS 18_7 like Mac OS X) AppleWebKit/605.1.15 (KHTML, like Gecko) Version/26.5 Mobile/15E148 Safari/604.1"
162.241.176.232 - - [16/Jun/2026:00:23:36 +0000] "POST /wp-cron.php?doing_wp_cron=1781569416.9450418949127197265625 HTTP/1.1" 404 58105 "-" "WordPress/6.9.4; https://www.circuitorioantigo.com.br"
85.208.96.206 - - [16/Jun/2026:00:23:35 +0000] "GET /etapa-arcos-da-lapa/ HTTP/1.1" 200 120526 "-" "Mozilla/5.0 (compatible; SemrushBot/7~bl; +http://www.semrush.com/bot.html)"
185.191.171.14 - - [16/Jun/2026:00:25:17 +0000] "GET /author/circuitorioantigo/page/9/ HTTP/1.1" 200 118841 "-" "Mozilla/5.0 (compatible; SemrushBot/7~bl; +http://www.semrush.com/bot.html)"
162.241.176.232 - - [16/Jun/2026:00:25:18 +0000] "POST /wp-cron.php?doing_wp_cron=1781569518.5276579856872558593750 HTTP/1.1" 404 15678 "-" "WordPress/6.9.4; https://www.circuitorioantigo.com.br"
13.37.92.82 - - [16/Jun/2026:00:25:25 +0000] "GET /wp-login.php HTTP/1.1" 200 12885 "-" "Mozilla/5.0 (X11; Ubuntu; Linux x86_64; rv:133.0) Gecko/20100101 Firefox/133.0"
13.37.92.82 - - [16/Jun/2026:00:25:27 +0000] "POST /wp-login.php HTTP/1.1" 401 3510 "https://circuitorioantigo.com.br/wp-login.php" "Mozilla/5.0 (X11; Ubuntu; Linux x86_64; rv:133.0) Gecko/20100101 Firefox/133.0"
