187.67.239.203 - - [15/Jun/2026:14:15:49 +0000] "GET /wp-content/themes/thegem/js/fancyBox/jquery.fancybox.min.css?ver=5.5.0 HTTP/1.1" 200 12795 "https://www.circuitorioantigo.com.br/?utm_source=ig&utm_medium=social&utm_content=link_in_bio&fbclid=PAZXh0bgNhZW0CMTEAc3J0YwZhcHBfaWQPMTI0MDI0NTc0Mjg3NDE0AAGnxw8B8FNp3Cv241p4vbjqQaFh0dYhlPodmkWjN_hvyTUxIEjTqz1bzDw35Hg_aem_TvCDL6dJMZ7PcZ5GnIpMIw" "Mozilla/5.0 (iPhone; CPU iPhone OS 18_1_1 like Mac OS X) AppleWebKit/605.1.15 (KHTML, like Gecko) Mobile/22B91 Instagram 433.0.0.33.57 (iPhone12,8; iOS 18_1_1; pt_BR; pt; scale=2.00; 750x1334; IABMV/1; 989803374) Safari/604.1"
187.67.239.203 - - [15/Jun/2026:14:15:49 +0000] "GET /wp-content/themes/thegem/css/thegem-vc_elements.css?ver=5.5.0 HTTP/1.1" 200 6408 "https://www.circuitorioantigo.com.br/?utm_source=ig&utm_medium=social&utm_content=link_in_bio&fbclid=PAZXh0bgNhZW0CMTEAc3J0YwZhcHBfaWQPMTI0MDI0NTc0Mjg3NDE0AAGnxw8B8FNp3Cv241p4vbjqQaFh0dYhlPodmkWjN_hvyTUxIEjTqz1bzDw35Hg_aem_TvCDL6dJMZ7PcZ5GnIpMIw" "Mozilla/5.0 (iPhone; CPU iPhone OS 18_1_1 like Mac OS X) AppleWebKit/605.1.15 (KHTML, like Gecko) Mobile/22B91 Instagram 433.0.0.33.57 (iPhone12,8; iOS 18_1_1; pt_BR; pt; scale=2.00; 750x1334; IABMV/1; 989803374) Safari/604.1"
187.67.239.203 - - [15/Jun/2026:14:15:49 +0000] "GET /wp-includes/css/dist/block-library/style.min.css?ver=6.9.4 HTTP/1.1" 200 119358 "https://www.circuitorioantigo.com.br/?utm_source=ig&utm_medium=social&utm_content=link_in_bio&fbclid=PAZXh0bgNhZW0CMTEAc3J0YwZhcHBfaWQPMTI0MDI0NTc0Mjg3NDE0AAGnxw8B8FNp3Cv241p4vbjqQaFh0dYhlPodmkWjN_hvyTUxIEjTqz1bzDw35Hg_aem_TvCDL6dJMZ7PcZ5GnIpMIw" "Mozilla/5.0 (iPhone; CPU iPhone OS 18_1_1 like Mac OS X) AppleWebKit/605.1.15 (KHTML, like Gecko) Mobile/22B91 Instagram 433.0.0.33.57 (iPhone12,8; iOS 18_1_1; pt_BR; pt; scale=2.00; 750x1334; IABMV/1; 989803374) Safari/604.1"
187.67.239.203 - - [15/Jun/2026:14:15:49 +0000] "GET /wp-content/plugins/contact-form-7/includes/css/styles.css?ver=5.6.1 HTTP/1.1" 200 2731 "https://www.circuitorioantigo.com.br/?utm_source=ig&utm_medium=social&utm_content=link_in_bio&fbclid=PAZXh0bgNhZW0CMTEAc3J0YwZhcHBfaWQPMTI0MDI0NTc0Mjg3NDE0AAGnxw8B8FNp3Cv241p4vbjqQaFh0dYhlPodmkWjN_hvyTUxIEjTqz1bzDw35Hg_aem_TvCDL6dJMZ7PcZ5GnIpMIw" "Mozilla/5.0 (iPhone; CPU iPhone OS 18_1_1 like Mac OS X) AppleWebKit/605.1.15 (KHTML, like Gecko) Mobile/22B91 Instagram 433.0.0.33.57 (iPhone12,8; iOS 18_1_1; pt_BR; pt; scale=2.00; 750x1334; IABMV/1; 989803374) Safari/604.1"
187.67.239.203 - - [15/Jun/2026:14:15:49 +0000] "GET /wp-content/plugins/js_composer/assets/css/js_composer.min.css?ver=7.3 HTTP/1.1" 200 464841 "https://www.circuitorioantigo.com.br/?utm_source=ig&utm_medium=social&utm_content=link_in_bio&fbclid=PAZXh0bgNhZW0CMTEAc3J0YwZhcHBfaWQPMTI0MDI0NTc0Mjg3NDE0AAGnxw8B8FNp3Cv241p4vbjqQaFh0dYhlPodmkWjN_hvyTUxIEjTqz1bzDw35Hg_aem_TvCDL6dJMZ7PcZ5GnIpMIw" "Mozilla/5.0 (iPhone; CPU iPhone OS 18_1_1 like Mac OS X) AppleWebKit/605.1.15 (KHTML, like Gecko) Mobile/22B91 Instagram 433.0.0.33.57 (iPhone12,8; iOS 18_1_1; pt_BR; pt; scale=2.00; 750x1334; IABMV/1; 989803374) Safari/604.1"
187.67.239.203 - - [15/Jun/2026:14:15:49 +0000] "GET /wp-content/plugins/go_pricing/assets/css/go_pricing_styles.css?ver=3.3.14 HTTP/1.1" 200 72083 "https://www.circuitorioantigo.com.br/?utm_source=ig&utm_medium=social&utm_content=link_in_bio&fbclid=PAZXh0bgNhZW0CMTEAc3J0YwZhcHBfaWQPMTI0MDI0NTc0Mjg3NDE0AAGnxw8B8FNp3Cv241p4vbjqQaFh0dYhlPodmkWjN_hvyTUxIEjTqz1bzDw35Hg_aem_TvCDL6dJMZ7PcZ5GnIpMIw" "Mozilla/5.0 (iPhone; CPU iPhone OS 18_1_1 like Mac OS X) AppleWebKit/605.1.15 (KHTML, like Gecko) Mobile/22B91 Instagram 433.0.0.33.57 (iPhone12,8; iOS 18_1_1; pt_BR; pt; scale=2.00; 750x1334; IABMV/1; 989803374) Safari/604.1"
187.67.239.203 - - [15/Jun/2026:14:15:49 +0000] "GET /wp-content/plugins/mailchimp-for-wp/assets/css/form-themes.css?ver=4.9.11 HTTP/1.1" 200 6739 "https://www.circuitorioantigo.com.br/?utm_source=ig&utm_medium=social&utm_content=link_in_bio&fbclid=PAZXh0bgNhZW0CMTEAc3J0YwZhcHBfaWQPMTI0MDI0NTc0Mjg3NDE0AAGnxw8B8FNp3Cv241p4vbjqQaFh0dYhlPodmkWjN_hvyTUxIEjTqz1bzDw35Hg_aem_TvCDL6dJMZ7PcZ5GnIpMIw" "Mozilla/5.0 (iPhone; CPU iPhone OS 18_1_1 like Mac OS X) AppleWebKit/605.1.15 (KHTML, like Gecko) Mobile/22B91 Instagram 433.0.0.33.57 (iPhone12,8; iOS 18_1_1; pt_BR; pt; scale=2.00; 750x1334; IABMV/1; 989803374) Safari/604.1"
187.67.239.203 - - [15/Jun/2026:14:15:49 +0000] "GET /wp-content/plugins/jetpack/css/jetpack.css?ver=13.0.1 HTTP/1.1" 200 101629 "https://www.circuitorioantigo.com.br/?utm_source=ig&utm_medium=social&utm_content=link_in_bio&fbclid=PAZXh0bgNhZW0CMTEAc3J0YwZhcHBfaWQPMTI0MDI0NTc0Mjg3NDE0AAGnxw8B8FNp3Cv241p4vbjqQaFh0dYhlPodmkWjN_hvyTUxIEjTqz1bzDw35Hg_aem_TvCDL6dJMZ7PcZ5GnIpMIw" "Mozilla/5.0 (iPhone; CPU iPhone OS 18_1_1 like Mac OS X) AppleWebKit/605.1.15 (KHTML, like Gecko) Mobile/22B91 Instagram 433.0.0.33.57 (iPhone12,8; iOS 18_1_1; pt_BR; pt; scale=2.00; 750x1334; IABMV/1; 989803374) Safari/604.1"
187.67.239.203 - - [15/Jun/2026:14:15:49 +0000] "GET /wp-includes/js/jquery/jquery.min.js?ver=3.7.1 HTTP/1.1" 200 87553 "https://www.circuitorioantigo.com.br/?utm_source=ig&utm_medium=social&utm_content=link_in_bio&fbclid=PAZXh0bgNhZW0CMTEAc3J0YwZhcHBfaWQPMTI0MDI0NTc0Mjg3NDE0AAGnxw8B8FNp3Cv241p4vbjqQaFh0dYhlPodmkWjN_hvyTUxIEjTqz1bzDw35Hg_aem_TvCDL6dJMZ7PcZ5GnIpMIw" "Mozilla/5.0 (iPhone; CPU iPhone OS 18_1_1 like Mac OS X) AppleWebKit/605.1.15 (KHTML, like Gecko) Mobile/22B91 Instagram 433.0.0.33.57 (iPhone12,8; iOS 18_1_1; pt_BR; pt; scale=2.00; 750x1334; IABMV/1; 989803374) Safari/604.1"
187.67.239.203 - - [15/Jun/2026:14:15:50 +0000] "GET /wp-includes/js/jquery/jquery-migrate.min.js?ver=3.4.1 HTTP/1.1" 200 13577 "https://www.circuitorioantigo.com.br/?utm_source=ig&utm_medium=social&utm_content=link_in_bio&fbclid=PAZXh0bgNhZW0CMTEAc3J0YwZhcHBfaWQPMTI0MDI0NTc0Mjg3NDE0AAGnxw8B8FNp3Cv241p4vbjqQaFh0dYhlPodmkWjN_hvyTUxIEjTqz1bzDw35Hg_aem_TvCDL6dJMZ7PcZ5GnIpMIw" "Mozilla/5.0 (iPhone; CPU iPhone OS 18_1_1 like Mac OS X) AppleWebKit/605.1.15 (KHTML, like Gecko) Mobile/22B91 Instagram 433.0.0.33.57 (iPhone12,8; iOS 18_1_1; pt_BR; pt; scale=2.00; 750x1334; IABMV/1; 989803374) Safari/604.1"
187.67.239.203 - - [15/Jun/2026:14:15:50 +0000] "GET /wp-content/plugins/zilla-likes/scripts/zilla-likes.js?ver=6.9.4 HTTP/1.1" 200 860 "https://www.circuitorioantigo.com.br/?utm_source=ig&utm_medium=social&utm_content=link_in_bio&fbclid=PAZXh0bgNhZW0CMTEAc3J0YwZhcHBfaWQPMTI0MDI0NTc0Mjg3NDE0AAGnxw8B8FNp3Cv241p4vbjqQaFh0dYhlPodmkWjN_hvyTUxIEjTqz1bzDw35Hg_aem_TvCDL6dJMZ7PcZ5GnIpMIw" "Mozilla/5.0 (iPhone; CPU iPhone OS 18_1_1 like Mac OS X) AppleWebKit/605.1.15 (KHTML, like Gecko) Mobile/22B91 Instagram 433.0.0.33.57 (iPhone12,8; iOS 18_1_1; pt_BR; pt; scale=2.00; 750x1334; IABMV/1; 989803374) Safari/604.1"
187.67.239.203 - - [15/Jun/2026:14:15:50 +0000] "GET /wp-content/plugins/advanced-iframe/js/ai.min.js?ver=380743 HTTP/1.1" 200 89201 "https://www.circuitorioantigo.com.br/?utm_source=ig&utm_medium=social&utm_content=link_in_bio&fbclid=PAZXh0bgNhZW0CMTEAc3J0YwZhcHBfaWQPMTI0MDI0NTc0Mjg3NDE0AAGnxw8B8FNp3Cv241p4vbjqQaFh0dYhlPodmkWjN_hvyTUxIEjTqz1bzDw35Hg_aem_TvCDL6dJMZ7PcZ5GnIpMIw" "Mozilla/5.0 (iPhone; CPU iPhone OS 18_1_1 like Mac OS X) AppleWebKit/605.1.15 (KHTML, like Gecko) Mobile/22B91 Instagram 433.0.0.33.57 (iPhone12,8; iOS 18_1_1; pt_BR; pt; scale=2.00; 750x1334; IABMV/1; 989803374) Safari/604.1"
187.67.239.203 - - [15/Jun/2026:14:15:50 +0000] "GET /wp-content/plugins/js_composer/assets/lib/bower/animate-css/animate.min.css?ver=7.3 HTTP/1.1" 200 16177 "https://www.circuitorioantigo.com.br/?utm_source=ig&utm_medium=social&utm_content=link_in_bio&fbclid=PAZXh0bgNhZW0CMTEAc3J0YwZhcHBfaWQPMTI0MDI0NTc0Mjg3NDE0AAGnxw8B8FNp3Cv241p4vbjqQaFh0dYhlPodmkWjN_hvyTUxIEjTqz1bzDw35Hg_aem_TvCDL6dJMZ7PcZ5GnIpMIw" "Mozilla/5.0 (iPhone; CPU iPhone OS 18_1_1 like Mac OS X) AppleWebKit/605.1.15 (KHTML, like Gecko) Mobile/22B91 Instagram 433.0.0.33.57 (iPhone12,8; iOS 18_1_1; pt_BR; pt; scale=2.00; 750x1334; IABMV/1; 989803374) Safari/604.1"
187.67.239.203 - - [15/Jun/2026:14:15:50 +0000] "GET /wp-content/themes/thegem/css/odometer-theme-default.css?ver=5.5.0 HTTP/1.1" 200 3987 "https://www.circuitorioantigo.com.br/?utm_source=ig&utm_medium=social&utm_content=link_in_bio&fbclid=PAZXh0bgNhZW0CMTEAc3J0YwZhcHBfaWQPMTI0MDI0NTc0Mjg3NDE0AAGnxw8B8FNp3Cv241p4vbjqQaFh0dYhlPodmkWjN_hvyTUxIEjTqz1bzDw35Hg_aem_TvCDL6dJMZ7PcZ5GnIpMIw" "Mozilla/5.0 (iPhone; CPU iPhone OS 18_1_1 like Mac OS X) AppleWebKit/605.1.15 (KHTML, like Gecko) Mobile/22B91 Instagram 433.0.0.33.57 (iPhone12,8; iOS 18_1_1; pt_BR; pt; scale=2.00; 750x1334; IABMV/1; 989803374) Safari/604.1"
187.67.239.203 - - [15/Jun/2026:14:15:50 +0000] "GET /wp-content/themes/thegem/css/thegem-lazy-loading-animations.css?ver=5.5.0 HTTP/1.1" 200 8168 "https://www.circuitorioantigo.com.br/?utm_source=ig&utm_medium=social&utm_content=link_in_bio&fbclid=PAZXh0bgNhZW0CMTEAc3J0YwZhcHBfaWQPMTI0MDI0NTc0Mjg3NDE0AAGnxw8B8FNp3Cv241p4vbjqQaFh0dYhlPodmkWjN_hvyTUxIEjTqz1bzDw35Hg_aem_TvCDL6dJMZ7PcZ5GnIpMIw" "Mozilla/5.0 (iPhone; CPU iPhone OS 18_1_1 like Mac OS X) AppleWebKit/605.1.15 (KHTML, like Gecko) Mobile/22B91 Instagram 433.0.0.33.57 (iPhone12,8; iOS 18_1_1; pt_BR; pt; scale=2.00; 750x1334; IABMV/1; 989803374) Safari/604.1"
187.67.239.203 - - [15/Jun/2026:14:15:50 +0000] "GET /wp-content/themes/thegem/css/icons-material.css?ver=5.5.0 HTTP/1.1" 200 65157 "https://www.circuitorioantigo.com.br/?utm_source=ig&utm_medium=social&utm_content=link_in_bio&fbclid=PAZXh0bgNhZW0CMTEAc3J0YwZhcHBfaWQPMTI0MDI0NTc0Mjg3NDE0AAGnxw8B8FNp3Cv241p4vbjqQaFh0dYhlPodmkWjN_hvyTUxIEjTqz1bzDw35Hg_aem_TvCDL6dJMZ7PcZ5GnIpMIw" "Mozilla/5.0 (iPhone; CPU iPhone OS 18_1_1 like Mac OS X) AppleWebKit/605.1.15 (KHTML, like Gecko) Mobile/22B91 Instagram 433.0.0.33.57 (iPhone12,8; iOS 18_1_1; pt_BR; pt; scale=2.00; 750x1334; IABMV/1; 989803374) Safari/604.1"
187.67.239.203 - - [15/Jun/2026:14:15:50 +0000] "GET /wp-content/themes/thegem/css/icons-elegant.css?ver=5.5.0 HTTP/1.1" 200 18832 "https://www.circuitorioantigo.com.br/?utm_source=ig&utm_medium=social&utm_content=link_in_bio&fbclid=PAZXh0bgNhZW0CMTEAc3J0YwZhcHBfaWQPMTI0MDI0NTc0Mjg3NDE0AAGnxw8B8FNp3Cv241p4vbjqQaFh0dYhlPodmkWjN_hvyTUxIEjTqz1bzDw35Hg_aem_TvCDL6dJMZ7PcZ5GnIpMIw" "Mozilla/5.0 (iPhone; CPU iPhone OS 18_1_1 like Mac OS X) AppleWebKit/605.1.15 (KHTML, like Gecko) Mobile/22B91 Instagram 433.0.0.33.57 (iPhone12,8; iOS 18_1_1; pt_BR; pt; scale=2.00; 750x1334; IABMV/1; 989803374) Safari/604.1"
187.67.239.203 - - [15/Jun/2026:14:15:50 +0000] "GET /wp-content/themes/thegem/css/icons-thegem-header.css?ver=5.5.0 HTTP/1.1" 200 13765 "https://www.circuitorioantigo.com.br/?utm_source=ig&utm_medium=social&utm_content=link_in_bio&fbclid=PAZXh0bgNhZW0CMTEAc3J0YwZhcHBfaWQPMTI0MDI0NTc0Mjg3NDE0AAGnxw8B8FNp3Cv241p4vbjqQaFh0dYhlPodmkWjN_hvyTUxIEjTqz1bzDw35Hg_aem_TvCDL6dJMZ7PcZ5GnIpMIw" "Mozilla/5.0 (iPhone; CPU iPhone OS 18_1_1 like Mac OS X) AppleWebKit/605.1.15 (KHTML, like Gecko) Mobile/22B91 Instagram 433.0.0.33.57 (iPhone12,8; iOS 18_1_1; pt_BR; pt; scale=2.00; 750x1334; IABMV/1; 989803374) Safari/604.1"
187.67.239.203 - - [15/Jun/2026:14:15:50 +0000] "GET /wp-content/plugins/jetpack/jetpack_vendor/automattic/jetpack-connection/dist/tracks-callables.js?minify=false&ver=d9dbf909a3d10fb26f39 HTTP/1.1" 200 1075 "https://www.circuitorioantigo.com.br/?utm_source=ig&utm_medium=social&utm_content=link_in_bio&fbclid=PAZXh0bgNhZW0CMTEAc3J0YwZhcHBfaWQPMTI0MDI0NTc0Mjg3NDE0AAGnxw8B8FNp3Cv241p4vbjqQaFh0dYhlPodmkWjN_hvyTUxIEjTqz1bzDw35Hg_aem_TvCDL6dJMZ7PcZ5GnIpMIw" "Mozilla/5.0 (iPhone; CPU iPhone OS 18_1_1 like Mac OS X) AppleWebKit/605.1.15 (KHTML, like Gecko) Mobile/22B91 Instagram 433.0.0.33.57 (iPhone12,8; iOS 18_1_1; pt_BR; pt; scale=2.00; 750x1334; IABMV/1; 989803374) Safari/604.1"
187.67.239.203 - - [15/Jun/2026:14:15:50 +0000] "GET /wp-content/themes/thegem/js/thegem-form-elements.js?ver=5.5.0 HTTP/1.1" 200 1787 "https://www.circuitorioantigo.com.br/?utm_source=ig&utm_medium=social&utm_content=link_in_bio&fbclid=PAZXh0bgNhZW0CMTEAc3J0YwZhcHBfaWQPMTI0MDI0NTc0Mjg3NDE0AAGnxw8B8FNp3Cv241p4vbjqQaFh0dYhlPodmkWjN_hvyTUxIEjTqz1bzDw35Hg_aem_TvCDL6dJMZ7PcZ5GnIpMIw" "Mozilla/5.0 (iPhone; CPU iPhone OS 18_1_1 like Mac OS X) AppleWebKit/605.1.15 (KHTML, like Gecko) Mobile/22B91 Instagram 433.0.0.33.57 (iPhone12,8; iOS 18_1_1; pt_BR; pt; scale=2.00; 750x1334; IABMV/1; 989803374) Safari/604.1"
187.67.239.203 - - [15/Jun/2026:14:15:50 +0000] "GET /wp-content/themes/thegem/js/jquery.easing.js?ver=5.5.0 HTTP/1.1" 200 4198 "https://www.circuitorioantigo.com.br/?utm_source=ig&utm_medium=social&utm_content=link_in_bio&fbclid=PAZXh0bgNhZW0CMTEAc3J0YwZhcHBfaWQPMTI0MDI0NTc0Mjg3NDE0AAGnxw8B8FNp3Cv241p4vbjqQaFh0dYhlPodmkWjN_hvyTUxIEjTqz1bzDw35Hg_aem_TvCDL6dJMZ7PcZ5GnIpMIw" "Mozilla/5.0 (iPhone; CPU iPhone OS 18_1_1 like Mac OS X) AppleWebKit/605.1.15 (KHTML, like Gecko) Mobile/22B91 Instagram 433.0.0.33.57 (iPhone12,8; iOS 18_1_1; pt_BR; pt; scale=2.00; 750x1334; IABMV/1; 989803374) Safari/604.1"
187.67.239.203 - - [15/Jun/2026:14:15:50 +0000] "GET /wp-content/themes/thegem/js/SmoothScroll.js?ver=5.5.0 HTTP/1.1" 200 23338 "https://www.circuitorioantigo.com.br/?utm_source=ig&utm_medium=social&utm_content=link_in_bio&fbclid=PAZXh0bgNhZW0CMTEAc3J0YwZhcHBfaWQPMTI0MDI0NTc0Mjg3NDE0AAGnxw8B8FNp3Cv241p4vbjqQaFh0dYhlPodmkWjN_hvyTUxIEjTqz1bzDw35Hg_aem_TvCDL6dJMZ7PcZ5GnIpMIw" "Mozilla/5.0 (iPhone; CPU iPhone OS 18_1_1 like Mac OS X) AppleWebKit/605.1.15 (KHTML, like Gecko) Mobile/22B91 Instagram 433.0.0.33.57 (iPhone12,8; iOS 18_1_1; pt_BR; pt; scale=2.00; 750x1334; IABMV/1; 989803374) Safari/604.1"
187.67.239.203 - - [15/Jun/2026:14:15:50 +0000] "GET /wp-content/themes/thegem/js/jquery.dlmenu.js?ver=5.5.0 HTTP/1.1" 200 10120 "https://www.circuitorioantigo.com.br/?utm_source=ig&utm_medium=social&utm_content=link_in_bio&fbclid=PAZXh0bgNhZW0CMTEAc3J0YwZhcHBfaWQPMTI0MDI0NTc0Mjg3NDE0AAGnxw8B8FNp3Cv241p4vbjqQaFh0dYhlPodmkWjN_hvyTUxIEjTqz1bzDw35Hg_aem_TvCDL6dJMZ7PcZ5GnIpMIw" "Mozilla/5.0 (iPhone; CPU iPhone OS 18_1_1 like Mac OS X) AppleWebKit/605.1.15 (KHTML, like Gecko) Mobile/22B91 Instagram 433.0.0.33.57 (iPhone12,8; iOS 18_1_1; pt_BR; pt; scale=2.00; 750x1334; IABMV/1; 989803374) Safari/604.1"
187.67.239.203 - - [15/Jun/2026:14:15:50 +0000] "GET /wp-content/themes/thegem/js/thegem-header.js?ver=5.5.0 HTTP/1.1" 200 18156 "https://www.circuitorioantigo.com.br/?utm_source=ig&utm_medium=social&utm_content=link_in_bio&fbclid=PAZXh0bgNhZW0CMTEAc3J0YwZhcHBfaWQPMTI0MDI0NTc0Mjg3NDE0AAGnxw8B8FNp3Cv241p4vbjqQaFh0dYhlPodmkWjN_hvyTUxIEjTqz1bzDw35Hg_aem_TvCDL6dJMZ7PcZ5GnIpMIw" "Mozilla/5.0 (iPhone; CPU iPhone OS 18_1_1 like Mac OS X) AppleWebKit/605.1.15 (KHTML, like Gecko) Mobile/22B91 Instagram 433.0.0.33.57 (iPhone12,8; iOS 18_1_1; pt_BR; pt; scale=2.00; 750x1334; IABMV/1; 989803374) Safari/604.1"
187.67.239.203 - - [15/Jun/2026:14:15:50 +0000] "GET /wp-content/themes/thegem/js/thegem-menu_init.js?ver=5.5.0 HTTP/1.1" 200 40513 "https://www.circuitorioantigo.com.br/?utm_source=ig&utm_medium=social&utm_content=link_in_bio&fbclid=PAZXh0bgNhZW0CMTEAc3J0YwZhcHBfaWQPMTI0MDI0NTc0Mjg3NDE0AAGnxw8B8FNp3Cv241p4vbjqQaFh0dYhlPodmkWjN_hvyTUxIEjTqz1bzDw35Hg_aem_TvCDL6dJMZ7PcZ5GnIpMIw" "Mozilla/5.0 (iPhone; CPU iPhone OS 18_1_1 like Mac OS X) AppleWebKit/605.1.15 (KHTML, like Gecko) Mobile/22B91 Instagram 433.0.0.33.57 (iPhone12,8; iOS 18_1_1; pt_BR; pt; scale=2.00; 750x1334; IABMV/1; 989803374) Safari/604.1"
187.67.239.203 - - [15/Jun/2026:14:15:50 +0000] "GET /wp-content/themes/thegem/js/functions.js?ver=5.5.0 HTTP/1.1" 200 21139 "https://www.circuitorioantigo.com.br/?utm_source=ig&utm_medium=social&utm_content=link_in_bio&fbclid=PAZXh0bgNhZW0CMTEAc3J0YwZhcHBfaWQPMTI0MDI0NTc0Mjg3NDE0AAGnxw8B8FNp3Cv241p4vbjqQaFh0dYhlPodmkWjN_hvyTUxIEjTqz1bzDw35Hg_aem_TvCDL6dJMZ7PcZ5GnIpMIw" "Mozilla/5.0 (iPhone; CPU iPhone OS 18_1_1 like Mac OS X) AppleWebKit/605.1.15 (KHTML, like Gecko) Mobile/22B91 Instagram 433.0.0.33.57 (iPhone12,8; iOS 18_1_1; pt_BR; pt; scale=2.00; 750x1334; IABMV/1; 989803374) Safari/604.1"
187.67.239.203 - - [15/Jun/2026:14:15:50 +0000] "GET /wp-content/themes/thegem/js/fancyBox/jquery.mousewheel.pack.js?ver=5.5.0 HTTP/1.1" 200 1396 "https://www.circuitorioantigo.com.br/?utm_source=ig&utm_medium=social&utm_content=link_in_bio&fbclid=PAZXh0bgNhZW0CMTEAc3J0YwZhcHBfaWQPMTI0MDI0NTc0Mjg3NDE0AAGnxw8B8FNp3Cv241p4vbjqQaFh0dYhlPodmkWjN_hvyTUxIEjTqz1bzDw35Hg_aem_TvCDL6dJMZ7PcZ5GnIpMIw" "Mozilla/5.0 (iPhone; CPU iPhone OS 18_1_1 like Mac OS X) AppleWebKit/605.1.15 (KHTML, like Gecko) Mobile/22B91 Instagram 433.0.0.33.57 (iPhone12,8; iOS 18_1_1; pt_BR; pt; scale=2.00; 750x1334; IABMV/1; 989803374) Safari/604.1"
187.67.239.203 - - [15/Jun/2026:14:15:50 +0000] "GET /wp-content/themes/thegem/js/fancyBox/jquery.fancybox.min.js?ver=5.5.0 HTTP/1.1" 200 68253 "https://www.circuitorioantigo.com.br/?utm_source=ig&utm_medium=social&utm_content=link_in_bio&fbclid=PAZXh0bgNhZW0CMTEAc3J0YwZhcHBfaWQPMTI0MDI0NTc0Mjg3NDE0AAGnxw8B8FNp3Cv241p4vbjqQaFh0dYhlPodmkWjN_hvyTUxIEjTqz1bzDw35Hg_aem_TvCDL6dJMZ7PcZ5GnIpMIw" "Mozilla/5.0 (iPhone; CPU iPhone OS 18_1_1 like Mac OS X) AppleWebKit/605.1.15 (KHTML, like Gecko) Mobile/22B91 Instagram 433.0.0.33.57 (iPhone12,8; iOS 18_1_1; pt_BR; pt; scale=2.00; 750x1334; IABMV/1; 989803374) Safari/604.1"
187.67.239.203 - - [15/Jun/2026:14:15:50 +0000] "GET /wp-content/themes/thegem/js/fancyBox/jquery.fancybox-init.js?ver=5.5.0 HTTP/1.1" 200 2429 "https://www.circuitorioantigo.com.br/?utm_source=ig&utm_medium=social&utm_content=link_in_bio&fbclid=PAZXh0bgNhZW0CMTEAc3J0YwZhcHBfaWQPMTI0MDI0NTc0Mjg3NDE0AAGnxw8B8FNp3Cv241p4vbjqQaFh0dYhlPodmkWjN_hvyTUxIEjTqz1bzDw35Hg_aem_TvCDL6dJMZ7PcZ5GnIpMIw" "Mozilla/5.0 (iPhone; CPU iPhone OS 18_1_1 like Mac OS X) AppleWebKit/605.1.15 (KHTML, like Gecko) Mobile/22B91 Instagram 433.0.0.33.57 (iPhone12,8; iOS 18_1_1; pt_BR; pt; scale=2.00; 750x1334; IABMV/1; 989803374) Safari/604.1"
187.67.239.203 - - [15/Jun/2026:14:15:50 +0000] "GET /wp-includes/js/dist/vendor/wp-polyfill.min.js?ver=3.15.0 HTTP/1.1" 200 33548 "https://www.circuitorioantigo.com.br/?utm_source=ig&utm_medium=social&utm_content=link_in_bio&fbclid=PAZXh0bgNhZW0CMTEAc3J0YwZhcHBfaWQPMTI0MDI0NTc0Mjg3NDE0AAGnxw8B8FNp3Cv241p4vbjqQaFh0dYhlPodmkWjN_hvyTUxIEjTqz1bzDw35Hg_aem_TvCDL6dJMZ7PcZ5GnIpMIw" "Mozilla/5.0 (iPhone; CPU iPhone OS 18_1_1 like Mac OS X) AppleWebKit/605.1.15 (KHTML, like Gecko) Mobile/22B91 Instagram 433.0.0.33.57 (iPhone12,8; iOS 18_1_1; pt_BR; pt; scale=2.00; 750x1334; IABMV/1; 989803374) Safari/604.1"
187.67.239.203 - - [15/Jun/2026:14:15:50 +0000] "GET /wp-content/plugins/jetpack/jetpack_vendor/automattic/jetpack-image-cdn/dist/image-cdn.js?minify=false&ver=132249e245926ae3e188 HTTP/1.1" 200 701 "https://www.circuitorioantigo.com.br/?utm_source=ig&utm_medium=social&utm_content=link_in_bio&fbclid=PAZXh0bgNhZW0CMTEAc3J0YwZhcHBfaWQPMTI0MDI0NTc0Mjg3NDE0AAGnxw8B8FNp3Cv241p4vbjqQaFh0dYhlPodmkWjN_hvyTUxIEjTqz1bzDw35Hg_aem_TvCDL6dJMZ7PcZ5GnIpMIw" "Mozilla/5.0 (iPhone; CPU iPhone OS 18_1_1 like Mac OS X) AppleWebKit/605.1.15 (KHTML, like Gecko) Mobile/22B91 Instagram 433.0.0.33.57 (iPhone12,8; iOS 18_1_1; pt_BR; pt; scale=2.00; 750x1334; IABMV/1; 989803374) Safari/604.1"
187.67.239.203 - - [15/Jun/2026:14:15:50 +0000] "GET /wp-content/plugins/contact-form-7/includes/js/index.js?ver=5.6.1 HTTP/1.1" 200 21904 "https://www.circuitorioantigo.com.br/?utm_source=ig&utm_medium=social&utm_content=link_in_bio&fbclid=PAZXh0bgNhZW0CMTEAc3J0YwZhcHBfaWQPMTI0MDI0NTc0Mjg3NDE0AAGnxw8B8FNp3Cv241p4vbjqQaFh0dYhlPodmkWjN_hvyTUxIEjTqz1bzDw35Hg_aem_TvCDL6dJMZ7PcZ5GnIpMIw" "Mozilla/5.0 (iPhone; CPU iPhone OS 18_1_1 like Mac OS X) AppleWebKit/605.1.15 (KHTML, like Gecko) Mobile/22B91 Instagram 433.0.0.33.57 (iPhone12,8; iOS 18_1_1; pt_BR; pt; scale=2.00; 750x1334; IABMV/1; 989803374) Safari/604.1"
187.67.239.203 - - [15/Jun/2026:14:15:50 +0000] "GET /wp-content/plugins/go_pricing/assets/js/go_pricing_scripts.js?ver=3.3.14 HTTP/1.1" 200 23561 "https://www.circuitorioantigo.com.br/?utm_source=ig&utm_medium=social&utm_content=link_in_bio&fbclid=PAZXh0bgNhZW0CMTEAc3J0YwZhcHBfaWQPMTI0MDI0NTc0Mjg3NDE0AAGnxw8B8FNp3Cv241p4vbjqQaFh0dYhlPodmkWjN_hvyTUxIEjTqz1bzDw35Hg_aem_TvCDL6dJMZ7PcZ5GnIpMIw" "Mozilla/5.0 (iPhone; CPU iPhone OS 18_1_1 like Mac OS X) AppleWebKit/605.1.15 (KHTML, like Gecko) Mobile/22B91 Instagram 433.0.0.33.57 (iPhone12,8; iOS 18_1_1; pt_BR; pt; scale=2.00; 750x1334; IABMV/1; 989803374) Safari/604.1"
187.67.239.203 - - [15/Jun/2026:14:15:50 +0000] "GET /wp-content/plugins/js_composer/assets/js/dist/js_composer_front.min.js?ver=7.3 HTTP/1.1" 200 20757 "https://www.circuitorioantigo.com.br/?utm_source=ig&utm_medium=social&utm_content=link_in_bio&fbclid=PAZXh0bgNhZW0CMTEAc3J0YwZhcHBfaWQPMTI0MDI0NTc0Mjg3NDE0AAGnxw8B8FNp3Cv241p4vbjqQaFh0dYhlPodmkWjN_hvyTUxIEjTqz1bzDw35Hg_aem_TvCDL6dJMZ7PcZ5GnIpMIw" "Mozilla/5.0 (iPhone; CPU iPhone OS 18_1_1 like Mac OS X) AppleWebKit/605.1.15 (KHTML, like Gecko) Mobile/22B91 Instagram 433.0.0.33.57 (iPhone12,8; iOS 18_1_1; pt_BR; pt; scale=2.00; 750x1334; IABMV/1; 989803374) Safari/604.1"
187.67.239.203 - - [15/Jun/2026:14:15:50 +0000] "GET /wp-content/plugins/boxzilla/assets/js/script.min.js?ver=3.2.27 HTTP/1.1" 200 15588 "https://www.circuitorioantigo.com.br/?utm_source=ig&utm_medium=social&utm_content=link_in_bio&fbclid=PAZXh0bgNhZW0CMTEAc3J0YwZhcHBfaWQPMTI0MDI0NTc0Mjg3NDE0AAGnxw8B8FNp3Cv241p4vbjqQaFh0dYhlPodmkWjN_hvyTUxIEjTqz1bzDw35Hg_aem_TvCDL6dJMZ7PcZ5GnIpMIw" "Mozilla/5.0 (iPhone; CPU iPhone OS 18_1_1 like Mac OS X) AppleWebKit/605.1.15 (KHTML, like Gecko) Mobile/22B91 Instagram 433.0.0.33.57 (iPhone12,8; iOS 18_1_1; pt_BR; pt; scale=2.00; 750x1334; IABMV/1; 989803374) Safari/604.1"
187.67.239.203 - - [15/Jun/2026:14:15:50 +0000] "GET /wp-content/plugins/js_composer/assets/lib/vc_waypoints/vc-waypoints.min.js?ver=7.3 HTTP/1.1" 200 9237 "https://www.circuitorioantigo.com.br/?utm_source=ig&utm_medium=social&utm_content=link_in_bio&fbclid=PAZXh0bgNhZW0CMTEAc3J0YwZhcHBfaWQPMTI0MDI0NTc0Mjg3NDE0AAGnxw8B8FNp3Cv241p4vbjqQaFh0dYhlPodmkWjN_hvyTUxIEjTqz1bzDw35Hg_aem_TvCDL6dJMZ7PcZ5GnIpMIw" "Mozilla/5.0 (iPhone; CPU iPhone OS 18_1_1 like Mac OS X) AppleWebKit/605.1.15 (KHTML, like Gecko) Mobile/22B91 Instagram 433.0.0.33.57 (iPhone12,8; iOS 18_1_1; pt_BR; pt; scale=2.00; 750x1334; IABMV/1; 989803374) Safari/604.1"
187.67.239.203 - - [15/Jun/2026:14:15:50 +0000] "GET /wp-content/themes/thegem/js/odometer.js?ver=5.5.0 HTTP/1.1" 200 21077 "https://www.circuitorioantigo.com.br/?utm_source=ig&utm_medium=social&utm_content=link_in_bio&fbclid=PAZXh0bgNhZW0CMTEAc3J0YwZhcHBfaWQPMTI0MDI0NTc0Mjg3NDE0AAGnxw8B8FNp3Cv241p4vbjqQaFh0dYhlPodmkWjN_hvyTUxIEjTqz1bzDw35Hg_aem_TvCDL6dJMZ7PcZ5GnIpMIw" "Mozilla/5.0 (iPhone; CPU iPhone OS 18_1_1 like Mac OS X) AppleWebKit/605.1.15 (KHTML, like Gecko) Mobile/22B91 Instagram 433.0.0.33.57 (iPhone12,8; iOS 18_1_1; pt_BR; pt; scale=2.00; 750x1334; IABMV/1; 989803374) Safari/604.1"
187.67.239.203 - - [15/Jun/2026:14:15:50 +0000] "GET /wp-content/themes/thegem/js/counters-effects.js?ver=5.5.0 HTTP/1.1" 200 5108 "https://www.circuitorioantigo.com.br/?utm_source=ig&utm_medium=social&utm_content=link_in_bio&fbclid=PAZXh0bgNhZW0CMTEAc3J0YwZhcHBfaWQPMTI0MDI0NTc0Mjg3NDE0AAGnxw8B8FNp3Cv241p4vbjqQaFh0dYhlPodmkWjN_hvyTUxIEjTqz1bzDw35Hg_aem_TvCDL6dJMZ7PcZ5GnIpMIw" "Mozilla/5.0 (iPhone; CPU iPhone OS 18_1_1 like Mac OS X) AppleWebKit/605.1.15 (KHTML, like Gecko) Mobile/22B91 Instagram 433.0.0.33.57 (iPhone12,8; iOS 18_1_1; pt_BR; pt; scale=2.00; 750x1334; IABMV/1; 989803374) Safari/604.1"
187.67.239.203 - - [15/Jun/2026:14:15:50 +0000] "GET /wp-content/themes/thegem/js/thegem-counters.js?ver=5.5.0 HTTP/1.1" 200 1261 "https://www.circuitorioantigo.com.br/?utm_source=ig&utm_medium=social&utm_content=link_in_bio&fbclid=PAZXh0bgNhZW0CMTEAc3J0YwZhcHBfaWQPMTI0MDI0NTc0Mjg3NDE0AAGnxw8B8FNp3Cv241p4vbjqQaFh0dYhlPodmkWjN_hvyTUxIEjTqz1bzDw35Hg_aem_TvCDL6dJMZ7PcZ5GnIpMIw" "Mozilla/5.0 (iPhone; CPU iPhone OS 18_1_1 like Mac OS X) AppleWebKit/605.1.15 (KHTML, like Gecko) Mobile/22B91 Instagram 433.0.0.33.57 (iPhone12,8; iOS 18_1_1; pt_BR; pt; scale=2.00; 750x1334; IABMV/1; 989803374) Safari/604.1"
187.67.239.203 - - [15/Jun/2026:14:15:50 +0000] "GET /wp-content/themes/thegem/js/thegem-lazyLoading.js?ver=5.5.0 HTTP/1.1" 200 12061 "https://www.circuitorioantigo.com.br/?utm_source=ig&utm_medium=social&utm_content=link_in_bio&fbclid=PAZXh0bgNhZW0CMTEAc3J0YwZhcHBfaWQPMTI0MDI0NTc0Mjg3NDE0AAGnxw8B8FNp3Cv241p4vbjqQaFh0dYhlPodmkWjN_hvyTUxIEjTqz1bzDw35Hg_aem_TvCDL6dJMZ7PcZ5GnIpMIw" "Mozilla/5.0 (iPhone; CPU iPhone OS 18_1_1 like Mac OS X) AppleWebKit/605.1.15 (KHTML, like Gecko) Mobile/22B91 Instagram 433.0.0.33.57 (iPhone12,8; iOS 18_1_1; pt_BR; pt; scale=2.00; 750x1334; IABMV/1; 989803374) Safari/604.1"
187.67.239.203 - - [15/Jun/2026:14:15:50 +0000] "GET /wp-content/plugins/mailchimp-for-wp/assets/js/forms.js?ver=4.9.11 HTTP/1.1" 200 6591 "https://www.circuitorioantigo.com.br/?utm_source=ig&utm_medium=social&utm_content=link_in_bio&fbclid=PAZXh0bgNhZW0CMTEAc3J0YwZhcHBfaWQPMTI0MDI0NTc0Mjg3NDE0AAGnxw8B8FNp3Cv241p4vbjqQaFh0dYhlPodmkWjN_hvyTUxIEjTqz1bzDw35Hg_aem_TvCDL6dJMZ7PcZ5GnIpMIw" "Mozilla/5.0 (iPhone; CPU iPhone OS 18_1_1 like Mac OS X) AppleWebKit/605.1.15 (KHTML, like Gecko) Mobile/22B91 Instagram 433.0.0.33.57 (iPhone12,8; iOS 18_1_1; pt_BR; pt; scale=2.00; 750x1334; IABMV/1; 989803374) Safari/604.1"
187.67.239.203 - - [15/Jun/2026:14:15:50 +0000] "GET /wp-content/themes/thegem/fonts/thegem-icons.woff HTTP/1.1" 200 21584 "https://www.circuitorioantigo.com.br/?utm_source=ig&utm_medium=social&utm_content=link_in_bio&fbclid=PAZXh0bgNhZW0CMTEAc3J0YwZhcHBfaWQPMTI0MDI0NTc0Mjg3NDE0AAGnxw8B8FNp3Cv241p4vbjqQaFh0dYhlPodmkWjN_hvyTUxIEjTqz1bzDw35Hg_aem_TvCDL6dJMZ7PcZ5GnIpMIw" "Mozilla/5.0 (iPhone; CPU iPhone OS 18_1_1 like Mac OS X) AppleWebKit/605.1.15 (KHTML, like Gecko) Mobile/22B91 Instagram 433.0.0.33.57 (iPhone12,8; iOS 18_1_1; pt_BR; pt; scale=2.00; 750x1334; IABMV/1; 989803374) Safari/604.1"
187.67.239.203 - - [15/Jun/2026:14:15:50 +0000] "GET /wp-content/themes/thegem/fonts/thegem-socials.woff HTTP/1.1" 200 36664 "https://www.circuitorioantigo.com.br/?utm_source=ig&utm_medium=social&utm_content=link_in_bio&fbclid=PAZXh0bgNhZW0CMTEAc3J0YwZhcHBfaWQPMTI0MDI0NTc0Mjg3NDE0AAGnxw8B8FNp3Cv241p4vbjqQaFh0dYhlPodmkWjN_hvyTUxIEjTqz1bzDw35Hg_aem_TvCDL6dJMZ7PcZ5GnIpMIw" "Mozilla/5.0 (iPhone; CPU iPhone OS 18_1_1 like Mac OS X) AppleWebKit/605.1.15 (KHTML, like Gecko) Mobile/22B91 Instagram 433.0.0.33.57 (iPhone12,8; iOS 18_1_1; pt_BR; pt; scale=2.00; 750x1334; IABMV/1; 989803374) Safari/604.1"
187.67.239.203 - - [15/Jun/2026:14:15:50 +0000] "GET /wp-content/themes/thegem/fonts/material/materialdesignicons.woff HTTP/1.1" 200 88492 "https://www.circuitorioantigo.com.br/?utm_source=ig&utm_medium=social&utm_content=link_in_bio&fbclid=PAZXh0bgNhZW0CMTEAc3J0YwZhcHBfaWQPMTI0MDI0NTc0Mjg3NDE0AAGnxw8B8FNp3Cv241p4vbjqQaFh0dYhlPodmkWjN_hvyTUxIEjTqz1bzDw35Hg_aem_TvCDL6dJMZ7PcZ5GnIpMIw" "Mozilla/5.0 (iPhone; CPU iPhone OS 18_1_1 like Mac OS X) AppleWebKit/605.1.15 (KHTML, like Gecko) Mobile/22B91 Instagram 433.0.0.33.57 (iPhone12,8; iOS 18_1_1; pt_BR; pt; scale=2.00; 750x1334; IABMV/1; 989803374) Safari/604.1"
187.67.239.203 - - [15/Jun/2026:14:15:50 +0000] "GET /wp-content/themes/thegem/fonts/thegem-header/thegem-header.woff HTTP/1.1" 200 54652 "https://www.circuitorioantigo.com.br/?utm_source=ig&utm_medium=social&utm_content=link_in_bio&fbclid=PAZXh0bgNhZW0CMTEAc3J0YwZhcHBfaWQPMTI0MDI0NTc0Mjg3NDE0AAGnxw8B8FNp3Cv241p4vbjqQaFh0dYhlPodmkWjN_hvyTUxIEjTqz1bzDw35Hg_aem_TvCDL6dJMZ7PcZ5GnIpMIw" "Mozilla/5.0 (iPhone; CPU iPhone OS 18_1_1 like Mac OS X) AppleWebKit/605.1.15 (KHTML, like Gecko) Mobile/22B91 Instagram 433.0.0.33.57 (iPhone12,8; iOS 18_1_1; pt_BR; pt; scale=2.00; 750x1334; IABMV/1; 989803374) Safari/604.1"
187.67.239.203 - - [15/Jun/2026:14:15:50 +0000] "GET /wp-content/themes/thegem/fonts/elegant/ElegantIcons.woff HTTP/1.1" 200 63664 "https://www.circuitorioantigo.com.br/?utm_source=ig&utm_medium=social&utm_content=link_in_bio&fbclid=PAZXh0bgNhZW0CMTEAc3J0YwZhcHBfaWQPMTI0MDI0NTc0Mjg3NDE0AAGnxw8B8FNp3Cv241p4vbjqQaFh0dYhlPodmkWjN_hvyTUxIEjTqz1bzDw35Hg_aem_TvCDL6dJMZ7PcZ5GnIpMIw" "Mozilla/5.0 (iPhone; CPU iPhone OS 18_1_1 like Mac OS X) AppleWebKit/605.1.15 (KHTML, like Gecko) Mobile/22B91 Instagram 433.0.0.33.57 (iPhone12,8; iOS 18_1_1; pt_BR; pt; scale=2.00; 750x1334; IABMV/1; 989803374) Safari/604.1"
187.67.239.203 - - [15/Jun/2026:14:15:50 +0000] "GET /wp-content/uploads/thegem-logos/logo_9bdf2c523176049ebe4920a7a7348556_2x.png HTTP/1.1" 200 21516 "https://www.circuitorioantigo.com.br/?utm_source=ig&utm_medium=social&utm_content=link_in_bio&fbclid=PAZXh0bgNhZW0CMTEAc3J0YwZhcHBfaWQPMTI0MDI0NTc0Mjg3NDE0AAGnxw8B8FNp3Cv241p4vbjqQaFh0dYhlPodmkWjN_hvyTUxIEjTqz1bzDw35Hg_aem_TvCDL6dJMZ7PcZ5GnIpMIw" "Mozilla/5.0 (iPhone; CPU iPhone OS 18_1_1 like Mac OS X) AppleWebKit/605.1.15 (KHTML, like Gecko) Mobile/22B91 Instagram 433.0.0.33.57 (iPhone12,8; iOS 18_1_1; pt_BR; pt; scale=2.00; 750x1334; IABMV/1; 989803374) Safari/604.1"
187.67.239.203 - - [15/Jun/2026:14:15:50 +0000] "GET /site/wp-content/uploads/2025/12/Rio_Antigo_Porto_339.jpg?id=26553 HTTP/1.1" 200 735721 "https://www.circuitorioantigo.com.br/?utm_source=ig&utm_medium=social&utm_content=link_in_bio&fbclid=PAZXh0bgNhZW0CMTEAc3J0YwZhcHBfaWQPMTI0MDI0NTc0Mjg3NDE0AAGnxw8B8FNp3Cv241p4vbjqQaFh0dYhlPodmkWjN_hvyTUxIEjTqz1bzDw35Hg_aem_TvCDL6dJMZ7PcZ5GnIpMIw" "Mozilla/5.0 (iPhone; CPU iPhone OS 18_1_1 like Mac OS X) AppleWebKit/605.1.15 (KHTML, like Gecko) Mobile/22B91 Instagram 433.0.0.33.57 (iPhone12,8; iOS 18_1_1; pt_BR; pt; scale=2.00; 750x1334; IABMV/1; 989803374) Safari/604.1"
187.67.239.203 - - [15/Jun/2026:14:15:51 +0000] "GET /wp-content/uploads/thegem-logos/logo_9bd0efd545d2cb70423239cb224db293_2x.png HTTP/1.1" 200 21516 "https://www.circuitorioantigo.com.br/?utm_source=ig&utm_medium=social&utm_content=link_in_bio&fbclid=PAZXh0bgNhZW0CMTEAc3J0YwZhcHBfaWQPMTI0MDI0NTc0Mjg3NDE0AAGnxw8B8FNp3Cv241p4vbjqQaFh0dYhlPodmkWjN_hvyTUxIEjTqz1bzDw35Hg_aem_TvCDL6dJMZ7PcZ5GnIpMIw" "Mozilla/5.0 (iPhone; CPU iPhone OS 18_1_1 like Mac OS X) AppleWebKit/605.1.15 (KHTML, like Gecko) Mobile/22B91 Instagram 433.0.0.33.57 (iPhone12,8; iOS 18_1_1; pt_BR; pt; scale=2.00; 750x1334; IABMV/1; 989803374) Safari/604.1"
187.67.239.203 - - [15/Jun/2026:14:15:51 +0000] "GET /wp-includes/js/wp-emoji-release.min.js?ver=6.9.4 HTTP/1.1" 200 22762 "https://www.circuitorioantigo.com.br/?utm_source=ig&utm_medium=social&utm_content=link_in_bio&fbclid=PAZXh0bgNhZW0CMTEAc3J0YwZhcHBfaWQPMTI0MDI0NTc0Mjg3NDE0AAGnxw8B8FNp3Cv241p4vbjqQaFh0dYhlPodmkWjN_hvyTUxIEjTqz1bzDw35Hg_aem_TvCDL6dJMZ7PcZ5GnIpMIw" "Mozilla/5.0 (iPhone; CPU iPhone OS 18_1_1 like Mac OS X) AppleWebKit/605.1.15 (KHTML, like Gecko) Mobile/22B91 Instagram 433.0.0.33.57 (iPhone12,8; iOS 18_1_1; pt_BR; pt; scale=2.00; 750x1334; IABMV/1; 989803374) Safari/604.1"
187.67.239.203 - - [15/Jun/2026:14:15:51 +0000] "GET /site/wp-content/uploads/fbrfg/site.webmanifest HTTP/1.1" 200 486 "https://www.circuitorioantigo.com.br/?utm_source=ig&utm_medium=social&utm_content=link_in_bio&fbclid=PAZXh0bgNhZW0CMTEAc3J0YwZhcHBfaWQPMTI0MDI0NTc0Mjg3NDE0AAGnxw8B8FNp3Cv241p4vbjqQaFh0dYhlPodmkWjN_hvyTUxIEjTqz1bzDw35Hg_aem_TvCDL6dJMZ7PcZ5GnIpMIw" "Mozilla/5.0 (iPhone; CPU iPhone OS 18_1_1 like Mac OS X) AppleWebKit/605.1.15 (KHTML, like Gecko) Mobile/22B91 Instagram 433.0.0.33.57 (iPhone12,8; iOS 18_1_1; pt_BR; pt; scale=2.00; 750x1334; IABMV/1; 989803374) Safari/604.1"
187.67.239.203 - - [15/Jun/2026:14:15:51 +0000] "GET /site/wp-content/uploads/2025/12/Circuito-Rio-Antigo-Nov-25-Foto-Bruno-de-Lima-175-Medio.jpg?id=26559 HTTP/1.1" 200 392945 "https://www.circuitorioantigo.com.br/?utm_source=ig&utm_medium=social&utm_content=link_in_bio&fbclid=PAZXh0bgNhZW0CMTEAc3J0YwZhcHBfaWQPMTI0MDI0NTc0Mjg3NDE0AAGnxw8B8FNp3Cv241p4vbjqQaFh0dYhlPodmkWjN_hvyTUxIEjTqz1bzDw35Hg_aem_TvCDL6dJMZ7PcZ5GnIpMIw" "Mozilla/5.0 (iPhone; CPU iPhone OS 18_1_1 like Mac OS X) AppleWebKit/605.1.15 (KHTML, like Gecko) Mobile/22B91 Instagram 433.0.0.33.57 (iPhone12,8; iOS 18_1_1; pt_BR; pt; scale=2.00; 750x1334; IABMV/1; 989803374) Safari/604.1"
187.67.239.203 - - [15/Jun/2026:14:15:51 +0000] "GET /site/wp-content/uploads/2025/12/Circuito-Rio-Antigo-_NI-Foto-Bruno-de-Lima-163.jpg?id=26555 HTTP/1.1" 200 1240142 "https://www.circuitorioantigo.com.br/?utm_source=ig&utm_medium=social&utm_content=link_in_bio&fbclid=PAZXh0bgNhZW0CMTEAc3J0YwZhcHBfaWQPMTI0MDI0NTc0Mjg3NDE0AAGnxw8B8FNp3Cv241p4vbjqQaFh0dYhlPodmkWjN_hvyTUxIEjTqz1bzDw35Hg_aem_TvCDL6dJMZ7PcZ5GnIpMIw" "Mozilla/5.0 (iPhone; CPU iPhone OS 18_1_1 like Mac OS X) AppleWebKit/605.1.15 (KHTML, like Gecko) Mobile/22B91 Instagram 433.0.0.33.57 (iPhone12,8; iOS 18_1_1; pt_BR; pt; scale=2.00; 750x1334; IABMV/1; 989803374) Safari/604.1"
51.68.107.139 - - [15/Jun/2026:14:20:26 +0000] "GET /robots.txt HTTP/1.1" 200 307 "-" "Mozilla/5.0 (compatible; MJ12bot/v2.0.5; http://mj12bot.com/)"
51.68.107.139 - - [15/Jun/2026:14:20:28 +0000] "GET / HTTP/1.1" 200 87709 "-" "Mozilla/5.0 (compatible; MJ12bot/v2.0.5; http://mj12bot.com/)"
50.16.248.61 - - [15/Jun/2026:14:22:22 +0000] "GET /wp-json/oembed/1.0/embed?url=https://www.circuitorioantigo.com.br/2016/03/17/blog-post-left-sidebar-5/ HTTP/1.1" 200 2701 "-" "Mozilla/5.0 AppleWebKit/537.36 (KHTML, like Gecko; compatible; Amazonbot/0.1; +https://developer.amazon.com/support/amazonbot) Chrome/119.0.6045.214 Safari/537.36"
162.241.176.232 - - [15/Jun/2026:14:22:23 +0000] "POST /wp-cron.php?doing_wp_cron=1781533343.2145760059356689453125 HTTP/1.1" 404 16000 "-" "WordPress/6.9.4; https://www.circuitorioantigo.com.br"
162.241.176.232 - - [15/Jun/2026:14:23:23 +0000] "POST /wp-cron.php?doing_wp_cron=1781533403.4175460338592529296875 HTTP/1.1" 404 58105 "-" "WordPress/6.9.4; https://www.circuitorioantigo.com.br"
114.119.154.39 - - [15/Jun/2026:14:23:22 +0000] "GET /2016/03/15/fullwidth-post-sample/?share=facebook HTTP/1.1" 302 - "https://www.circuitorioantigo.com.br/2016/03/17/100-width-galleries-post-4/" "Mozilla/5.0 (Linux; Android 7.0;) AppleWebKit/537.36 (HTML, like Gecko) Mobile Safari/537.36 (compatible; PetalBot;+https://webmaster.petalsearch.com/site/petalbot)"
162.241.176.232 - - [15/Jun/2026:14:24:31 +0000] "POST /wp-cron.php?doing_wp_cron=1781533471.3709950447082519531250 HTTP/1.1" 404 58105 "-" "WordPress/6.9.4; https://www.circuitorioantigo.com.br"
57.141.0.14 - - [15/Jun/2026:14:24:30 +0000] "GET /news-sitemap.xml HTTP/1.1" 200 495 "-" "meta-externalagent/1.1 (+https://developers.facebook.com/docs/sharing/webmasters/crawler)"
162.241.176.232 - - [15/Jun/2026:14:27:00 +0000] "POST /wp-cron.php?doing_wp_cron=1781533620.8351800441741943359375 HTTP/1.1" 404 58103 "-" "WordPress/6.9.4; https://www.circuitorioantigo.com.br"
109.70.100.11 - - [15/Jun/2026:14:26:59 +0000] "GET / HTTP/1.1" 301 - "-" "Mozilla/5.0 (iPhone; CPU iPhone OS 18_7 like Mac OS X) AppleWebKit/605.1.15 (KHTML, like Gecko) Version/26.5 Mobile/15E148 Safari/604.1"
162.241.176.232 - - [15/Jun/2026:14:33:04 +0000] "POST /wp-cron.php?doing_wp_cron=1781533984.2640058994293212890625 HTTP/1.1" 404 58105 "-" "WordPress/6.9.4; https://www.circuitorioantigo.com.br"
95.108.213.221 - - [15/Jun/2026:14:33:03 +0000] "GET /robots.txt HTTP/1.1" 200 307 "-" "Mozilla/5.0 (compatible; YandexBot/3.0; +http://yandex.com/bots)"
213.180.203.89 - - [15/Jun/2026:14:33:06 +0000] "GET /2016/03/17/100-width-galleries-post-5/ HTTP/1.1" 200 138693 "-" "Mozilla/5.0 (compatible; YandexBot/3.0; +http://yandex.com/bots)"
35.230.169.61 - - [15/Jun/2026:14:33:30 +0000] "GET /.git/config HTTP/1.1" 200 12293 "-" "-"
87.250.224.12 - - [15/Jun/2026:14:33:47 +0000] "GET /sitemap_index.xml HTTP/1.1" 200 1133 "-" "Mozilla/5.0 (compatible; YandexBot/3.0; +http://yandex.com/bots)"
173.252.87.43 - - [15/Jun/2026:14:33:54 +0000] "GET /robots.txt HTTP/1.1" 301 - "-" "facebookexternalhit/1.1 (+http://www.facebook.com/externalhit_uatext.php)"
57.141.0.3 - - [15/Jun/2026:14:33:56 +0000] "GET /robots.txt HTTP/1.1" 200 307 "-" "facebookexternalhit/1.1 (+http://www.facebook.com/externalhit_uatext.php)"
162.241.176.232 - - [15/Jun/2026:14:35:10 +0000] "POST /wp-cron.php?doing_wp_cron=1781534110.4388370513916015625000 HTTP/1.1" 404 15678 "-" "WordPress/6.9.4; https://www.circuitorioantigo.com.br"
114.119.140.115 - - [15/Jun/2026:14:35:09 +0000] "GET /2016/03/15/blog-post-left-sidebar/?share=twitter HTTP/1.1" 302 - "https://www.circuitorioantigo.com.br/2016/04/18/100-width-galleries-post-9/" "Mozilla/5.0 (Linux; Android 7.0;) AppleWebKit/537.36 (HTML, like Gecko) Mobile Safari/537.36 (compatible; PetalBot;+https://webmaster.petalsearch.com/site/petalbot)"
34.63.40.140 - - [15/Jun/2026:14:38:35 +0000] "GET / HTTP/1.1" 200 87714 "http://circuitorioantigo.com.br" "Mozilla/5.0 (compatible; CMS-Checker/1.0; +https://example.com)"
152.237.107.250 - - [15/Jun/2026:14:39:40 +0000] "GET /apple-touch-icon-precomposed.png HTTP/1.1" 404 58105 "-" "com.apple.WebKit.Networking/21622.2.11.11.9 Network/5569.41.1 macOS/26.1"
152.237.107.250 - - [15/Jun/2026:14:39:40 +0000] "GET /favicon.ico HTTP/1.1" 302 - "-" "com.apple.WebKit.Networking/21622.2.11.11.9 Network/5569.41.1 macOS/26.1"
152.237.107.250 - - [15/Jun/2026:14:39:43 +0000] "GET /wp-includes/images/w-logo-blue-white-bg.png HTTP/1.1" 200 4119 "-" "com.apple.WebKit.Networking/21622.2.11.11.9 Network/5569.41.1 macOS/26.1"
162.241.176.232 - - [15/Jun/2026:14:39:42 +0000] "POST /wp-cron.php?doing_wp_cron=1781534382.1551589965820312500000 HTTP/1.1" 404 15678 "-" "WordPress/6.9.4; https://www.circuitorioantigo.com.br"
162.241.176.232 - - [15/Jun/2026:14:39:42 +0000] "POST /wp-cron.php?doing_wp_cron=1781534382.3192119598388671875000 HTTP/1.1" 404 15678 "-" "WordPress/6.9.4; https://www.circuitorioantigo.com.br"
152.237.107.250 - - [15/Jun/2026:14:39:40 +0000] "GET /apple-touch-icon.png HTTP/1.1" 404 58105 "-" "com.apple.WebKit.Networking/21622.2.11.11.9 Network/5569.41.1 macOS/26.1"
162.241.176.232 - - [15/Jun/2026:14:39:42 +0000] "POST /wp-cron.php?doing_wp_cron=1781534382.8690121173858642578125 HTTP/1.1" 404 16000 "-" "WordPress/6.9.4; https://www.circuitorioantigo.com.br"
152.237.107.250 - - [15/Jun/2026:14:39:40 +0000] "GET /novaiguacu/ HTTP/1.1" 200 156998 "-" "Mozilla/5.0 (Macintosh; Intel Mac OS X 10_11_1) AppleWebKit/601.2.4 (KHTML, like Gecko) Version/9.0.1 Safari/601.2.4 facebookexternalhit/1.1 Facebot Twitterbot/1.0"
162.241.176.232 - - [15/Jun/2026:14:39:43 +0000] "POST /wp-cron.php?doing_wp_cron=1781534383.3005099296569824218750 HTTP/1.1" 404 15678 "-" "WordPress/6.9.4; https://www.circuitorioantigo.com.br"
74.208.38.160 - - [15/Jun/2026:14:40:20 +0000] "GET /wp-login.php HTTP/1.1" 200 11856 "-" "Mozilla/5.0 (Windows NT 10.0; WOW64) AppleWebKit/537.36 (KHTML, like Gecko) Chrome/133.0.0.0 Safari/537.36"
74.208.38.160 - - [15/Jun/2026:14:40:23 +0000] "POST /wp-login.php HTTP/1.1" 200 11856 "https://www.circuitorioantigo.com.br/wp-login.php" "Mozilla/5.0 (Windows NT 10.0; WOW64) AppleWebKit/537.36 (KHTML, like Gecko) Chrome/133.0.0.0 Safari/537.36"
40.77.167.14 - - [15/Jun/2026:14:40:24 +0000] "GET /news-sitemap.xml HTTP/1.1" 200 495 "-" "Mozilla/5.0 AppleWebKit/537.36 (KHTML, like Gecko; compatible; bingbot/2.0; +http://www.bing.com/bingbot.htm) Chrome/116.0.1938.76 Safari/537.36"
216.73.217.69 - - [15/Jun/2026:14:40:39 +0000] "GET /robots.txt HTTP/1.1" 200 307 "-" "Mozilla/5.0 AppleWebKit/537.36 (KHTML, like Gecko; compatible; ClaudeBot/1.0; +claudebot@anthropic.com)"
216.73.217.69 - - [15/Jun/2026:14:40:40 +0000] "GET /sitemap.xml HTTP/1.1" 200 652 "-" "Mozilla/5.0 AppleWebKit/537.36 (KHTML, like Gecko; compatible; ClaudeBot/1.0; +claudebot@anthropic.com)"
104.155.113.192 - - [15/Jun/2026:14:45:11 +0000] "GET / HTTP/1.1" 200 87707 "http://www.circuitorioantigo.decastilhosports.com.br" "Mozilla/5.0 (compatible; CMS-Checker/1.0; +https://example.com)"
103.28.36.205 - - [15/Jun/2026:14:45:47 +0000] "GET /wp-login.php HTTP/1.1" 200 11856 "-" "Mozilla/5.0 (X11; Linux i686) AppleWebKit/537.36 (KHTML, like Gecko) Chrome/133.0.0.0 Safari/537.36"
162.241.176.232 - - [15/Jun/2026:14:46:57 +0000] "POST /wp-cron.php?doing_wp_cron=1781534817.2542030811309814453125 HTTP/1.1" 404 58105 "-" "WordPress/6.9.4; https://www.circuitorioantigo.com.br"
114.119.156.181 - - [15/Jun/2026:14:46:55 +0000] "GET /2016/01/13/efficient-unleash-media/?share=twitter HTTP/1.1" 302 - "https://www.circuitorioantigo.com.br/2016/01/13/efficient-unleash-media/" "Mozilla/5.0 (Linux; Android 7.0;) AppleWebKit/537.36 (HTML, like Gecko) Mobile Safari/537.36 (compatible; PetalBot;+https://webmaster.petalsearch.com/site/petalbot)"
162.241.176.232 - - [15/Jun/2026:14:48:02 +0000] "POST /wp-cron.php?doing_wp_cron=1781534882.7314178943634033203125 HTTP/1.1" 404 58105 "-" "WordPress/6.9.4; https://www.circuitorioantigo.com.br"
207.46.13.83 - - [15/Jun/2026:14:48:01 +0000] "GET /etapa-lapa-2025/ HTTP/1.1" 200 141192 "-" "Mozilla/5.0 AppleWebKit/537.36 (KHTML, like Gecko; compatible; bingbot/2.0; +http://www.bing.com/bingbot.htm) Chrome/116.0.1938.76 Safari/537.36"
34.60.185.207 - - [15/Jun/2026:14:50:09 +0000] "GET / HTTP/1.1" 200 87709 "http://www.circuitorioantigo.decastilhosports.com.br" "Mozilla/5.0 (compatible; CMS-Checker/1.0; +https://example.com)"
57.141.0.14 - - [15/Jun/2026:14:50:19 +0000] "GET /category/web-standards/ HTTP/1.1" 200 70875 "-" "meta-externalagent/1.1 (+https://developers.facebook.com/docs/sharing/webmasters/crawler)"
122.51.236.174 - - [15/Jun/2026:14:55:03 +0000] "GET / HTTP/1.1" 200 87712 "http://www.circuitorioantigo.com.br" "Mozilla/5.0 (iPhone; CPU iPhone OS 13_2_3 like Mac OS X) AppleWebKit/605.1.15 (KHTML, like Gecko) Version/13.0.3 Mobile/15E148 Safari/604.1"
162.241.176.232 - - [15/Jun/2026:14:58:44 +0000] "POST /wp-cron.php?doing_wp_cron=1781535524.1807301044464111328125 HTTP/1.1" 404 58105 "-" "WordPress/6.9.4; https://www.circuitorioantigo.com.br"
114.119.156.181 - - [15/Jun/2026:14:58:43 +0000] "GET /2015/10/22/quote-post/ HTTP/1.1" 200 125003 "https://www.circuitorioantigo.com.br/2016/03/17/blog-post-left-sidebar-5" "Mozilla/5.0 (Linux; Android 7.0;) AppleWebKit/537.36 (HTML, like Gecko) Mobile Safari/537.36 (compatible; PetalBot;+https://webmaster.petalsearch.com/site/petalbot)"
162.241.176.232 - - [15/Jun/2026:14:59:48 +0000] "POST /wp-cron.php?doing_wp_cron=1781535588.1012380123138427734375 HTTP/1.1" 404 58103 "-" "WordPress/6.9.4; https://www.circuitorioantigo.com.br"
98.88.179.76 - - [15/Jun/2026:14:59:47 +0000] "GET /robots.txt HTTP/1.1" 200 307 "-" "Mozilla/5.0 (Macintosh; Intel Mac OS X 10_10_1) AppleWebKit/600.2.5 (KHTML, like Gecko) Version/8.0.2 Safari/600.2.5 (Gort)"
216.73.217.69 - - [15/Jun/2026:15:02:19 +0000] "GET /sitemap_index.xml HTTP/1.1" 200 1133 "-" "Mozilla/5.0 AppleWebKit/537.36 (KHTML, like Gecko; compatible; ClaudeBot/1.0; +claudebot@anthropic.com)"
162.241.176.232 - - [15/Jun/2026:15:03:21 +0000] "POST /wp-cron.php?doing_wp_cron=1781535801.3753900527954101562500 HTTP/1.1" 404 58105 "-" "WordPress/6.9.4; https://www.circuitorioantigo.com.br"
173.252.69.27 - - [15/Jun/2026:15:03:20 +0000] "GET / HTTP/1.1" 200 87712 "-" "facebookexternalhit/1.1 (+http://www.facebook.com/externalhit_uatext.php)"
216.73.217.69 - - [15/Jun/2026:15:03:22 +0000] "GET /news-sitemap.xml HTTP/1.1" 200 495 "-" "Mozilla/5.0 AppleWebKit/537.36 (KHTML, like Gecko; compatible; ClaudeBot/1.0; +claudebot@anthropic.com)"
162.241.176.232 - - [15/Jun/2026:15:05:58 +0000] "POST /wp-cron.php?doing_wp_cron=1781535958.7993938922882080078125 HTTP/1.1" 404 58105 "-" "WordPress/6.9.4; https://www.circuitorioantigo.com.br"
54.197.114.76 - - [15/Jun/2026:15:05:57 +0000] "GET /tag/events/feed/ HTTP/1.1" 200 34269 "-" "Mozilla/5.0 AppleWebKit/537.36 (KHTML, like Gecko; compatible; Amazonbot/0.1; +https://developer.amazon.com/support/amazonbot) Chrome/119.0.6045.214 Safari/537.36"
18.214.138.148 - - [15/Jun/2026:15:06:00 +0000] "GET /wp-json/wp/v2/posts/17087 HTTP/1.1" 200 40602 "-" "Mozilla/5.0 AppleWebKit/537.36 (KHTML, like Gecko; compatible; Amazonbot/0.1; +https://developer.amazon.com/support/amazonbot) Chrome/119.0.6045.214 Safari/537.36"
44.221.180.179 - - [15/Jun/2026:15:06:04 +0000] "GET /wp-json/oembed/1.0/embed?url=https://www.circuitorioantigo.com.br/2015/10/16/blog-post-left-sidebar-2/ HTTP/1.1" 200 2701 "-" "Mozilla/5.0 AppleWebKit/537.36 (KHTML, like Gecko; compatible; Amazonbot/0.1; +https://developer.amazon.com/support/amazonbot) Chrome/119.0.6045.214 Safari/537.36"
34.231.77.232 - - [15/Jun/2026:15:06:08 +0000] "GET /wp-json/wp/v2/posts/42 HTTP/1.1" 200 15683 "-" "Mozilla/5.0 AppleWebKit/537.36 (KHTML, like Gecko; compatible; Amazonbot/0.1; +https://developer.amazon.com/support/amazonbot) Chrome/119.0.6045.214 Safari/537.36"
162.241.176.232 - - [15/Jun/2026:15:10:29 +0000] "POST /wp-cron.php?doing_wp_cron=1781536229.5351750850677490234375 HTTP/1.1" 404 58105 "-" "WordPress/6.9.4; https://www.circuitorioantigo.com.br"
114.119.139.185 - - [15/Jun/2026:15:10:28 +0000] "GET /2015/10/16/fullwidth-post-sample-3?share=facebook HTTP/1.1" 302 - "https://www.circuitorioantigo.com.br/2016/03/26/splash-shop-3-post-2" "Mozilla/5.0 (Linux; Android 7.0;) AppleWebKit/537.36 (HTML, like Gecko) Mobile Safari/537.36 (compatible; PetalBot;+https://webmaster.petalsearch.com/site/petalbot)"
34.63.40.140 - - [15/Jun/2026:15:11:54 +0000] "GET / HTTP/1.1" 200 87713 "-" "Mozilla/5.0 (Windows NT 10.0; Win64; x64) AppleWebKit/537.36 (KHTML, like Gecko) Chrome/78.0.3904.108 Safari/537.36"
34.63.40.140 - - [15/Jun/2026:15:11:55 +0000] "GET //wp-includes/wlwmanifest.xml HTTP/1.1" 301 - "-" "Mozilla/5.0 (Windows NT 10.0; Win64; x64) AppleWebKit/537.36 (KHTML, like Gecko) Chrome/78.0.3904.108 Safari/537.36"
34.63.40.140 - - [15/Jun/2026:15:11:56 +0000] "GET //xmlrpc.php?rsd HTTP/1.1" 301 - "-" "Mozilla/5.0 (Windows NT 10.0; Win64; x64) AppleWebKit/537.36 (KHTML, like Gecko) Chrome/78.0.3904.108 Safari/537.36"
34.63.40.140 - - [15/Jun/2026:15:11:56 +0000] "GET / HTTP/1.1" 200 87712 "-" "Mozilla/5.0 (Windows NT 10.0; Win64; x64) AppleWebKit/537.36 (KHTML, like Gecko) Chrome/78.0.3904.108 Safari/537.36"
34.63.40.140 - - [15/Jun/2026:15:11:58 +0000] "GET //?author=1 HTTP/1.1" 404 54993 "-" "Mozilla/5.0 (Windows NT 10.0; Win64; x64) AppleWebKit/537.36 (KHTML, like Gecko) Chrome/78.0.3904.108 Safari/537.36"
34.63.40.140 - - [15/Jun/2026:15:11:59 +0000] "GET //?author=2 HTTP/1.1" 404 54993 "-" "Mozilla/5.0 (Windows NT 10.0; Win64; x64) AppleWebKit/537.36 (KHTML, like Gecko) Chrome/78.0.3904.108 Safari/537.36"
34.63.40.140 - - [15/Jun/2026:15:12:00 +0000] "GET //wp-json/wp/v2/users/ HTTP/1.1" 401 131 "-" "Mozilla/5.0 (Windows NT 10.0; Win64; x64) AppleWebKit/537.36 (KHTML, like Gecko) Chrome/78.0.3904.108 Safari/537.36"
34.63.40.140 - - [15/Jun/2026:15:12:00 +0000] "GET //wp-json/oembed/1.0/embed?url=https://www.circuitorioantigo.com.br/ HTTP/1.1" 200 2738 "-" "Mozilla/5.0 (Windows NT 10.0; Win64; x64) AppleWebKit/537.36 (KHTML, like Gecko) Chrome/78.0.3904.108 Safari/537.36"
34.63.40.140 - - [15/Jun/2026:15:12:01 +0000] "POST //xmlrpc.php HTTP/1.1" 301 - "-" "Mozilla/5.0 (Windows NT 10.0; Win64; x64) AppleWebKit/537.36 (KHTML, like Gecko) Chrome/78.0.3904.108 Safari/537.36"
162.241.176.232 - - [15/Jun/2026:15:17:03 +0000] "POST /wp-cron.php?doing_wp_cron=1781536623.8238821029663085937500 HTTP/1.1" 404 58105 "-" "WordPress/6.9.4; https://www.circuitorioantigo.com.br"
85.208.96.195 - - [15/Jun/2026:15:17:02 +0000] "GET /etapa-largo-da-carioca/ HTTP/1.1" 200 121632 "-" "Mozilla/5.0 (compatible; SemrushBot/7~bl; +http://www.semrush.com/bot.html)"
162.241.176.232 - - [15/Jun/2026:15:19:26 +0000] "POST /wp-cron.php?doing_wp_cron=1781536766.3329269886016845703125 HTTP/1.1" 404 58103 "-" "WordPress/6.9.4; https://www.circuitorioantigo.com.br"
207.46.13.128 - - [15/Jun/2026:15:19:25 +0000] "GET /2015/08/16/blog-post HTTP/1.1" 301 - "-" "Mozilla/5.0 AppleWebKit/537.36 (KHTML, like Gecko; compatible; bingbot/2.0; +http://www.bing.com/bingbot.htm) Chrome/116.0.1938.76 Safari/537.36"
66.249.79.199 - - [15/Jun/2026:15:22:12 +0000] "GET /elements/testimonials/ HTTP/1.1" 200 112250 "-" "Mozilla/5.0 (Linux; Android 6.0.1; Nexus 5X Build/MMB29P) AppleWebKit/537.36 (KHTML, like Gecko) Chrome/148.0.7778.96 Mobile Safari/537.36 (compatible; Googlebot/2.1; +http://www.google.com/bot.html)"
162.241.176.232 - - [15/Jun/2026:15:22:14 +0000] "POST /wp-cron.php?doing_wp_cron=1781536934.0352909564971923828125 HTTP/1.1" 404 15678 "-" "WordPress/6.9.4; https://www.circuitorioantigo.com.br"
114.119.140.115 - - [15/Jun/2026:15:22:15 +0000] "GET /robots.txt HTTP/1.1" 301 - "https://www.kalecizgisi.com/www/circuitorioantigo.com.br.html" "Mozilla/5.0 (Linux; Android 7.0;) AppleWebKit/537.36 (HTML, like Gecko) Mobile Safari/537.36 (compatible; PetalBot;+https://webmaster.petalsearch.com/site/petalbot)"
114.119.140.115 - - [15/Jun/2026:15:22:18 +0000] "GET /robots.txt HTTP/1.1" 200 307 "https://www.kalecizgisi.com/www/circuitorioantigo.com.br.html" "Mozilla/5.0 (Linux; Android 7.0;) AppleWebKit/537.36 (HTML, like Gecko) Mobile Safari/537.36 (compatible; PetalBot;+https://webmaster.petalsearch.com/site/petalbot)"
162.241.176.232 - - [15/Jun/2026:15:23:50 +0000] "POST /wp-cron.php?doing_wp_cron=1781537030.2252099514007568359375 HTTP/1.1" 404 58103 "-" "WordPress/6.9.4; https://www.circuitorioantigo.com.br"
40.77.167.8 - - [15/Jun/2026:15:23:49 +0000] "GET /sitemap_index.xml HTTP/1.1" 200 1133 "-" "Mozilla/5.0 AppleWebKit/537.36 (KHTML, like Gecko; compatible; bingbot/2.0; +http://www.bing.com/bingbot.htm) Chrome/116.0.1938.76 Safari/537.36"
34.60.185.207 - - [15/Jun/2026:15:25:35 +0000] "GET / HTTP/1.1" 200 87716 "-" "Mozilla/5.0 (Windows NT 10.0; Win64; x64) AppleWebKit/537.36 (KHTML, like Gecko) Chrome/78.0.3904.108 Safari/537.36"
34.60.185.207 - - [15/Jun/2026:15:25:37 +0000] "GET //wp-includes/wlwmanifest.xml HTTP/1.1" 301 - "-" "Mozilla/5.0 (Windows NT 10.0; Win64; x64) AppleWebKit/537.36 (KHTML, like Gecko) Chrome/78.0.3904.108 Safari/537.36"
