160.176.56.49 - - [15/Jun/2026:16:24:44 +0000] "GET /test.php HTTP/1.1" 404 58105 "https://circuitorioantigo.com.br/test.php" "Mozilla/5.0 (compatible; Bingbot/2.0; +http://www.bing.com/bingbot.htm)"
160.176.56.49 - - [15/Jun/2026:16:24:45 +0000] "GET /phpinfo.php HTTP/1.1" 404 58105 "https://circuitorioantigo.com.br/phpinfo.php" "Mozilla/5.0 (compatible; SemrushBot/7~bl; +http://www.semrush.com/bot.html)"
160.176.56.49 - - [15/Jun/2026:16:24:47 +0000] "GET /.env HTTP/1.1" 301 - "-" "Mozilla/5.0 (X11; Linux x86_64) AppleWebKit/537.36 Chrome/124.0.0.0 Safari/537.36"
192.185.4.148 - - [15/Jun/2026:16:24:48 +0000] "GET /wp-login.php HTTP/1.1" 200 11856 "-" "Mozilla/5.0 (Windows NT 10.0; Win64; x64) AppleWebKit/537.36 (KHTML, like Gecko) Chrome/120.0.0.0 Safari/537.36"
185.109.19.192 - - [15/Jun/2026:16:24:49 +0000] "POST /wp-login.php HTTP/1.1" 200 11857 "https://www.circuitorioantigo.com.br/wp-login.php" "Mozilla/5.0 (X11; Linux x86_64) AppleWebKit/537.36 (KHTML, like Gecko) Chrome/133.0.0.0 Safari/537.36"
160.176.56.49 - - [15/Jun/2026:16:24:49 +0000] "GET /.env HTTP/1.1" 404 58105 "https://circuitorioantigo.com.br/.env" "Mozilla/5.0 (X11; Linux x86_64) AppleWebKit/537.36 Chrome/124.0.0.0 Safari/537.36"
162.241.176.232 - - [15/Jun/2026:16:26:51 +0000] "POST /wp-cron.php?doing_wp_cron=1781540811.5564959049224853515625 HTTP/1.1" 404 58105 "-" "WordPress/6.9.4; https://www.circuitorioantigo.com.br"
85.208.96.193 - - [15/Jun/2026:16:26:49 +0000] "GET /elements/fancy-textboxes/ HTTP/1.1" 200 444826 "-" "Mozilla/5.0 (compatible; SemrushBot/7~bl; +http://www.semrush.com/bot.html)"
198.38.94.14 - - [15/Jun/2026:16:27:31 +0000] "GET /wp-login.php HTTP/1.1" 200 11855 "-" "Mozilla/5.0 (Windows NT 10.0; Win64; x64) AppleWebKit/537.36 (KHTML, like Gecko) Chrome/120.0.0.0 Safari/537.36"
162.241.176.232 - - [15/Jun/2026:16:31:06 +0000] "POST /wp-cron.php?doing_wp_cron=1781541066.5825889110565185546875 HTTP/1.1" 404 58105 "-" "WordPress/6.9.4; https://www.circuitorioantigo.com.br"
216.73.217.69 - - [15/Jun/2026:16:31:05 +0000] "GET /robots.txt HTTP/1.1" 200 307 "-" "Mozilla/5.0 AppleWebKit/537.36 (KHTML, like Gecko; compatible; ClaudeBot/1.0; +claudebot@anthropic.com)"
216.73.217.69 - - [15/Jun/2026:16:31:07 +0000] "GET / HTTP/1.1" 200 87720 "-" "Mozilla/5.0 AppleWebKit/537.36 (KHTML, like Gecko; compatible; ClaudeBot/1.0; +claudebot@anthropic.com)"
114.119.154.39 - - [15/Jun/2026:16:32:56 +0000] "GET /2016/03/29/sticky-blog-post-4/ HTTP/1.1" 200 144803 "https://www.circuitorioantigo.com.br/2016/03/26/splash-shop-3-post-1" "Mozilla/5.0 (Linux; Android 7.0;) AppleWebKit/537.36 (HTML, like Gecko) Mobile Safari/537.36 (compatible; PetalBot;+https://webmaster.petalsearch.com/site/petalbot)"
162.241.176.232 - - [15/Jun/2026:16:32:58 +0000] "POST /wp-cron.php?doing_wp_cron=1781541178.0051560401916503906250 HTTP/1.1" 404 15678 "-" "WordPress/6.9.4; https://www.circuitorioantigo.com.br"
113.190.40.93 - - [15/Jun/2026:16:33:37 +0000] "GET /wp-login.php HTTP/1.1" 200 12885 "-" "Mozilla/5.0 (Windows NT 10.0; Win64; x64) AppleWebKit/537.36 (KHTML, like Gecko) Chrome/133.0.0.0 Safari/537.36"
113.190.40.93 - - [15/Jun/2026:16:33:40 +0000] "POST /wp-login.php HTTP/1.1" 401 3511 "https://circuitorioantigo.com.br/wp-login.php" "Mozilla/5.0 (Windows NT 10.0; Win64; x64) AppleWebKit/537.36 (KHTML, like Gecko) Chrome/133.0.0.0 Safari/537.36"
194.32.155.65 - - [15/Jun/2026:16:34:07 +0000] "GET /wp-login.php HTTP/1.1" 200 11856 "-" "Mozilla/5.0 (X11; Fedora; Linux x86_64) AppleWebKit/537.36 (KHTML, like Gecko) Chrome/133.0.0.0 Safari/537.36"
194.32.155.65 - - [15/Jun/2026:16:34:09 +0000] "POST /wp-login.php HTTP/1.1" 200 11856 "https://www.circuitorioantigo.com.br/wp-login.php" "Mozilla/5.0 (X11; Fedora; Linux x86_64) AppleWebKit/537.36 (KHTML, like Gecko) Chrome/133.0.0.0 Safari/537.36"
57.141.0.48 - - [15/Jun/2026:16:37:50 +0000] "GET /post-sitemap.xml HTTP/1.1" 200 23853 "-" "meta-externalagent/1.1 (+https://developers.facebook.com/docs/sharing/webmasters/crawler)"
216.73.217.69 - - [15/Jun/2026:16:38:09 +0000] "GET /2016/03/18/blog-post-2/ HTTP/1.1" 200 143622 "-" "Mozilla/5.0 AppleWebKit/537.36 (KHTML, like Gecko; compatible; ClaudeBot/1.0; +claudebot@anthropic.com)"
216.73.217.69 - - [15/Jun/2026:16:42:11 +0000] "GET /2016/03/05/blog-post-3/ HTTP/1.1" 200 147003 "-" "Mozilla/5.0 AppleWebKit/537.36 (KHTML, like Gecko; compatible; ClaudeBot/1.0; +claudebot@anthropic.com)"
162.241.176.232 - - [15/Jun/2026:16:42:12 +0000] "POST /wp-cron.php?doing_wp_cron=1781541732.5467760562896728515625 HTTP/1.1" 404 15678 "-" "WordPress/6.9.4; https://www.circuitorioantigo.com.br"
216.73.217.69 - - [15/Jun/2026:16:42:49 +0000] "GET /2016/03/ HTTP/1.1" 200 118232 "-" "Mozilla/5.0 AppleWebKit/537.36 (KHTML, like Gecko; compatible; ClaudeBot/1.0; +claudebot@anthropic.com)"
35.192.232.168 - - [15/Jun/2026:16:43:03 +0000] "POST / HTTP/1.1" 200 15636 "https://circuitorioantigo.com.br/" "Mozilla/5.0 (Windows NT 10.0; Win64; x64) AppleWebKit/537.36 (KHTML, like Gecko) Chrome/145.0.0.0 Safari/537.36"
82.223.15.158 - - [15/Jun/2026:16:43:26 +0000] "GET /wp-login.php HTTP/1.1" 200 11856 "-" "Mozilla/5.0 (Macintosh; Intel Mac OS X 10_15_7) AppleWebKit/605.1.15 (KHTML, like Gecko) Version/18.3 Safari/605.1.15"
162.241.176.232 - - [15/Jun/2026:16:43:47 +0000] "POST /wp-cron.php?doing_wp_cron=1781541827.1264140605926513671875 HTTP/1.1" 404 58105 "-" "WordPress/6.9.4; https://www.circuitorioantigo.com.br"
82.223.15.158 - - [15/Jun/2026:16:43:46 +0000] "GET /wp-json/wp/v2/users/me HTTP/1.1" 401 114 "-" "Mozilla/5.0 (Macintosh; Intel Mac OS X 10_15_7) AppleWebKit/605.1.15 (KHTML, like Gecko) Version/18.3 Safari/605.1.15"
216.73.217.69 - - [15/Jun/2026:16:44:12 +0000] "GET /2014/09/16/100-width-galleries-post-2/ HTTP/1.1" 200 137620 "-" "Mozilla/5.0 AppleWebKit/537.36 (KHTML, like Gecko; compatible; ClaudeBot/1.0; +claudebot@anthropic.com)"
66.249.88.233 - - [15/Jun/2026:16:44:41 +0000] "GET /.well-known/traffic-advice HTTP/1.1" 404 58105 "-" "Chrome Privacy Preserving Prefetch Proxy"
72.14.201.203 - - [15/Jun/2026:16:44:41 +0000] "GET / HTTP/1.1" 200 87709 "https://www.google.com/" "Mozilla/5.0 (Windows NT 10.0; Win64; x64) AppleWebKit/537.36 (KHTML, like Gecko) Chrome/149.0.0.0 Safari/537.36"
114.119.154.39 - - [15/Jun/2026:16:44:42 +0000] "GET /2014/03/16/post-with-gallery-slider-3/?share=facebook HTTP/1.1" 302 - "https://www.circuitorioantigo.com.br/2016/03/17/sticky-blog-post-2" "Mozilla/5.0 (Linux; Android 7.0;) AppleWebKit/537.36 (HTML, like Gecko) Mobile Safari/537.36 (compatible; PetalBot;+https://webmaster.petalsearch.com/site/petalbot)"
198.38.94.14 - - [15/Jun/2026:16:45:41 +0000] "GET /wp-login.php HTTP/1.1" 200 11855 "-" "Mozilla/5.0 (Windows NT 10.0; Win64; x64) AppleWebKit/537.36 (KHTML, like Gecko) Chrome/120.0.0.0 Safari/537.36"
52.3.127.170 - - [15/Jun/2026:16:48:34 +0000] "GET /wp-json/wp/v2/tags/12 HTTP/1.1" 200 4652 "-" "Mozilla/5.0 AppleWebKit/537.36 (KHTML, like Gecko; compatible; Amazonbot/0.1; +https://developer.amazon.com/support/amazonbot) Chrome/119.0.6045.214 Safari/537.36"
162.241.176.232 - - [15/Jun/2026:16:48:35 +0000] "POST /wp-cron.php?doing_wp_cron=1781542115.5846021175384521484375 HTTP/1.1" 404 15678 "-" "WordPress/6.9.4; https://www.circuitorioantigo.com.br"
34.193.2.57 - - [15/Jun/2026:16:48:39 +0000] "GET /2016/03/17/blog-post-left-sidebar-5/feed/ HTTP/1.1" 200 962 "-" "Mozilla/5.0 AppleWebKit/537.36 (KHTML, like Gecko; compatible; Amazonbot/0.1; +https://developer.amazon.com/support/amazonbot) Chrome/119.0.6045.214 Safari/537.36"
52.203.237.170 - - [15/Jun/2026:16:48:45 +0000] "GET /wp-json/oembed/1.0/embed?format=xml&url=https://www.circuitorioantigo.com.br/2016/03/05/quote-post-4/ HTTP/1.1" 200 2390 "-" "Mozilla/5.0 AppleWebKit/537.36 (KHTML, like Gecko; compatible; Amazonbot/0.1; +https://developer.amazon.com/support/amazonbot) Chrome/119.0.6045.214 Safari/537.36"
54.163.136.244 - - [15/Jun/2026:16:48:47 +0000] "GET /tag/travelling/page/2/ HTTP/1.1" 200 122231 "-" "Mozilla/5.0 AppleWebKit/537.36 (KHTML, like Gecko; compatible; Amazonbot/0.1; +https://developer.amazon.com/support/amazonbot) Chrome/119.0.6045.214 Safari/537.36"
34.238.45.183 - - [15/Jun/2026:16:48:50 +0000] "GET /wp-json/oembed/1.0/embed?url=https://www.circuitorioantigo.com.br/2016/03/16/post-with-video-lightbox-3/ HTTP/1.1" 200 2743 "-" "Mozilla/5.0 AppleWebKit/537.36 (KHTML, like Gecko; compatible; Amazonbot/0.1; +https://developer.amazon.com/support/amazonbot) Chrome/119.0.6045.214 Safari/537.36"
66.249.79.197 - - [15/Jun/2026:16:49:10 +0000] "GET / HTTP/1.1" 200 87720 "-" "Mozilla/5.0 (Linux; Android 6.0.1; Nexus 5X Build/MMB29P) AppleWebKit/537.36 (KHTML, like Gecko) Chrome/148.0.7778.96 Mobile Safari/537.36 (compatible; Googlebot/2.1; +http://www.google.com/bot.html)"
119.195.102.159 - - [15/Jun/2026:16:52:29 +0000] "GET /wp-login.php HTTP/1.1" 200 11858 "-" "Mozilla/5.0 (Windows NT 10.0; Win64; x64; rv:133.0) Gecko/20100101 Firefox/133.0"
119.195.102.159 - - [15/Jun/2026:16:52:35 +0000] "POST /wp-login.php HTTP/1.1" 200 11858 "https://www.circuitorioantigo.com.br/wp-login.php" "Mozilla/5.0 (Windows NT 10.0; Win64; x64; rv:133.0) Gecko/20100101 Firefox/133.0"
216.73.217.69 - - [15/Jun/2026:16:54:07 +0000] "GET /sitemap.xml HTTP/1.1" 200 652 "-" "Mozilla/5.0 AppleWebKit/537.36 (KHTML, like Gecko; compatible; ClaudeBot/1.0; +claudebot@anthropic.com)"
162.241.176.232 - - [15/Jun/2026:16:54:51 +0000] "POST /wp-cron.php?doing_wp_cron=1781542491.8094511032104492187500 HTTP/1.1" 404 15678 "-" "WordPress/6.9.4; https://www.circuitorioantigo.com.br"
216.73.217.69 - - [15/Jun/2026:16:57:27 +0000] "GET /news-sitemap.xml HTTP/1.1" 200 495 "-" "Mozilla/5.0 AppleWebKit/537.36 (KHTML, like Gecko; compatible; ClaudeBot/1.0; +claudebot@anthropic.com)"
185.191.171.15 - - [15/Jun/2026:16:57:39 +0000] "GET /author/circuitorioantigo/page/7/ HTTP/1.1" 200 118961 "-" "Mozilla/5.0 (compatible; SemrushBot/7~bl; +http://www.semrush.com/bot.html)"
162.241.176.232 - - [15/Jun/2026:16:57:40 +0000] "POST /wp-cron.php?doing_wp_cron=1781542660.2662930488586425781250 HTTP/1.1" 404 15678 "-" "WordPress/6.9.4; https://www.circuitorioantigo.com.br"
216.73.217.69 - - [15/Jun/2026:16:57:55 +0000] "GET /sitemap_index.xml HTTP/1.1" 200 1133 "-" "Mozilla/5.0 AppleWebKit/537.36 (KHTML, like Gecko; compatible; ClaudeBot/1.0; +claudebot@anthropic.com)"
78.46.92.235 - - [15/Jun/2026:17:00:57 +0000] "GET /wp-login.php HTTP/1.1" 200 11855 "-" "Mozilla/5.0 (Macintosh; Intel Mac OS X 11_7_10) AppleWebKit/537.36 (KHTML, like Gecko) Chrome/133.0.0.0 Safari/537.36"
78.46.92.235 - - [15/Jun/2026:17:00:58 +0000] "POST /wp-login.php HTTP/1.1" 200 11855 "https://www.circuitorioantigo.com.br/wp-login.php" "Mozilla/5.0 (Macintosh; Intel Mac OS X 11_7_10) AppleWebKit/537.36 (KHTML, like Gecko) Chrome/133.0.0.0 Safari/537.36"
129.226.83.4 - - [15/Jun/2026:17:01:47 +0000] "GET / HTTP/1.1" 200 87711 "http://www.circuitorioantigo.com.br" "Mozilla/5.0 (iPhone; CPU iPhone OS 13_2_3 like Mac OS X) AppleWebKit/605.1.15 (KHTML, like Gecko) Version/13.0.3 Mobile/15E148 Safari/604.1"
47.128.42.160 - - [15/Jun/2026:17:01:59 +0000] "GET /riodasflores/ HTTP/1.1" 200 125520 "-" "Mozilla/5.0 (Linux; Android 5.0) AppleWebKit/537.36 (KHTML, like Gecko) Mobile Safari/537.36 (compatible; Bytespider; spider-feedback@bytedance.com)"
47.128.42.160 - - [15/Jun/2026:17:02:02 +0000] "GET /wp-content/themes/thegem/css/thegem-grid.css?ver=5.5.0 HTTP/1.1" 200 10841 "https://www.circuitorioantigo.com.br/riodasflores/" "Mozilla/5.0 (Linux; Android 5.0) AppleWebKit/537.36 (KHTML, like Gecko) Mobile Safari/537.36 (compatible; Bytespider; spider-feedback@bytedance.com)"
47.128.42.160 - - [15/Jun/2026:17:02:02 +0000] "GET /wp-content/themes/thegem/css/thegem-preloader.css?ver=5.5.0 HTTP/1.1" 200 4203 "https://www.circuitorioantigo.com.br/riodasflores/" "Mozilla/5.0 (Linux; Android 5.0) AppleWebKit/537.36 (KHTML, like Gecko) Mobile Safari/537.36 (compatible; Bytespider; spider-feedback@bytedance.com)"
47.128.42.160 - - [15/Jun/2026:17:02:02 +0000] "GET /wp-content/themes/thegem/css/thegem-reset.css?ver=5.5.0 HTTP/1.1" 200 4099 "https://www.circuitorioantigo.com.br/riodasflores/" "Mozilla/5.0 (Linux; Android 5.0) AppleWebKit/537.36 (KHTML, like Gecko) Mobile Safari/537.36 (compatible; Bytespider; spider-feedback@bytedance.com)"
47.128.42.160 - - [15/Jun/2026:17:02:02 +0000] "GET /wp-content/themes/thegem/css/thegem-widgets.css?ver=5.5.0 HTTP/1.1" 200 75796 "https://www.circuitorioantigo.com.br/riodasflores/" "Mozilla/5.0 (Linux; Android 5.0) AppleWebKit/537.36 (KHTML, like Gecko) Mobile Safari/537.36 (compatible; Bytespider; spider-feedback@bytedance.com)"
47.128.42.160 - - [15/Jun/2026:17:02:02 +0000] "GET /wp-content/themes/thegem-child/style.css?ver=5.5.0 HTTP/1.1" 200 528 "https://www.circuitorioantigo.com.br/riodasflores/" "Mozilla/5.0 (Linux; Android 5.0) AppleWebKit/537.36 (KHTML, like Gecko) Mobile Safari/537.36 (compatible; Bytespider; spider-feedback@bytedance.com)"
47.128.42.160 - - [15/Jun/2026:17:02:02 +0000] "GET /wp-content/themes/thegem/css/thegem-perevazka-css.css?ver=5.5.0 HTTP/1.1" 200 18210 "https://www.circuitorioantigo.com.br/riodasflores/" "Mozilla/5.0 (Linux; Android 5.0) AppleWebKit/537.36 (KHTML, like Gecko) Mobile Safari/537.36 (compatible; Bytespider; spider-feedback@bytedance.com)"
47.128.42.160 - - [15/Jun/2026:17:02:02 +0000] "GET /wp-content/themes/thegem/style.css?ver=5.5.0 HTTP/1.1" 200 199352 "https://www.circuitorioantigo.com.br/riodasflores/" "Mozilla/5.0 (Linux; Android 5.0) AppleWebKit/537.36 (KHTML, like Gecko) Mobile Safari/537.36 (compatible; Bytespider; spider-feedback@bytedance.com)"
47.128.42.160 - - [15/Jun/2026:17:02:02 +0000] "GET /wp-content/themes/thegem/css/thegem-header.css?ver=5.5.0 HTTP/1.1" 200 164080 "https://www.circuitorioantigo.com.br/riodasflores/" "Mozilla/5.0 (Linux; Android 5.0) AppleWebKit/537.36 (KHTML, like Gecko) Mobile Safari/537.36 (compatible; Bytespider; spider-feedback@bytedance.com)"
47.128.42.160 - - [15/Jun/2026:17:02:02 +0000] "GET /wp-content/plugins/LayerSlider/assets/static/layerslider/css/layerslider.css?ver=7.9.7 HTTP/1.1" 200 29430 "https://www.circuitorioantigo.com.br/riodasflores/" "Mozilla/5.0 (Linux; Android 5.0) AppleWebKit/537.36 (KHTML, like Gecko) Mobile Safari/537.36 (compatible; Bytespider; spider-feedback@bytedance.com)"
47.128.42.160 - - [15/Jun/2026:17:02:03 +0000] "GET /wp-content/themes/thegem/css/thegem-new-css.css?ver=5.5.0 HTTP/1.1" 200 51283 "https://www.circuitorioantigo.com.br/riodasflores/" "Mozilla/5.0 (Linux; Android 5.0) AppleWebKit/537.36 (KHTML, like Gecko) Mobile Safari/537.36 (compatible; Bytespider; spider-feedback@bytedance.com)"
47.128.42.160 - - [15/Jun/2026:17:02:03 +0000] "GET /wp-content/themes/thegem-child/css/custom-LKGqBkp6.css?ver=5.5.0 HTTP/1.1" 200 248018 "https://www.circuitorioantigo.com.br/riodasflores/" "Mozilla/5.0 (Linux; Android 5.0) AppleWebKit/537.36 (KHTML, like Gecko) Mobile Safari/537.36 (compatible; Bytespider; spider-feedback@bytedance.com)"
47.128.42.160 - - [15/Jun/2026:17:02:03 +0000] "GET /wp-content/themes/thegem/css/thegem-additional-blog-1.css?ver=5.5.0 HTTP/1.1" 200 7476 "https://www.circuitorioantigo.com.br/riodasflores/" "Mozilla/5.0 (Linux; Android 5.0) AppleWebKit/537.36 (KHTML, like Gecko) Mobile Safari/537.36 (compatible; Bytespider; spider-feedback@bytedance.com)"
47.128.42.160 - - [15/Jun/2026:17:02:03 +0000] "GET /wp-content/themes/thegem/css/thegem-js_composer_columns.css?ver=5.5.0 HTTP/1.1" 200 960 "https://www.circuitorioantigo.com.br/riodasflores/" "Mozilla/5.0 (Linux; Android 5.0) AppleWebKit/537.36 (KHTML, like Gecko) Mobile Safari/537.36 (compatible; Bytespider; spider-feedback@bytedance.com)"
47.128.42.160 - - [15/Jun/2026:17:02:03 +0000] "GET /wp-content/themes/thegem/css/thegem-vc_elements.css?ver=5.5.0 HTTP/1.1" 200 6408 "https://www.circuitorioantigo.com.br/riodasflores/" "Mozilla/5.0 (Linux; Android 5.0) AppleWebKit/537.36 (KHTML, like Gecko) Mobile Safari/537.36 (compatible; Bytespider; spider-feedback@bytedance.com)"
47.128.42.160 - - [15/Jun/2026:17:02:03 +0000] "GET /wp-content/themes/thegem/js/fancyBox/jquery.fancybox.min.css?ver=5.5.0 HTTP/1.1" 200 12795 "https://www.circuitorioantigo.com.br/riodasflores/" "Mozilla/5.0 (Linux; Android 5.0) AppleWebKit/537.36 (KHTML, like Gecko) Mobile Safari/537.36 (compatible; Bytespider; spider-feedback@bytedance.com)"
47.128.42.160 - - [15/Jun/2026:17:02:03 +0000] "GET /wp-content/plugins/js_composer/assets/css/js_composer.min.css?ver=7.3 HTTP/1.1" 200 464841 "https://www.circuitorioantigo.com.br/riodasflores/" "Mozilla/5.0 (Linux; Android 5.0) AppleWebKit/537.36 (KHTML, like Gecko) Mobile Safari/537.36 (compatible; Bytespider; spider-feedback@bytedance.com)"
47.128.42.160 - - [15/Jun/2026:17:02:03 +0000] "GET /wp-content/plugins/contact-form-7/includes/css/styles.css?ver=5.6.1 HTTP/1.1" 200 2731 "https://www.circuitorioantigo.com.br/riodasflores/" "Mozilla/5.0 (Linux; Android 5.0) AppleWebKit/537.36 (KHTML, like Gecko) Mobile Safari/537.36 (compatible; Bytespider; spider-feedback@bytedance.com)"
47.128.42.160 - - [15/Jun/2026:17:02:04 +0000] "GET /wp-content/plugins/mailchimp-for-wp/assets/css/form-themes.css?ver=4.9.11 HTTP/1.1" 200 6739 "https://www.circuitorioantigo.com.br/riodasflores/" "Mozilla/5.0 (Linux; Android 5.0) AppleWebKit/537.36 (KHTML, like Gecko) Mobile Safari/537.36 (compatible; Bytespider; spider-feedback@bytedance.com)"
47.128.42.160 - - [15/Jun/2026:17:02:04 +0000] "GET /wp-content/plugins/go_pricing/assets/css/go_pricing_styles.css?ver=3.3.14 HTTP/1.1" 200 72083 "https://www.circuitorioantigo.com.br/riodasflores/" "Mozilla/5.0 (Linux; Android 5.0) AppleWebKit/537.36 (KHTML, like Gecko) Mobile Safari/537.36 (compatible; Bytespider; spider-feedback@bytedance.com)"
47.128.42.160 - - [15/Jun/2026:17:02:04 +0000] "GET /wp-content/plugins/js_composer/assets/lib/prettyphoto/css/prettyPhoto.min.css?ver=7.3 HTTP/1.1" 200 21138 "https://www.circuitorioantigo.com.br/riodasflores/" "Mozilla/5.0 (Linux; Android 5.0) AppleWebKit/537.36 (KHTML, like Gecko) Mobile Safari/537.36 (compatible; Bytespider; spider-feedback@bytedance.com)"
47.128.42.160 - - [15/Jun/2026:17:02:04 +0000] "GET /wp-content/plugins/revslider/public/assets/css/rs6.css?ver=6.6.20 HTTP/1.1" 200 58327 "https://www.circuitorioantigo.com.br/riodasflores/" "Mozilla/5.0 (Linux; Android 5.0) AppleWebKit/537.36 (KHTML, like Gecko) Mobile Safari/537.36 (compatible; Bytespider; spider-feedback@bytedance.com)"
47.128.42.160 - - [15/Jun/2026:17:02:04 +0000] "GET /wp-content/uploads/thegem-logos/logo_d1048ece1d9073975ef87e0acba7b348_1x.png HTTP/1.1" 206 121 "https://www.circuitorioantigo.com.br/riodasflores/" "Mozilla/5.0 (Linux; Android 5.0) AppleWebKit/537.36 (KHTML, like Gecko) Mobile Safari/537.36 (compatible; Bytespider; spider-feedback@bytedance.com)"
47.128.42.160 - - [15/Jun/2026:17:02:04 +0000] "GET /wp-content/uploads/thegem-logos/logo_6a158fe81161548481d3edd20289cd29_1x.png HTTP/1.1" 206 500 "https://www.circuitorioantigo.com.br/riodasflores/" "Mozilla/5.0 (Linux; Android 5.0) AppleWebKit/537.36 (KHTML, like Gecko) Mobile Safari/537.36 (compatible; Bytespider; spider-feedback@bytedance.com)"
47.128.42.160 - - [15/Jun/2026:17:02:06 +0000] "GET /site/wp-content/uploads/2022/08/back2-2.jpg?id=25192 HTTP/1.1" 206 500 "https://www.circuitorioantigo.com.br/riodasflores/" "Mozilla/5.0 (Linux; Android 5.0) AppleWebKit/537.36 (KHTML, like Gecko) Mobile Safari/537.36 (compatible; Bytespider; spider-feedback@bytedance.com)"
47.128.42.160 - - [15/Jun/2026:17:02:06 +0000] "GET /site/wp-content/uploads/2022/08/back2-2.jpg?id=25192 HTTP/1.1" 304 - "https://www.circuitorioantigo.com.br/riodasflores/" "Mozilla/5.0 (Linux; Android 5.0) AppleWebKit/537.36 (KHTML, like Gecko) Mobile Safari/537.36 (compatible; Bytespider; spider-feedback@bytedance.com)"
47.128.42.160 - - [15/Jun/2026:17:02:07 +0000] "GET /site/wp-content/uploads/2022/08/back2-2.jpg?id=25192 HTTP/1.1" 206 105583 "https://www.circuitorioantigo.com.br/riodasflores/" "Mozilla/5.0 (Linux; Android 5.0) AppleWebKit/537.36 (KHTML, like Gecko) Mobile Safari/537.36 (compatible; Bytespider; spider-feedback@bytedance.com)"
162.241.176.232 - - [15/Jun/2026:17:04:21 +0000] "POST /wp-cron.php?doing_wp_cron=1781543061.2306120395660400390625 HTTP/1.1" 404 58105 "-" "WordPress/6.9.4; https://www.circuitorioantigo.com.br"
185.162.127.214 - - [15/Jun/2026:17:04:20 +0000] "GET /wp-login.php HTTP/1.1" 200 12819 "-" "Mozilla/5.0 (Windows NT 10.0; Win64; x64) AppleWebKit/537.36 (KHTML, like Gecko) Chrome/120.0.0.0 Safari/537.36"
185.162.127.214 - - [15/Jun/2026:17:04:22 +0000] "POST /wp-login.php HTTP/1.1" 401 3511 "https://www.circuitorioantigo.com.br/wp-login.php" "Mozilla/5.0 (Windows NT 10.0; Win64; x64) AppleWebKit/537.36 (KHTML, like Gecko) Chrome/120.0.0.0 Safari/537.36"
162.254.36.150 - - [15/Jun/2026:17:08:11 +0000] "GET /wp-json/wp/v2/users/me HTTP/1.1" 401 114 "-" "Mozilla/5.0 (X11; Linux i686) AppleWebKit/537.36 (KHTML, like Gecko) Chrome/133.0.0.0 Safari/537.36"
162.241.176.232 - - [15/Jun/2026:17:08:12 +0000] "POST /wp-cron.php?doing_wp_cron=1781543292.8449089527130126953125 HTTP/1.1" 404 15678 "-" "WordPress/6.9.4; https://www.circuitorioantigo.com.br"
114.119.139.185 - - [15/Jun/2026:17:08:15 +0000] "GET /category/videos/ HTTP/1.1" 200 70436 "https://www.circuitorioantigo.com.br/category/events/" "Mozilla/5.0 (Linux; Android 7.0;) AppleWebKit/537.36 (HTML, like Gecko) Mobile Safari/537.36 (compatible; PetalBot;+https://webmaster.petalsearch.com/site/petalbot)"
97.74.87.194 - - [15/Jun/2026:17:08:41 +0000] "GET /wp-login.php HTTP/1.1" 200 11855 "-" "Mozilla/5.0 (Windows NT 10.0; Win64; x64) AppleWebKit/537.36 (KHTML, like Gecko) Chrome/120.0.0.0 Safari/537.36"
192.0.91.97 - - [15/Jun/2026:17:09:05 +0000] "GET /site/wp-content/uploads/2016/04/testimonial-team-thegem-person-80.jpg HTTP/1.1" 200 978 "-" "Photon/1.0"
194.163.135.93 - - [15/Jun/2026:17:11:27 +0000] "GET /wp-login.php HTTP/1.1" 200 12886 "-" "Mozilla/5.0 (Windows NT 10.0; Win64; x64) AppleWebKit/537.36 (KHTML, like Gecko) Chrome/120.0.0.0 Safari/537.36"
162.241.176.232 - - [15/Jun/2026:17:11:28 +0000] "POST /wp-cron.php?doing_wp_cron=1781543488.7179369926452636718750 HTTP/1.1" 404 16000 "-" "WordPress/6.9.4; https://www.circuitorioantigo.com.br"
194.163.135.93 - - [15/Jun/2026:17:11:30 +0000] "POST /wp-login.php HTTP/1.1" 401 3510 "https://circuitorioantigo.com.br/wp-login.php" "Mozilla/5.0 (Windows NT 10.0; Win64; x64) AppleWebKit/537.36 (KHTML, like Gecko) Chrome/120.0.0.0 Safari/537.36"
50.87.144.126 - - [15/Jun/2026:17:12:30 +0000] "GET /wp-login.php HTTP/1.1" 200 11856 "-" "Mozilla/5.0 (Windows NT 10.0; Win64; x64) AppleWebKit/537.36 (KHTML, like Gecko) Chrome/120.0.0.0 Safari/537.36"
213.171.208.62 - - [15/Jun/2026:17:15:15 +0000] "GET /wp-login.php HTTP/1.1" 200 12886 "-" "Mozilla/5.0 (X11; Fedora; Linux x86_64) AppleWebKit/537.36 (KHTML, like Gecko) Chrome/133.0.0.0 Safari/537.36"
162.241.176.232 - - [15/Jun/2026:17:15:16 +0000] "POST /wp-cron.php?doing_wp_cron=1781543716.8143670558929443359375 HTTP/1.1" 404 15678 "-" "WordPress/6.9.4; https://www.circuitorioantigo.com.br"
213.171.208.62 - - [15/Jun/2026:17:15:18 +0000] "POST /wp-login.php HTTP/1.1" 401 3511 "https://circuitorioantigo.com.br/wp-login.php" "Mozilla/5.0 (X11; Fedora; Linux x86_64) AppleWebKit/537.36 (KHTML, like Gecko) Chrome/133.0.0.0 Safari/537.36"
93.125.18.219 - - [15/Jun/2026:17:15:34 +0000] "GET /wp-login.php HTTP/1.1" 200 11856 "-" "Mozilla/5.0 (Windows NT 10.0; Win64; x64) AppleWebKit/537.36 (KHTML, like Gecko) Chrome/133.0.0.0 Safari/537.36"
93.125.18.219 - - [15/Jun/2026:17:15:35 +0000] "POST /wp-login.php HTTP/1.1" 200 11856 "https://www.circuitorioantigo.com.br/wp-login.php" "Mozilla/5.0 (Windows NT 10.0; Win64; x64) AppleWebKit/537.36 (KHTML, like Gecko) Chrome/133.0.0.0 Safari/537.36"
57.141.0.21 - - [15/Jun/2026:17:15:42 +0000] "GET /pf/architecture-project-2/ HTTP/1.1" 200 91304 "-" "meta-externalagent/1.1 (+https://developers.facebook.com/docs/sharing/webmasters/crawler)"
216.73.217.69 - - [15/Jun/2026:17:18:17 +0000] "GET /robots.txt HTTP/1.1" 301 - "-" "Mozilla/5.0 AppleWebKit/537.36 (KHTML, like Gecko; compatible; ClaudeBot/1.0; +claudebot@anthropic.com)"
162.241.176.232 - - [15/Jun/2026:17:18:18 +0000] "POST /wp-cron.php?doing_wp_cron=1781543898.5294940471649169921875 HTTP/1.1" 404 15678 "-" "WordPress/6.9.4; https://www.circuitorioantigo.com.br"
216.73.217.69 - - [15/Jun/2026:17:18:23 +0000] "GET /robots.txt HTTP/1.1" 200 307 "https://circuitorioantigo.com.br/robots.txt" "Mozilla/5.0 AppleWebKit/537.36 (KHTML, like Gecko; compatible; ClaudeBot/1.0; +claudebot@anthropic.com)"
216.73.217.69 - - [15/Jun/2026:17:18:28 +0000] "GET / HTTP/1.1" 301 - "-" "Mozilla/5.0 AppleWebKit/537.36 (KHTML, like Gecko; compatible; ClaudeBot/1.0; +claudebot@anthropic.com)"
216.73.217.69 - - [15/Jun/2026:17:18:29 +0000] "GET / HTTP/1.1" 200 87710 "https://circuitorioantigo.com.br/" "Mozilla/5.0 AppleWebKit/537.36 (KHTML, like Gecko; compatible; ClaudeBot/1.0; +claudebot@anthropic.com)"
66.249.79.199 - - [15/Jun/2026:17:18:56 +0000] "GET /resultados/ HTTP/1.1" 200 49951 "-" "Mozilla/5.0 (compatible; Googlebot/2.1; +http://www.google.com/bot.html)"
176.129.57.20 - - [15/Jun/2026:17:21:43 +0000] "GET /wp-login.php HTTP/1.1" 200 11856 "-" "Mozilla/5.0 (Macintosh; Intel Mac OS X 10_15_7) AppleWebKit/537.36 (KHTML, like Gecko) Chrome/133.0.0.0 Safari/537.36"
176.129.57.20 - - [15/Jun/2026:17:21:45 +0000] "POST /wp-login.php HTTP/1.1" 200 11856 "https://circuitorioantigo.com.br/wp-login.php" "Mozilla/5.0 (Macintosh; Intel Mac OS X 10_15_7) AppleWebKit/537.36 (KHTML, like Gecko) Chrome/133.0.0.0 Safari/537.36"
184.107.244.93 - - [15/Jun/2026:17:22:06 +0000] "GET /wp-login.php HTTP/1.1" 200 11857 "-" "Mozilla/5.0 (Windows NT 10.0; Win64; x64; rv:133.0) Gecko/20100101 Firefox/133.0"
184.107.244.93 - - [15/Jun/2026:17:22:07 +0000] "POST /wp-login.php HTTP/1.1" 200 11857 "https://www.circuitorioantigo.com.br/wp-login.php" "Mozilla/5.0 (Windows NT 10.0; Win64; x64; rv:133.0) Gecko/20100101 Firefox/133.0"
194.163.139.224 - - [15/Jun/2026:17:30:59 +0000] "GET /wp-login.php HTTP/1.1" 200 11858 "-" "Mozilla/5.0 (X11; Linux x86_64; rv:133.0) Gecko/20100101 Firefox/133.0"
194.163.139.224 - - [15/Jun/2026:17:31:02 +0000] "POST /wp-login.php HTTP/1.1" 200 11858 "https://circuitorioantigo.com.br/wp-login.php" "Mozilla/5.0 (X11; Linux x86_64; rv:133.0) Gecko/20100101 Firefox/133.0"
5.223.57.143 - - [15/Jun/2026:17:31:07 +0000] "GET /wp-login.php HTTP/1.1" 200 11855 "-" "Mozilla/5.0 (Windows NT 10.0) AppleWebKit/537.36 (KHTML, like Gecko) Chrome/133.0.0.0 Safari/537.36"
5.223.57.143 - - [15/Jun/2026:17:31:08 +0000] "POST /wp-login.php HTTP/1.1" 200 11855 "https://www.circuitorioantigo.com.br/wp-login.php" "Mozilla/5.0 (Windows NT 10.0) AppleWebKit/537.36 (KHTML, like Gecko) Chrome/133.0.0.0 Safari/537.36"
66.249.79.197 - - [15/Jun/2026:17:31:35 +0000] "GET / HTTP/1.1" 200 87694 "-" "Mozilla/5.0 (compatible; Googlebot/2.1; +http://www.google.com/bot.html)"
162.241.176.232 - - [15/Jun/2026:17:31:37 +0000] "POST /wp-cron.php?doing_wp_cron=1781544697.3604409694671630859375 HTTP/1.1" 404 15678 "-" "WordPress/6.9.4; https://www.circuitorioantigo.com.br"
162.241.176.232 - - [15/Jun/2026:17:36:06 +0000] "POST /wp-cron.php?doing_wp_cron=1781544966.9547059535980224609375 HTTP/1.1" 404 58105 "-" "WordPress/6.9.4; https://www.circuitorioantigo.com.br"
115.187.36.47 - - [15/Jun/2026:17:36:05 +0000] "POST /xmlrpc.php HTTP/1.1" 301 - "-" "Mozilla/5.0 (Windows NT 6.2; arm64) AppleWebKit/537.36 (KHTML, like Gecko) Chrome/112.0.0.0 Safari/537.36"
115.187.36.47 - - [15/Jun/2026:17:36:09 +0000] "GET /xmlrpc.php HTTP/1.1" 404 58105 "-" "Mozilla/5.0 (Windows NT 6.2; arm64) AppleWebKit/537.36 (KHTML, like Gecko) Chrome/112.0.0.0 Safari/537.36"
162.241.176.232 - - [15/Jun/2026:17:39:06 +0000] "POST /wp-cron.php?doing_wp_cron=1781545146.0930969715118408203125 HTTP/1.1" 404 15678 "-" "WordPress/6.9.4; https://www.circuitorioantigo.com.br"
95.179.221.73 - - [15/Jun/2026:17:39:04 +0000] "GET /txets.php HTTP/1.1" 301 - "-" "Mozilla/5.0 (compatible; Googlebot/2.1; +http://www.google.com/bot.html)"
128.199.17.23 - - [15/Jun/2026:17:39:06 +0000] "GET /wp-login.php HTTP/1.1" 200 11856 "-" "Mozilla/5.0 (Windows NT 10.0; WOW64) AppleWebKit/537.36 (KHTML, like Gecko) Chrome/133.0.0.0 Safari/537.36"
95.179.221.73 - - [15/Jun/2026:17:39:07 +0000] "GET /txets.php HTTP/1.1" 404 58105 "-" "Mozilla/5.0 (compatible; Googlebot/2.1; +http://www.google.com/bot.html)"
194.32.155.65 - - [15/Jun/2026:17:39:21 +0000] "GET /wp-login.php HTTP/1.1" 200 11856 "-" "Mozilla/5.0 (Macintosh; Intel Mac OS X 10_15_7) AppleWebKit/605.1.15 (KHTML, like Gecko) Version/18.3 Safari/605.1.15"
194.32.155.65 - - [15/Jun/2026:17:39:23 +0000] "POST /wp-login.php HTTP/1.1" 200 11856 "https://circuitorioantigo.com.br/wp-login.php" "Mozilla/5.0 (Macintosh; Intel Mac OS X 10_15_7) AppleWebKit/605.1.15 (KHTML, like Gecko) Version/18.3 Safari/605.1.15"
103.28.36.168 - - [15/Jun/2026:17:45:49 +0000] "GET /wp-login.php HTTP/1.1" 200 11856 "-" "Mozilla/5.0 (Macintosh; Intel Mac OS X 10_15_7) AppleWebKit/537.36 (KHTML, like Gecko) Chrome/133.0.0.0 Safari/537.36 Edg/133.0.0.0"
103.28.36.168 - - [15/Jun/2026:17:45:51 +0000] "POST /wp-login.php HTTP/1.1" 200 11856 "https://www.circuitorioantigo.com.br/wp-login.php" "Mozilla/5.0 (Macintosh; Intel Mac OS X 10_15_7) AppleWebKit/537.36 (KHTML, like Gecko) Chrome/133.0.0.0 Safari/537.36 Edg/133.0.0.0"
66.249.79.198 - - [15/Jun/2026:17:50:33 +0000] "GET /wp-content/themes/thegem/css/icons-material.css?ver=5.5.0 HTTP/1.1" 200 65157 "https://www.circuitorioantigo.com.br/" "Mozilla/5.0 (Linux; Android 6.0.1; Nexus 5X Build/MMB29P) AppleWebKit/537.36 (KHTML, like Gecko) Chrome/148.0.7778.96 Mobile Safari/537.36 (compatible; Googlebot/2.1; +http://www.google.com/bot.html)"
66.249.79.199 - - [15/Jun/2026:17:50:34 +0000] "GET /wp-content/plugins/advanced-iframe/js/ai.min.js?ver=380743 HTTP/1.1" 200 89201 "https://www.circuitorioantigo.com.br/" "Mozilla/5.0 (Linux; Android 6.0.1; Nexus 5X Build/MMB29P) AppleWebKit/537.36 (KHTML, like Gecko) Chrome/148.0.7778.96 Mobile Safari/537.36 (compatible; Googlebot/2.1; +http://www.google.com/bot.html)"
66.249.79.198 - - [15/Jun/2026:17:50:35 +0000] "GET /wp-content/themes/thegem/css/thegem-vc_elements.css?ver=5.5.0 HTTP/1.1" 200 6408 "https://www.circuitorioantigo.com.br/" "Mozilla/5.0 (Linux; Android 6.0.1; Nexus 5X Build/MMB29P) AppleWebKit/537.36 (KHTML, like Gecko) Chrome/148.0.7778.96 Mobile Safari/537.36 (compatible; Googlebot/2.1; +http://www.google.com/bot.html)"
66.249.79.198 - - [15/Jun/2026:17:50:36 +0000] "GET /wp-content/themes/thegem/css/icons-thegem-header.css?ver=5.5.0 HTTP/1.1" 200 13765 "https://www.circuitorioantigo.com.br/" "Mozilla/5.0 (Linux; Android 6.0.1; Nexus 5X Build/MMB29P) AppleWebKit/537.36 (KHTML, like Gecko) Chrome/148.0.7778.96 Mobile Safari/537.36 (compatible; Googlebot/2.1; +http://www.google.com/bot.html)"
66.249.79.198 - - [15/Jun/2026:17:50:36 +0000] "GET /wp-content/themes/thegem/css/icons-elegant.css?ver=5.5.0 HTTP/1.1" 200 18832 "https://www.circuitorioantigo.com.br/" "Mozilla/5.0 (Linux; Android 6.0.1; Nexus 5X Build/MMB29P) AppleWebKit/537.36 (KHTML, like Gecko) Chrome/148.0.7778.96 Mobile Safari/537.36 (compatible; Googlebot/2.1; +http://www.google.com/bot.html)"
66.249.79.197 - - [15/Jun/2026:17:50:37 +0000] "GET /wp-content/themes/thegem/js/thegem-form-elements.js?ver=5.5.0 HTTP/1.1" 200 1787 "https://www.circuitorioantigo.com.br/" "Mozilla/5.0 (Linux; Android 6.0.1; Nexus 5X Build/MMB29P) AppleWebKit/537.36 (KHTML, like Gecko) Chrome/148.0.7778.96 Mobile Safari/537.36 (compatible; Googlebot/2.1; +http://www.google.com/bot.html)"
66.249.79.197 - - [15/Jun/2026:17:50:37 +0000] "GET /wp-content/themes/thegem/js/thegem-menu_init.js?ver=5.5.0 HTTP/1.1" 200 40513 "https://www.circuitorioantigo.com.br/" "Mozilla/5.0 (Linux; Android 6.0.1; Nexus 5X Build/MMB29P) AppleWebKit/537.36 (KHTML, like Gecko) Chrome/148.0.7778.96 Mobile Safari/537.36 (compatible; Googlebot/2.1; +http://www.google.com/bot.html)"
205.210.31.43 - - [15/Jun/2026:17:51:40 +0000] "GET / HTTP/1.1" 200 87715 "http://circuitorioantigo.com.br/" "Hello from Palo Alto Networks, find out more about our scans in https://docs-cortex.paloaltonetworks.com/r/1/Cortex-Xpanse/Scanning-activity"
176.61.149.165 - - [15/Jun/2026:17:53:45 +0000] "GET /wp-login.php HTTP/1.1" 200 11857 "-" "Mozilla/5.0 (X11; Linux x86_64) AppleWebKit/537.36 (KHTML, like Gecko) Chrome/133.0.0.0 Safari/537.36"
176.61.149.165 - - [15/Jun/2026:17:53:46 +0000] "POST /wp-login.php HTTP/1.1" 200 11857 "https://www.circuitorioantigo.com.br/wp-login.php" "Mozilla/5.0 (X11; Linux x86_64) AppleWebKit/537.36 (KHTML, like Gecko) Chrome/133.0.0.0 Safari/537.36"
213.32.22.52 - - [15/Jun/2026:17:54:27 +0000] "GET /wp-login.php HTTP/1.1" 200 11855 "-" "Mozilla/5.0 (Macintosh; Intel Mac OS X 10_15_7) AppleWebKit/605.1.15 (KHTML, like Gecko) Version/18.3 Safari/605.1.15"
213.32.22.52 - - [15/Jun/2026:17:54:29 +0000] "POST /wp-login.php HTTP/1.1" 200 11855 "https://circuitorioantigo.com.br/wp-login.php" "Mozilla/5.0 (Macintosh; Intel Mac OS X 10_15_7) AppleWebKit/605.1.15 (KHTML, like Gecko) Version/18.3 Safari/605.1.15"
47.128.42.174 - - [15/Jun/2026:17:55:24 +0000] "GET /wp-content/themes/thegem/css/thegem-preloader.css?ver=5.5.0 HTTP/1.1" 200 4203 "https://www.circuitorioantigo.com.br/" "Mozilla/5.0 (Linux; Android 5.0) AppleWebKit/537.36 (KHTML, like Gecko) Mobile Safari/537.36 (compatible; Bytespider; spider-feedback@bytedance.com)"
47.128.42.174 - - [15/Jun/2026:17:55:21 +0000] "GET / HTTP/1.1" 200 87710 "-" "Mozilla/5.0 (Linux; Android 5.0) AppleWebKit/537.36 (KHTML, like Gecko) Mobile Safari/537.36 (compatible; Bytespider; spider-feedback@bytedance.com)"
162.241.176.232 - - [15/Jun/2026:17:55:23 +0000] "POST /wp-cron.php?doing_wp_cron=1781546123.8188478946685791015625 HTTP/1.1" 404 15678 "-" "WordPress/6.9.4; https://www.circuitorioantigo.com.br"
47.128.42.174 - - [15/Jun/2026:17:55:26 +0000] "GET /wp-content/themes/thegem/css/thegem-grid.css?ver=5.5.0 HTTP/1.1" 200 10841 "https://www.circuitorioantigo.com.br/" "Mozilla/5.0 (Linux; Android 5.0) AppleWebKit/537.36 (KHTML, like Gecko) Mobile Safari/537.36 (compatible; Bytespider; spider-feedback@bytedance.com)"
47.128.42.174 - - [15/Jun/2026:17:55:26 +0000] "GET /wp-content/themes/thegem/css/thegem-reset.css?ver=5.5.0 HTTP/1.1" 200 4099 "https://www.circuitorioantigo.com.br/" "Mozilla/5.0 (Linux; Android 5.0) AppleWebKit/537.36 (KHTML, like Gecko) Mobile Safari/537.36 (compatible; Bytespider; spider-feedback@bytedance.com)"
47.128.42.174 - - [15/Jun/2026:17:55:26 +0000] "GET /wp-content/themes/thegem/css/thegem-header.css?ver=5.5.0 HTTP/1.1" 200 164080 "https://www.circuitorioantigo.com.br/" "Mozilla/5.0 (Linux; Android 5.0) AppleWebKit/537.36 (KHTML, like Gecko) Mobile Safari/537.36 (compatible; Bytespider; spider-feedback@bytedance.com)"
47.128.42.174 - - [15/Jun/2026:17:55:27 +0000] "GET /wp-content/themes/thegem/css/thegem-widgets.css?ver=5.5.0 HTTP/1.1" 200 75796 "https://www.circuitorioantigo.com.br/" "Mozilla/5.0 (Linux; Android 5.0) AppleWebKit/537.36 (KHTML, like Gecko) Mobile Safari/537.36 (compatible; Bytespider; spider-feedback@bytedance.com)"
47.128.42.174 - - [15/Jun/2026:17:55:27 +0000] "GET /wp-content/themes/thegem/css/thegem-perevazka-css.css?ver=5.5.0 HTTP/1.1" 200 18210 "https://www.circuitorioantigo.com.br/" "Mozilla/5.0 (Linux; Android 5.0) AppleWebKit/537.36 (KHTML, like Gecko) Mobile Safari/537.36 (compatible; Bytespider; spider-feedback@bytedance.com)"
47.128.42.174 - - [15/Jun/2026:17:55:27 +0000] "GET /wp-content/themes/thegem/style.css?ver=5.5.0 HTTP/1.1" 200 199352 "https://www.circuitorioantigo.com.br/" "Mozilla/5.0 (Linux; Android 5.0) AppleWebKit/537.36 (KHTML, like Gecko) Mobile Safari/537.36 (compatible; Bytespider; spider-feedback@bytedance.com)"
47.128.42.174 - - [15/Jun/2026:17:55:28 +0000] "GET /wp-content/themes/thegem/css/thegem-new-css.css?ver=5.5.0 HTTP/1.1" 200 51283 "https://www.circuitorioantigo.com.br/" "Mozilla/5.0 (Linux; Android 5.0) AppleWebKit/537.36 (KHTML, like Gecko) Mobile Safari/537.36 (compatible; Bytespider; spider-feedback@bytedance.com)"
47.128.42.174 - - [15/Jun/2026:17:55:28 +0000] "GET /wp-content/themes/thegem-child/css/custom-LKGqBkp6.css?ver=5.5.0 HTTP/1.1" 200 248018 "https://www.circuitorioantigo.com.br/" "Mozilla/5.0 (Linux; Android 5.0) AppleWebKit/537.36 (KHTML, like Gecko) Mobile Safari/537.36 (compatible; Bytespider; spider-feedback@bytedance.com)"
47.128.42.174 - - [15/Jun/2026:17:55:29 +0000] "GET /wp-content/themes/thegem/css/thegem-additional-blog-1.css?ver=5.5.0 HTTP/1.1" 200 7476 "https://www.circuitorioantigo.com.br/" "Mozilla/5.0 (Linux; Android 5.0) AppleWebKit/537.36 (KHTML, like Gecko) Mobile Safari/537.36 (compatible; Bytespider; spider-feedback@bytedance.com)"
47.128.42.174 - - [15/Jun/2026:17:55:29 +0000] "GET /wp-content/themes/thegem/css/thegem-vc_elements.css?ver=5.5.0 HTTP/1.1" 200 6408 "https://www.circuitorioantigo.com.br/" "Mozilla/5.0 (Linux; Android 5.0) AppleWebKit/537.36 (KHTML, like Gecko) Mobile Safari/537.36 (compatible; Bytespider; spider-feedback@bytedance.com)"
47.128.42.174 - - [15/Jun/2026:17:55:30 +0000] "GET /wp-content/plugins/go_pricing/assets/css/go_pricing_styles.css?ver=3.3.14 HTTP/1.1" 200 72083 "https://www.circuitorioantigo.com.br/" "Mozilla/5.0 (Linux; Android 5.0) AppleWebKit/537.36 (KHTML, like Gecko) Mobile Safari/537.36 (compatible; Bytespider; spider-feedback@bytedance.com)"
47.128.42.174 - - [15/Jun/2026:17:55:30 +0000] "GET /wp-content/plugins/mailchimp-for-wp/assets/css/form-themes.css?ver=4.9.11 HTTP/1.1" 200 6739 "https://www.circuitorioantigo.com.br/" "Mozilla/5.0 (Linux; Android 5.0) AppleWebKit/537.36 (KHTML, like Gecko) Mobile Safari/537.36 (compatible; Bytespider; spider-feedback@bytedance.com)"
47.128.42.174 - - [15/Jun/2026:17:55:30 +0000] "GET /wp-content/themes/thegem/css/icons-material.css?ver=5.5.0 HTTP/1.1" 200 65157 "https://www.circuitorioantigo.com.br/" "Mozilla/5.0 (Linux; Android 5.0) AppleWebKit/537.36 (KHTML, like Gecko) Mobile Safari/537.36 (compatible; Bytespider; spider-feedback@bytedance.com)"
47.128.42.174 - - [15/Jun/2026:17:55:30 +0000] "GET /wp-content/themes/thegem/css/thegem-lazy-loading-animations.css?ver=5.5.0 HTTP/1.1" 200 8168 "https://www.circuitorioantigo.com.br/" "Mozilla/5.0 (Linux; Android 5.0) AppleWebKit/537.36 (KHTML, like Gecko) Mobile Safari/537.36 (compatible; Bytespider; spider-feedback@bytedance.com)"
47.128.42.174 - - [15/Jun/2026:17:55:31 +0000] "GET /wp-content/themes/thegem/css/icons-thegem-header.css?ver=5.5.0 HTTP/1.1" 200 13765 "https://www.circuitorioantigo.com.br/" "Mozilla/5.0 (Linux; Android 5.0) AppleWebKit/537.36 (KHTML, like Gecko) Mobile Safari/537.36 (compatible; Bytespider; spider-feedback@bytedance.com)"
47.128.42.174 - - [15/Jun/2026:17:55:31 +0000] "GET /wp-content/themes/thegem/css/icons-elegant.css?ver=5.5.0 HTTP/1.1" 200 18832 "https://www.circuitorioantigo.com.br/" "Mozilla/5.0 (Linux; Android 5.0) AppleWebKit/537.36 (KHTML, like Gecko) Mobile Safari/537.36 (compatible; Bytespider; spider-feedback@bytedance.com)"
47.128.42.174 - - [15/Jun/2026:17:55:35 +0000] "GET /site/wp-content/uploads/2025/12/Circuito-Rio-Antigo-Nov-25-Foto-Bruno-de-Lima-175-Medio.jpg?id=26559 HTTP/1.1" 206 500 "https://www.circuitorioantigo.com.br/" "Mozilla/5.0 (Linux; Android 5.0) AppleWebKit/537.36 (KHTML, like Gecko) Mobile Safari/537.36 (compatible; Bytespider; spider-feedback@bytedance.com)"
47.128.42.174 - - [15/Jun/2026:17:55:36 +0000] "GET /site/wp-content/uploads/2025/12/Rio_Antigo_Porto_339.jpg?id=26553 HTTP/1.1" 206 500 "https://www.circuitorioantigo.com.br/" "Mozilla/5.0 (Linux; Android 5.0) AppleWebKit/537.36 (KHTML, like Gecko) Mobile Safari/537.36 (compatible; Bytespider; spider-feedback@bytedance.com)"
47.128.42.174 - - [15/Jun/2026:17:55:36 +0000] "GET /site/wp-content/uploads/2025/12/Circuito-Rio-Antigo-Nov-25-Foto-Bruno-de-Lima-175-Medio.jpg?id=26559 HTTP/1.1" 304 - "https://www.circuitorioantigo.com.br/" "Mozilla/5.0 (Linux; Android 5.0) AppleWebKit/537.36 (KHTML, like Gecko) Mobile Safari/537.36 (compatible; Bytespider; spider-feedback@bytedance.com)"
47.128.42.174 - - [15/Jun/2026:17:55:37 +0000] "GET /site/wp-content/uploads/2025/12/Circuito-Rio-Antigo-_NI-Foto-Bruno-de-Lima-163.jpg?id=26555 HTTP/1.1" 206 500 "https://www.circuitorioantigo.com.br/" "Mozilla/5.0 (Linux; Android 5.0) AppleWebKit/537.36 (KHTML, like Gecko) Mobile Safari/537.36 (compatible; Bytespider; spider-feedback@bytedance.com)"
47.128.42.174 - - [15/Jun/2026:17:55:37 +0000] "GET /site/wp-content/uploads/2025/12/Rio_Antigo_Porto_339.jpg?id=26553 HTTP/1.1" 304 - "https://www.circuitorioantigo.com.br/" "Mozilla/5.0 (Linux; Android 5.0) AppleWebKit/537.36 (KHTML, like Gecko) Mobile Safari/537.36 (compatible; Bytespider; spider-feedback@bytedance.com)"
47.128.42.174 - - [15/Jun/2026:17:55:38 +0000] "GET /site/wp-content/uploads/2025/12/Circuito-Rio-Antigo-_NI-Foto-Bruno-de-Lima-163.jpg?id=26555 HTTP/1.1" 304 - "https://www.circuitorioantigo.com.br/" "Mozilla/5.0 (Linux; Android 5.0) AppleWebKit/537.36 (KHTML, like Gecko) Mobile Safari/537.36 (compatible; Bytespider; spider-feedback@bytedance.com)"
47.128.42.174 - - [15/Jun/2026:17:55:38 +0000] "GET /site/wp-content/uploads/2025/12/Circuito-Rio-Antigo-Nov-25-Foto-Bruno-de-Lima-175-Medio.jpg?id=26559 HTTP/1.1" 206 392445 "https://www.circuitorioantigo.com.br/" "Mozilla/5.0 (Linux; Android 5.0) AppleWebKit/537.36 (KHTML, like Gecko) Mobile Safari/537.36 (compatible; Bytespider; spider-feedback@bytedance.com)"
47.128.42.174 - - [15/Jun/2026:17:55:38 +0000] "GET /site/wp-content/uploads/2025/12/Rio_Antigo_Porto_339.jpg?id=26553 HTTP/1.1" 206 735221 "https://www.circuitorioantigo.com.br/" "Mozilla/5.0 (Linux; Android 5.0) AppleWebKit/537.36 (KHTML, like Gecko) Mobile Safari/537.36 (compatible; Bytespider; spider-feedback@bytedance.com)"
47.128.42.174 - - [15/Jun/2026:17:55:39 +0000] "GET /site/wp-content/uploads/2025/12/Circuito-Rio-Antigo-_NI-Foto-Bruno-de-Lima-163.jpg?id=26555 HTTP/1.1" 206 1239642 "https://www.circuitorioantigo.com.br/" "Mozilla/5.0 (Linux; Android 5.0) AppleWebKit/537.36 (KHTML, like Gecko) Mobile Safari/537.36 (compatible; Bytespider; spider-feedback@bytedance.com)"
162.241.176.232 - - [15/Jun/2026:17:56:24 +0000] "POST /wp-cron.php?doing_wp_cron=1781546184.4755809307098388671875 HTTP/1.1" 404 58105 "-" "WordPress/6.9.4; https://www.circuitorioantigo.com.br"
216.73.217.69 - - [15/Jun/2026:17:56:23 +0000] "GET /robots.txt HTTP/1.1" 200 307 "-" "Mozilla/5.0 AppleWebKit/537.36 (KHTML, like Gecko; compatible; ClaudeBot/1.0; +claudebot@anthropic.com)"
216.73.217.69 - - [15/Jun/2026:17:56:25 +0000] "GET /2016/03/05/blog-post-3/feed/ HTTP/1.1" 200 928 "-" "Mozilla/5.0 AppleWebKit/537.36 (KHTML, like Gecko; compatible; ClaudeBot/1.0; +claudebot@anthropic.com)"
216.73.217.69 - - [15/Jun/2026:17:56:25 +0000] "GET /news-sitemap.xml HTTP/1.1" 200 495 "-" "Mozilla/5.0 AppleWebKit/537.36 (KHTML, like Gecko; compatible; ClaudeBot/1.0; +claudebot@anthropic.com)"
216.73.217.69 - - [15/Jun/2026:17:56:30 +0000] "GET /sitemap.xml HTTP/1.1" 200 652 "-" "Mozilla/5.0 AppleWebKit/537.36 (KHTML, like Gecko; compatible; ClaudeBot/1.0; +claudebot@anthropic.com)"
162.241.176.232 - - [15/Jun/2026:17:57:35 +0000] "POST /wp-cron.php?doing_wp_cron=1781546255.7079350948333740234375 HTTP/1.1" 404 58105 "-" "WordPress/6.9.4; https://www.circuitorioantigo.com.br"
216.73.217.69 - - [15/Jun/2026:17:57:34 +0000] "GET /sitemap_index.xml HTTP/1.1" 200 1133 "-" "Mozilla/5.0 AppleWebKit/537.36 (KHTML, like Gecko; compatible; ClaudeBot/1.0; +claudebot@anthropic.com)"
216.73.217.69 - - [15/Jun/2026:17:57:51 +0000] "GET /2016/03/18/blog-post-2/feed/ HTTP/1.1" 200 921 "-" "Mozilla/5.0 AppleWebKit/537.36 (KHTML, like Gecko; compatible; ClaudeBot/1.0; +claudebot@anthropic.com)"
57.141.0.17 - - [15/Jun/2026:17:58:11 +0000] "GET /pf/new-ui-kit-8/ HTTP/1.1" 200 112996 "-" "meta-externalagent/1.1 (+https://developers.facebook.com/docs/sharing/webmasters/crawler)"
104.210.140.132 - - [15/Jun/2026:17:59:14 +0000] "GET /robots.txt HTTP/1.1" 301 - "-" "Mozilla/5.0 (Macintosh; Intel Mac OS X 10_15_7) AppleWebKit/537.36 (KHTML, like Gecko) Chrome/131.0.0.0 Safari/537.36; compatible; OAI-SearchBot/1.0; +https://openai.com/searchbot"
162.241.176.232 - - [15/Jun/2026:17:59:15 +0000] "POST /wp-cron.php?doing_wp_cron=1781546355.7207059860229492187500 HTTP/1.1" 404 15678 "-" "WordPress/6.9.4; https://www.circuitorioantigo.com.br"
104.210.140.130 - - [15/Jun/2026:17:59:18 +0000] "GET /robots.txt HTTP/1.1" 200 307 "-" "Mozilla/5.0 (Macintosh; Intel Mac OS X 10_15_7) AppleWebKit/537.36 (KHTML, like Gecko) Chrome/131.0.0.0 Safari/537.36; compatible; OAI-SearchBot/1.0; +https://openai.com/searchbot"
216.73.217.69 - - [15/Jun/2026:17:59:20 +0000] "GET /2016/03/15/quated-post/ HTTP/1.1" 200 127225 "-" "Mozilla/5.0 AppleWebKit/537.36 (KHTML, like Gecko; compatible; ClaudeBot/1.0; +claudebot@anthropic.com)"
216.73.217.69 - - [15/Jun/2026:17:59:46 +0000] "GET /2016/03/29/sticky-blog-post-4/ HTTP/1.1" 200 148166 "-" "Mozilla/5.0 AppleWebKit/537.36 (KHTML, like Gecko; compatible; ClaudeBot/1.0; +claudebot@anthropic.com)"
162.241.176.232 - - [15/Jun/2026:18:01:12 +0000] "POST /wp-cron.php?doing_wp_cron=1781546472.1547000408172607421875 HTTP/1.1" 404 58105 "-" "WordPress/6.9.4; https://www.circuitorioantigo.com.br"
216.73.217.69 - - [15/Jun/2026:18:01:10 +0000] "GET /2016/03/17/sticky-blog-post-2/ HTTP/1.1" 200 142357 "-" "Mozilla/5.0 AppleWebKit/537.36 (KHTML, like Gecko; compatible; ClaudeBot/1.0; +claudebot@anthropic.com)"
184.107.244.93 - - [15/Jun/2026:18:01:16 +0000] "GET /wp-login.php HTTP/1.1" 200 11857 "-" "Mozilla/5.0 (X11; Fedora; Linux x86_64) AppleWebKit/537.36 (KHTML, like Gecko) Chrome/133.0.0.0 Safari/537.36"
184.107.244.93 - - [15/Jun/2026:18:01:18 +0000] "POST /wp-login.php HTTP/1.1" 200 11857 "https://www.circuitorioantigo.com.br/wp-login.php" "Mozilla/5.0 (X11; Fedora; Linux x86_64) AppleWebKit/537.36 (KHTML, like Gecko) Chrome/133.0.0.0 Safari/537.36"
216.73.217.69 - - [15/Jun/2026:18:02:39 +0000] "GET /2014/09/16/100-width-galleries-post-2/feed/ HTTP/1.1" 200 968 "-" "Mozilla/5.0 AppleWebKit/537.36 (KHTML, like Gecko; compatible; ClaudeBot/1.0; +claudebot@anthropic.com)"
216.73.217.69 - - [15/Jun/2026:18:04:30 +0000] "GET /2016/03/ HTTP/1.1" 200 118232 "-" "Mozilla/5.0 AppleWebKit/537.36 (KHTML, like Gecko; compatible; ClaudeBot/1.0; +claudebot@anthropic.com)"
162.241.176.232 - - [15/Jun/2026:18:04:56 +0000] "POST /wp-cron.php?doing_wp_cron=1781546696.4940431118011474609375 HTTP/1.1" 404 58105 "-" "WordPress/6.9.4; https://www.circuitorioantigo.com.br"
98.82.107.102 - - [15/Jun/2026:18:04:55 +0000] "GET /wp-json/wp/v2/posts/12713 HTTP/1.1" 200 12762 "-" "Mozilla/5.0 AppleWebKit/537.36 (KHTML, like Gecko; compatible; Amazonbot/0.1; +https://developer.amazon.com/support/amazonbot) Chrome/119.0.6045.214 Safari/537.36"
97.74.88.143 - - [15/Jun/2026:18:08:59 +0000] "GET /wp-login.php HTTP/1.1" 200 11855 "-" "Mozilla/5.0 (Windows NT 10.0; Win64; x64) AppleWebKit/537.36 (KHTML, like Gecko) Chrome/133.0.0.0 Safari/537.36"
97.74.88.143 - - [15/Jun/2026:18:09:00 +0000] "POST /wp-login.php HTTP/1.1" 200 11855 "https://www.circuitorioantigo.com.br/wp-login.php" "Mozilla/5.0 (Windows NT 10.0; Win64; x64) AppleWebKit/537.36 (KHTML, like Gecko) Chrome/133.0.0.0 Safari/537.36"
91.146.99.41 - - [15/Jun/2026:18:09:12 +0000] "GET /wp-login.php HTTP/1.1" 200 11855 "-" "Mozilla/5.0 (Macintosh; Intel Mac OS X 10_15_7) AppleWebKit/605.1.15 (KHTML, like Gecko) Version/18.3 Safari/605.1.15"
91.146.99.41 - - [15/Jun/2026:18:09:13 +0000] "POST /wp-login.php HTTP/1.1" 200 11855 "https://circuitorioantigo.com.br/wp-login.php" "Mozilla/5.0 (Macintosh; Intel Mac OS X 10_15_7) AppleWebKit/605.1.15 (KHTML, like Gecko) Version/18.3 Safari/605.1.15"
34.174.80.37 - - [15/Jun/2026:18:10:49 +0000] "HEAD / HTTP/1.1" 200 - "http://circuitorioantigo.decastilhosports.com.br/" "Mozilla/5.0 (Linux; U; Android 10; en-US; CPH2015) AppleWebKit/537.36 (KHTML, like Gecko) UCBrowser/13.5.8.1311 Mobile Safari/537.36"
119.195.102.159 - - [15/Jun/2026:18:15:39 +0000] "GET /wp-login.php HTTP/1.1" 200 11858 "-" "Mozilla/5.0 (Macintosh; Intel Mac OS X 10_15_7) AppleWebKit/537.36 (KHTML, like Gecko) Chrome/133.0.0.0 Safari/537.36"
119.195.102.159 - - [15/Jun/2026:18:15:40 +0000] "POST /wp-login.php HTTP/1.1" 200 11858 "https://www.circuitorioantigo.com.br/wp-login.php" "Mozilla/5.0 (Macintosh; Intel Mac OS X 10_15_7) AppleWebKit/537.36 (KHTML, like Gecko) Chrome/133.0.0.0 Safari/537.36"
64.37.63.170 - - [15/Jun/2026:18:15:46 +0000] "GET /wp-login.php HTTP/1.1" 200 11855 "-" "Mozilla/5.0 (X11; CrOS x86_64 14541.0.0) AppleWebKit/537.36 (KHTML, like Gecko) Chrome/133.0.0.0 Safari/537.36"
64.37.63.170 - - [15/Jun/2026:18:15:47 +0000] "POST /wp-login.php HTTP/1.1" 200 11855 "https://circuitorioantigo.com.br/wp-login.php" "Mozilla/5.0 (X11; CrOS x86_64 14541.0.0) AppleWebKit/537.36 (KHTML, like Gecko) Chrome/133.0.0.0 Safari/537.36"
118.233.90.178 - - [15/Jun/2026:18:18:07 +0000] "GET /wp-login.php HTTP/1.1" 200 11857 "-" "Mozilla/5.0 (Windows NT 10.0; Win64; x64) AppleWebKit/537.36 (KHTML, like Gecko) Chrome/120.0.0.0 Safari/537.36"
52.90.155.95 - - [15/Jun/2026:18:18:57 +0000] "GET /teste-capa-2025/etapa1.jpg HTTP/1.1" 404 58105 "-" "Mozilla/5.0 (X11; Ubuntu; Linux x86_64; rv:72.0) Gecko/20100101 Firefox/72.0 (compatible; cc-download/1.0; +https://github.com/rom1504/img2dataset)"
52.90.155.95 - - [15/Jun/2026:18:19:00 +0000] "GET /site/wp-content/uploads/2016/03/3-7-thegem-blog-default-large.jpg HTTP/1.1" 200 90238 "-" "Mozilla/5.0 (X11; Ubuntu; Linux x86_64; rv:72.0) Gecko/20100101 Firefox/72.0 (compatible; cc-download/1.0; +https://github.com/rom1504/img2dataset)"
