177.27.13.10 - - [15/Jun/2026:19:53:00 +0000] "GET /wp-content/themes/thegem/fonts/thegem-icons.woff HTTP/1.1" 200 21584 "https://www.circuitorioantigo.com.br/wp-content/themes/thegem/style.css?ver=5.5.0" "Mozilla/5.0 (Linux; Android 10; K) AppleWebKit/537.36 (KHTML, like Gecko) Chrome/149.0.0.0 Mobile Safari/537.36"
177.27.10.154 - - [15/Jun/2026:19:53:00 +0000] "GET /wp-content/themes/thegem/fonts/thegem-socials.woff HTTP/1.1" 200 36664 "https://www.circuitorioantigo.com.br/wp-content/themes/thegem/style.css?ver=5.5.0" "Mozilla/5.0 (Linux; Android 10; K) AppleWebKit/537.36 (KHTML, like Gecko) Chrome/149.0.0.0 Mobile Safari/537.36"
177.27.10.154 - - [15/Jun/2026:19:53:00 +0000] "GET /wp-content/themes/thegem/fonts/material/materialdesignicons.woff HTTP/1.1" 200 88492 "https://www.circuitorioantigo.com.br/wp-content/themes/thegem/css/icons-material.css?ver=5.5.0" "Mozilla/5.0 (Linux; Android 10; K) AppleWebKit/537.36 (KHTML, like Gecko) Chrome/149.0.0.0 Mobile Safari/537.36"
177.27.10.154 - - [15/Jun/2026:19:53:00 +0000] "GET /wp-content/themes/thegem/fonts/thegem-header/thegem-header.woff HTTP/1.1" 200 54652 "https://www.circuitorioantigo.com.br/wp-content/themes/thegem/css/icons-thegem-header.css?ver=5.5.0" "Mozilla/5.0 (Linux; Android 10; K) AppleWebKit/537.36 (KHTML, like Gecko) Chrome/149.0.0.0 Mobile Safari/537.36"
177.27.10.154 - - [15/Jun/2026:19:53:00 +0000] "GET /wp-content/themes/thegem/fonts/elegant/ElegantIcons.woff HTTP/1.1" 200 63664 "https://www.circuitorioantigo.com.br/wp-content/themes/thegem/css/icons-elegant.css?ver=5.5.0" "Mozilla/5.0 (Linux; Android 10; K) AppleWebKit/537.36 (KHTML, like Gecko) Chrome/149.0.0.0 Mobile Safari/537.36"
177.27.10.154 - - [15/Jun/2026:19:53:00 +0000] "GET /wp-content/themes/thegem/js/fancyBox/jquery.mousewheel.pack.js?ver=5.5.0 HTTP/1.1" 200 1396 "https://www.circuitorioantigo.com.br/" "Mozilla/5.0 (Linux; Android 10; K) AppleWebKit/537.36 (KHTML, like Gecko) Chrome/149.0.0.0 Mobile Safari/537.36"
177.27.13.10 - - [15/Jun/2026:19:53:00 +0000] "GET /wp-content/themes/thegem/js/fancyBox/jquery.fancybox.min.js?ver=5.5.0 HTTP/1.1" 200 68253 "https://www.circuitorioantigo.com.br/" "Mozilla/5.0 (Linux; Android 10; K) AppleWebKit/537.36 (KHTML, like Gecko) Chrome/149.0.0.0 Mobile Safari/537.36"
177.27.10.154 - - [15/Jun/2026:19:53:00 +0000] "GET /wp-content/themes/thegem/js/fancyBox/jquery.fancybox-init.js?ver=5.5.0 HTTP/1.1" 200 2429 "https://www.circuitorioantigo.com.br/" "Mozilla/5.0 (Linux; Android 10; K) AppleWebKit/537.36 (KHTML, like Gecko) Chrome/149.0.0.0 Mobile Safari/537.36"
177.27.10.154 - - [15/Jun/2026:19:53:00 +0000] "GET /wp-content/plugins/jetpack/jetpack_vendor/automattic/jetpack-image-cdn/dist/image-cdn.js?minify=false&ver=132249e245926ae3e188 HTTP/1.1" 200 701 "https://www.circuitorioantigo.com.br/" "Mozilla/5.0 (Linux; Android 10; K) AppleWebKit/537.36 (KHTML, like Gecko) Chrome/149.0.0.0 Mobile Safari/537.36"
177.27.10.154 - - [15/Jun/2026:19:53:00 +0000] "GET /wp-includes/js/dist/vendor/wp-polyfill.min.js?ver=3.15.0 HTTP/1.1" 200 33548 "https://www.circuitorioantigo.com.br/" "Mozilla/5.0 (Linux; Android 10; K) AppleWebKit/537.36 (KHTML, like Gecko) Chrome/149.0.0.0 Mobile Safari/537.36"
177.27.13.10 - - [15/Jun/2026:19:53:00 +0000] "GET /wp-content/plugins/contact-form-7/includes/js/index.js?ver=5.6.1 HTTP/1.1" 200 21904 "https://www.circuitorioantigo.com.br/" "Mozilla/5.0 (Linux; Android 10; K) AppleWebKit/537.36 (KHTML, like Gecko) Chrome/149.0.0.0 Mobile Safari/537.36"
177.27.10.154 - - [15/Jun/2026:19:53:00 +0000] "GET /wp-content/plugins/go_pricing/assets/js/go_pricing_scripts.js?ver=3.3.14 HTTP/1.1" 200 23561 "https://www.circuitorioantigo.com.br/" "Mozilla/5.0 (Linux; Android 10; K) AppleWebKit/537.36 (KHTML, like Gecko) Chrome/149.0.0.0 Mobile Safari/537.36"
177.27.10.154 - - [15/Jun/2026:19:53:00 +0000] "GET /wp-content/plugins/js_composer/assets/js/dist/js_composer_front.min.js?ver=7.3 HTTP/1.1" 200 20757 "https://www.circuitorioantigo.com.br/" "Mozilla/5.0 (Linux; Android 10; K) AppleWebKit/537.36 (KHTML, like Gecko) Chrome/149.0.0.0 Mobile Safari/537.36"
177.27.10.154 - - [15/Jun/2026:19:53:00 +0000] "GET /wp-content/plugins/boxzilla/assets/js/script.min.js?ver=3.2.27 HTTP/1.1" 200 15588 "https://www.circuitorioantigo.com.br/" "Mozilla/5.0 (Linux; Android 10; K) AppleWebKit/537.36 (KHTML, like Gecko) Chrome/149.0.0.0 Mobile Safari/537.36"
177.27.10.154 - - [15/Jun/2026:19:53:00 +0000] "GET /wp-content/themes/thegem/js/odometer.js?ver=5.5.0 HTTP/1.1" 200 21077 "https://www.circuitorioantigo.com.br/" "Mozilla/5.0 (Linux; Android 10; K) AppleWebKit/537.36 (KHTML, like Gecko) Chrome/149.0.0.0 Mobile Safari/537.36"
177.27.10.154 - - [15/Jun/2026:19:53:00 +0000] "GET /wp-content/plugins/js_composer/assets/lib/vc_waypoints/vc-waypoints.min.js?ver=7.3 HTTP/1.1" 200 9237 "https://www.circuitorioantigo.com.br/" "Mozilla/5.0 (Linux; Android 10; K) AppleWebKit/537.36 (KHTML, like Gecko) Chrome/149.0.0.0 Mobile Safari/537.36"
177.27.13.10 - - [15/Jun/2026:19:53:01 +0000] "GET /wp-content/themes/thegem/js/counters-effects.js?ver=5.5.0 HTTP/1.1" 200 5108 "https://www.circuitorioantigo.com.br/" "Mozilla/5.0 (Linux; Android 10; K) AppleWebKit/537.36 (KHTML, like Gecko) Chrome/149.0.0.0 Mobile Safari/537.36"
177.27.10.154 - - [15/Jun/2026:19:53:01 +0000] "GET /wp-content/themes/thegem/js/thegem-counters.js?ver=5.5.0 HTTP/1.1" 200 1261 "https://www.circuitorioantigo.com.br/" "Mozilla/5.0 (Linux; Android 10; K) AppleWebKit/537.36 (KHTML, like Gecko) Chrome/149.0.0.0 Mobile Safari/537.36"
177.27.10.154 - - [15/Jun/2026:19:53:01 +0000] "GET /wp-content/themes/thegem/js/thegem-lazyLoading.js?ver=5.5.0 HTTP/1.1" 200 12061 "https://www.circuitorioantigo.com.br/" "Mozilla/5.0 (Linux; Android 10; K) AppleWebKit/537.36 (KHTML, like Gecko) Chrome/149.0.0.0 Mobile Safari/537.36"
177.27.10.154 - - [15/Jun/2026:19:53:01 +0000] "GET /wp-content/plugins/mailchimp-for-wp/assets/js/forms.js?ver=4.9.11 HTTP/1.1" 200 6591 "https://www.circuitorioantigo.com.br/" "Mozilla/5.0 (Linux; Android 10; K) AppleWebKit/537.36 (KHTML, like Gecko) Chrome/149.0.0.0 Mobile Safari/537.36"
177.27.10.154 - - [15/Jun/2026:19:53:01 +0000] "GET /site/wp-content/uploads/2025/12/Circuito-Rio-Antigo-Nov-25-Foto-Bruno-de-Lima-175-Medio.jpg?id=26559 HTTP/1.1" 200 392945 "https://www.circuitorioantigo.com.br/" "Mozilla/5.0 (Linux; Android 10; K) AppleWebKit/537.36 (KHTML, like Gecko) Chrome/149.0.0.0 Mobile Safari/537.36"
177.27.10.154 - - [15/Jun/2026:19:53:01 +0000] "GET /wp-includes/js/wp-emoji-release.min.js?ver=6.9.4 HTTP/1.1" 200 22762 "https://www.circuitorioantigo.com.br/" "Mozilla/5.0 (Linux; Android 10; K) AppleWebKit/537.36 (KHTML, like Gecko) Chrome/149.0.0.0 Mobile Safari/537.36"
177.27.10.154 - - [15/Jun/2026:19:53:01 +0000] "GET /site/wp-content/uploads/2025/12/Rio_Antigo_Porto_339.jpg?id=26553 HTTP/1.1" 200 735721 "https://www.circuitorioantigo.com.br/" "Mozilla/5.0 (Linux; Android 10; K) AppleWebKit/537.36 (KHTML, like Gecko) Chrome/149.0.0.0 Mobile Safari/537.36"
177.27.13.10 - - [15/Jun/2026:19:53:01 +0000] "GET /site/wp-content/uploads/2025/12/Circuito-Rio-Antigo-_NI-Foto-Bruno-de-Lima-163.jpg?id=26555 HTTP/1.1" 200 1240142 "https://www.circuitorioantigo.com.br/" "Mozilla/5.0 (Linux; Android 10; K) AppleWebKit/537.36 (KHTML, like Gecko) Chrome/149.0.0.0 Mobile Safari/537.36"
177.27.10.154 - - [15/Jun/2026:19:53:03 +0000] "GET /site/wp-content/uploads/fbrfg/favicon-32x32.png HTTP/1.1" 200 2049 "https://www.circuitorioantigo.com.br/" "Mozilla/5.0 (Linux; Android 10; K) AppleWebKit/537.36 (KHTML, like Gecko) Chrome/149.0.0.0 Mobile Safari/537.36"
177.27.13.10 - - [15/Jun/2026:19:53:03 +0000] "GET /site/wp-content/uploads/fbrfg/apple-touch-icon.png HTTP/1.1" 200 19564 "https://www.circuitorioantigo.com.br/" "Mozilla/5.0 (Linux; Android 10; K) AppleWebKit/537.36 (KHTML, like Gecko) Chrome/149.0.0.0 Mobile Safari/537.36"
177.27.27.246 - - [15/Jun/2026:19:53:03 +0000] "GET /site/wp-content/uploads/fbrfg/site.webmanifest HTTP/1.1" 200 486 "https://www.circuitorioantigo.com.br/" "Mozilla/5.0 (Linux; Android 10; K) AppleWebKit/537.36 (KHTML, like Gecko) Chrome/149.0.0.0 Mobile Safari/537.36"
178.105.87.245 - - [15/Jun/2026:19:53:19 +0000] "GET /wp-json/wp/v2/users/me HTTP/1.1" 401 114 "-" "Mozilla/5.0 (Windows NT 10.0) AppleWebKit/537.36 (KHTML, like Gecko) Chrome/133.0.0.0 Safari/537.36"
78.142.18.172 - - [15/Jun/2026:19:53:28 +0000] "GET /wp-login.php HTTP/1.1" 200 12885 "-" "Mozilla/5.0 (Macintosh; Intel Mac OS X 10_15_7) AppleWebKit/537.36 (KHTML, like Gecko) Chrome/133.0.0.0 Safari/537.36 Edg/133.0.0.0"
78.142.18.172 - - [15/Jun/2026:19:53:29 +0000] "POST /wp-login.php HTTP/1.1" 401 3510 "https://circuitorioantigo.com.br/wp-login.php" "Mozilla/5.0 (Macintosh; Intel Mac OS X 10_15_7) AppleWebKit/537.36 (KHTML, like Gecko) Chrome/133.0.0.0 Safari/537.36 Edg/133.0.0.0"
177.27.27.246 - - [15/Jun/2026:19:53:43 +0000] "GET /etapa-cinelandia-2025/ HTTP/1.1" 200 137329 "https://www.circuitorioantigo.com.br/" "Mozilla/5.0 (Linux; Android 10; K) AppleWebKit/537.36 (KHTML, like Gecko) Chrome/149.0.0.0 Mobile Safari/537.36"
177.27.10.154 - - [15/Jun/2026:19:53:43 +0000] "GET /etapa-volta-redonda-2025/ HTTP/1.1" 200 - "https://www.circuitorioantigo.com.br/" "Mozilla/5.0 (Linux; Android 10; K) AppleWebKit/537.36 (KHTML, like Gecko) Chrome/149.0.0.0 Mobile Safari/537.36"
177.27.27.246 - - [15/Jun/2026:19:53:45 +0000] "GET /etapa-volta-redonda-2025/ HTTP/1.1" 200 123745 "https://www.circuitorioantigo.com.br/" "Mozilla/5.0 (Linux; Android 10; K) AppleWebKit/537.36 (KHTML, like Gecko) Chrome/149.0.0.0 Mobile Safari/537.36"
177.27.27.246 - - [15/Jun/2026:19:53:46 +0000] "GET /wp-content/plugins/LayerSlider/assets/static/layerslider/css/layerslider.css?ver=7.9.7 HTTP/1.1" 200 29430 "https://www.circuitorioantigo.com.br/etapa-volta-redonda-2025/" "Mozilla/5.0 (Linux; Android 10; K) AppleWebKit/537.36 (KHTML, like Gecko) Chrome/149.0.0.0 Mobile Safari/537.36"
177.27.27.246 - - [15/Jun/2026:19:53:46 +0000] "GET /wp-content/themes/thegem/css/thegem-preloader.css?ver=5.5.0 HTTP/1.1" 200 4203 "https://www.circuitorioantigo.com.br/etapa-volta-redonda-2025/" "Mozilla/5.0 (Linux; Android 10; K) AppleWebKit/537.36 (KHTML, like Gecko) Chrome/149.0.0.0 Mobile Safari/537.36"
177.27.10.154 - - [15/Jun/2026:19:53:46 +0000] "GET /wp-content/themes/thegem/css/thegem-grid.css?ver=5.5.0 HTTP/1.1" 200 10841 "https://www.circuitorioantigo.com.br/etapa-volta-redonda-2025/" "Mozilla/5.0 (Linux; Android 10; K) AppleWebKit/537.36 (KHTML, like Gecko) Chrome/149.0.0.0 Mobile Safari/537.36"
177.27.27.246 - - [15/Jun/2026:19:53:46 +0000] "GET /wp-content/themes/thegem/css/thegem-widgets.css?ver=5.5.0 HTTP/1.1" 200 75796 "https://www.circuitorioantigo.com.br/etapa-volta-redonda-2025/" "Mozilla/5.0 (Linux; Android 10; K) AppleWebKit/537.36 (KHTML, like Gecko) Chrome/149.0.0.0 Mobile Safari/537.36"
177.27.27.246 - - [15/Jun/2026:19:53:46 +0000] "GET /wp-content/themes/thegem/css/thegem-new-css.css?ver=5.5.0 HTTP/1.1" 200 51283 "https://www.circuitorioantigo.com.br/etapa-volta-redonda-2025/" "Mozilla/5.0 (Linux; Android 10; K) AppleWebKit/537.36 (KHTML, like Gecko) Chrome/149.0.0.0 Mobile Safari/537.36"
177.27.27.246 - - [15/Jun/2026:19:53:46 +0000] "GET /wp-content/themes/thegem/css/thegem-vc_elements.css?ver=5.5.0 HTTP/1.1" 200 6408 "https://www.circuitorioantigo.com.br/etapa-volta-redonda-2025/" "Mozilla/5.0 (Linux; Android 10; K) AppleWebKit/537.36 (KHTML, like Gecko) Chrome/149.0.0.0 Mobile Safari/537.36"
177.27.27.246 - - [15/Jun/2026:19:53:46 +0000] "GET /wp-content/uploads/thegem-logos/logo_6a158fe81161548481d3edd20289cd29_3x.png HTTP/1.1" 200 23039 "https://www.circuitorioantigo.com.br/etapa-volta-redonda-2025/" "Mozilla/5.0 (Linux; Android 10; K) AppleWebKit/537.36 (KHTML, like Gecko) Chrome/149.0.0.0 Mobile Safari/537.36"
177.27.10.154 - - [15/Jun/2026:19:53:47 +0000] "GET /wp-content/uploads/thegem-logos/logo_d1048ece1d9073975ef87e0acba7b348_3x.png HTTP/1.1" 200 183 "https://www.circuitorioantigo.com.br/etapa-volta-redonda-2025/" "Mozilla/5.0 (Linux; Android 10; K) AppleWebKit/537.36 (KHTML, like Gecko) Chrome/149.0.0.0 Mobile Safari/537.36"
177.27.10.154 - - [15/Jun/2026:19:53:47 +0000] "GET /wp-content/themes/thegem/js/jquery.waypoints.js?ver=5.5.0 HTTP/1.1" 200 20631 "https://www.circuitorioantigo.com.br/etapa-volta-redonda-2025/" "Mozilla/5.0 (Linux; Android 10; K) AppleWebKit/537.36 (KHTML, like Gecko) Chrome/149.0.0.0 Mobile Safari/537.36"
177.27.27.246 - - [15/Jun/2026:19:53:47 +0000] "GET /wp-content/themes/thegem/js/thegem-stickyColumn.js?ver=5.5.0 HTTP/1.1" 200 2910 "https://www.circuitorioantigo.com.br/etapa-volta-redonda-2025/" "Mozilla/5.0 (Linux; Android 10; K) AppleWebKit/537.36 (KHTML, like Gecko) Chrome/149.0.0.0 Mobile Safari/537.36"
177.27.27.246 - - [15/Jun/2026:19:53:47 +0000] "GET /wp-content/themes/thegem/js/vc-accordion.js?ver=7.3 HTTP/1.1" 200 17271 "https://www.circuitorioantigo.com.br/etapa-volta-redonda-2025/" "Mozilla/5.0 (Linux; Android 10; K) AppleWebKit/537.36 (KHTML, like Gecko) Chrome/149.0.0.0 Mobile Safari/537.36"
177.27.27.246 - - [15/Jun/2026:19:53:47 +0000] "GET /wp-content/plugins/js_composer/assets/lib/vc-tta-autoplay/vc-tta-autoplay.min.js?ver=7.3 HTTP/1.1" 200 2545 "https://www.circuitorioantigo.com.br/etapa-volta-redonda-2025/" "Mozilla/5.0 (Linux; Android 10; K) AppleWebKit/537.36 (KHTML, like Gecko) Chrome/149.0.0.0 Mobile Safari/537.36"
177.27.10.154 - - [15/Jun/2026:19:53:47 +0000] "GET /wp-content/themes/thegem/js/thegem-parallax-footer.js?ver=5.5.0 HTTP/1.1" 200 622 "https://www.circuitorioantigo.com.br/etapa-volta-redonda-2025/" "Mozilla/5.0 (Linux; Android 10; K) AppleWebKit/537.36 (KHTML, like Gecko) Chrome/149.0.0.0 Mobile Safari/537.36"
177.27.10.154 - - [15/Jun/2026:19:53:46 +0000] "GET /wp-content/plugins/js_composer/assets/css/js_composer_tta.min.css?ver=7.3 HTTP/1.1" 200 273142 "https://www.circuitorioantigo.com.br/etapa-volta-redonda-2025/" "Mozilla/5.0 (Linux; Android 10; K) AppleWebKit/537.36 (KHTML, like Gecko) Chrome/149.0.0.0 Mobile Safari/537.36"
177.27.27.246 - - [15/Jun/2026:19:53:47 +0000] "GET /wp-content/plugins/akismet/_inc/akismet-frontend.js?ver=1777917086 HTTP/1.1" 200 11388 "https://www.circuitorioantigo.com.br/etapa-volta-redonda-2025/" "Mozilla/5.0 (Linux; Android 10; K) AppleWebKit/537.36 (KHTML, like Gecko) Chrome/149.0.0.0 Mobile Safari/537.36"
177.27.10.154 - - [15/Jun/2026:19:53:47 +0000] "GET /site/wp-content/themes/thegem/fonts/montserrat-ultralight.woff HTTP/1.1" 200 54036 "https://www.circuitorioantigo.com.br/wp-content/themes/thegem-child/css/custom-LKGqBkp6.css?ver=5.5.0" "Mozilla/5.0 (Linux; Android 10; K) AppleWebKit/537.36 (KHTML, like Gecko) Chrome/149.0.0.0 Mobile Safari/537.36"
177.27.10.154 - - [15/Jun/2026:19:53:47 +0000] "GET /wp-content/plugins/elfsight-instagram-feed-cc/assets/elfsight-instagram-feed.js?ver=4.0.2 HTTP/1.1" 200 378786 "https://www.circuitorioantigo.com.br/etapa-volta-redonda-2025/" "Mozilla/5.0 (Linux; Android 10; K) AppleWebKit/537.36 (KHTML, like Gecko) Chrome/149.0.0.0 Mobile Safari/537.36"
177.27.27.246 - - [15/Jun/2026:19:53:47 +0000] "GET /site/wp-content/uploads/2022/08/back2-2.jpg?id=25192 HTTP/1.1" 200 106083 "https://www.circuitorioantigo.com.br/etapa-volta-redonda-2025/" "Mozilla/5.0 (Linux; Android 10; K) AppleWebKit/537.36 (KHTML, like Gecko) Chrome/149.0.0.0 Mobile Safari/537.36"
177.27.27.246 - - [15/Jun/2026:19:53:48 +0000] "GET /site/wp-content/uploads/fbrfg/site.webmanifest HTTP/1.1" 200 486 "https://www.circuitorioantigo.com.br/etapa-volta-redonda-2025/" "Mozilla/5.0 (Linux; Android 10; K) AppleWebKit/537.36 (KHTML, like Gecko) Chrome/149.0.0.0 Mobile Safari/537.36"
177.27.10.154 - - [15/Jun/2026:19:53:48 +0000] "GET /site/wp-content/uploads/fbrfg/android-chrome-192x192.png HTTP/1.1" 200 21884 "https://www.circuitorioantigo.com.br/etapa-volta-redonda-2025/" "Mozilla/5.0 (Linux; Android 10; K) AppleWebKit/537.36 (KHTML, like Gecko) Chrome/149.0.0.0 Mobile Safari/537.36"
177.27.27.246 - - [15/Jun/2026:19:53:48 +0000] "GET /wp-json/contact-form-7/v1/contact-forms/13123/feedback/schema HTTP/1.1" 200 358 "https://www.circuitorioantigo.com.br/etapa-volta-redonda-2025/" "Mozilla/5.0 (Linux; Android 10; K) AppleWebKit/537.36 (KHTML, like Gecko) Chrome/149.0.0.0 Mobile Safari/537.36"
177.27.10.154 - - [15/Jun/2026:19:53:48 +0000] "GET /wp-json/contact-form-7/v1/contact-forms/13123/refill HTTP/1.1" 200 2 "https://www.circuitorioantigo.com.br/etapa-volta-redonda-2025/" "Mozilla/5.0 (Linux; Android 10; K) AppleWebKit/537.36 (KHTML, like Gecko) Chrome/149.0.0.0 Mobile Safari/537.36"
177.27.27.246 - - [15/Jun/2026:19:53:49 +0000] "GET /wp-json/elfsight-instagram-feed/api/facebook?q=17841400178264463%2Fmedia%3Ffields%3Dcaption%252Ccomments_count%252Cid%252Clike_count%252Cmedia_type%252Cmedia_url%252Cpermalink%252Cthumbnail_url%252Ctimestamp%252Cusername%252Cchildren%257Bmedia_type%252Cmedia_url%252Cthumbnail_url%257D&user_id=17841400178264463 HTTP/1.1" 200 201 "https://www.circuitorioantigo.com.br/etapa-volta-redonda-2025/" "Mozilla/5.0 (Linux; Android 10; K) AppleWebKit/537.36 (KHTML, like Gecko) Chrome/149.0.0.0 Mobile Safari/537.36"
177.52.102.121 - - [15/Jun/2026:19:54:47 +0000] "GET /wp-content/plugins/LayerSlider/assets/static/layerslider/css/layerslider.css?ver=7.9.7 HTTP/1.1" 200 29430 "https://www.circuitorioantigo.com.br/etapa-volta-redonda-2025/" "Mozilla/5.0 (Windows NT 10.0; Win64; x64) AppleWebKit/537.36 (KHTML, like Gecko) Chrome/148.0.0.0 Safari/537.36"
177.52.102.121 - - [15/Jun/2026:19:54:47 +0000] "GET /wp-content/themes/thegem/css/thegem-preloader.css?ver=5.5.0 HTTP/1.1" 200 4203 "https://www.circuitorioantigo.com.br/etapa-volta-redonda-2025/" "Mozilla/5.0 (Windows NT 10.0; Win64; x64) AppleWebKit/537.36 (KHTML, like Gecko) Chrome/148.0.0.0 Safari/537.36"
177.52.102.121 - - [15/Jun/2026:19:54:48 +0000] "GET /wp-content/themes/thegem/css/thegem-reset.css?ver=5.5.0 HTTP/1.1" 200 4099 "https://www.circuitorioantigo.com.br/etapa-volta-redonda-2025/" "Mozilla/5.0 (Windows NT 10.0; Win64; x64) AppleWebKit/537.36 (KHTML, like Gecko) Chrome/148.0.0.0 Safari/537.36"
177.52.102.121 - - [15/Jun/2026:19:54:48 +0000] "GET /wp-content/themes/thegem/css/thegem-grid.css?ver=5.5.0 HTTP/1.1" 200 10841 "https://www.circuitorioantigo.com.br/etapa-volta-redonda-2025/" "Mozilla/5.0 (Windows NT 10.0; Win64; x64) AppleWebKit/537.36 (KHTML, like Gecko) Chrome/148.0.0.0 Safari/537.36"
177.52.102.121 - - [15/Jun/2026:19:54:48 +0000] "GET /wp-content/themes/thegem-child/style.css?ver=5.5.0 HTTP/1.1" 200 528 "https://www.circuitorioantigo.com.br/etapa-volta-redonda-2025/" "Mozilla/5.0 (Windows NT 10.0; Win64; x64) AppleWebKit/537.36 (KHTML, like Gecko) Chrome/148.0.0.0 Safari/537.36"
177.52.102.121 - - [15/Jun/2026:19:54:48 +0000] "GET /wp-content/themes/thegem/css/thegem-header.css?ver=5.5.0 HTTP/1.1" 200 164080 "https://www.circuitorioantigo.com.br/etapa-volta-redonda-2025/" "Mozilla/5.0 (Windows NT 10.0; Win64; x64) AppleWebKit/537.36 (KHTML, like Gecko) Chrome/148.0.0.0 Safari/537.36"
177.52.102.121 - - [15/Jun/2026:19:54:48 +0000] "GET /wp-content/themes/thegem/css/thegem-widgets.css?ver=5.5.0 HTTP/1.1" 200 75796 "https://www.circuitorioantigo.com.br/etapa-volta-redonda-2025/" "Mozilla/5.0 (Windows NT 10.0; Win64; x64) AppleWebKit/537.36 (KHTML, like Gecko) Chrome/148.0.0.0 Safari/537.36"
162.241.176.232 - - [15/Jun/2026:19:54:47 +0000] "POST /wp-cron.php?doing_wp_cron=1781553287.4690690040588378906250 HTTP/1.1" 404 58105 "-" "WordPress/6.9.4; https://www.circuitorioantigo.com.br"
72.14.201.203 - - [15/Jun/2026:19:54:46 +0000] "GET /etapa-volta-redonda-2025/ HTTP/1.1" 200 123741 "https://www.google.com/" "Mozilla/5.0 (Windows NT 10.0; Win64; x64) AppleWebKit/537.36 (KHTML, like Gecko) Chrome/148.0.0.0 Safari/537.36"
177.52.102.121 - - [15/Jun/2026:19:54:48 +0000] "GET /wp-content/themes/thegem/style.css?ver=5.5.0 HTTP/1.1" 200 199352 "https://www.circuitorioantigo.com.br/etapa-volta-redonda-2025/" "Mozilla/5.0 (Windows NT 10.0; Win64; x64) AppleWebKit/537.36 (KHTML, like Gecko) Chrome/148.0.0.0 Safari/537.36"
177.52.102.121 - - [15/Jun/2026:19:54:48 +0000] "GET /wp-content/themes/thegem/css/thegem-new-css.css?ver=5.5.0 HTTP/1.1" 200 51283 "https://www.circuitorioantigo.com.br/etapa-volta-redonda-2025/" "Mozilla/5.0 (Windows NT 10.0; Win64; x64) AppleWebKit/537.36 (KHTML, like Gecko) Chrome/148.0.0.0 Safari/537.36"
177.52.102.121 - - [15/Jun/2026:19:54:48 +0000] "GET /wp-content/themes/thegem/css/thegem-perevazka-css.css?ver=5.5.0 HTTP/1.1" 200 18210 "https://www.circuitorioantigo.com.br/etapa-volta-redonda-2025/" "Mozilla/5.0 (Windows NT 10.0; Win64; x64) AppleWebKit/537.36 (KHTML, like Gecko) Chrome/148.0.0.0 Safari/537.36"
177.52.102.121 - - [15/Jun/2026:19:54:48 +0000] "GET /wp-content/themes/thegem-child/css/custom-LKGqBkp6.css?ver=5.5.0 HTTP/1.1" 200 248018 "https://www.circuitorioantigo.com.br/etapa-volta-redonda-2025/" "Mozilla/5.0 (Windows NT 10.0; Win64; x64) AppleWebKit/537.36 (KHTML, like Gecko) Chrome/148.0.0.0 Safari/537.36"
177.52.102.121 - - [15/Jun/2026:19:54:49 +0000] "GET /wp-content/themes/thegem/css/thegem-js_composer_columns.css?ver=5.5.0 HTTP/1.1" 200 960 "https://www.circuitorioantigo.com.br/etapa-volta-redonda-2025/" "Mozilla/5.0 (Windows NT 10.0; Win64; x64) AppleWebKit/537.36 (KHTML, like Gecko) Chrome/148.0.0.0 Safari/537.36"
177.52.102.121 - - [15/Jun/2026:19:54:48 +0000] "GET /wp-content/plugins/js_composer/assets/css/js_composer.min.css?ver=7.3 HTTP/1.1" 200 464841 "https://www.circuitorioantigo.com.br/etapa-volta-redonda-2025/" "Mozilla/5.0 (Windows NT 10.0; Win64; x64) AppleWebKit/537.36 (KHTML, like Gecko) Chrome/148.0.0.0 Safari/537.36"
177.52.102.121 - - [15/Jun/2026:19:54:49 +0000] "GET /wp-content/themes/thegem/css/thegem-additional-blog-1.css?ver=5.5.0 HTTP/1.1" 200 7476 "https://www.circuitorioantigo.com.br/etapa-volta-redonda-2025/" "Mozilla/5.0 (Windows NT 10.0; Win64; x64) AppleWebKit/537.36 (KHTML, like Gecko) Chrome/148.0.0.0 Safari/537.36"
177.52.102.121 - - [15/Jun/2026:19:54:49 +0000] "GET /wp-content/themes/thegem/js/fancyBox/jquery.fancybox.min.css?ver=5.5.0 HTTP/1.1" 200 12795 "https://www.circuitorioantigo.com.br/etapa-volta-redonda-2025/" "Mozilla/5.0 (Windows NT 10.0; Win64; x64) AppleWebKit/537.36 (KHTML, like Gecko) Chrome/148.0.0.0 Safari/537.36"
177.52.102.121 - - [15/Jun/2026:19:54:49 +0000] "GET /wp-content/themes/thegem/css/thegem-vc_elements.css?ver=5.5.0 HTTP/1.1" 200 6408 "https://www.circuitorioantigo.com.br/etapa-volta-redonda-2025/" "Mozilla/5.0 (Windows NT 10.0; Win64; x64) AppleWebKit/537.36 (KHTML, like Gecko) Chrome/148.0.0.0 Safari/537.36"
177.52.102.121 - - [15/Jun/2026:19:54:49 +0000] "GET /wp-includes/css/dist/block-library/style.min.css?ver=6.9.4 HTTP/1.1" 200 119358 "https://www.circuitorioantigo.com.br/etapa-volta-redonda-2025/" "Mozilla/5.0 (Windows NT 10.0; Win64; x64) AppleWebKit/537.36 (KHTML, like Gecko) Chrome/148.0.0.0 Safari/537.36"
177.52.102.121 - - [15/Jun/2026:19:54:49 +0000] "GET /wp-content/plugins/contact-form-7/includes/css/styles.css?ver=5.6.1 HTTP/1.1" 200 2731 "https://www.circuitorioantigo.com.br/etapa-volta-redonda-2025/" "Mozilla/5.0 (Windows NT 10.0; Win64; x64) AppleWebKit/537.36 (KHTML, like Gecko) Chrome/148.0.0.0 Safari/537.36"
177.52.102.121 - - [15/Jun/2026:19:54:49 +0000] "GET /wp-content/plugins/go_pricing/assets/css/go_pricing_styles.css?ver=3.3.14 HTTP/1.1" 200 72083 "https://www.circuitorioantigo.com.br/etapa-volta-redonda-2025/" "Mozilla/5.0 (Windows NT 10.0; Win64; x64) AppleWebKit/537.36 (KHTML, like Gecko) Chrome/148.0.0.0 Safari/537.36"
177.52.102.121 - - [15/Jun/2026:19:54:49 +0000] "GET /wp-content/plugins/mailchimp-for-wp/assets/css/form-themes.css?ver=4.9.11 HTTP/1.1" 200 6739 "https://www.circuitorioantigo.com.br/etapa-volta-redonda-2025/" "Mozilla/5.0 (Windows NT 10.0; Win64; x64) AppleWebKit/537.36 (KHTML, like Gecko) Chrome/148.0.0.0 Safari/537.36"
177.52.102.121 - - [15/Jun/2026:19:54:49 +0000] "GET /wp-content/plugins/jetpack/css/jetpack.css?ver=13.0.1 HTTP/1.1" 200 101629 "https://www.circuitorioantigo.com.br/etapa-volta-redonda-2025/" "Mozilla/5.0 (Windows NT 10.0; Win64; x64) AppleWebKit/537.36 (KHTML, like Gecko) Chrome/148.0.0.0 Safari/537.36"
177.52.102.121 - - [15/Jun/2026:19:54:49 +0000] "GET /wp-content/plugins/js_composer/assets/css/js_composer_tta.min.css?ver=7.3 HTTP/1.1" 200 273142 "https://www.circuitorioantigo.com.br/etapa-volta-redonda-2025/" "Mozilla/5.0 (Windows NT 10.0; Win64; x64) AppleWebKit/537.36 (KHTML, like Gecko) Chrome/148.0.0.0 Safari/537.36"
177.52.102.121 - - [15/Jun/2026:19:54:49 +0000] "GET /wp-includes/js/jquery/jquery.min.js?ver=3.7.1 HTTP/1.1" 200 87553 "https://www.circuitorioantigo.com.br/etapa-volta-redonda-2025/" "Mozilla/5.0 (Windows NT 10.0; Win64; x64) AppleWebKit/537.36 (KHTML, like Gecko) Chrome/148.0.0.0 Safari/537.36"
177.52.102.121 - - [15/Jun/2026:19:54:49 +0000] "GET /wp-includes/js/jquery/jquery-migrate.min.js?ver=3.4.1 HTTP/1.1" 200 13577 "https://www.circuitorioantigo.com.br/etapa-volta-redonda-2025/" "Mozilla/5.0 (Windows NT 10.0; Win64; x64) AppleWebKit/537.36 (KHTML, like Gecko) Chrome/148.0.0.0 Safari/537.36"
177.52.102.121 - - [15/Jun/2026:19:54:49 +0000] "GET /wp-content/plugins/zilla-likes/scripts/zilla-likes.js?ver=6.9.4 HTTP/1.1" 200 860 "https://www.circuitorioantigo.com.br/etapa-volta-redonda-2025/" "Mozilla/5.0 (Windows NT 10.0; Win64; x64) AppleWebKit/537.36 (KHTML, like Gecko) Chrome/148.0.0.0 Safari/537.36"
177.52.102.121 - - [15/Jun/2026:19:54:49 +0000] "GET /wp-content/plugins/advanced-iframe/js/ai.min.js?ver=380743 HTTP/1.1" 200 89201 "https://www.circuitorioantigo.com.br/etapa-volta-redonda-2025/" "Mozilla/5.0 (Windows NT 10.0; Win64; x64) AppleWebKit/537.36 (KHTML, like Gecko) Chrome/148.0.0.0 Safari/537.36"
177.52.102.121 - - [15/Jun/2026:19:54:49 +0000] "GET /wp-content/uploads/thegem-logos/logo_6a158fe81161548481d3edd20289cd29_1x.png HTTP/1.1" 200 10586 "https://www.circuitorioantigo.com.br/etapa-volta-redonda-2025/" "Mozilla/5.0 (Windows NT 10.0; Win64; x64) AppleWebKit/537.36 (KHTML, like Gecko) Chrome/148.0.0.0 Safari/537.36"
177.52.102.121 - - [15/Jun/2026:19:54:50 +0000] "GET /wp-content/uploads/thegem-logos/logo_d1048ece1d9073975ef87e0acba7b348_1x.png HTTP/1.1" 200 121 "https://www.circuitorioantigo.com.br/etapa-volta-redonda-2025/" "Mozilla/5.0 (Windows NT 10.0; Win64; x64) AppleWebKit/537.36 (KHTML, like Gecko) Chrome/148.0.0.0 Safari/537.36"
177.52.102.121 - - [15/Jun/2026:19:54:50 +0000] "GET /wp-content/uploads/thegem-logos/logo_9bdf2c523176049ebe4920a7a7348556_1x.png HTTP/1.1" 200 14094 "https://www.circuitorioantigo.com.br/etapa-volta-redonda-2025/" "Mozilla/5.0 (Windows NT 10.0; Win64; x64) AppleWebKit/537.36 (KHTML, like Gecko) Chrome/148.0.0.0 Safari/537.36"
177.52.102.121 - - [15/Jun/2026:19:54:50 +0000] "GET /wp-content/plugins/jetpack/jetpack_vendor/automattic/jetpack-connection/dist/tracks-callables.js?minify=false&ver=d9dbf909a3d10fb26f39 HTTP/1.1" 200 1075 "https://www.circuitorioantigo.com.br/etapa-volta-redonda-2025/" "Mozilla/5.0 (Windows NT 10.0; Win64; x64) AppleWebKit/537.36 (KHTML, like Gecko) Chrome/148.0.0.0 Safari/537.36"
177.52.102.121 - - [15/Jun/2026:19:54:50 +0000] "GET /wp-content/themes/thegem/js/thegem-form-elements.js?ver=5.5.0 HTTP/1.1" 200 1787 "https://www.circuitorioantigo.com.br/etapa-volta-redonda-2025/" "Mozilla/5.0 (Windows NT 10.0; Win64; x64) AppleWebKit/537.36 (KHTML, like Gecko) Chrome/148.0.0.0 Safari/537.36"
177.52.102.121 - - [15/Jun/2026:19:54:50 +0000] "GET /wp-content/themes/thegem/js/jquery.easing.js?ver=5.5.0 HTTP/1.1" 200 4198 "https://www.circuitorioantigo.com.br/etapa-volta-redonda-2025/" "Mozilla/5.0 (Windows NT 10.0; Win64; x64) AppleWebKit/537.36 (KHTML, like Gecko) Chrome/148.0.0.0 Safari/537.36"
177.52.102.121 - - [15/Jun/2026:19:54:50 +0000] "GET /wp-content/themes/thegem/js/SmoothScroll.js?ver=5.5.0 HTTP/1.1" 200 23338 "https://www.circuitorioantigo.com.br/etapa-volta-redonda-2025/" "Mozilla/5.0 (Windows NT 10.0; Win64; x64) AppleWebKit/537.36 (KHTML, like Gecko) Chrome/148.0.0.0 Safari/537.36"
177.52.102.121 - - [15/Jun/2026:19:54:50 +0000] "GET /wp-content/themes/thegem/fonts/thegem-icons.woff HTTP/1.1" 200 21584 "https://www.circuitorioantigo.com.br/wp-content/themes/thegem/style.css?ver=5.5.0" "Mozilla/5.0 (Windows NT 10.0; Win64; x64) AppleWebKit/537.36 (KHTML, like Gecko) Chrome/148.0.0.0 Safari/537.36"
177.52.102.121 - - [15/Jun/2026:19:54:51 +0000] "GET /site/wp-content/themes/thegem/fonts/montserrat-ultralight.woff HTTP/1.1" 200 54036 "https://www.circuitorioantigo.com.br/wp-content/themes/thegem-child/css/custom-LKGqBkp6.css?ver=5.5.0" "Mozilla/5.0 (Windows NT 10.0; Win64; x64) AppleWebKit/537.36 (KHTML, like Gecko) Chrome/148.0.0.0 Safari/537.36"
177.52.102.121 - - [15/Jun/2026:19:54:51 +0000] "GET /wp-content/themes/thegem/js/jquery.dlmenu.js?ver=5.5.0 HTTP/1.1" 200 10120 "https://www.circuitorioantigo.com.br/etapa-volta-redonda-2025/" "Mozilla/5.0 (Windows NT 10.0; Win64; x64) AppleWebKit/537.36 (KHTML, like Gecko) Chrome/148.0.0.0 Safari/537.36"
177.52.102.121 - - [15/Jun/2026:19:54:51 +0000] "GET /wp-content/themes/thegem/js/thegem-header.js?ver=5.5.0 HTTP/1.1" 200 18156 "https://www.circuitorioantigo.com.br/etapa-volta-redonda-2025/" "Mozilla/5.0 (Windows NT 10.0; Win64; x64) AppleWebKit/537.36 (KHTML, like Gecko) Chrome/148.0.0.0 Safari/537.36"
177.52.102.121 - - [15/Jun/2026:19:54:51 +0000] "GET /wp-content/themes/thegem/js/thegem-menu_init.js?ver=5.5.0 HTTP/1.1" 200 40513 "https://www.circuitorioantigo.com.br/etapa-volta-redonda-2025/" "Mozilla/5.0 (Windows NT 10.0; Win64; x64) AppleWebKit/537.36 (KHTML, like Gecko) Chrome/148.0.0.0 Safari/537.36"
177.52.102.121 - - [15/Jun/2026:19:54:51 +0000] "GET /wp-content/themes/thegem/fonts/thegem-socials.woff HTTP/1.1" 200 36664 "https://www.circuitorioantigo.com.br/wp-content/themes/thegem/style.css?ver=5.5.0" "Mozilla/5.0 (Windows NT 10.0; Win64; x64) AppleWebKit/537.36 (KHTML, like Gecko) Chrome/148.0.0.0 Safari/537.36"
177.52.102.121 - - [15/Jun/2026:19:54:51 +0000] "GET /wp-content/themes/thegem/js/functions.js?ver=5.5.0 HTTP/1.1" 200 21139 "https://www.circuitorioantigo.com.br/etapa-volta-redonda-2025/" "Mozilla/5.0 (Windows NT 10.0; Win64; x64) AppleWebKit/537.36 (KHTML, like Gecko) Chrome/148.0.0.0 Safari/537.36"
177.52.102.121 - - [15/Jun/2026:19:54:51 +0000] "GET /wp-content/themes/thegem/js/fancyBox/jquery.mousewheel.pack.js?ver=5.5.0 HTTP/1.1" 200 1396 "https://www.circuitorioantigo.com.br/etapa-volta-redonda-2025/" "Mozilla/5.0 (Windows NT 10.0; Win64; x64) AppleWebKit/537.36 (KHTML, like Gecko) Chrome/148.0.0.0 Safari/537.36"
177.52.102.121 - - [15/Jun/2026:19:54:51 +0000] "GET /wp-content/themes/thegem/js/fancyBox/jquery.fancybox.min.js?ver=5.5.0 HTTP/1.1" 200 68253 "https://www.circuitorioantigo.com.br/etapa-volta-redonda-2025/" "Mozilla/5.0 (Windows NT 10.0; Win64; x64) AppleWebKit/537.36 (KHTML, like Gecko) Chrome/148.0.0.0 Safari/537.36"
177.52.102.121 - - [15/Jun/2026:19:54:51 +0000] "GET /wp-content/themes/thegem/js/fancyBox/jquery.fancybox-init.js?ver=5.5.0 HTTP/1.1" 200 2429 "https://www.circuitorioantigo.com.br/etapa-volta-redonda-2025/" "Mozilla/5.0 (Windows NT 10.0; Win64; x64) AppleWebKit/537.36 (KHTML, like Gecko) Chrome/148.0.0.0 Safari/537.36"
205.169.39.8 - - [15/Jun/2026:19:54:50 +0000] "GET / HTTP/1.1" 200 87711 "-" "Mozilla/5.0 (Windows NT 10.0) AppleWebKit/537.36 (KHTML, like Gecko) Chrome/106.0.0.0 Safari/537.36"
177.52.102.121 - - [15/Jun/2026:19:54:51 +0000] "GET /wp-content/plugins/jetpack/jetpack_vendor/automattic/jetpack-image-cdn/dist/image-cdn.js?minify=false&ver=132249e245926ae3e188 HTTP/1.1" 200 701 "https://www.circuitorioantigo.com.br/etapa-volta-redonda-2025/" "Mozilla/5.0 (Windows NT 10.0; Win64; x64) AppleWebKit/537.36 (KHTML, like Gecko) Chrome/148.0.0.0 Safari/537.36"
177.52.102.121 - - [15/Jun/2026:19:54:51 +0000] "GET /wp-includes/js/dist/vendor/wp-polyfill.min.js?ver=3.15.0 HTTP/1.1" 200 33548 "https://www.circuitorioantigo.com.br/etapa-volta-redonda-2025/" "Mozilla/5.0 (Windows NT 10.0; Win64; x64) AppleWebKit/537.36 (KHTML, like Gecko) Chrome/148.0.0.0 Safari/537.36"
177.52.102.121 - - [15/Jun/2026:19:54:51 +0000] "GET /wp-content/plugins/contact-form-7/includes/js/index.js?ver=5.6.1 HTTP/1.1" 200 21904 "https://www.circuitorioantigo.com.br/etapa-volta-redonda-2025/" "Mozilla/5.0 (Windows NT 10.0; Win64; x64) AppleWebKit/537.36 (KHTML, like Gecko) Chrome/148.0.0.0 Safari/537.36"
177.52.102.121 - - [15/Jun/2026:19:54:51 +0000] "GET /wp-content/plugins/go_pricing/assets/js/go_pricing_scripts.js?ver=3.3.14 HTTP/1.1" 200 23561 "https://www.circuitorioantigo.com.br/etapa-volta-redonda-2025/" "Mozilla/5.0 (Windows NT 10.0; Win64; x64) AppleWebKit/537.36 (KHTML, like Gecko) Chrome/148.0.0.0 Safari/537.36"
177.52.102.121 - - [15/Jun/2026:19:54:51 +0000] "GET /wp-content/plugins/boxzilla/assets/js/script.min.js?ver=3.2.27 HTTP/1.1" 200 15588 "https://www.circuitorioantigo.com.br/etapa-volta-redonda-2025/" "Mozilla/5.0 (Windows NT 10.0; Win64; x64) AppleWebKit/537.36 (KHTML, like Gecko) Chrome/148.0.0.0 Safari/537.36"
177.52.102.121 - - [15/Jun/2026:19:54:51 +0000] "GET /wp-content/themes/thegem/js/jquery.waypoints.js?ver=5.5.0 HTTP/1.1" 200 20631 "https://www.circuitorioantigo.com.br/etapa-volta-redonda-2025/" "Mozilla/5.0 (Windows NT 10.0; Win64; x64) AppleWebKit/537.36 (KHTML, like Gecko) Chrome/148.0.0.0 Safari/537.36"
177.52.102.121 - - [15/Jun/2026:19:54:51 +0000] "GET /wp-content/plugins/js_composer/assets/js/dist/js_composer_front.min.js?ver=7.3 HTTP/1.1" 200 20757 "https://www.circuitorioantigo.com.br/etapa-volta-redonda-2025/" "Mozilla/5.0 (Windows NT 10.0; Win64; x64) AppleWebKit/537.36 (KHTML, like Gecko) Chrome/148.0.0.0 Safari/537.36"
177.52.102.121 - - [15/Jun/2026:19:54:52 +0000] "GET /wp-content/themes/thegem/js/thegem-stickyColumn.js?ver=5.5.0 HTTP/1.1" 200 2910 "https://www.circuitorioantigo.com.br/etapa-volta-redonda-2025/" "Mozilla/5.0 (Windows NT 10.0; Win64; x64) AppleWebKit/537.36 (KHTML, like Gecko) Chrome/148.0.0.0 Safari/537.36"
177.52.102.121 - - [15/Jun/2026:19:54:52 +0000] "GET /wp-content/themes/thegem/js/vc-accordion.js?ver=7.3 HTTP/1.1" 200 17271 "https://www.circuitorioantigo.com.br/etapa-volta-redonda-2025/" "Mozilla/5.0 (Windows NT 10.0; Win64; x64) AppleWebKit/537.36 (KHTML, like Gecko) Chrome/148.0.0.0 Safari/537.36"
177.52.102.121 - - [15/Jun/2026:19:54:52 +0000] "GET /wp-content/plugins/js_composer/assets/lib/vc-tta-autoplay/vc-tta-autoplay.min.js?ver=7.3 HTTP/1.1" 200 2545 "https://www.circuitorioantigo.com.br/etapa-volta-redonda-2025/" "Mozilla/5.0 (Windows NT 10.0; Win64; x64) AppleWebKit/537.36 (KHTML, like Gecko) Chrome/148.0.0.0 Safari/537.36"
177.52.102.121 - - [15/Jun/2026:19:54:52 +0000] "GET /wp-content/themes/thegem/js/thegem-parallax-footer.js?ver=5.5.0 HTTP/1.1" 200 622 "https://www.circuitorioantigo.com.br/etapa-volta-redonda-2025/" "Mozilla/5.0 (Windows NT 10.0; Win64; x64) AppleWebKit/537.36 (KHTML, like Gecko) Chrome/148.0.0.0 Safari/537.36"
177.52.102.121 - - [15/Jun/2026:19:54:52 +0000] "GET /wp-content/plugins/elfsight-instagram-feed-cc/assets/elfsight-instagram-feed.js?ver=4.0.2 HTTP/1.1" 200 378786 "https://www.circuitorioantigo.com.br/etapa-volta-redonda-2025/" "Mozilla/5.0 (Windows NT 10.0; Win64; x64) AppleWebKit/537.36 (KHTML, like Gecko) Chrome/148.0.0.0 Safari/537.36"
177.52.102.121 - - [15/Jun/2026:19:54:52 +0000] "GET /wp-content/plugins/akismet/_inc/akismet-frontend.js?ver=1777917086 HTTP/1.1" 200 11388 "https://www.circuitorioantigo.com.br/etapa-volta-redonda-2025/" "Mozilla/5.0 (Windows NT 10.0; Win64; x64) AppleWebKit/537.36 (KHTML, like Gecko) Chrome/148.0.0.0 Safari/537.36"
177.52.102.121 - - [15/Jun/2026:19:54:52 +0000] "GET /site/wp-content/uploads/fbrfg/site.webmanifest HTTP/1.1" 200 486 "https://www.circuitorioantigo.com.br/etapa-volta-redonda-2025/" "Mozilla/5.0 (Windows NT 10.0; Win64; x64) AppleWebKit/537.36 (KHTML, like Gecko) Chrome/148.0.0.0 Safari/537.36"
177.52.102.121 - - [15/Jun/2026:19:54:52 +0000] "GET /wp-content/plugins/mailchimp-for-wp/assets/js/forms.js?ver=4.9.11 HTTP/1.1" 200 6591 "https://www.circuitorioantigo.com.br/etapa-volta-redonda-2025/" "Mozilla/5.0 (Windows NT 10.0; Win64; x64) AppleWebKit/537.36 (KHTML, like Gecko) Chrome/148.0.0.0 Safari/537.36"
177.52.102.121 - - [15/Jun/2026:19:54:52 +0000] "GET /site/wp-content/uploads/2022/08/back2-2.jpg?id=25192 HTTP/1.1" 200 106083 "https://www.circuitorioantigo.com.br/etapa-volta-redonda-2025/" "Mozilla/5.0 (Windows NT 10.0; Win64; x64) AppleWebKit/537.36 (KHTML, like Gecko) Chrome/148.0.0.0 Safari/537.36"
177.52.102.121 - - [15/Jun/2026:19:54:52 +0000] "GET /wp-includes/js/wp-emoji-release.min.js?ver=6.9.4 HTTP/1.1" 200 22762 "https://www.circuitorioantigo.com.br/etapa-volta-redonda-2025/" "Mozilla/5.0 (Windows NT 10.0; Win64; x64) AppleWebKit/537.36 (KHTML, like Gecko) Chrome/148.0.0.0 Safari/537.36"
177.52.102.121 - - [15/Jun/2026:19:54:53 +0000] "GET /site/wp-content/uploads/fbrfg/favicon.ico HTTP/1.1" 200 15086 "https://www.circuitorioantigo.com.br/etapa-volta-redonda-2025/" "Mozilla/5.0 (Windows NT 10.0; Win64; x64) AppleWebKit/537.36 (KHTML, like Gecko) Chrome/148.0.0.0 Safari/537.36"
177.52.102.121 - - [15/Jun/2026:19:54:52 +0000] "GET /wp-json/elfsight-instagram-feed/api/facebook?q=17841400178264463%2Fmedia%3Ffields%3Dcaption%252Ccomments_count%252Cid%252Clike_count%252Cmedia_type%252Cmedia_url%252Cpermalink%252Cthumbnail_url%252Ctimestamp%252Cusername%252Cchildren%257Bmedia_type%252Cmedia_url%252Cthumbnail_url%257D&user_id=17841400178264463 HTTP/1.1" 200 201 "https://www.circuitorioantigo.com.br/etapa-volta-redonda-2025/" "Mozilla/5.0 (Windows NT 10.0; Win64; x64) AppleWebKit/537.36 (KHTML, like Gecko) Chrome/148.0.0.0 Safari/537.36"
177.52.102.121 - - [15/Jun/2026:19:54:52 +0000] "GET /wp-json/contact-form-7/v1/contact-forms/13123/feedback/schema HTTP/1.1" 200 358 "https://www.circuitorioantigo.com.br/etapa-volta-redonda-2025/" "Mozilla/5.0 (Windows NT 10.0; Win64; x64) AppleWebKit/537.36 (KHTML, like Gecko) Chrome/148.0.0.0 Safari/537.36"
177.52.102.121 - - [15/Jun/2026:19:54:53 +0000] "GET /wp-json/contact-form-7/v1/contact-forms/13123/refill HTTP/1.1" 200 2 "https://www.circuitorioantigo.com.br/etapa-volta-redonda-2025/" "Mozilla/5.0 (Windows NT 10.0; Win64; x64) AppleWebKit/537.36 (KHTML, like Gecko) Chrome/148.0.0.0 Safari/537.36"
49.151.109.11 - - [15/Jun/2026:19:55:39 +0000] "POST /wp-comments-post.php HTTP/1.1" 404 58105 "-" "Mozilla/5.0 (Windows NT 10.0; Win64; x64) AppleWebKit/537.36 (KHTML, like Gecko) Chrome/120.0.0.0 Safari/537.36"
49.151.109.11 - - [15/Jun/2026:19:55:41 +0000] "POST /wp-comments-post.php HTTP/1.1" 404 58103 "-" "Mozilla/5.0 (Windows NT 10.0; Win64; x64) AppleWebKit/537.36 (KHTML, like Gecko) Chrome/120.0.0.0 Safari/537.36"
49.151.109.11 - - [15/Jun/2026:19:55:44 +0000] "POST /wp-comments-post.php HTTP/1.1" 404 58103 "-" "Mozilla/5.0 (Windows NT 10.0; Win64; x64) AppleWebKit/537.36 (KHTML, like Gecko) Chrome/120.0.0.0 Safari/537.36"
49.151.109.11 - - [15/Jun/2026:19:55:46 +0000] "POST /wp-comments-post.php HTTP/1.1" 404 58105 "-" "Mozilla/5.0 (Windows NT 10.0; Win64; x64) AppleWebKit/537.36 (KHTML, like Gecko) Chrome/120.0.0.0 Safari/537.36"
162.241.176.232 - - [15/Jun/2026:19:55:49 +0000] "POST /wp-cron.php?doing_wp_cron=1781553349.6192159652709960937500 HTTP/1.1" 404 15678 "-" "WordPress/6.9.4; https://www.circuitorioantigo.com.br"
49.151.109.11 - - [15/Jun/2026:19:55:48 +0000] "POST /wp-comments-post.php HTTP/1.1" 404 58105 "-" "Mozilla/5.0 (Windows NT 10.0; Win64; x64) AppleWebKit/537.36 (KHTML, like Gecko) Chrome/120.0.0.0 Safari/537.36"
49.151.109.11 - - [15/Jun/2026:19:55:51 +0000] "POST /wp-comments-post.php HTTP/1.1" 404 58105 "-" "Mozilla/5.0 (Windows NT 10.0; Win64; x64) AppleWebKit/537.36 (KHTML, like Gecko) Chrome/120.0.0.0 Safari/537.36"
49.151.109.11 - - [15/Jun/2026:19:55:53 +0000] "POST /wp-comments-post.php HTTP/1.1" 404 58105 "-" "Mozilla/5.0 (Windows NT 10.0; Win64; x64) AppleWebKit/537.36 (KHTML, like Gecko) Chrome/120.0.0.0 Safari/537.36"
49.151.109.11 - - [15/Jun/2026:19:55:55 +0000] "POST /wp-comments-post.php HTTP/1.1" 404 58105 "-" "Mozilla/5.0 (Windows NT 10.0; Win64; x64) AppleWebKit/537.36 (KHTML, like Gecko) Chrome/120.0.0.0 Safari/537.36"
43.153.96.79 - - [15/Jun/2026:19:56:45 +0000] "GET / HTTP/1.1" 200 87711 "http://circuitorioantigo.com.br" "Mozilla/5.0 (iPhone; CPU iPhone OS 13_2_3 like Mac OS X) AppleWebKit/605.1.15 (KHTML, like Gecko) Version/13.0.3 Mobile/15E148 Safari/604.1"
148.113.128.32 - - [15/Jun/2026:19:56:48 +0000] "GET /category/business-04/feed/ HTTP/1.1" 304 - "-" "Mozilla/5.0 (compatible; AhrefsBot/7.0; +http://ahrefs.com/robot/)"
162.241.176.232 - - [15/Jun/2026:19:57:27 +0000] "POST /wp-cron.php?doing_wp_cron=1781553447.8104400634765625000000 HTTP/1.1" 404 58105 "-" "WordPress/6.9.4; https://www.circuitorioantigo.com.br"
85.208.96.202 - - [15/Jun/2026:19:57:26 +0000] "GET /2014/09/16/blog-post-right-sidebar-3/ HTTP/1.1" 200 152779 "-" "Mozilla/5.0 (compatible; SemrushBot/7~bl; +http://www.semrush.com/bot.html)"
177.27.27.246 - - [15/Jun/2026:19:52:57 +0000] "GET /wp-content/themes/thegem/css/thegem-widgets.css?ver=5.5.0 HTTP/1.1" 200 75796 "https://www.circuitorioantigo.com.br/" "Mozilla/5.0 (Linux; Android 10; K) AppleWebKit/537.36 (KHTML, like Gecko) Chrome/149.0.0.0 Mobile Safari/537.36"
82.223.15.158 - - [15/Jun/2026:20:00:21 +0000] "GET /wp-login.php HTTP/1.1" 200 11856 "-" "Mozilla/5.0 (Macintosh; Intel Mac OS X 14_7_4) AppleWebKit/537.36 (KHTML, like Gecko) Chrome/133.0.0.0 Safari/537.36"
162.241.176.232 - - [15/Jun/2026:20:00:42 +0000] "POST /wp-cron.php?doing_wp_cron=1781553642.9136710166931152343750 HTTP/1.1" 404 58104 "-" "WordPress/6.9.4; https://www.circuitorioantigo.com.br"
82.223.15.158 - - [15/Jun/2026:20:00:41 +0000] "GET /wp-json/wp/v2/users/me HTTP/1.1" 401 114 "-" "Mozilla/5.0 (Macintosh; Intel Mac OS X 14_7_4) AppleWebKit/537.36 (KHTML, like Gecko) Chrome/133.0.0.0 Safari/537.36"
103.127.30.137 - - [15/Jun/2026:20:00:44 +0000] "GET /wp-login.php HTTP/1.1" 200 11857 "-" "Mozilla/5.0 (X11; CrOS x86_64 14541.0.0) AppleWebKit/537.36 (KHTML, like Gecko) Chrome/133.0.0.0 Safari/537.36"
103.127.30.137 - - [15/Jun/2026:20:00:45 +0000] "POST /wp-login.php HTTP/1.1" 200 11857 "https://circuitorioantigo.com.br/wp-login.php" "Mozilla/5.0 (X11; CrOS x86_64 14541.0.0) AppleWebKit/537.36 (KHTML, like Gecko) Chrome/133.0.0.0 Safari/537.36"
162.241.176.232 - - [15/Jun/2026:20:03:34 +0000] "POST /wp-cron.php?doing_wp_cron=1781553814.1251170635223388671875 HTTP/1.1" 404 58105 "-" "WordPress/6.9.4; https://www.circuitorioantigo.com.br"
216.73.217.69 - - [15/Jun/2026:20:03:32 +0000] "GET /robots.txt HTTP/1.1" 200 307 "-" "Mozilla/5.0 AppleWebKit/537.36 (KHTML, like Gecko; compatible; ClaudeBot/1.0; +claudebot@anthropic.com)"
216.73.217.69 - - [15/Jun/2026:20:03:35 +0000] "GET /sitemap_index.xml HTTP/1.1" 200 1133 "-" "Mozilla/5.0 AppleWebKit/537.36 (KHTML, like Gecko; compatible; ClaudeBot/1.0; +claudebot@anthropic.com)"
192.185.4.166 - - [15/Jun/2026:20:03:51 +0000] "GET /wp-login.php HTTP/1.1" 200 11856 "-" "Mozilla/5.0 (Windows NT 10.0; Win64; x64) AppleWebKit/537.36 (KHTML, like Gecko) Chrome/120.0.0.0 Safari/537.36"
216.73.217.69 - - [15/Jun/2026:20:05:33 +0000] "GET /news-sitemap.xml HTTP/1.1" 200 495 "-" "Mozilla/5.0 AppleWebKit/537.36 (KHTML, like Gecko; compatible; ClaudeBot/1.0; +claudebot@anthropic.com)"
162.241.176.232 - - [15/Jun/2026:20:05:35 +0000] "POST /wp-cron.php?doing_wp_cron=1781553935.3179609775543212890625 HTTP/1.1" 404 15678 "-" "WordPress/6.9.4; https://www.circuitorioantigo.com.br"
162.241.176.232 - - [15/Jun/2026:20:07:05 +0000] "POST /wp-cron.php?doing_wp_cron=1781554025.5398600101470947265625 HTTP/1.1" 404 15678 "-" "WordPress/6.9.4; https://www.circuitorioantigo.com.br"
54.39.89.242 - - [15/Jun/2026:20:07:04 +0000] "GET /tag/development/feed/ HTTP/1.1" 304 - "-" "Mozilla/5.0 (compatible; AhrefsBot/7.0; +http://ahrefs.com/robot/)"
216.73.217.69 - - [15/Jun/2026:20:07:50 +0000] "GET /sitemap.xml HTTP/1.1" 200 652 "-" "Mozilla/5.0 AppleWebKit/537.36 (KHTML, like Gecko; compatible; ClaudeBot/1.0; +claudebot@anthropic.com)"
154.127.86.8 - - [15/Jun/2026:20:08:23 +0000] "GET /wp-login.php HTTP/1.1" 200 11855 "-" "Mozilla/5.0 (X11; Linux x86_64) AppleWebKit/537.36 (KHTML, like Gecko) Chrome/133.0.0.0 Safari/537.36 Edg/133.0.0.0"
154.127.86.8 - - [15/Jun/2026:20:08:25 +0000] "POST /wp-login.php HTTP/1.1" 200 11855 "https://www.circuitorioantigo.com.br/wp-login.php" "Mozilla/5.0 (X11; Linux x86_64) AppleWebKit/537.36 (KHTML, like Gecko) Chrome/133.0.0.0 Safari/537.36 Edg/133.0.0.0"
50.28.2.153 - - [15/Jun/2026:20:08:45 +0000] "GET /wp-login.php HTTP/1.1" 200 11854 "-" "Mozilla/5.0 (Macintosh; Intel Mac OS X 10_15_7) AppleWebKit/537.36 (KHTML, like Gecko) Chrome/133.0.0.0 Safari/537.36 Edg/133.0.0.0"
50.28.2.153 - - [15/Jun/2026:20:08:46 +0000] "POST /wp-login.php HTTP/1.1" 200 11854 "https://circuitorioantigo.com.br/wp-login.php" "Mozilla/5.0 (Macintosh; Intel Mac OS X 10_15_7) AppleWebKit/537.36 (KHTML, like Gecko) Chrome/133.0.0.0 Safari/537.36 Edg/133.0.0.0"
162.241.176.232 - - [15/Jun/2026:20:08:47 +0000] "POST /wp-cron.php?doing_wp_cron=1781554127.8457589149475097656250 HTTP/1.1" 404 15678 "-" "WordPress/6.9.4; https://www.circuitorioantigo.com.br"
57.141.0.3 - - [15/Jun/2026:20:08:46 +0000] "GET /pf/clean-minimalism/ HTTP/1.1" 200 89300 "-" "meta-externalagent/1.1 (+https://developers.facebook.com/docs/sharing/webmasters/crawler)"
91.92.240.112 - - [15/Jun/2026:20:09:01 +0000] "POST /wp-admin/admin-ajax.php HTTP/1.1" 404 58105 "-" "Mozilla/5.0 (Windows NT 10.0; Win64; x64) AppleWebKit/537.36"
91.92.240.112 - - [15/Jun/2026:20:09:06 +0000] "POST /wp-admin/admin-ajax.php HTTP/1.1" 404 58105 "-" "Mozilla/5.0 (Windows NT 10.0; Win64; x64) AppleWebKit/537.36"
91.92.240.112 - - [15/Jun/2026:20:09:10 +0000] "POST /wp-admin/admin-ajax.php HTTP/1.1" 404 58105 "-" "Mozilla/5.0 (Windows NT 10.0; Win64; x64) AppleWebKit/537.36"
91.92.240.112 - - [15/Jun/2026:20:09:14 +0000] "POST /wp-admin/admin-ajax.php HTTP/1.1" 404 58105 "-" "Mozilla/5.0 (Windows NT 10.0; Win64; x64) AppleWebKit/537.36"
67.20.116.98 - - [15/Jun/2026:20:12:09 +0000] "GET /wp-login.php HTTP/1.1" 200 11855 "-" "Mozilla/5.0 (Windows NT 10.0; Win64; x64) AppleWebKit/537.36 (KHTML, like Gecko) Chrome/120.0.0.0 Safari/537.36"
185.110.189.235 - - [15/Jun/2026:20:15:28 +0000] "GET /wp-login.php HTTP/1.1" 200 11858 "-" "Mozilla/5.0 (X11; CrOS x86_64 14541.0.0) AppleWebKit/537.36 (KHTML, like Gecko) Chrome/133.0.0.0 Safari/537.36"
185.110.189.235 - - [15/Jun/2026:20:15:35 +0000] "POST /wp-login.php HTTP/1.1" 200 11858 "https://www.circuitorioantigo.com.br/wp-login.php" "Mozilla/5.0 (X11; CrOS x86_64 14541.0.0) AppleWebKit/537.36 (KHTML, like Gecko) Chrome/133.0.0.0 Safari/537.36"
159.203.25.248 - - [15/Jun/2026:20:15:46 +0000] "GET /wp-login.php HTTP/1.1" 200 11857 "-" "Mozilla/5.0 (X11; CrOS x86_64 14541.0.0) AppleWebKit/537.36 (KHTML, like Gecko) Chrome/133.0.0.0 Safari/537.36"
159.203.25.248 - - [15/Jun/2026:20:15:48 +0000] "POST /wp-login.php HTTP/1.1" 200 11857 "https://circuitorioantigo.com.br/wp-login.php" "Mozilla/5.0 (X11; CrOS x86_64 14541.0.0) AppleWebKit/537.36 (KHTML, like Gecko) Chrome/133.0.0.0 Safari/537.36"
186.14.217.224 - - [15/Jun/2026:20:21:05 +0000] "GET /2016/03/18/blog-post-right-sidebar-6/?share=facebook HTTP/1.1" 302 - "-" "Mozilla/5.0 (Windows NT 10.0; Win64; x64) AppleWebKit/537.36 (KHTML, like Gecko) Chrome/66.0.3359.139 Safari/537.36"
165.227.36.153 - - [15/Jun/2026:20:23:18 +0000] "GET /wp-login.php HTTP/1.1" 200 11857 "-" "Mozilla/5.0 (Windows NT 10.0; Win64; x64) AppleWebKit/537.36 (KHTML, like Gecko) Chrome/133.0.0.0 Safari/537.36 Edg/133.0.0.0"
165.227.36.153 - - [15/Jun/2026:20:23:20 +0000] "POST /wp-login.php HTTP/1.1" 200 11857 "https://www.circuitorioantigo.com.br/wp-login.php" "Mozilla/5.0 (Windows NT 10.0; Win64; x64) AppleWebKit/537.36 (KHTML, like Gecko) Chrome/133.0.0.0 Safari/537.36 Edg/133.0.0.0"
142.44.220.185 - - [15/Jun/2026:20:23:30 +0000] "GET /category/news_post/feed/ HTTP/1.1" 304 - "-" "Mozilla/5.0 (compatible; AhrefsBot/7.0; +http://ahrefs.com/robot/)"
210.211.99.176 - - [15/Jun/2026:20:23:37 +0000] "GET /wp-login.php HTTP/1.1" 200 11857 "-" "Mozilla/5.0 (Macintosh; Intel Mac OS X 10_15_7) AppleWebKit/537.36 (KHTML, like Gecko) Chrome/133.0.0.0 Safari/537.36 Edg/133.0.0.0"
210.211.99.176 - - [15/Jun/2026:20:23:39 +0000] "POST /wp-login.php HTTP/1.1" 200 11857 "https://circuitorioantigo.com.br/wp-login.php" "Mozilla/5.0 (Macintosh; Intel Mac OS X 10_15_7) AppleWebKit/537.36 (KHTML, like Gecko) Chrome/133.0.0.0 Safari/537.36 Edg/133.0.0.0"
162.241.176.232 - - [15/Jun/2026:20:25:13 +0000] "POST /wp-cron.php?doing_wp_cron=1781555113.6789019107818603515625 HTTP/1.1" 404 58105 "-" "WordPress/6.9.4; https://www.circuitorioantigo.com.br"
54.166.104.83 - - [15/Jun/2026:20:25:12 +0000] "GET /2016/03/15/post-with-gallery-slider/feed/ HTTP/1.1" 200 957 "-" "Mozilla/5.0 AppleWebKit/537.36 (KHTML, like Gecko; compatible; Amazonbot/0.1; +https://developer.amazon.com/support/amazonbot) Chrome/119.0.6045.214 Safari/537.36"
185.191.171.8 - - [15/Jun/2026:20:25:15 +0000] "GET /resultados-de-castilho-sports/ HTTP/1.1" 200 60723 "-" "Mozilla/5.0 (compatible; SemrushBot/7~bl; +http://www.semrush.com/bot.html)"
50.28.2.153 - - [15/Jun/2026:20:30:34 +0000] "GET /wp-login.php HTTP/1.1" 200 11854 "-" "Mozilla/5.0 (Macintosh; Intel Mac OS X 10_15_7) AppleWebKit/537.36 (KHTML, like Gecko) Chrome/133.0.0.0 Safari/537.36"
50.28.2.153 - - [15/Jun/2026:20:30:35 +0000] "POST /wp-login.php HTTP/1.1" 200 11854 "https://www.circuitorioantigo.com.br/wp-login.php" "Mozilla/5.0 (Macintosh; Intel Mac OS X 10_15_7) AppleWebKit/537.36 (KHTML, like Gecko) Chrome/133.0.0.0 Safari/537.36"
