34.60.185.207 - - [15/Jun/2026:15:25:38 +0000] "GET //xmlrpc.php?rsd HTTP/1.1" 301 - "-" "Mozilla/5.0 (Windows NT 10.0; Win64; x64) AppleWebKit/537.36 (KHTML, like Gecko) Chrome/78.0.3904.108 Safari/537.36"
34.60.185.207 - - [15/Jun/2026:15:25:39 +0000] "GET / HTTP/1.1" 200 87709 "-" "Mozilla/5.0 (Windows NT 10.0; Win64; x64) AppleWebKit/537.36 (KHTML, like Gecko) Chrome/78.0.3904.108 Safari/537.36"
34.60.185.207 - - [15/Jun/2026:15:25:40 +0000] "GET //?author=1 HTTP/1.1" 404 54993 "-" "Mozilla/5.0 (Windows NT 10.0; Win64; x64) AppleWebKit/537.36 (KHTML, like Gecko) Chrome/78.0.3904.108 Safari/537.36"
34.60.185.207 - - [15/Jun/2026:15:25:41 +0000] "GET //?author=2 HTTP/1.1" 404 54993 "-" "Mozilla/5.0 (Windows NT 10.0; Win64; x64) AppleWebKit/537.36 (KHTML, like Gecko) Chrome/78.0.3904.108 Safari/537.36"
34.60.185.207 - - [15/Jun/2026:15:25:42 +0000] "GET //wp-json/wp/v2/users/ HTTP/1.1" 401 131 "-" "Mozilla/5.0 (Windows NT 10.0; Win64; x64) AppleWebKit/537.36 (KHTML, like Gecko) Chrome/78.0.3904.108 Safari/537.36"
34.60.185.207 - - [15/Jun/2026:15:25:43 +0000] "GET //wp-json/oembed/1.0/embed?url=https://www.circuitorioantigo.com.br/ HTTP/1.1" 200 2738 "-" "Mozilla/5.0 (Windows NT 10.0; Win64; x64) AppleWebKit/537.36 (KHTML, like Gecko) Chrome/78.0.3904.108 Safari/537.36"
34.60.185.207 - - [15/Jun/2026:15:25:44 +0000] "POST //xmlrpc.php HTTP/1.1" 301 - "-" "Mozilla/5.0 (Windows NT 10.0; Win64; x64) AppleWebKit/537.36 (KHTML, like Gecko) Chrome/78.0.3904.108 Safari/537.36"
5.255.110.118 - - [15/Jun/2026:15:27:54 +0000] "GET / HTTP/1.1" 200 87712 "-" "Mozilla/5.0 (Macintosh; Intel Mac OS X 10_15_7) AppleWebKit/537.36 (KHTML, like Gecko) Chrome/149.0.0.0 Safari/537.36 Edg/149.0.0.0"
162.241.176.232 - - [15/Jun/2026:15:27:55 +0000] "POST /wp-cron.php?doing_wp_cron=1781537275.9256319999694824218750 HTTP/1.1" 404 16000 "-" "WordPress/6.9.4; https://www.circuitorioantigo.com.br"
5.255.110.118 - - [15/Jun/2026:15:27:59 +0000] "GET /secrets.yml HTTP/1.1" 404 58104 "-" "meta-externalagent/1.1 (+https://developers.facebook.com/docs/sharing/webmasters/crawler)"
5.255.110.118 - - [15/Jun/2026:15:28:02 +0000] "GET /api/.env HTTP/1.1" 404 58105 "-" "Mozilla/5.0 (compatible; Claude-Web/1.0; +https://www.anthropic.com)"
5.255.110.118 - - [15/Jun/2026:15:28:02 +0000] "GET /.env HTTP/1.1" 404 58102 "-" "Mozilla/5.0 (compatible; cohere-ai/1.0; +https://cohere.com)"
5.255.110.118 - - [15/Jun/2026:15:28:04 +0000] "GET /application.yml HTTP/1.1" 404 58105 "-" "Mozilla/5.0 (compatible; Applebot/0.1; +http://www.apple.com/go/applebot)"
5.255.110.118 - - [15/Jun/2026:15:28:04 +0000] "GET /.env.example HTTP/1.1" 404 58105 "-" "Mozilla/5.0 (compatible; Googlebot/2.1; +http://www.google.com/bot.html)"
5.255.110.118 - - [15/Jun/2026:15:28:04 +0000] "GET /secrets.json HTTP/1.1" 404 58105 "-" "Mozilla/5.0 AppleWebKit/537.36 (KHTML, like Gecko); compatible; PerplexityBot/1.0; +https://perplexity.ai/perplexitybot"
5.255.110.118 - - [15/Jun/2026:15:28:04 +0000] "GET /.env.production HTTP/1.1" 404 58105 "-" "Mozilla/5.0 AppleWebKit/537.36 (KHTML, like Gecko); compatible; ChatGPT-User/1.0; +https://openai.com/bot"
5.255.110.118 - - [15/Jun/2026:15:28:05 +0000] "GET /.aws/credentials HTTP/1.1" 404 58104 "-" "Mozilla/5.0 AppleWebKit/537.36 (KHTML, like Gecko); compatible; ClaudeBot/1.0; +mailto:support@anthropic.com"
5.255.110.118 - - [15/Jun/2026:15:28:05 +0000] "GET /backend/.env HTTP/1.1" 404 58103 "-" "Mozilla/5.0 AppleWebKit/537.36 (KHTML, like Gecko); compatible; PerplexityBot/1.0; +https://perplexity.ai/perplexitybot"
5.255.110.118 - - [15/Jun/2026:15:28:05 +0000] "GET /.env.local HTTP/1.1" 404 58105 "-" "Mozilla/5.0 (compatible; Claude-Web/1.0; +https://www.anthropic.com)"
5.255.110.118 - - [15/Jun/2026:15:28:05 +0000] "GET /google-services.json HTTP/1.1" 404 58105 "-" "Mozilla/5.0 AppleWebKit/537.36 (KHTML, like Gecko); compatible; GPTBot/1.2; +https://openai.com/gptbot"
5.255.110.118 - - [15/Jun/2026:15:28:07 +0000] "GET /app/.env HTTP/1.1" 404 58105 "-" "Mozilla/5.0 AppleWebKit/537.36 (KHTML, like Gecko); compatible; ClaudeBot/1.0; +mailto:support@anthropic.com"
5.255.110.118 - - [15/Jun/2026:15:28:08 +0000] "GET /admin/.env HTTP/1.1" 404 58105 "-" "Mozilla/5.0 AppleWebKit/537.36 (KHTML, like Gecko); compatible; ChatGPT-User/1.0; +https://openai.com/bot"
5.255.110.118 - - [15/Jun/2026:15:28:15 +0000] "GET /application.properties HTTP/1.1" 404 58105 "-" "anthropic-ai"
5.255.110.118 - - [15/Jun/2026:15:28:16 +0000] "GET /.env.backup HTTP/1.1" 404 58105 "-" "Mozilla/5.0 (compatible; Bytespider; spider-feedback@bytedance.com)"
5.255.110.118 - - [15/Jun/2026:15:28:16 +0000] "GET /.env.bak HTTP/1.1" 404 58105 "-" "Mozilla/5.0 AppleWebKit/537.36 (KHTML, like Gecko); compatible; PerplexityBot/1.0; +https://perplexity.ai/perplexitybot"
5.255.110.118 - - [15/Jun/2026:15:28:20 +0000] "GET /wp-content/themes/thegem/js/thegem-form-elements.js?ver=5.5.0 HTTP/1.1" 200 1787 "-" "Mozilla/5.0 (Windows NT 10.0; Win64; x64) AppleWebKit/537.36 (KHTML, like Gecko) Chrome/148.0.0.0 Safari/537.36 Edg/148.0.0.0"
5.255.110.118 - - [15/Jun/2026:15:28:20 +0000] "GET /wp-content/plugins/zilla-likes/scripts/zilla-likes.js?ver=6.9.4 HTTP/1.1" 200 860 "-" "Mozilla/5.0 (Macintosh; Intel Mac OS X 10_15_7) AppleWebKit/605.1.15 (KHTML, like Gecko) Version/19.0 Safari/605.1.15"
5.255.110.118 - - [15/Jun/2026:15:28:24 +0000] "GET /settings.json HTTP/1.1" 404 58105 "-" "Mozilla/5.0 (compatible; Google-Extended/1.0; +http://www.google.com/bot.html)"
5.255.110.118 - - [15/Jun/2026:15:28:24 +0000] "GET /api/config HTTP/1.1" 404 58105 "-" "Mozilla/5.0 (compatible; Google-Extended/1.0; +http://www.google.com/bot.html)"
5.255.110.118 - - [15/Jun/2026:15:28:24 +0000] "GET /firebase-messaging-sw.js HTTP/1.1" 404 58105 "-" "Mozilla/5.0 AppleWebKit/537.36 (KHTML, like Gecko); compatible; Perplexity-User/1.0; +https://perplexity.ai/perplexity-user"
5.255.110.118 - - [15/Jun/2026:15:28:24 +0000] "GET /config.js HTTP/1.1" 404 58105 "-" "Mozilla/5.0 (compatible; Googlebot/2.1; +http://www.google.com/bot.html)"
5.255.110.118 - - [15/Jun/2026:15:28:25 +0000] "GET /env.js HTTP/1.1" 404 58103 "-" "Mozilla/5.0 AppleWebKit/537.36 (KHTML, like Gecko); compatible; ClaudeBot/1.0; +mailto:support@anthropic.com"
5.255.110.118 - - [15/Jun/2026:15:28:25 +0000] "GET /config.json HTTP/1.1" 404 58105 "-" "Mozilla/5.0 AppleWebKit/537.36 (KHTML, like Gecko); compatible; PerplexityBot/1.0; +https://perplexity.ai/perplexitybot"
5.255.110.118 - - [15/Jun/2026:15:28:30 +0000] "GET /openapi.json HTTP/1.1" 404 58105 "-" "Mozilla/5.0 (compatible; Amazonbot/0.1; +https://developer.amazon.com/support/amazonbot)"
5.255.110.118 - - [15/Jun/2026:15:28:30 +0000] "GET /api/settings HTTP/1.1" 404 58105 "-" "Mozilla/5.0 (compatible; cohere-ai/1.0; +https://cohere.com)"
5.255.110.118 - - [15/Jun/2026:15:28:31 +0000] "GET /api/v1/config HTTP/1.1" 404 58105 "-" "Mozilla/5.0 AppleWebKit/537.36 (KHTML, like Gecko); compatible; ClaudeBot/1.0; +mailto:support@anthropic.com"
5.255.110.118 - - [15/Jun/2026:15:28:35 +0000] "GET /api/v1/env HTTP/1.1" 404 58105 "-" "anthropic-ai"
5.255.110.118 - - [15/Jun/2026:15:28:36 +0000] "GET /__/firebase/init.json HTTP/1.1" 404 58105 "-" "Mozilla/5.0 AppleWebKit/537.36 (KHTML, like Gecko); compatible; ChatGPT-User/1.0; +https://openai.com/bot"
5.255.110.118 - - [15/Jun/2026:15:28:36 +0000] "GET /env.json HTTP/1.1" 404 58105 "-" "Mozilla/5.0 AppleWebKit/537.36 (KHTML, like Gecko); compatible; ChatGPT-User/1.0; +https://openai.com/bot"
5.255.110.118 - - [15/Jun/2026:15:28:37 +0000] "GET /api/v1/settings HTTP/1.1" 404 58105 "-" "Mozilla/5.0 AppleWebKit/537.36 (KHTML, like Gecko); compatible; OAI-SearchBot/1.0; +https://openai.com/searchbot"
5.255.110.118 - - [15/Jun/2026:15:28:37 +0000] "GET /etapa-lapa-2025/ HTTP/1.1" 200 141206 "-" "Mozilla/5.0 (iPad; CPU OS 19_0 like Mac OS X) AppleWebKit/605.1.15 (KHTML, like Gecko) Version/19.0 Mobile/15E148 Safari/604.1"
5.255.110.118 - - [15/Jun/2026:15:28:40 +0000] "GET /api/env HTTP/1.1" 404 58105 "-" "meta-externalagent/1.1 (+https://developers.facebook.com/docs/sharing/webmasters/crawler)"
5.255.110.118 - - [15/Jun/2026:15:28:41 +0000] "GET /etapa-volta-redonda-2025/ HTTP/1.1" 200 123730 "-" "Mozilla/5.0 (Macintosh; Intel Mac OS X 10.15; rv:140.0) Gecko/20100101 Firefox/140.0"
124.117.194.64 - - [15/Jun/2026:15:28:41 +0000] "GET / HTTP/1.1" 200 87702 "-" "Go-http-client/1.1"
5.255.110.118 - - [15/Jun/2026:15:28:54 +0000] "GET /wp-content/plugins/revslider/public/assets/js/rs6.min.js?ver=6.6.20 HTTP/1.1" 200 410361 "-" "Mozilla/5.0 (iPad; CPU OS 19_0 like Mac OS X) AppleWebKit/605.1.15 (KHTML, like Gecko) Version/19.0 Mobile/15E148 Safari/604.1"
5.255.110.118 - - [15/Jun/2026:15:28:56 +0000] "GET /wp-content/plugins/revslider/public/assets/js/rbtools.min.js?ver=6.6.20 HTTP/1.1" 200 165339 "-" "Mozilla/5.0 (Windows NT 10.0; Win64; x64; rv:139.0) Gecko/20100101 Firefox/139.0"
162.241.176.232 - - [15/Jun/2026:15:28:56 +0000] "POST /wp-cron.php?doing_wp_cron=1781537336.5049760341644287109375 HTTP/1.1" 404 58105 "-" "WordPress/6.9.4; https://www.circuitorioantigo.com.br"
104.155.113.192 - - [15/Jun/2026:15:28:55 +0000] "GET / HTTP/1.1" 200 87707 "-" "Mozilla/5.0 (Windows NT 10.0; Win64; x64) AppleWebKit/537.36 (KHTML, like Gecko) Chrome/78.0.3904.108 Safari/537.36"
104.155.113.192 - - [15/Jun/2026:15:28:57 +0000] "GET //wp-includes/wlwmanifest.xml HTTP/1.1" 301 - "-" "Mozilla/5.0 (Windows NT 10.0; Win64; x64) AppleWebKit/537.36 (KHTML, like Gecko) Chrome/78.0.3904.108 Safari/537.36"
104.155.113.192 - - [15/Jun/2026:15:28:58 +0000] "GET //xmlrpc.php?rsd HTTP/1.1" 301 - "-" "Mozilla/5.0 (Windows NT 10.0; Win64; x64) AppleWebKit/537.36 (KHTML, like Gecko) Chrome/78.0.3904.108 Safari/537.36"
104.155.113.192 - - [15/Jun/2026:15:28:59 +0000] "GET / HTTP/1.1" 200 87717 "-" "Mozilla/5.0 (Windows NT 10.0; Win64; x64) AppleWebKit/537.36 (KHTML, like Gecko) Chrome/78.0.3904.108 Safari/537.36"
104.155.113.192 - - [15/Jun/2026:15:29:01 +0000] "GET //?author=1 HTTP/1.1" 404 54993 "-" "Mozilla/5.0 (Windows NT 10.0; Win64; x64) AppleWebKit/537.36 (KHTML, like Gecko) Chrome/78.0.3904.108 Safari/537.36"
104.155.113.192 - - [15/Jun/2026:15:29:02 +0000] "GET //?author=2 HTTP/1.1" 404 54993 "-" "Mozilla/5.0 (Windows NT 10.0; Win64; x64) AppleWebKit/537.36 (KHTML, like Gecko) Chrome/78.0.3904.108 Safari/537.36"
104.155.113.192 - - [15/Jun/2026:15:29:03 +0000] "GET //wp-json/wp/v2/users/ HTTP/1.1" 401 131 "-" "Mozilla/5.0 (Windows NT 10.0; Win64; x64) AppleWebKit/537.36 (KHTML, like Gecko) Chrome/78.0.3904.108 Safari/537.36"
104.155.113.192 - - [15/Jun/2026:15:29:04 +0000] "GET //wp-json/oembed/1.0/embed?url=https://www.circuitorioantigo.com.br/ HTTP/1.1" 200 2738 "-" "Mozilla/5.0 (Windows NT 10.0; Win64; x64) AppleWebKit/537.36 (KHTML, like Gecko) Chrome/78.0.3904.108 Safari/537.36"
104.155.113.192 - - [15/Jun/2026:15:29:05 +0000] "POST //xmlrpc.php HTTP/1.1" 301 - "-" "Mozilla/5.0 (Windows NT 10.0; Win64; x64) AppleWebKit/537.36 (KHTML, like Gecko) Chrome/78.0.3904.108 Safari/537.36"
5.255.110.118 - - [15/Jun/2026:15:30:38 +0000] "GET /robots.txt HTTP/1.1" 200 307 "-" "Mozilla/5.0 (compatible; Google-Extended/1.0; +http://www.google.com/bot.html)"
162.241.176.232 - - [15/Jun/2026:15:30:39 +0000] "POST /wp-cron.php?doing_wp_cron=1781537439.5447080135345458984375 HTTP/1.1" 404 15678 "-" "WordPress/6.9.4; https://www.circuitorioantigo.com.br"
5.255.110.118 - - [15/Jun/2026:15:30:42 +0000] "GET /sitemap.xml HTTP/1.1" 200 652 "-" "Mozilla/5.0 (compatible; cohere-ai/1.0; +https://cohere.com)"
5.255.110.118 - - [15/Jun/2026:15:31:08 +0000] "GET / HTTP/1.1" 301 - "-" "Mozilla/5.0 (Windows NT 10.0; Win64; x64) AppleWebKit/537.36 (KHTML, like Gecko) Chrome/147.0.0.0 Safari/537.36"
66.249.79.199 - - [15/Jun/2026:15:31:29 +0000] "GET /wp-includes/js/jquery/jquery.min.js?ver=3.7.1 HTTP/1.1" 200 87553 "https://www.circuitorioantigo.com.br/elements/testimonials/" "Mozilla/5.0 (Linux; Android 6.0.1; Nexus 5X Build/MMB29P) AppleWebKit/537.36 (KHTML, like Gecko) Chrome/148.0.7778.96 Mobile Safari/537.36 (compatible; Googlebot/2.1; +http://www.google.com/bot.html)"
66.249.79.198 - - [15/Jun/2026:15:31:30 +0000] "GET /wp-content/themes/thegem/css/thegem-additional-blog-1.css?ver=5.5.0 HTTP/1.1" 200 7476 "https://www.circuitorioantigo.com.br/elements/testimonials/" "Mozilla/5.0 (Linux; Android 6.0.1; Nexus 5X Build/MMB29P) AppleWebKit/537.36 (KHTML, like Gecko) Chrome/148.0.7778.96 Mobile Safari/537.36 (compatible; Googlebot/2.1; +http://www.google.com/bot.html)"
66.249.79.199 - - [15/Jun/2026:15:31:30 +0000] "GET /wp-content/themes/thegem/js/jquery.touchSwipe.min.js?ver=5.5.0 HTTP/1.1" 200 11969 "https://www.circuitorioantigo.com.br/elements/testimonials/" "Mozilla/5.0 (Linux; Android 6.0.1; Nexus 5X Build/MMB29P) AppleWebKit/537.36 (KHTML, like Gecko) Chrome/148.0.7778.96 Mobile Safari/537.36 (compatible; Googlebot/2.1; +http://www.google.com/bot.html)"
66.249.79.197 - - [15/Jun/2026:15:31:31 +0000] "GET /wp-content/themes/thegem/js/jquery.parallaxHorizontal.js?ver=5.5.0 HTTP/1.1" 200 6056 "https://www.circuitorioantigo.com.br/elements/testimonials/" "Mozilla/5.0 (Linux; Android 6.0.1; Nexus 5X Build/MMB29P) AppleWebKit/537.36 (KHTML, like Gecko) Chrome/148.0.7778.96 Mobile Safari/537.36 (compatible; Googlebot/2.1; +http://www.google.com/bot.html)"
5.255.110.118 - - [15/Jun/2026:15:31:30 +0000] "GET / HTTP/1.1" 200 87715 "http://circuitorioantigo.com.br" "Mozilla/5.0 (X11; Linux x86_64) AppleWebKit/537.36 (KHTML, like Gecko) Chrome/149.0.0.0 Safari/537.36"
172.194.139.254 - - [15/Jun/2026:15:32:11 +0000] "GET /wp-login.php HTTP/1.1" 200 11858 "-" "Mozilla/5.0 (Windows NT 10.0; Win64; x64) AppleWebKit/537.36 (KHTML, like Gecko) Chrome/120.0.0.0 Safari/537.36"
66.249.79.199 - - [15/Jun/2026:15:34:10 +0000] "GET /home/capa-2025/ HTTP/1.1" 200 87184 "-" "Mozilla/5.0 (Linux; Android 6.0.1; Nexus 5X Build/MMB29P) AppleWebKit/537.36 (KHTML, like Gecko) Chrome/148.0.7778.96 Mobile Safari/537.36 (compatible; Googlebot/2.1; +http://www.google.com/bot.html)"
66.249.79.197 - - [15/Jun/2026:15:34:20 +0000] "GET /wp-content/themes/thegem/js/thegem-form-elements.js?ver=5.5.0 HTTP/1.1" 200 1787 "https://www.circuitorioantigo.com.br/home/capa-2025/" "Mozilla/5.0 (Linux; Android 6.0.1; Nexus 5X Build/MMB29P) AppleWebKit/537.36 (KHTML, like Gecko) Chrome/148.0.7778.96 Mobile Safari/537.36 (compatible; Googlebot/2.1; +http://www.google.com/bot.html)"
47.128.42.143 - - [15/Jun/2026:15:34:53 +0000] "GET /robots.txt HTTP/1.1" 200 307 "-" "Mozilla/5.0 (Linux; Android 5.0) AppleWebKit/537.36 (KHTML, like Gecko) Mobile Safari/537.36 (compatible; Bytespider; spider-feedback@bytedance.com)"
162.241.176.232 - - [15/Jun/2026:15:35:31 +0000] "POST /wp-cron.php?doing_wp_cron=1781537731.8277881145477294921875 HTTP/1.1" 404 58105 "-" "WordPress/6.9.4; https://www.circuitorioantigo.com.br"
123.23.92.86 - - [15/Jun/2026:15:35:30 +0000] "GET /2016/04/18/the-newest-part-of-team/?share=twitter HTTP/1.1" 302 - "-" "Mozilla/5.0 (Windows NT 10.0; Win64; x64) AppleWebKit/537.36 (KHTML, like Gecko) Chrome/84.0.4137.1 SputnikBrowser/5.6.6280.0 (GOST) Safari/537.36"
162.241.176.232 - - [15/Jun/2026:15:36:58 +0000] "POST /wp-cron.php?doing_wp_cron=1781537818.7226090431213378906250 HTTP/1.1" 404 15678 "-" "WordPress/6.9.4; https://www.circuitorioantigo.com.br"
52.54.15.103 - - [15/Jun/2026:15:36:57 +0000] "GET /author/circuitorioantigo/page/3/ HTTP/1.1" 200 119772 "-" "Mozilla/5.0 AppleWebKit/537.36 (KHTML, like Gecko; compatible; Amazonbot/0.1; +https://developer.amazon.com/support/amazonbot) Chrome/119.0.6045.214 Safari/537.36"
64.37.63.170 - - [15/Jun/2026:15:37:12 +0000] "GET /wp-login.php HTTP/1.1" 200 11855 "-" "Mozilla/5.0 (Macintosh; Intel Mac OS X 10_15_7) AppleWebKit/537.36 (KHTML, like Gecko) Chrome/133.0.0.0 Safari/537.36 Edg/133.0.0.0"
64.37.63.170 - - [15/Jun/2026:15:37:15 +0000] "POST /wp-login.php HTTP/1.1" 200 11855 "https://circuitorioantigo.com.br/wp-login.php" "Mozilla/5.0 (Macintosh; Intel Mac OS X 10_15_7) AppleWebKit/537.36 (KHTML, like Gecko) Chrome/133.0.0.0 Safari/537.36 Edg/133.0.0.0"
162.241.176.232 - - [15/Jun/2026:15:39:40 +0000] "POST /wp-cron.php?doing_wp_cron=1781537980.3883109092712402343750 HTTP/1.1" 404 58105 "-" "WordPress/6.9.4; https://www.circuitorioantigo.com.br"
52.167.144.162 - - [15/Jun/2026:15:39:38 +0000] "GET /etapa-porto-maravilha/ HTTP/1.1" 200 122750 "-" "Mozilla/5.0 AppleWebKit/537.36 (KHTML, like Gecko; compatible; bingbot/2.0; +http://www.bing.com/bingbot.htm) Chrome/116.0.1938.76 Safari/537.36"
187.14.220.230 - - [15/Jun/2026:15:41:21 +0000] "GET /wp-content/plugins/LayerSlider/assets/static/layerslider/css/layerslider.css?ver=7.9.7 HTTP/1.1" 200 29430 "https://www.circuitorioantigo.com.br/" "Mozilla/5.0 (Windows NT 10.0; Win64; x64) AppleWebKit/537.36 (KHTML, like Gecko) Chrome/149.0.0.0 Safari/537.36"
187.14.220.230 - - [15/Jun/2026:15:41:21 +0000] "GET /wp-content/themes/thegem/css/thegem-preloader.css?ver=5.5.0 HTTP/1.1" 200 4203 "https://www.circuitorioantigo.com.br/" "Mozilla/5.0 (Windows NT 10.0; Win64; x64) AppleWebKit/537.36 (KHTML, like Gecko) Chrome/149.0.0.0 Safari/537.36"
187.14.220.230 - - [15/Jun/2026:15:41:21 +0000] "GET /wp-content/themes/thegem/css/thegem-reset.css?ver=5.5.0 HTTP/1.1" 200 4099 "https://www.circuitorioantigo.com.br/" "Mozilla/5.0 (Windows NT 10.0; Win64; x64) AppleWebKit/537.36 (KHTML, like Gecko) Chrome/149.0.0.0 Safari/537.36"
187.14.220.230 - - [15/Jun/2026:15:41:21 +0000] "GET /wp-content/themes/thegem/css/thegem-grid.css?ver=5.5.0 HTTP/1.1" 200 10841 "https://www.circuitorioantigo.com.br/" "Mozilla/5.0 (Windows NT 10.0; Win64; x64) AppleWebKit/537.36 (KHTML, like Gecko) Chrome/149.0.0.0 Safari/537.36"
187.14.220.230 - - [15/Jun/2026:15:41:21 +0000] "GET /wp-content/themes/thegem-child/style.css?ver=5.5.0 HTTP/1.1" 200 528 "https://www.circuitorioantigo.com.br/" "Mozilla/5.0 (Windows NT 10.0; Win64; x64) AppleWebKit/537.36 (KHTML, like Gecko) Chrome/149.0.0.0 Safari/537.36"
187.14.220.230 - - [15/Jun/2026:15:41:21 +0000] "GET /wp-content/themes/thegem/css/thegem-new-css.css?ver=5.5.0 HTTP/1.1" 200 51283 "https://www.circuitorioantigo.com.br/" "Mozilla/5.0 (Windows NT 10.0; Win64; x64) AppleWebKit/537.36 (KHTML, like Gecko) Chrome/149.0.0.0 Safari/537.36"
187.14.220.230 - - [15/Jun/2026:15:41:21 +0000] "GET /wp-content/themes/thegem/css/thegem-perevazka-css.css?ver=5.5.0 HTTP/1.1" 200 18210 "https://www.circuitorioantigo.com.br/" "Mozilla/5.0 (Windows NT 10.0; Win64; x64) AppleWebKit/537.36 (KHTML, like Gecko) Chrome/149.0.0.0 Safari/537.36"
187.14.220.230 - - [15/Jun/2026:15:41:21 +0000] "GET /wp-content/themes/thegem/css/thegem-widgets.css?ver=5.5.0 HTTP/1.1" 200 75796 "https://www.circuitorioantigo.com.br/" "Mozilla/5.0 (Windows NT 10.0; Win64; x64) AppleWebKit/537.36 (KHTML, like Gecko) Chrome/149.0.0.0 Safari/537.36"
187.14.220.230 - - [15/Jun/2026:15:41:21 +0000] "GET /wp-content/themes/thegem/style.css?ver=5.5.0 HTTP/1.1" 200 199352 "https://www.circuitorioantigo.com.br/" "Mozilla/5.0 (Windows NT 10.0; Win64; x64) AppleWebKit/537.36 (KHTML, like Gecko) Chrome/149.0.0.0 Safari/537.36"
187.14.220.230 - - [15/Jun/2026:15:41:21 +0000] "GET /wp-content/themes/thegem/css/thegem-header.css?ver=5.5.0 HTTP/1.1" 200 164080 "https://www.circuitorioantigo.com.br/" "Mozilla/5.0 (Windows NT 10.0; Win64; x64) AppleWebKit/537.36 (KHTML, like Gecko) Chrome/149.0.0.0 Safari/537.36"
187.14.220.230 - - [15/Jun/2026:15:41:19 +0000] "GET / HTTP/1.1" 200 87715 "https://www.google.com/" "Mozilla/5.0 (Windows NT 10.0; Win64; x64) AppleWebKit/537.36 (KHTML, like Gecko) Chrome/149.0.0.0 Safari/537.36"
162.241.176.232 - - [15/Jun/2026:15:41:20 +0000] "POST /wp-cron.php?doing_wp_cron=1781538080.8445649147033691406250 HTTP/1.1" 404 16000 "-" "WordPress/6.9.4; https://www.circuitorioantigo.com.br"
187.14.220.230 - - [15/Jun/2026:15:41:21 +0000] "GET /wp-content/themes/thegem-child/css/custom-LKGqBkp6.css?ver=5.5.0 HTTP/1.1" 200 248018 "https://www.circuitorioantigo.com.br/" "Mozilla/5.0 (Windows NT 10.0; Win64; x64) AppleWebKit/537.36 (KHTML, like Gecko) Chrome/149.0.0.0 Safari/537.36"
187.14.220.230 - - [15/Jun/2026:15:41:21 +0000] "GET /wp-content/themes/thegem/css/thegem-js_composer_columns.css?ver=5.5.0 HTTP/1.1" 200 960 "https://www.circuitorioantigo.com.br/" "Mozilla/5.0 (Windows NT 10.0; Win64; x64) AppleWebKit/537.36 (KHTML, like Gecko) Chrome/149.0.0.0 Safari/537.36"
187.14.220.230 - - [15/Jun/2026:15:41:21 +0000] "GET /wp-content/themes/thegem/css/thegem-additional-blog-1.css?ver=5.5.0 HTTP/1.1" 200 7476 "https://www.circuitorioantigo.com.br/" "Mozilla/5.0 (Windows NT 10.0; Win64; x64) AppleWebKit/537.36 (KHTML, like Gecko) Chrome/149.0.0.0 Safari/537.36"
187.14.220.230 - - [15/Jun/2026:15:41:21 +0000] "GET /wp-content/themes/thegem/js/fancyBox/jquery.fancybox.min.css?ver=5.5.0 HTTP/1.1" 200 12795 "https://www.circuitorioantigo.com.br/" "Mozilla/5.0 (Windows NT 10.0; Win64; x64) AppleWebKit/537.36 (KHTML, like Gecko) Chrome/149.0.0.0 Safari/537.36"
187.14.220.230 - - [15/Jun/2026:15:41:21 +0000] "GET /wp-content/themes/thegem/css/thegem-vc_elements.css?ver=5.5.0 HTTP/1.1" 200 6408 "https://www.circuitorioantigo.com.br/" "Mozilla/5.0 (Windows NT 10.0; Win64; x64) AppleWebKit/537.36 (KHTML, like Gecko) Chrome/149.0.0.0 Safari/537.36"
187.14.220.230 - - [15/Jun/2026:15:41:22 +0000] "GET /wp-includes/css/dist/block-library/style.min.css?ver=6.9.4 HTTP/1.1" 200 119358 "https://www.circuitorioantigo.com.br/" "Mozilla/5.0 (Windows NT 10.0; Win64; x64) AppleWebKit/537.36 (KHTML, like Gecko) Chrome/149.0.0.0 Safari/537.36"
187.14.220.230 - - [15/Jun/2026:15:41:22 +0000] "GET /wp-content/plugins/contact-form-7/includes/css/styles.css?ver=5.6.1 HTTP/1.1" 200 2731 "https://www.circuitorioantigo.com.br/" "Mozilla/5.0 (Windows NT 10.0; Win64; x64) AppleWebKit/537.36 (KHTML, like Gecko) Chrome/149.0.0.0 Safari/537.36"
187.14.220.230 - - [15/Jun/2026:15:41:22 +0000] "GET /wp-content/plugins/go_pricing/assets/css/go_pricing_styles.css?ver=3.3.14 HTTP/1.1" 200 72083 "https://www.circuitorioantigo.com.br/" "Mozilla/5.0 (Windows NT 10.0; Win64; x64) AppleWebKit/537.36 (KHTML, like Gecko) Chrome/149.0.0.0 Safari/537.36"
187.14.220.230 - - [15/Jun/2026:15:41:22 +0000] "GET /wp-content/plugins/mailchimp-for-wp/assets/css/form-themes.css?ver=4.9.11 HTTP/1.1" 200 6739 "https://www.circuitorioantigo.com.br/" "Mozilla/5.0 (Windows NT 10.0; Win64; x64) AppleWebKit/537.36 (KHTML, like Gecko) Chrome/149.0.0.0 Safari/537.36"
187.14.220.230 - - [15/Jun/2026:15:41:21 +0000] "GET /wp-content/plugins/js_composer/assets/css/js_composer.min.css?ver=7.3 HTTP/1.1" 200 464841 "https://www.circuitorioantigo.com.br/" "Mozilla/5.0 (Windows NT 10.0; Win64; x64) AppleWebKit/537.36 (KHTML, like Gecko) Chrome/149.0.0.0 Safari/537.36"
187.14.220.230 - - [15/Jun/2026:15:41:22 +0000] "GET /wp-content/plugins/jetpack/css/jetpack.css?ver=13.0.1 HTTP/1.1" 200 101629 "https://www.circuitorioantigo.com.br/" "Mozilla/5.0 (Windows NT 10.0; Win64; x64) AppleWebKit/537.36 (KHTML, like Gecko) Chrome/149.0.0.0 Safari/537.36"
187.14.220.230 - - [15/Jun/2026:15:41:22 +0000] "GET /wp-content/plugins/js_composer/assets/lib/bower/animate-css/animate.min.css?ver=7.3 HTTP/1.1" 200 16177 "https://www.circuitorioantigo.com.br/" "Mozilla/5.0 (Windows NT 10.0; Win64; x64) AppleWebKit/537.36 (KHTML, like Gecko) Chrome/149.0.0.0 Safari/537.36"
187.14.220.230 - - [15/Jun/2026:15:41:22 +0000] "GET /wp-content/themes/thegem/css/odometer-theme-default.css?ver=5.5.0 HTTP/1.1" 200 3987 "https://www.circuitorioantigo.com.br/" "Mozilla/5.0 (Windows NT 10.0; Win64; x64) AppleWebKit/537.36 (KHTML, like Gecko) Chrome/149.0.0.0 Safari/537.36"
187.14.220.230 - - [15/Jun/2026:15:41:22 +0000] "GET /wp-content/themes/thegem/css/thegem-lazy-loading-animations.css?ver=5.5.0 HTTP/1.1" 200 8168 "https://www.circuitorioantigo.com.br/" "Mozilla/5.0 (Windows NT 10.0; Win64; x64) AppleWebKit/537.36 (KHTML, like Gecko) Chrome/149.0.0.0 Safari/537.36"
187.14.220.230 - - [15/Jun/2026:15:41:22 +0000] "GET /wp-content/themes/thegem/css/icons-material.css?ver=5.5.0 HTTP/1.1" 200 65157 "https://www.circuitorioantigo.com.br/" "Mozilla/5.0 (Windows NT 10.0; Win64; x64) AppleWebKit/537.36 (KHTML, like Gecko) Chrome/149.0.0.0 Safari/537.36"
187.14.220.230 - - [15/Jun/2026:15:41:22 +0000] "GET /wp-content/themes/thegem/css/icons-thegem-header.css?ver=5.5.0 HTTP/1.1" 200 13765 "https://www.circuitorioantigo.com.br/" "Mozilla/5.0 (Windows NT 10.0; Win64; x64) AppleWebKit/537.36 (KHTML, like Gecko) Chrome/149.0.0.0 Safari/537.36"
187.14.220.230 - - [15/Jun/2026:15:41:22 +0000] "GET /wp-content/themes/thegem/css/icons-elegant.css?ver=5.5.0 HTTP/1.1" 200 18832 "https://www.circuitorioantigo.com.br/" "Mozilla/5.0 (Windows NT 10.0; Win64; x64) AppleWebKit/537.36 (KHTML, like Gecko) Chrome/149.0.0.0 Safari/537.36"
187.14.220.230 - - [15/Jun/2026:15:41:22 +0000] "GET /wp-includes/js/jquery/jquery.min.js?ver=3.7.1 HTTP/1.1" 200 87553 "https://www.circuitorioantigo.com.br/" "Mozilla/5.0 (Windows NT 10.0; Win64; x64) AppleWebKit/537.36 (KHTML, like Gecko) Chrome/149.0.0.0 Safari/537.36"
187.14.220.230 - - [15/Jun/2026:15:41:22 +0000] "GET /wp-includes/js/jquery/jquery-migrate.min.js?ver=3.4.1 HTTP/1.1" 200 13577 "https://www.circuitorioantigo.com.br/" "Mozilla/5.0 (Windows NT 10.0; Win64; x64) AppleWebKit/537.36 (KHTML, like Gecko) Chrome/149.0.0.0 Safari/537.36"
187.14.220.230 - - [15/Jun/2026:15:41:22 +0000] "GET /wp-content/plugins/advanced-iframe/js/ai.min.js?ver=380743 HTTP/1.1" 200 89201 "https://www.circuitorioantigo.com.br/" "Mozilla/5.0 (Windows NT 10.0; Win64; x64) AppleWebKit/537.36 (KHTML, like Gecko) Chrome/149.0.0.0 Safari/537.36"
187.14.220.230 - - [15/Jun/2026:15:41:22 +0000] "GET /wp-content/plugins/zilla-likes/scripts/zilla-likes.js?ver=6.9.4 HTTP/1.1" 200 860 "https://www.circuitorioantigo.com.br/" "Mozilla/5.0 (Windows NT 10.0; Win64; x64) AppleWebKit/537.36 (KHTML, like Gecko) Chrome/149.0.0.0 Safari/537.36"
187.14.220.230 - - [15/Jun/2026:15:41:22 +0000] "GET /wp-content/uploads/thegem-logos/logo_9bd0efd545d2cb70423239cb224db293_2x.png HTTP/1.1" 200 21516 "https://www.circuitorioantigo.com.br/" "Mozilla/5.0 (Windows NT 10.0; Win64; x64) AppleWebKit/537.36 (KHTML, like Gecko) Chrome/149.0.0.0 Safari/537.36"
187.14.220.230 - - [15/Jun/2026:15:41:22 +0000] "GET /wp-content/uploads/thegem-logos/logo_9bdf2c523176049ebe4920a7a7348556_2x.png HTTP/1.1" 200 21516 "https://www.circuitorioantigo.com.br/" "Mozilla/5.0 (Windows NT 10.0; Win64; x64) AppleWebKit/537.36 (KHTML, like Gecko) Chrome/149.0.0.0 Safari/537.36"
187.14.220.230 - - [15/Jun/2026:15:41:22 +0000] "GET /wp-content/themes/thegem/js/thegem-form-elements.js?ver=5.5.0 HTTP/1.1" 200 1787 "https://www.circuitorioantigo.com.br/" "Mozilla/5.0 (Windows NT 10.0; Win64; x64) AppleWebKit/537.36 (KHTML, like Gecko) Chrome/149.0.0.0 Safari/537.36"
187.14.220.230 - - [15/Jun/2026:15:41:22 +0000] "GET /wp-content/themes/thegem/js/SmoothScroll.js?ver=5.5.0 HTTP/1.1" 200 23338 "https://www.circuitorioantigo.com.br/" "Mozilla/5.0 (Windows NT 10.0; Win64; x64) AppleWebKit/537.36 (KHTML, like Gecko) Chrome/149.0.0.0 Safari/537.36"
187.14.220.230 - - [15/Jun/2026:15:41:22 +0000] "GET /wp-content/plugins/jetpack/jetpack_vendor/automattic/jetpack-connection/dist/tracks-callables.js?minify=false&ver=d9dbf909a3d10fb26f39 HTTP/1.1" 200 1075 "https://www.circuitorioantigo.com.br/" "Mozilla/5.0 (Windows NT 10.0; Win64; x64) AppleWebKit/537.36 (KHTML, like Gecko) Chrome/149.0.0.0 Safari/537.36"
187.14.220.230 - - [15/Jun/2026:15:41:22 +0000] "GET /wp-content/themes/thegem/js/jquery.easing.js?ver=5.5.0 HTTP/1.1" 200 4198 "https://www.circuitorioantigo.com.br/" "Mozilla/5.0 (Windows NT 10.0; Win64; x64) AppleWebKit/537.36 (KHTML, like Gecko) Chrome/149.0.0.0 Safari/537.36"
187.14.220.230 - - [15/Jun/2026:15:41:22 +0000] "GET /wp-content/themes/thegem/fonts/thegem-icons.woff HTTP/1.1" 200 21584 "https://www.circuitorioantigo.com.br/wp-content/themes/thegem/style.css?ver=5.5.0" "Mozilla/5.0 (Windows NT 10.0; Win64; x64) AppleWebKit/537.36 (KHTML, like Gecko) Chrome/149.0.0.0 Safari/537.36"
187.14.220.230 - - [15/Jun/2026:15:41:22 +0000] "GET /wp-content/themes/thegem/fonts/thegem-socials.woff HTTP/1.1" 200 36664 "https://www.circuitorioantigo.com.br/wp-content/themes/thegem/style.css?ver=5.5.0" "Mozilla/5.0 (Windows NT 10.0; Win64; x64) AppleWebKit/537.36 (KHTML, like Gecko) Chrome/149.0.0.0 Safari/537.36"
187.14.220.230 - - [15/Jun/2026:15:41:22 +0000] "GET /wp-content/themes/thegem/fonts/material/materialdesignicons.woff HTTP/1.1" 200 88492 "https://www.circuitorioantigo.com.br/wp-content/themes/thegem/css/icons-material.css?ver=5.5.0" "Mozilla/5.0 (Windows NT 10.0; Win64; x64) AppleWebKit/537.36 (KHTML, like Gecko) Chrome/149.0.0.0 Safari/537.36"
187.14.220.230 - - [15/Jun/2026:15:41:22 +0000] "GET /wp-content/themes/thegem/fonts/thegem-header/thegem-header.woff HTTP/1.1" 200 54652 "https://www.circuitorioantigo.com.br/wp-content/themes/thegem/css/icons-thegem-header.css?ver=5.5.0" "Mozilla/5.0 (Windows NT 10.0; Win64; x64) AppleWebKit/537.36 (KHTML, like Gecko) Chrome/149.0.0.0 Safari/537.36"
187.14.220.230 - - [15/Jun/2026:15:41:22 +0000] "GET /wp-content/themes/thegem/fonts/elegant/ElegantIcons.woff HTTP/1.1" 200 63664 "https://www.circuitorioantigo.com.br/wp-content/themes/thegem/css/icons-elegant.css?ver=5.5.0" "Mozilla/5.0 (Windows NT 10.0; Win64; x64) AppleWebKit/537.36 (KHTML, like Gecko) Chrome/149.0.0.0 Safari/537.36"
187.14.220.230 - - [15/Jun/2026:15:41:22 +0000] "GET /wp-content/themes/thegem/js/jquery.dlmenu.js?ver=5.5.0 HTTP/1.1" 200 10120 "https://www.circuitorioantigo.com.br/" "Mozilla/5.0 (Windows NT 10.0; Win64; x64) AppleWebKit/537.36 (KHTML, like Gecko) Chrome/149.0.0.0 Safari/537.36"
187.14.220.230 - - [15/Jun/2026:15:41:22 +0000] "GET /wp-content/themes/thegem/js/thegem-menu_init.js?ver=5.5.0 HTTP/1.1" 200 40513 "https://www.circuitorioantigo.com.br/" "Mozilla/5.0 (Windows NT 10.0; Win64; x64) AppleWebKit/537.36 (KHTML, like Gecko) Chrome/149.0.0.0 Safari/537.36"
187.14.220.230 - - [15/Jun/2026:15:41:22 +0000] "GET /wp-content/themes/thegem/js/thegem-header.js?ver=5.5.0 HTTP/1.1" 200 18156 "https://www.circuitorioantigo.com.br/" "Mozilla/5.0 (Windows NT 10.0; Win64; x64) AppleWebKit/537.36 (KHTML, like Gecko) Chrome/149.0.0.0 Safari/537.36"
187.14.220.230 - - [15/Jun/2026:15:41:22 +0000] "GET /wp-content/themes/thegem/js/functions.js?ver=5.5.0 HTTP/1.1" 200 21139 "https://www.circuitorioantigo.com.br/" "Mozilla/5.0 (Windows NT 10.0; Win64; x64) AppleWebKit/537.36 (KHTML, like Gecko) Chrome/149.0.0.0 Safari/537.36"
187.14.220.230 - - [15/Jun/2026:15:41:22 +0000] "GET /wp-content/themes/thegem/js/fancyBox/jquery.mousewheel.pack.js?ver=5.5.0 HTTP/1.1" 200 1396 "https://www.circuitorioantigo.com.br/" "Mozilla/5.0 (Windows NT 10.0; Win64; x64) AppleWebKit/537.36 (KHTML, like Gecko) Chrome/149.0.0.0 Safari/537.36"
187.14.220.230 - - [15/Jun/2026:15:41:22 +0000] "GET /wp-content/themes/thegem/js/fancyBox/jquery.fancybox.min.js?ver=5.5.0 HTTP/1.1" 200 68253 "https://www.circuitorioantigo.com.br/" "Mozilla/5.0 (Windows NT 10.0; Win64; x64) AppleWebKit/537.36 (KHTML, like Gecko) Chrome/149.0.0.0 Safari/537.36"
187.14.220.230 - - [15/Jun/2026:15:41:22 +0000] "GET /wp-content/themes/thegem/js/fancyBox/jquery.fancybox-init.js?ver=5.5.0 HTTP/1.1" 200 2429 "https://www.circuitorioantigo.com.br/" "Mozilla/5.0 (Windows NT 10.0; Win64; x64) AppleWebKit/537.36 (KHTML, like Gecko) Chrome/149.0.0.0 Safari/537.36"
187.14.220.230 - - [15/Jun/2026:15:41:22 +0000] "GET /wp-content/plugins/jetpack/jetpack_vendor/automattic/jetpack-image-cdn/dist/image-cdn.js?minify=false&ver=132249e245926ae3e188 HTTP/1.1" 200 701 "https://www.circuitorioantigo.com.br/" "Mozilla/5.0 (Windows NT 10.0; Win64; x64) AppleWebKit/537.36 (KHTML, like Gecko) Chrome/149.0.0.0 Safari/537.36"
187.14.220.230 - - [15/Jun/2026:15:41:22 +0000] "GET /wp-includes/js/dist/vendor/wp-polyfill.min.js?ver=3.15.0 HTTP/1.1" 200 33548 "https://www.circuitorioantigo.com.br/" "Mozilla/5.0 (Windows NT 10.0; Win64; x64) AppleWebKit/537.36 (KHTML, like Gecko) Chrome/149.0.0.0 Safari/537.36"
187.14.220.230 - - [15/Jun/2026:15:41:23 +0000] "GET /wp-content/plugins/contact-form-7/includes/js/index.js?ver=5.6.1 HTTP/1.1" 200 21904 "https://www.circuitorioantigo.com.br/" "Mozilla/5.0 (Windows NT 10.0; Win64; x64) AppleWebKit/537.36 (KHTML, like Gecko) Chrome/149.0.0.0 Safari/537.36"
187.14.220.230 - - [15/Jun/2026:15:41:23 +0000] "GET /wp-content/plugins/go_pricing/assets/js/go_pricing_scripts.js?ver=3.3.14 HTTP/1.1" 200 23561 "https://www.circuitorioantigo.com.br/" "Mozilla/5.0 (Windows NT 10.0; Win64; x64) AppleWebKit/537.36 (KHTML, like Gecko) Chrome/149.0.0.0 Safari/537.36"
187.14.220.230 - - [15/Jun/2026:15:41:23 +0000] "GET /wp-content/plugins/boxzilla/assets/js/script.min.js?ver=3.2.27 HTTP/1.1" 200 15588 "https://www.circuitorioantigo.com.br/" "Mozilla/5.0 (Windows NT 10.0; Win64; x64) AppleWebKit/537.36 (KHTML, like Gecko) Chrome/149.0.0.0 Safari/537.36"
187.14.220.230 - - [15/Jun/2026:15:41:23 +0000] "GET /wp-content/plugins/js_composer/assets/js/dist/js_composer_front.min.js?ver=7.3 HTTP/1.1" 200 20757 "https://www.circuitorioantigo.com.br/" "Mozilla/5.0 (Windows NT 10.0; Win64; x64) AppleWebKit/537.36 (KHTML, like Gecko) Chrome/149.0.0.0 Safari/537.36"
187.14.220.230 - - [15/Jun/2026:15:41:23 +0000] "GET /wp-content/plugins/js_composer/assets/lib/vc_waypoints/vc-waypoints.min.js?ver=7.3 HTTP/1.1" 200 9237 "https://www.circuitorioantigo.com.br/" "Mozilla/5.0 (Windows NT 10.0; Win64; x64) AppleWebKit/537.36 (KHTML, like Gecko) Chrome/149.0.0.0 Safari/537.36"
187.14.220.230 - - [15/Jun/2026:15:41:23 +0000] "GET /wp-content/themes/thegem/js/odometer.js?ver=5.5.0 HTTP/1.1" 200 21077 "https://www.circuitorioantigo.com.br/" "Mozilla/5.0 (Windows NT 10.0; Win64; x64) AppleWebKit/537.36 (KHTML, like Gecko) Chrome/149.0.0.0 Safari/537.36"
187.14.220.230 - - [15/Jun/2026:15:41:23 +0000] "GET /wp-content/themes/thegem/js/counters-effects.js?ver=5.5.0 HTTP/1.1" 200 5108 "https://www.circuitorioantigo.com.br/" "Mozilla/5.0 (Windows NT 10.0; Win64; x64) AppleWebKit/537.36 (KHTML, like Gecko) Chrome/149.0.0.0 Safari/537.36"
187.14.220.230 - - [15/Jun/2026:15:41:23 +0000] "GET /wp-content/themes/thegem/js/thegem-counters.js?ver=5.5.0 HTTP/1.1" 200 1261 "https://www.circuitorioantigo.com.br/" "Mozilla/5.0 (Windows NT 10.0; Win64; x64) AppleWebKit/537.36 (KHTML, like Gecko) Chrome/149.0.0.0 Safari/537.36"
187.14.220.230 - - [15/Jun/2026:15:41:23 +0000] "GET /wp-content/themes/thegem/js/thegem-lazyLoading.js?ver=5.5.0 HTTP/1.1" 200 12061 "https://www.circuitorioantigo.com.br/" "Mozilla/5.0 (Windows NT 10.0; Win64; x64) AppleWebKit/537.36 (KHTML, like Gecko) Chrome/149.0.0.0 Safari/537.36"
187.14.220.230 - - [15/Jun/2026:15:41:22 +0000] "GET /site/wp-content/uploads/2025/12/Rio_Antigo_Porto_339.jpg?id=26553 HTTP/1.1" 200 735721 "https://www.circuitorioantigo.com.br/" "Mozilla/5.0 (Windows NT 10.0; Win64; x64) AppleWebKit/537.36 (KHTML, like Gecko) Chrome/149.0.0.0 Safari/537.36"
187.14.220.230 - - [15/Jun/2026:15:41:23 +0000] "GET /wp-content/plugins/mailchimp-for-wp/assets/js/forms.js?ver=4.9.11 HTTP/1.1" 200 6591 "https://www.circuitorioantigo.com.br/" "Mozilla/5.0 (Windows NT 10.0; Win64; x64) AppleWebKit/537.36 (KHTML, like Gecko) Chrome/149.0.0.0 Safari/537.36"
187.14.220.230 - - [15/Jun/2026:15:41:23 +0000] "GET /site/wp-content/uploads/2025/12/Circuito-Rio-Antigo-Nov-25-Foto-Bruno-de-Lima-175-Medio.jpg?id=26559 HTTP/1.1" 200 392945 "https://www.circuitorioantigo.com.br/" "Mozilla/5.0 (Windows NT 10.0; Win64; x64) AppleWebKit/537.36 (KHTML, like Gecko) Chrome/149.0.0.0 Safari/537.36"
187.14.220.230 - - [15/Jun/2026:15:41:23 +0000] "GET /site/wp-content/uploads/2025/12/Circuito-Rio-Antigo-_NI-Foto-Bruno-de-Lima-163.jpg?id=26555 HTTP/1.1" 200 1240142 "https://www.circuitorioantigo.com.br/" "Mozilla/5.0 (Windows NT 10.0; Win64; x64) AppleWebKit/537.36 (KHTML, like Gecko) Chrome/149.0.0.0 Safari/537.36"
187.14.220.230 - - [15/Jun/2026:15:41:23 +0000] "GET /wp-includes/js/wp-emoji-release.min.js?ver=6.9.4 HTTP/1.1" 200 22762 "https://www.circuitorioantigo.com.br/" "Mozilla/5.0 (Windows NT 10.0; Win64; x64) AppleWebKit/537.36 (KHTML, like Gecko) Chrome/149.0.0.0 Safari/537.36"
187.14.220.230 - - [15/Jun/2026:15:41:23 +0000] "GET /site/wp-content/uploads/fbrfg/site.webmanifest HTTP/1.1" 200 486 "https://www.circuitorioantigo.com.br/" "Mozilla/5.0 (Windows NT 10.0; Win64; x64) AppleWebKit/537.36 (KHTML, like Gecko) Chrome/149.0.0.0 Safari/537.36"
187.14.220.230 - - [15/Jun/2026:15:41:23 +0000] "GET /site/wp-content/uploads/fbrfg/favicon.ico HTTP/1.1" 200 15086 "https://www.circuitorioantigo.com.br/" "Mozilla/5.0 (Windows NT 10.0; Win64; x64) AppleWebKit/537.36 (KHTML, like Gecko) Chrome/149.0.0.0 Safari/537.36"
187.14.220.230 - - [15/Jun/2026:15:42:36 +0000] "GET /wp-content/plugins/mailchimp-for-wp/assets/js/forms-submitted.js?ver=4.9.11 HTTP/1.1" 200 1393 "https://www.circuitorioantigo.com.br/" "Mozilla/5.0 (Windows NT 10.0; Win64; x64) AppleWebKit/537.36 (KHTML, like Gecko) Chrome/149.0.0.0 Safari/537.36"
187.14.220.230 - - [15/Jun/2026:15:42:34 +0000] "POST / HTTP/1.1" 200 88366 "https://www.circuitorioantigo.com.br/" "Mozilla/5.0 (Windows NT 10.0; Win64; x64) AppleWebKit/537.36 (KHTML, like Gecko) Chrome/149.0.0.0 Safari/537.36"
162.241.176.232 - - [15/Jun/2026:15:42:36 +0000] "POST /wp-cron.php?doing_wp_cron=1781538156.2409698963165283203125 HTTP/1.1" 404 24000 "-" "WordPress/6.9.4; https://www.circuitorioantigo.com.br"
187.14.220.230 - - [15/Jun/2026:15:43:09 +0000] "POST / HTTP/1.1" 200 88370 "https://www.circuitorioantigo.com.br/" "Mozilla/5.0 (Windows NT 10.0; Win64; x64) AppleWebKit/537.36 (KHTML, like Gecko) Chrome/149.0.0.0 Safari/537.36"
187.14.220.230 - - [15/Jun/2026:15:43:10 +0000] "POST / HTTP/1.1" 200 88366 "https://www.circuitorioantigo.com.br/" "Mozilla/5.0 (Windows NT 10.0; Win64; x64) AppleWebKit/537.36 (KHTML, like Gecko) Chrome/149.0.0.0 Safari/537.36"
187.14.220.230 - - [15/Jun/2026:15:43:17 +0000] "POST / HTTP/1.1" 200 88365 "https://www.circuitorioantigo.com.br/" "Mozilla/5.0 (Windows NT 10.0; Win64; x64) AppleWebKit/537.36 (KHTML, like Gecko) Chrome/149.0.0.0 Safari/537.36"
87.192.224.131 - - [15/Jun/2026:15:44:34 +0000] "GET /wp-login.php HTTP/1.1" 200 11857 "-" "Mozilla/5.0 (X11; Linux x86_64) AppleWebKit/537.36 (KHTML, like Gecko) Chrome/133.0.0.0 Safari/537.36 Edg/133.0.0.0"
87.192.224.131 - - [15/Jun/2026:15:44:36 +0000] "POST /wp-login.php HTTP/1.1" 200 11857 "https://circuitorioantigo.com.br/wp-login.php" "Mozilla/5.0 (X11; Linux x86_64) AppleWebKit/537.36 (KHTML, like Gecko) Chrome/133.0.0.0 Safari/537.36 Edg/133.0.0.0"
82.165.2.98 - - [15/Jun/2026:15:45:59 +0000] "GET /wp-json/wp/v2/users/me HTTP/1.1" 401 114 "-" "Mozilla/5.0 (Macintosh; Intel Mac OS X 11_7_10) AppleWebKit/537.36 (KHTML, like Gecko) Chrome/133.0.0.0 Safari/537.36"
162.241.176.232 - - [15/Jun/2026:15:50:41 +0000] "POST /wp-cron.php?doing_wp_cron=1781538641.7922170162200927734375 HTTP/1.1" 404 58105 "-" "WordPress/6.9.4; https://www.circuitorioantigo.com.br"
34.233.219.155 - - [15/Jun/2026:15:50:40 +0000] "GET /wp-json/wp/v2/posts/12909 HTTP/1.1" 200 21978 "-" "Mozilla/5.0 AppleWebKit/537.36 (KHTML, like Gecko; compatible; Amazonbot/0.1; +https://developer.amazon.com/support/amazonbot) Chrome/119.0.6045.214 Safari/537.36"
54.86.59.155 - - [15/Jun/2026:15:50:45 +0000] "GET /2016/03/05/quote-post-4/feed/ HTTP/1.1" 200 924 "-" "Mozilla/5.0 AppleWebKit/537.36 (KHTML, like Gecko; compatible; Amazonbot/0.1; +https://developer.amazon.com/support/amazonbot) Chrome/119.0.6045.214 Safari/537.36"
52.202.233.37 - - [15/Jun/2026:15:50:49 +0000] "GET /2016/03/16/post-with-video-lightbox-3/feed/ HTTP/1.1" 200 967 "-" "Mozilla/5.0 AppleWebKit/537.36 (KHTML, like Gecko; compatible; Amazonbot/0.1; +https://developer.amazon.com/support/amazonbot) Chrome/119.0.6045.214 Safari/537.36"
52.45.92.83 - - [15/Jun/2026:15:50:52 +0000] "GET /2016/page/6/ HTTP/1.1" 200 118814 "-" "Mozilla/5.0 AppleWebKit/537.36 (KHTML, like Gecko; compatible; Amazonbot/0.1; +https://developer.amazon.com/support/amazonbot) Chrome/119.0.6045.214 Safari/537.36"
52.70.209.13 - - [15/Jun/2026:15:50:57 +0000] "GET /wp-json/wp/v2/tags/20 HTTP/1.1" 200 4559 "-" "Mozilla/5.0 AppleWebKit/537.36 (KHTML, like Gecko; compatible; Amazonbot/0.1; +https://developer.amazon.com/support/amazonbot) Chrome/119.0.6045.214 Safari/537.36"
45.14.225.211 - - [15/Jun/2026:15:52:32 +0000] "GET /wp-login.php HTTP/1.1" 200 12885 "-" "Mozilla/5.0 (Windows NT 10.0; WOW64) AppleWebKit/537.36 (KHTML, like Gecko) Chrome/133.0.0.0 Safari/537.36"
162.241.176.232 - - [15/Jun/2026:15:52:34 +0000] "POST /wp-cron.php?doing_wp_cron=1781538754.1944599151611328125000 HTTP/1.1" 404 16000 "-" "WordPress/6.9.4; https://www.circuitorioantigo.com.br"
45.14.225.211 - - [15/Jun/2026:15:52:35 +0000] "POST /wp-login.php HTTP/1.1" 401 3510 "https://circuitorioantigo.com.br/wp-login.php" "Mozilla/5.0 (Windows NT 10.0; WOW64) AppleWebKit/537.36 (KHTML, like Gecko) Chrome/133.0.0.0 Safari/537.36"
103.127.30.137 - - [15/Jun/2026:15:52:59 +0000] "GET /wp-login.php HTTP/1.1" 200 11857 "-" "Mozilla/5.0 (X11; Linux i686) AppleWebKit/537.36 (KHTML, like Gecko) Chrome/133.0.0.0 Safari/537.36"
103.127.30.137 - - [15/Jun/2026:15:53:01 +0000] "POST /wp-login.php HTTP/1.1" 200 11857 "https://www.circuitorioantigo.com.br/wp-login.php" "Mozilla/5.0 (X11; Linux i686) AppleWebKit/537.36 (KHTML, like Gecko) Chrome/133.0.0.0 Safari/537.36"
136.243.220.213 - - [15/Jun/2026:15:56:43 +0000] "GET /sitemap.xml HTTP/1.1" 200 652 "-" "Mozilla/5.0 (compatible; DataForSeoBot/1.0; +https://dataforseo.com/dataforseo-bot)"
136.243.220.213 - - [15/Jun/2026:15:56:44 +0000] "GET /news-sitemap.xml HTTP/1.1" 200 495 "-" "Mozilla/5.0 (compatible; DataForSeoBot/1.0; +https://dataforseo.com/dataforseo-bot)"
136.243.220.213 - - [15/Jun/2026:15:56:46 +0000] "GET /sitemap_index.xml HTTP/1.1" 200 1133 "-" "Mozilla/5.0 (compatible; DataForSeoBot/1.0; +https://dataforseo.com/dataforseo-bot)"
78.128.43.246 - - [15/Jun/2026:16:01:07 +0000] "GET /wp-login.php HTTP/1.1" 200 11856 "-" "Mozilla/5.0 (X11; Linux x86_64) AppleWebKit/537.36 (KHTML, like Gecko) Chrome/133.0.0.0 Safari/537.36 Edg/133.0.0.0"
78.128.43.246 - - [15/Jun/2026:16:01:08 +0000] "POST /wp-login.php HTTP/1.1" 200 11856 "https://circuitorioantigo.com.br/wp-login.php" "Mozilla/5.0 (X11; Linux x86_64) AppleWebKit/537.36 (KHTML, like Gecko) Chrome/133.0.0.0 Safari/537.36 Edg/133.0.0.0"
216.158.231.26 - - [15/Jun/2026:16:01:30 +0000] "GET /wp-login.php HTTP/1.1" 200 11857 "-" "Mozilla/5.0 (X11; Linux x86_64; rv:133.0) Gecko/20100101 Firefox/133.0"
216.158.231.26 - - [15/Jun/2026:16:01:45 +0000] "POST /wp-login.php HTTP/1.1" 200 11857 "https://www.circuitorioantigo.com.br/wp-login.php" "Mozilla/5.0 (X11; Linux x86_64; rv:133.0) Gecko/20100101 Firefox/133.0"
162.241.176.232 - - [15/Jun/2026:16:04:01 +0000] "POST /wp-cron.php?doing_wp_cron=1781539441.6732790470123291015625 HTTP/1.1" 404 58105 "-" "WordPress/6.9.4; https://www.circuitorioantigo.com.br"
85.208.96.205 - - [15/Jun/2026:16:04:00 +0000] "GET /robots.txt HTTP/1.1" 200 307 "-" "Mozilla/5.0 (compatible; SemrushBot/7~bl; +http://www.semrush.com/bot.html)"
85.208.96.194 - - [15/Jun/2026:16:04:02 +0000] "GET /elements/tabs-styles/ HTTP/1.1" 200 297836 "-" "Mozilla/5.0 (compatible; SemrushBot/7~bl; +http://www.semrush.com/bot.html)"
57.141.0.24 - - [15/Jun/2026:16:04:22 +0000] "GET /category/business/ HTTP/1.1" 200 82107 "-" "meta-externalagent/1.1 (+https://developers.facebook.com/docs/sharing/webmasters/crawler)"
57.141.0.23 - - [15/Jun/2026:16:04:38 +0000] "GET /pf/web-project-13/ HTTP/1.1" 200 119889 "-" "meta-externalagent/1.1 (+https://developers.facebook.com/docs/sharing/webmasters/crawler)"
85.208.96.208 - - [15/Jun/2026:16:07:03 +0000] "GET /etapa-largo-da-carioca-2025/ HTTP/1.1" 200 140234 "-" "Mozilla/5.0 (compatible; SemrushBot/7~bl; +http://www.semrush.com/bot.html)"
162.241.176.232 - - [15/Jun/2026:16:07:04 +0000] "POST /wp-cron.php?doing_wp_cron=1781539624.9639430046081542968750 HTTP/1.1" 404 16000 "-" "WordPress/6.9.4; https://www.circuitorioantigo.com.br"
13.223.141.79 - - [15/Jun/2026:16:07:09 +0000] "GET /robots.txt HTTP/1.1" 301 - "-" "Mozilla/5.0 (Macintosh; Intel Mac OS X 10_10_1) AppleWebKit/600.2.5 (KHTML, like Gecko) Version/8.0.2 Safari/600.2.5 (Gort)"
52.202.232.123 - - [15/Jun/2026:16:07:10 +0000] "GET /robots.txt HTTP/1.1" 200 307 "-" "Mozilla/5.0 (Macintosh; Intel Mac OS X 10_10_1) AppleWebKit/600.2.5 (KHTML, like Gecko) Version/8.0.2 Safari/600.2.5 (Gort)"
103.56.161.126 - - [15/Jun/2026:16:08:48 +0000] "GET /wp-login.php HTTP/1.1" 200 11857 "-" "Mozilla/5.0 (Windows NT 10.0; WOW64) AppleWebKit/537.36 (KHTML, like Gecko) Chrome/133.0.0.0 Safari/537.36"
103.56.161.126 - - [15/Jun/2026:16:08:50 +0000] "POST /wp-login.php HTTP/1.1" 200 11857 "https://www.circuitorioantigo.com.br/wp-login.php" "Mozilla/5.0 (Windows NT 10.0; WOW64) AppleWebKit/537.36 (KHTML, like Gecko) Chrome/133.0.0.0 Safari/537.36"
51.68.236.68 - - [15/Jun/2026:16:09:25 +0000] "GET /robots.txt HTTP/1.1" 200 307 "-" "Mozilla/5.0 (compatible; MJ12bot/v2.0.5; http://mj12bot.com/)"
51.68.236.68 - - [15/Jun/2026:16:09:27 +0000] "GET / HTTP/1.1" 200 87700 "-" "Mozilla/5.0 (compatible; MJ12bot/v2.0.5; http://mj12bot.com/)"
177.245.210.29 - - [15/Jun/2026:16:09:44 +0000] "GET /2016/03/29/100-width-galleries-post-7/ HTTP/1.1" 200 140942 "-" "Mozilla/5.0 (Windows NT 6.1; WOW64) AppleWebKit/537.36 (KHTML, like Gecko) Chrome/73.0.3683.75 ADG/11.0.2414 AOLBUILD/11.0.2414 Safari/537.36"
43.130.72.40 - - [15/Jun/2026:16:15:01 +0000] "GET / HTTP/1.1" 200 87710 "http://circuitorioantigo.com.br" "Mozilla/5.0 (iPhone; CPU iPhone OS 13_2_3 like Mac OS X) AppleWebKit/605.1.15 (KHTML, like Gecko) Version/13.0.3 Mobile/15E148 Safari/604.1"
66.249.79.199 - - [15/Jun/2026:16:18:51 +0000] "GET /ads.txt HTTP/1.1" 404 58105 "-" "Mozilla/5.0 (compatible; Googlebot/2.1; +http://www.google.com/bot.html)"
162.241.176.232 - - [15/Jun/2026:16:18:52 +0000] "POST /wp-cron.php?doing_wp_cron=1781540332.6849660873413085937500 HTTP/1.1" 404 15678 "-" "WordPress/6.9.4; https://www.circuitorioantigo.com.br"
66.249.79.232 - - [15/Jun/2026:16:18:54 +0000] "GET /robots.txt HTTP/1.1" 301 - "-" "Mozilla/5.0 (compatible; Googlebot/2.1; +http://www.google.com/bot.html)"
66.249.79.198 - - [15/Jun/2026:16:18:55 +0000] "GET /robots.txt HTTP/1.1" 200 307 "-" "Mozilla/5.0 (compatible; Googlebot/2.1; +http://www.google.com/bot.html)"
66.249.79.232 - - [15/Jun/2026:16:19:04 +0000] "GET /ads.txt HTTP/1.1" 301 - "-" "Mozilla/5.0 (compatible; Googlebot/2.1; +http://www.google.com/bot.html)"
114.119.134.1 - - [15/Jun/2026:16:21:10 +0000] "GET /etapa-nova-iguacu-2025 HTTP/1.1" 301 - "https://www.circuitorioantigo.com.br/etapa-porto-maravilha-2025" "Mozilla/5.0 (Linux; Android 7.0;) AppleWebKit/537.36 (HTML, like Gecko) Mobile Safari/537.36 (compatible; PetalBot;+https://webmaster.petalsearch.com/site/petalbot)"
162.241.176.232 - - [15/Jun/2026:16:21:11 +0000] "POST /wp-cron.php?doing_wp_cron=1781540471.0984001159667968750000 HTTP/1.1" 404 15678 "-" "WordPress/6.9.4; https://www.circuitorioantigo.com.br"
114.119.134.1 - - [15/Jun/2026:16:21:12 +0000] "GET /etapa-nova-iguacu-2025/ HTTP/1.1" 200 134528 "https://www.circuitorioantigo.com.br/etapa-porto-maravilha-2025" "Mozilla/5.0 (Linux; Android 7.0;) AppleWebKit/537.36 (HTML, like Gecko) Mobile Safari/537.36 (compatible; PetalBot;+https://webmaster.petalsearch.com/site/petalbot)"
66.249.79.197 - - [15/Jun/2026:16:22:34 +0000] "GET / HTTP/1.1" 200 87714 "-" "Mozilla/5.0 (compatible; Googlebot/2.1; +http://www.google.com/bot.html)"
66.249.79.197 - - [15/Jun/2026:16:22:45 +0000] "GET /wp-content/themes/thegem/css/thegem-grid.css?ver=5.5.0 HTTP/1.1" 200 10841 "https://www.circuitorioantigo.com.br/" "Mozilla/5.0 (compatible; Googlebot/2.1; +http://www.google.com/bot.html)"
144.126.150.155 - - [15/Jun/2026:16:23:39 +0000] "GET /wp-login.php HTTP/1.1" 200 11858 "-" "Mozilla/5.0 (Macintosh; Intel Mac OS X 10_15_7) AppleWebKit/605.1.15 (KHTML, like Gecko) Version/18.3 Safari/605.1.15"
144.126.150.155 - - [15/Jun/2026:16:23:43 +0000] "POST /wp-login.php HTTP/1.1" 200 11858 "https://circuitorioantigo.com.br/wp-login.php" "Mozilla/5.0 (Macintosh; Intel Mac OS X 10_15_7) AppleWebKit/605.1.15 (KHTML, like Gecko) Version/18.3 Safari/605.1.15"
160.176.56.49 - - [15/Jun/2026:16:24:40 +0000] "GET /test.php HTTP/1.1" 301 - "-" "Mozilla/5.0 (compatible; Bingbot/2.0; +http://www.bing.com/bingbot.htm)"
160.176.56.49 - - [15/Jun/2026:16:24:40 +0000] "GET /phpinfo.php HTTP/1.1" 301 - "-" "Mozilla/5.0 (compatible; SemrushBot/7~bl; +http://www.semrush.com/bot.html)"
160.176.56.49 - - [15/Jun/2026:16:24:40 +0000] "GET /info.php HTTP/1.1" 301 - "-" "Mozilla/5.0 (compatible; Googlebot/2.1; +http://www.google.com/bot.html)"
162.241.176.232 - - [15/Jun/2026:16:24:42 +0000] "POST /wp-cron.php?doing_wp_cron=1781540682.4689929485321044921875 HTTP/1.1" 404 15678 "-" "WordPress/6.9.4; https://www.circuitorioantigo.com.br"
162.241.176.232 - - [15/Jun/2026:16:24:42 +0000] "POST /wp-cron.php?doing_wp_cron=1781540682.4363560676574707031250 HTTP/1.1" 404 15678 "-" "WordPress/6.9.4; https://www.circuitorioantigo.com.br"
162.241.176.232 - - [15/Jun/2026:16:24:42 +0000] "POST /wp-cron.php?doing_wp_cron=1781540682.8296470642089843750000 HTTP/1.1" 404 16000 "-" "WordPress/6.9.4; https://www.circuitorioantigo.com.br"
185.109.19.192 - - [15/Jun/2026:16:24:44 +0000] "GET /wp-login.php HTTP/1.1" 200 11857 "-" "Mozilla/5.0 (X11; Linux x86_64) AppleWebKit/537.36 (KHTML, like Gecko) Chrome/133.0.0.0 Safari/537.36"
160.176.56.49 - - [15/Jun/2026:16:24:44 +0000] "GET /info.php HTTP/1.1" 404 58105 "https://circuitorioantigo.com.br/info.php" "Mozilla/5.0 (compatible; Googlebot/2.1; +http://www.google.com/bot.html)"
