177.145.38.254 - - [16/Jun/2026:02:40:58 +0000] "GET /wp-content/themes/thegem/css/icons-elegant.css?ver=5.5.0 HTTP/1.1" 200 18832 "https://www.circuitorioantigo.com.br/" "Mozilla/5.0 (Windows NT 10.0; Win64; x64) AppleWebKit/537.36 (KHTML, like Gecko) Chrome/149.0.0.0 Safari/537.36"
177.145.38.254 - - [16/Jun/2026:02:40:58 +0000] "GET /wp-includes/js/jquery/jquery.min.js?ver=3.7.1 HTTP/1.1" 200 87553 "https://www.circuitorioantigo.com.br/" "Mozilla/5.0 (Windows NT 10.0; Win64; x64) AppleWebKit/537.36 (KHTML, like Gecko) Chrome/149.0.0.0 Safari/537.36"
177.145.38.254 - - [16/Jun/2026:02:40:58 +0000] "GET /wp-includes/js/jquery/jquery-migrate.min.js?ver=3.4.1 HTTP/1.1" 200 13577 "https://www.circuitorioantigo.com.br/" "Mozilla/5.0 (Windows NT 10.0; Win64; x64) AppleWebKit/537.36 (KHTML, like Gecko) Chrome/149.0.0.0 Safari/537.36"
177.145.38.254 - - [16/Jun/2026:02:40:58 +0000] "GET /wp-content/plugins/zilla-likes/scripts/zilla-likes.js?ver=6.9.4 HTTP/1.1" 200 860 "https://www.circuitorioantigo.com.br/" "Mozilla/5.0 (Windows NT 10.0; Win64; x64) AppleWebKit/537.36 (KHTML, like Gecko) Chrome/149.0.0.0 Safari/537.36"
177.145.38.254 - - [16/Jun/2026:02:40:58 +0000] "GET /wp-content/plugins/advanced-iframe/js/ai.min.js?ver=380743 HTTP/1.1" 200 89201 "https://www.circuitorioantigo.com.br/" "Mozilla/5.0 (Windows NT 10.0; Win64; x64) AppleWebKit/537.36 (KHTML, like Gecko) Chrome/149.0.0.0 Safari/537.36"
177.145.38.254 - - [16/Jun/2026:02:40:58 +0000] "GET /wp-content/uploads/thegem-logos/logo_9bd0efd545d2cb70423239cb224db293_2x.png HTTP/1.1" 200 21516 "https://www.circuitorioantigo.com.br/" "Mozilla/5.0 (Windows NT 10.0; Win64; x64) AppleWebKit/537.36 (KHTML, like Gecko) Chrome/149.0.0.0 Safari/537.36"
177.145.38.254 - - [16/Jun/2026:02:40:58 +0000] "GET /wp-content/uploads/thegem-logos/logo_9bdf2c523176049ebe4920a7a7348556_2x.png HTTP/1.1" 200 21516 "https://www.circuitorioantigo.com.br/" "Mozilla/5.0 (Windows NT 10.0; Win64; x64) AppleWebKit/537.36 (KHTML, like Gecko) Chrome/149.0.0.0 Safari/537.36"
177.145.38.254 - - [16/Jun/2026:02:40:58 +0000] "GET /wp-content/plugins/jetpack/jetpack_vendor/automattic/jetpack-connection/dist/tracks-callables.js?minify=false&ver=d9dbf909a3d10fb26f39 HTTP/1.1" 200 1075 "https://www.circuitorioantigo.com.br/" "Mozilla/5.0 (Windows NT 10.0; Win64; x64) AppleWebKit/537.36 (KHTML, like Gecko) Chrome/149.0.0.0 Safari/537.36"
177.145.38.254 - - [16/Jun/2026:02:40:58 +0000] "GET /wp-content/themes/thegem/js/thegem-form-elements.js?ver=5.5.0 HTTP/1.1" 200 1787 "https://www.circuitorioantigo.com.br/" "Mozilla/5.0 (Windows NT 10.0; Win64; x64) AppleWebKit/537.36 (KHTML, like Gecko) Chrome/149.0.0.0 Safari/537.36"
177.145.38.254 - - [16/Jun/2026:02:40:58 +0000] "GET /wp-content/themes/thegem/js/jquery.easing.js?ver=5.5.0 HTTP/1.1" 200 4198 "https://www.circuitorioantigo.com.br/" "Mozilla/5.0 (Windows NT 10.0; Win64; x64) AppleWebKit/537.36 (KHTML, like Gecko) Chrome/149.0.0.0 Safari/537.36"
177.145.38.254 - - [16/Jun/2026:02:40:56 +0000] "GET /wp-content/themes/thegem/css/thegem-header.css?ver=5.5.0 HTTP/1.1" 200 164080 "https://www.circuitorioantigo.com.br/" "Mozilla/5.0 (Windows NT 10.0; Win64; x64) AppleWebKit/537.36 (KHTML, like Gecko) Chrome/149.0.0.0 Safari/537.36"
177.145.38.254 - - [16/Jun/2026:02:40:57 +0000] "GET /wp-includes/css/dist/block-library/style.min.css?ver=6.9.4 HTTP/1.1" 200 119358 "https://www.circuitorioantigo.com.br/" "Mozilla/5.0 (Windows NT 10.0; Win64; x64) AppleWebKit/537.36 (KHTML, like Gecko) Chrome/149.0.0.0 Safari/537.36"
177.145.38.254 - - [16/Jun/2026:02:40:58 +0000] "GET /wp-content/themes/thegem/js/SmoothScroll.js?ver=5.5.0 HTTP/1.1" 200 23338 "https://www.circuitorioantigo.com.br/" "Mozilla/5.0 (Windows NT 10.0; Win64; x64) AppleWebKit/537.36 (KHTML, like Gecko) Chrome/149.0.0.0 Safari/537.36"
177.145.38.254 - - [16/Jun/2026:02:40:58 +0000] "GET /wp-content/themes/thegem/js/jquery.dlmenu.js?ver=5.5.0 HTTP/1.1" 200 10120 "https://www.circuitorioantigo.com.br/" "Mozilla/5.0 (Windows NT 10.0; Win64; x64) AppleWebKit/537.36 (KHTML, like Gecko) Chrome/149.0.0.0 Safari/537.36"
177.145.38.254 - - [16/Jun/2026:02:40:58 +0000] "GET /wp-content/themes/thegem/js/thegem-menu_init.js?ver=5.5.0 HTTP/1.1" 200 40513 "https://www.circuitorioantigo.com.br/" "Mozilla/5.0 (Windows NT 10.0; Win64; x64) AppleWebKit/537.36 (KHTML, like Gecko) Chrome/149.0.0.0 Safari/537.36"
177.145.38.254 - - [16/Jun/2026:02:40:58 +0000] "GET /wp-content/themes/thegem/js/thegem-header.js?ver=5.5.0 HTTP/1.1" 200 18156 "https://www.circuitorioantigo.com.br/" "Mozilla/5.0 (Windows NT 10.0; Win64; x64) AppleWebKit/537.36 (KHTML, like Gecko) Chrome/149.0.0.0 Safari/537.36"
177.145.38.254 - - [16/Jun/2026:02:40:59 +0000] "GET /wp-content/themes/thegem/js/functions.js?ver=5.5.0 HTTP/1.1" 200 21139 "https://www.circuitorioantigo.com.br/" "Mozilla/5.0 (Windows NT 10.0; Win64; x64) AppleWebKit/537.36 (KHTML, like Gecko) Chrome/149.0.0.0 Safari/537.36"
177.145.38.254 - - [16/Jun/2026:02:40:59 +0000] "GET /wp-content/themes/thegem/js/fancyBox/jquery.mousewheel.pack.js?ver=5.5.0 HTTP/1.1" 200 1396 "https://www.circuitorioantigo.com.br/" "Mozilla/5.0 (Windows NT 10.0; Win64; x64) AppleWebKit/537.36 (KHTML, like Gecko) Chrome/149.0.0.0 Safari/537.36"
177.145.38.254 - - [16/Jun/2026:02:40:59 +0000] "GET /wp-content/themes/thegem/js/fancyBox/jquery.fancybox-init.js?ver=5.5.0 HTTP/1.1" 200 2429 "https://www.circuitorioantigo.com.br/" "Mozilla/5.0 (Windows NT 10.0; Win64; x64) AppleWebKit/537.36 (KHTML, like Gecko) Chrome/149.0.0.0 Safari/537.36"
177.145.38.254 - - [16/Jun/2026:02:40:59 +0000] "GET /wp-content/plugins/jetpack/jetpack_vendor/automattic/jetpack-image-cdn/dist/image-cdn.js?minify=false&ver=132249e245926ae3e188 HTTP/1.1" 200 701 "https://www.circuitorioantigo.com.br/" "Mozilla/5.0 (Windows NT 10.0; Win64; x64) AppleWebKit/537.36 (KHTML, like Gecko) Chrome/149.0.0.0 Safari/537.36"
177.145.38.254 - - [16/Jun/2026:02:40:59 +0000] "GET /wp-includes/js/dist/vendor/wp-polyfill.min.js?ver=3.15.0 HTTP/1.1" 200 33548 "https://www.circuitorioantigo.com.br/" "Mozilla/5.0 (Windows NT 10.0; Win64; x64) AppleWebKit/537.36 (KHTML, like Gecko) Chrome/149.0.0.0 Safari/537.36"
177.145.38.254 - - [16/Jun/2026:02:40:59 +0000] "GET /wp-content/plugins/contact-form-7/includes/js/index.js?ver=5.6.1 HTTP/1.1" 200 21904 "https://www.circuitorioantigo.com.br/" "Mozilla/5.0 (Windows NT 10.0; Win64; x64) AppleWebKit/537.36 (KHTML, like Gecko) Chrome/149.0.0.0 Safari/537.36"
177.145.38.254 - - [16/Jun/2026:02:40:59 +0000] "GET /wp-content/plugins/go_pricing/assets/js/go_pricing_scripts.js?ver=3.3.14 HTTP/1.1" 200 23561 "https://www.circuitorioantigo.com.br/" "Mozilla/5.0 (Windows NT 10.0; Win64; x64) AppleWebKit/537.36 (KHTML, like Gecko) Chrome/149.0.0.0 Safari/537.36"
177.145.38.254 - - [16/Jun/2026:02:40:59 +0000] "GET /wp-content/themes/thegem/fonts/thegem-icons.woff HTTP/1.1" 200 21584 "https://www.circuitorioantigo.com.br/wp-content/themes/thegem/style.css?ver=5.5.0" "Mozilla/5.0 (Windows NT 10.0; Win64; x64) AppleWebKit/537.36 (KHTML, like Gecko) Chrome/149.0.0.0 Safari/537.36"
177.145.38.254 - - [16/Jun/2026:02:40:59 +0000] "GET /wp-content/themes/thegem/fonts/thegem-socials.woff HTTP/1.1" 200 36664 "https://www.circuitorioantigo.com.br/wp-content/themes/thegem/style.css?ver=5.5.0" "Mozilla/5.0 (Windows NT 10.0; Win64; x64) AppleWebKit/537.36 (KHTML, like Gecko) Chrome/149.0.0.0 Safari/537.36"
177.145.38.254 - - [16/Jun/2026:02:40:59 +0000] "GET /wp-content/themes/thegem/fonts/thegem-header/thegem-header.woff HTTP/1.1" 200 54652 "https://www.circuitorioantigo.com.br/wp-content/themes/thegem/css/icons-thegem-header.css?ver=5.5.0" "Mozilla/5.0 (Windows NT 10.0; Win64; x64) AppleWebKit/537.36 (KHTML, like Gecko) Chrome/149.0.0.0 Safari/537.36"
177.145.38.254 - - [16/Jun/2026:02:40:59 +0000] "GET /wp-content/themes/thegem/fonts/elegant/ElegantIcons.woff HTTP/1.1" 200 63664 "https://www.circuitorioantigo.com.br/wp-content/themes/thegem/css/icons-elegant.css?ver=5.5.0" "Mozilla/5.0 (Windows NT 10.0; Win64; x64) AppleWebKit/537.36 (KHTML, like Gecko) Chrome/149.0.0.0 Safari/537.36"
177.145.38.254 - - [16/Jun/2026:02:40:59 +0000] "GET /site/wp-content/uploads/2025/12/Rio_Antigo_Porto_339.jpg?id=26553 HTTP/1.1" 200 735721 "https://www.circuitorioantigo.com.br/" "Mozilla/5.0 (Windows NT 10.0; Win64; x64) AppleWebKit/537.36 (KHTML, like Gecko) Chrome/149.0.0.0 Safari/537.36"
177.145.38.254 - - [16/Jun/2026:02:40:59 +0000] "GET /wp-content/themes/thegem/js/fancyBox/jquery.fancybox.min.js?ver=5.5.0 HTTP/1.1" 200 68253 "https://www.circuitorioantigo.com.br/" "Mozilla/5.0 (Windows NT 10.0; Win64; x64) AppleWebKit/537.36 (KHTML, like Gecko) Chrome/149.0.0.0 Safari/537.36"
177.145.38.254 - - [16/Jun/2026:02:40:59 +0000] "GET /wp-content/plugins/boxzilla/assets/js/script.min.js?ver=3.2.27 HTTP/1.1" 200 15588 "https://www.circuitorioantigo.com.br/" "Mozilla/5.0 (Windows NT 10.0; Win64; x64) AppleWebKit/537.36 (KHTML, like Gecko) Chrome/149.0.0.0 Safari/537.36"
177.145.38.254 - - [16/Jun/2026:02:40:59 +0000] "GET /wp-content/plugins/js_composer/assets/js/dist/js_composer_front.min.js?ver=7.3 HTTP/1.1" 200 20757 "https://www.circuitorioantigo.com.br/" "Mozilla/5.0 (Windows NT 10.0; Win64; x64) AppleWebKit/537.36 (KHTML, like Gecko) Chrome/149.0.0.0 Safari/537.36"
177.145.38.254 - - [16/Jun/2026:02:40:59 +0000] "GET /wp-content/plugins/js_composer/assets/lib/vc_waypoints/vc-waypoints.min.js?ver=7.3 HTTP/1.1" 200 9237 "https://www.circuitorioantigo.com.br/" "Mozilla/5.0 (Windows NT 10.0; Win64; x64) AppleWebKit/537.36 (KHTML, like Gecko) Chrome/149.0.0.0 Safari/537.36"
177.145.38.254 - - [16/Jun/2026:02:40:59 +0000] "GET /wp-content/themes/thegem/js/counters-effects.js?ver=5.5.0 HTTP/1.1" 200 5108 "https://www.circuitorioantigo.com.br/" "Mozilla/5.0 (Windows NT 10.0; Win64; x64) AppleWebKit/537.36 (KHTML, like Gecko) Chrome/149.0.0.0 Safari/537.36"
177.145.38.254 - - [16/Jun/2026:02:40:59 +0000] "GET /wp-content/themes/thegem/js/odometer.js?ver=5.5.0 HTTP/1.1" 200 21077 "https://www.circuitorioantigo.com.br/" "Mozilla/5.0 (Windows NT 10.0; Win64; x64) AppleWebKit/537.36 (KHTML, like Gecko) Chrome/149.0.0.0 Safari/537.36"
177.145.38.254 - - [16/Jun/2026:02:40:59 +0000] "GET /wp-content/themes/thegem/js/thegem-counters.js?ver=5.5.0 HTTP/1.1" 200 1261 "https://www.circuitorioantigo.com.br/" "Mozilla/5.0 (Windows NT 10.0; Win64; x64) AppleWebKit/537.36 (KHTML, like Gecko) Chrome/149.0.0.0 Safari/537.36"
177.145.38.254 - - [16/Jun/2026:02:40:59 +0000] "GET /wp-content/themes/thegem/js/thegem-lazyLoading.js?ver=5.5.0 HTTP/1.1" 200 12061 "https://www.circuitorioantigo.com.br/" "Mozilla/5.0 (Windows NT 10.0; Win64; x64) AppleWebKit/537.36 (KHTML, like Gecko) Chrome/149.0.0.0 Safari/537.36"
177.145.38.254 - - [16/Jun/2026:02:40:59 +0000] "GET /wp-content/plugins/mailchimp-for-wp/assets/js/forms.js?ver=4.9.11 HTTP/1.1" 200 6591 "https://www.circuitorioantigo.com.br/" "Mozilla/5.0 (Windows NT 10.0; Win64; x64) AppleWebKit/537.36 (KHTML, like Gecko) Chrome/149.0.0.0 Safari/537.36"
177.145.38.254 - - [16/Jun/2026:02:40:59 +0000] "GET /site/wp-content/uploads/2025/12/Circuito-Rio-Antigo-Nov-25-Foto-Bruno-de-Lima-175-Medio.jpg?id=26559 HTTP/1.1" 200 392945 "https://www.circuitorioantigo.com.br/" "Mozilla/5.0 (Windows NT 10.0; Win64; x64) AppleWebKit/537.36 (KHTML, like Gecko) Chrome/149.0.0.0 Safari/537.36"
177.145.38.254 - - [16/Jun/2026:02:41:00 +0000] "GET /site/wp-content/uploads/fbrfg/site.webmanifest HTTP/1.1" 200 486 "https://www.circuitorioantigo.com.br/" "Mozilla/5.0 (Windows NT 10.0; Win64; x64) AppleWebKit/537.36 (KHTML, like Gecko) Chrome/149.0.0.0 Safari/537.36"
177.145.38.254 - - [16/Jun/2026:02:40:59 +0000] "GET /wp-content/themes/thegem/fonts/material/materialdesignicons.woff HTTP/1.1" 200 88492 "https://www.circuitorioantigo.com.br/wp-content/themes/thegem/css/icons-material.css?ver=5.5.0" "Mozilla/5.0 (Windows NT 10.0; Win64; x64) AppleWebKit/537.36 (KHTML, like Gecko) Chrome/149.0.0.0 Safari/537.36"
177.145.38.254 - - [16/Jun/2026:02:41:00 +0000] "GET /wp-includes/js/wp-emoji-release.min.js?ver=6.9.4 HTTP/1.1" 200 22762 "https://www.circuitorioantigo.com.br/" "Mozilla/5.0 (Windows NT 10.0; Win64; x64) AppleWebKit/537.36 (KHTML, like Gecko) Chrome/149.0.0.0 Safari/537.36"
177.145.38.254 - - [16/Jun/2026:02:40:59 +0000] "GET /site/wp-content/uploads/2025/12/Circuito-Rio-Antigo-_NI-Foto-Bruno-de-Lima-163.jpg?id=26555 HTTP/1.1" 200 1240142 "https://www.circuitorioantigo.com.br/" "Mozilla/5.0 (Windows NT 10.0; Win64; x64) AppleWebKit/537.36 (KHTML, like Gecko) Chrome/149.0.0.0 Safari/537.36"
177.145.38.254 - - [16/Jun/2026:02:41:09 +0000] "GET /site/wp-content/uploads/fbrfg/favicon.ico HTTP/1.1" 200 15086 "https://www.circuitorioantigo.com.br/" "Mozilla/5.0 (Windows NT 10.0; Win64; x64) AppleWebKit/537.36 (KHTML, like Gecko) Chrome/149.0.0.0 Safari/537.36"
15.204.182.106 - - [16/Jun/2026:02:41:36 +0000] "GET / HTTP/1.1" 301 - "-" "Mozilla/5.0 (Windows NT 10.0; Win64; x64) AppleWebKit/537.36 (KHTML, like Gecko) Chrome/149.0.0.0 Safari/537.36"
15.204.182.106 - - [16/Jun/2026:02:41:37 +0000] "GET / HTTP/1.1" 200 87705 "https://circuitorioantigo.com.br/" "Mozilla/5.0 (Windows NT 10.0; Win64; x64) AppleWebKit/537.36 (KHTML, like Gecko) Chrome/149.0.0.0 Safari/537.36"
162.241.176.232 - - [16/Jun/2026:02:43:10 +0000] "POST /wp-cron.php?doing_wp_cron=1781577790.0301759243011474609375 HTTP/1.1" 404 16000 "-" "WordPress/6.9.4; https://www.circuitorioantigo.com.br"
209.42.27.89 - - [16/Jun/2026:02:43:08 +0000] "GET /wp-login.php HTTP/1.1" 200 12819 "-" "Mozilla/5.0 (X11; Fedora; Linux x86_64) AppleWebKit/537.36 (KHTML, like Gecko) Chrome/133.0.0.0 Safari/537.36"
209.42.27.89 - - [16/Jun/2026:02:43:11 +0000] "POST /wp-login.php HTTP/1.1" 401 3510 "https://www.circuitorioantigo.com.br/wp-login.php" "Mozilla/5.0 (X11; Fedora; Linux x86_64) AppleWebKit/537.36 (KHTML, like Gecko) Chrome/133.0.0.0 Safari/537.36"
82.165.2.98 - - [16/Jun/2026:02:43:26 +0000] "GET /wp-login.php HTTP/1.1" 200 11854 "-" "Mozilla/5.0 (X11; Ubuntu; Linux x86_64) AppleWebKit/537.36 (KHTML, like Gecko) Chrome/133.0.0.0 Safari/537.36"
82.165.2.98 - - [16/Jun/2026:02:43:27 +0000] "POST /wp-login.php HTTP/1.1" 200 11854 "https://circuitorioantigo.com.br/wp-login.php" "Mozilla/5.0 (X11; Ubuntu; Linux x86_64) AppleWebKit/537.36 (KHTML, like Gecko) Chrome/133.0.0.0 Safari/537.36"
114.119.156.3 - - [16/Jun/2026:02:43:41 +0000] "GET /2016/03/01/fullwidth-post-sample-2/?share=facebook HTTP/1.1" 302 - "https://www.circuitorioantigo.com.br/2016/03/15/fullwidth-post/" "Mozilla/5.0 (Linux; Android 7.0;) AppleWebKit/537.36 (HTML, like Gecko) Mobile Safari/537.36 (compatible; PetalBot;+https://webmaster.petalsearch.com/site/petalbot)"
82.165.2.98 - - [16/Jun/2026:02:43:47 +0000] "GET /wp-json/wp/v2/users/me HTTP/1.1" 401 114 "-" "Mozilla/5.0 (X11; Ubuntu; Linux x86_64) AppleWebKit/537.36 (KHTML, like Gecko) Chrome/133.0.0.0 Safari/537.36"
162.241.176.232 - - [16/Jun/2026:02:44:58 +0000] "POST /wp-cron.php?doing_wp_cron=1781577898.7748889923095703125000 HTTP/1.1" 404 15678 "-" "WordPress/6.9.4; https://www.circuitorioantigo.com.br"
34.173.239.49 - - [16/Jun/2026:02:44:57 +0000] "HEAD /etapa-porto-maravilha HTTP/1.1" 301 - "-" "Mozilla/5.0 AppleWebKit/537.36 (KHTML, like Gecko); compatible; ShapBot/0.1.0"
34.173.239.49 - - [16/Jun/2026:02:44:59 +0000] "HEAD /etapa-porto-maravilha HTTP/1.1" 301 - "-" "Mozilla/5.0 AppleWebKit/537.36 (KHTML, like Gecko); compatible; ShapBot/0.1.0"
34.173.239.49 - - [16/Jun/2026:02:45:00 +0000] "HEAD /etapa-porto-maravilha/ HTTP/1.1" 200 - "-" "Mozilla/5.0 AppleWebKit/537.36 (KHTML, like Gecko); compatible; ShapBot/0.1.0"
34.173.239.49 - - [16/Jun/2026:02:45:01 +0000] "GET /etapa-porto-maravilha HTTP/1.1" 301 - "-" "Mozilla/5.0 AppleWebKit/537.36 (KHTML, like Gecko); compatible; ShapBot/0.1.0"
34.173.239.49 - - [16/Jun/2026:02:45:02 +0000] "GET /etapa-porto-maravilha/ HTTP/1.1" 200 122757 "-" "Mozilla/5.0 AppleWebKit/537.36 (KHTML, like Gecko); compatible; ShapBot/0.1.0"
162.241.176.232 - - [16/Jun/2026:02:49:58 +0000] "POST /wp-cron.php?doing_wp_cron=1781578198.2846550941467285156250 HTTP/1.1" 404 58105 "-" "WordPress/6.9.4; https://www.circuitorioantigo.com.br"
193.186.4.200 - - [16/Jun/2026:02:49:56 +0000] "GET / HTTP/1.1" 200 87707 "https://www.google.com/" "Mozilla/5.0 (Linux; Android 10; K) AppleWebKit/537.36 (KHTML, like Gecko) Chrome/149.0.0.0 Mobile Safari/537.36"
65.108.71.177 - - [16/Jun/2026:02:50:44 +0000] "GET /wp-login.php HTTP/1.1" 200 11856 "-" "Mozilla/5.0 (Windows NT 10.0; Win64; x64) AppleWebKit/537.36 (KHTML, like Gecko) Chrome/133.0.0.0 Safari/537.36"
65.108.71.177 - - [16/Jun/2026:02:50:45 +0000] "POST /wp-login.php HTTP/1.1" 200 11856 "https://www.circuitorioantigo.com.br/wp-login.php" "Mozilla/5.0 (Windows NT 10.0; Win64; x64) AppleWebKit/537.36 (KHTML, like Gecko) Chrome/133.0.0.0 Safari/537.36"
72.14.201.203 - - [16/Jun/2026:02:51:00 +0000] "GET /resultados/ HTTP/1.1" 200 49951 "https://www.google.com/" "Mozilla/5.0 (Windows NT 10.0; Win64; x64) AppleWebKit/537.36 (KHTML, like Gecko) Chrome/149.0.0.0 Safari/537.36"
162.241.176.232 - - [16/Jun/2026:02:51:01 +0000] "POST /wp-cron.php?doing_wp_cron=1781578261.8791270256042480468750 HTTP/1.1" 404 16000 "-" "WordPress/6.9.4; https://www.circuitorioantigo.com.br"
72.14.201.200 - - [16/Jun/2026:02:51:00 +0000] "GET / HTTP/1.1" 200 87704 "https://www.google.com/" "Mozilla/5.0 (Windows NT 10.0; Win64; x64) AppleWebKit/537.36 (KHTML, like Gecko) Chrome/149.0.0.0 Safari/537.36"
162.241.176.232 - - [16/Jun/2026:02:51:01 +0000] "POST /wp-cron.php?doing_wp_cron=1781578261.9336259365081787109375 HTTP/1.1" 404 16000 "-" "WordPress/6.9.4; https://www.circuitorioantigo.com.br"
209.38.251.46 - - [16/Jun/2026:02:51:28 +0000] "GET /wp-json/wp/v2/users/me HTTP/1.1" 401 114 "-" "Mozilla/5.0 (Windows NT 10.0; Win64; x64; rv:133.0) Gecko/20100101 Firefox/133.0"
57.141.0.59 - - [16/Jun/2026:02:52:20 +0000] "GET /sitemap-1.xml HTTP/1.1" 200 22839 "-" "meta-externalagent/1.1 (+https://developers.facebook.com/docs/sharing/webmasters/crawler)"
162.241.176.232 - - [16/Jun/2026:02:52:21 +0000] "POST /wp-cron.php?doing_wp_cron=1781578341.4285800457000732421875 HTTP/1.1" 404 15678 "-" "WordPress/6.9.4; https://www.circuitorioantigo.com.br"
34.173.239.49 - - [16/Jun/2026:02:54:23 +0000] "GET /site/wp-content/uploads/2022/10/REGULAMENTO-CIRCUITO-RIO-ANTIGO-02.pdf HTTP/1.1" 200 244599 "-" "Mozilla/5.0 (X11; Linux x86_64) AppleWebKit/537.36 (KHTML, like Gecko) Chrome/144.0.0.0 Safari/537.36"
114.119.150.248 - - [16/Jun/2026:02:54:23 +0000] "GET /2016/03/23/business-post-7/?share=twitter HTTP/1.1" 302 - "https://www.circuitorioantigo.com.br/2016/03/23/business-post-7/" "Mozilla/5.0 (Linux; Android 7.0;) AppleWebKit/537.36 (HTML, like Gecko) Mobile Safari/537.36 (compatible; PetalBot;+https://webmaster.petalsearch.com/site/petalbot)"
162.241.176.232 - - [16/Jun/2026:02:54:24 +0000] "POST /wp-cron.php?doing_wp_cron=1781578464.8812348842620849609375 HTTP/1.1" 404 15678 "-" "WordPress/6.9.4; https://www.circuitorioantigo.com.br"
162.241.176.232 - - [16/Jun/2026:02:54:25 +0000] "POST /wp-cron.php?doing_wp_cron=1781578465.4905040264129638671875 HTTP/1.1" 404 58105 "-" "WordPress/6.9.4; https://www.circuitorioantigo.com.br"
34.173.239.49 - - [16/Jun/2026:02:54:24 +0000] "GET /favicon.ico HTTP/1.1" 302 - "https://www.circuitorioantigo.com.br/site/wp-content/uploads/2022/10/REGULAMENTO-CIRCUITO-RIO-ANTIGO-02.pdf" "Mozilla/5.0 (X11; Linux x86_64) AppleWebKit/537.36 (KHTML, like Gecko) Chrome/144.0.0.0 Safari/537.36"
162.241.176.232 - - [16/Jun/2026:02:56:41 +0000] "POST /wp-cron.php?doing_wp_cron=1781578601.5176069736480712890625 HTTP/1.1" 404 16000 "-" "WordPress/6.9.4; https://www.circuitorioantigo.com.br"
193.186.4.202 - - [16/Jun/2026:02:56:40 +0000] "GET / HTTP/1.1" 200 87714 "https://www.google.com/" "Mozilla/5.0 (Linux; Android 10; K) AppleWebKit/537.36 (KHTML, like Gecko) Chrome/149.0.0.0 Mobile Safari/537.36"
176.61.149.165 - - [16/Jun/2026:02:58:29 +0000] "GET /wp-login.php HTTP/1.1" 200 11857 "-" "Mozilla/5.0 (X11; Ubuntu; Linux x86_64; rv:133.0) Gecko/20100101 Firefox/133.0"
176.61.149.165 - - [16/Jun/2026:02:58:31 +0000] "POST /wp-login.php HTTP/1.1" 200 11857 "https://www.circuitorioantigo.com.br/wp-login.php" "Mozilla/5.0 (X11; Ubuntu; Linux x86_64; rv:133.0) Gecko/20100101 Firefox/133.0"
66.249.79.197 - - [16/Jun/2026:03:00:38 +0000] "GET /wp-content/themes/thegem/css/icons-material.css?ver=5.5.0 HTTP/1.1" 200 65157 "https://www.circuitorioantigo.com.br/2016/03/17/blog-post-right-sidebar-4/" "Mozilla/5.0 (Linux; Android 6.0.1; Nexus 5X Build/MMB29P) AppleWebKit/537.36 (KHTML, like Gecko) Chrome/148.0.7778.96 Mobile Safari/537.36 (compatible; Googlebot/2.1; +http://www.google.com/bot.html)"
178.104.232.32 - - [16/Jun/2026:03:02:59 +0000] "GET / HTTP/1.1" 301 - "-" "Mozilla/5.0"
162.241.176.232 - - [16/Jun/2026:03:03:00 +0000] "POST /wp-cron.php?doing_wp_cron=1781578980.1686940193176269531250 HTTP/1.1" 404 24000 "-" "WordPress/6.9.4; https://www.circuitorioantigo.com.br"
57.129.69.52 - - [16/Jun/2026:03:03:47 +0000] "GET / HTTP/1.1" 200 87712 "-" "Mozilla/5.0 (Windows NT 10.0; Win64; x64) AppleWebKit/537.36 (KHTML, like Gecko) Chrome/139.0.0.0 Safari/537.36"
162.241.176.232 - - [16/Jun/2026:03:05:17 +0000] "POST /wp-cron.php?doing_wp_cron=1781579117.2010519504547119140625 HTTP/1.1" 404 58104 "-" "WordPress/6.9.4; https://www.circuitorioantigo.com.br"
114.119.150.248 - - [16/Jun/2026:03:05:16 +0000] "GET /2015/12/16/single-post-5?share=facebook HTTP/1.1" 302 - "https://www.circuitorioantigo.com.br/2014/03/16/post-with-gallery-slider-3" "Mozilla/5.0 (Linux; Android 7.0;) AppleWebKit/537.36 (HTML, like Gecko) Mobile Safari/537.36 (compatible; PetalBot;+https://webmaster.petalsearch.com/site/petalbot)"
213.171.208.62 - - [16/Jun/2026:03:07:04 +0000] "GET /wp-login.php HTTP/1.1" 200 11857 "-" "Mozilla/5.0 (X11; Ubuntu; Linux x86_64; rv:133.0) Gecko/20100101 Firefox/133.0"
213.171.208.62 - - [16/Jun/2026:03:07:05 +0000] "POST /wp-login.php HTTP/1.1" 200 11857 "https://circuitorioantigo.com.br/wp-login.php" "Mozilla/5.0 (X11; Ubuntu; Linux x86_64; rv:133.0) Gecko/20100101 Firefox/133.0"
213.171.208.62 - - [16/Jun/2026:03:13:23 +0000] "GET /wp-login.php HTTP/1.1" 200 11857 "-" "Mozilla/5.0 (Macintosh; Intel Mac OS X 14_7_4) AppleWebKit/537.36 (KHTML, like Gecko) Chrome/133.0.0.0 Safari/537.36"
213.171.208.62 - - [16/Jun/2026:03:13:24 +0000] "POST /wp-login.php HTTP/1.1" 200 11857 "https://www.circuitorioantigo.com.br/wp-login.php" "Mozilla/5.0 (Macintosh; Intel Mac OS X 14_7_4) AppleWebKit/537.36 (KHTML, like Gecko) Chrome/133.0.0.0 Safari/537.36"
162.241.176.232 - - [16/Jun/2026:03:16:09 +0000] "POST /wp-cron.php?doing_wp_cron=1781579769.3084049224853515625000 HTTP/1.1" 404 58105 "-" "WordPress/6.9.4; https://www.circuitorioantigo.com.br"
114.119.150.248 - - [16/Jun/2026:03:16:08 +0000] "GET /2015/08/16/blog-post/?share=facebook HTTP/1.1" 302 - "https://www.circuitorioantigo.com.br/2016/03/18/blog-post-2" "Mozilla/5.0 (Linux; Android 7.0;) AppleWebKit/537.36 (HTML, like Gecko) Mobile Safari/537.36 (compatible; PetalBot;+https://webmaster.petalsearch.com/site/petalbot)"
15.204.182.106 - - [16/Jun/2026:03:16:44 +0000] "GET / HTTP/1.1" 200 87718 "-" "Mozilla/5.0 (Windows NT 10.0; Win64; x64) AppleWebKit/537.36 (KHTML, like Gecko) Chrome/149.0.0.0 Safari/537.36"
207.154.222.236 - - [16/Jun/2026:03:20:33 +0000] "GET /wp-login.php HTTP/1.1" 200 11858 "-" "Mozilla/5.0 (X11; Linux x86_64) AppleWebKit/537.36 (KHTML, like Gecko) Chrome/133.0.0.0 Safari/537.36 Edg/133.0.0.0"
207.154.222.236 - - [16/Jun/2026:03:20:34 +0000] "POST /wp-login.php HTTP/1.1" 200 11858 "https://www.circuitorioantigo.com.br/wp-login.php" "Mozilla/5.0 (X11; Linux x86_64) AppleWebKit/537.36 (KHTML, like Gecko) Chrome/133.0.0.0 Safari/537.36 Edg/133.0.0.0"
89.58.31.106 - - [16/Jun/2026:03:21:27 +0000] "GET /wp-login.php HTTP/1.1" 200 11855 "-" "Mozilla/5.0 (X11; Ubuntu; Linux x86_64; rv:133.0) Gecko/20100101 Firefox/133.0"
89.58.31.106 - - [16/Jun/2026:03:21:28 +0000] "POST /wp-login.php HTTP/1.1" 200 11855 "https://circuitorioantigo.com.br/wp-login.php" "Mozilla/5.0 (X11; Ubuntu; Linux x86_64; rv:133.0) Gecko/20100101 Firefox/133.0"
162.241.176.232 - - [16/Jun/2026:03:27:02 +0000] "POST /wp-cron.php?doing_wp_cron=1781580422.7332398891448974609375 HTTP/1.1" 404 58105 "-" "WordPress/6.9.4; https://www.circuitorioantigo.com.br"
66.249.79.198 - - [16/Jun/2026:03:27:01 +0000] "GET /pages/contact-us/contact-us-02/ HTTP/1.1" 200 125587 "-" "Mozilla/5.0 (Linux; Android 6.0.1; Nexus 5X Build/MMB29P) AppleWebKit/537.36 (KHTML, like Gecko) Chrome/148.0.7778.96 Mobile Safari/537.36 (compatible; Googlebot/2.1; +http://www.google.com/bot.html)"
114.119.156.3 - - [16/Jun/2026:03:27:04 +0000] "GET /pf/branding-cosulting-14/ HTTP/1.1" 200 78983 "http://www.circuitorioantigo.com.br/pf/new-ui-kit-8" "Mozilla/5.0 (Linux; Android 7.0;) AppleWebKit/537.36 (HTML, like Gecko) Mobile Safari/537.36 (compatible; PetalBot;+https://webmaster.petalsearch.com/site/petalbot)"
185.191.171.16 - - [16/Jun/2026:03:27:35 +0000] "GET /2016/03/23/business-post-7/ HTTP/1.1" 200 74091 "-" "Mozilla/5.0 (compatible; SemrushBot/7~bl; +http://www.semrush.com/bot.html)"
162.241.176.232 - - [16/Jun/2026:03:28:22 +0000] "POST /wp-cron.php?doing_wp_cron=1781580502.1946840286254882812500 HTTP/1.1" 404 58105 "-" "WordPress/6.9.4; https://www.circuitorioantigo.com.br"
203.190.11.3 - - [16/Jun/2026:03:28:21 +0000] "GET /wp-login.php HTTP/1.1" 200 12819 "-" "Mozilla/5.0 (X11; CrOS x86_64 14541.0.0) AppleWebKit/537.36 (KHTML, like Gecko) Chrome/133.0.0.0 Safari/537.36"
162.241.176.232 - - [16/Jun/2026:03:28:22 +0000] "POST /wp-cron.php?doing_wp_cron=1781580502.4537351131439208984375 HTTP/1.1" 404 58105 "-" "WordPress/6.9.4; https://www.circuitorioantigo.com.br"
184.107.244.93 - - [16/Jun/2026:03:28:21 +0000] "GET /wp-login.php HTTP/1.1" 200 12885 "-" "Mozilla/5.0 (Macintosh; Intel Mac OS X 11_7_10) AppleWebKit/537.36 (KHTML, like Gecko) Chrome/133.0.0.0 Safari/537.36"
184.107.244.93 - - [16/Jun/2026:03:28:23 +0000] "POST /wp-login.php HTTP/1.1" 401 3510 "https://circuitorioantigo.com.br/wp-login.php" "Mozilla/5.0 (Macintosh; Intel Mac OS X 11_7_10) AppleWebKit/537.36 (KHTML, like Gecko) Chrome/133.0.0.0 Safari/537.36"
203.190.11.3 - - [16/Jun/2026:03:28:23 +0000] "POST /wp-login.php HTTP/1.1" 401 3510 "https://www.circuitorioantigo.com.br/wp-login.php" "Mozilla/5.0 (X11; CrOS x86_64 14541.0.0) AppleWebKit/537.36 (KHTML, like Gecko) Chrome/133.0.0.0 Safari/537.36"
165.245.185.54 - - [16/Jun/2026:03:30:40 +0000] "GET /wp-login.php HTTP/1.1" 200 11857 "-" "Mozilla/5.0 (Windows NT 10.0; Win64; x64) AppleWebKit/537.36 (KHTML, like Gecko) Chrome/120.0.0.0 Safari/537.36"
74.7.227.29 - - [16/Jun/2026:03:33:37 +0000] "GET /pf/photography-dark-16/ HTTP/1.1" 200 83151 "https://robuta.com" "Mozilla/5.0 AppleWebKit/537.36 (KHTML, like Gecko; compatible; GPTBot/1.4; +https://openai.com/gptbot)"
162.241.176.232 - - [16/Jun/2026:03:33:38 +0000] "POST /wp-cron.php?doing_wp_cron=1781580818.8861169815063476562500 HTTP/1.1" 404 16000 "-" "WordPress/6.9.4; https://www.circuitorioantigo.com.br"
57.141.0.29 - - [16/Jun/2026:03:33:38 +0000] "GET /pf/branding-cosulting/ HTTP/1.1" 200 86380 "-" "meta-externalagent/1.1 (+https://developers.facebook.com/docs/sharing/webmasters/crawler)"
162.241.176.232 - - [16/Jun/2026:03:33:39 +0000] "POST /wp-cron.php?doing_wp_cron=1781580819.1690330505371093750000 HTTP/1.1" 404 15678 "-" "WordPress/6.9.4; https://www.circuitorioantigo.com.br"
74.7.227.29 - - [16/Jun/2026:03:33:41 +0000] "GET /pf/photography-light-15/ HTTP/1.1" 200 90894 "https://www.circuitorioantigo.com.br/pf/photography-dark-16/" "Mozilla/5.0 AppleWebKit/537.36 (KHTML, like Gecko; compatible; GPTBot/1.4; +https://openai.com/gptbot)"
74.7.227.29 - - [16/Jun/2026:03:33:43 +0000] "GET /wp-json/oembed/1.0/embed?url=https%3A%2F%2Fwww.circuitorioantigo.com.br%2Fpf%2Fphotography-dark-16%2F HTTP/1.1" 200 2521 "https://www.circuitorioantigo.com.br/pf/photography-dark-16/" "Mozilla/5.0 AppleWebKit/537.36 (KHTML, like Gecko; compatible; GPTBot/1.4; +https://openai.com/gptbot)"
74.7.227.29 - - [16/Jun/2026:03:33:46 +0000] "GET /wp-json/oembed/1.0/embed?format=xml&url=https%3A%2F%2Fwww.circuitorioantigo.com.br%2Fpf%2Fphotography-dark-16%2F HTTP/1.1" 200 2705 "https://www.circuitorioantigo.com.br/pf/photography-dark-16/" "Mozilla/5.0 AppleWebKit/537.36 (KHTML, like Gecko; compatible; GPTBot/1.4; +https://openai.com/gptbot)"
74.7.227.29 - - [16/Jun/2026:03:33:48 +0000] "GET /pf/villa-for-rent-16/ HTTP/1.1" 200 105902 "https://www.circuitorioantigo.com.br/pf/photography-dark-16/" "Mozilla/5.0 AppleWebKit/537.36 (KHTML, like Gecko; compatible; GPTBot/1.4; +https://openai.com/gptbot)"
74.7.227.29 - - [16/Jun/2026:03:33:50 +0000] "GET /wp-content/themes/thegem/css/hovers/thegem-hovers-horizontal-sliding.css?ver=5.5.0 HTTP/1.1" 200 20481 "https://www.circuitorioantigo.com.br/pf/photography-dark-16/" "Mozilla/5.0 AppleWebKit/537.36 (KHTML, like Gecko; compatible; GPTBot/1.4; +https://openai.com/gptbot)"
74.7.227.29 - - [16/Jun/2026:03:33:52 +0000] "GET /wp-json/oembed/1.0/embed?url=https%3A%2F%2Fwww.circuitorioantigo.com.br%2Fpf%2Fphotography-light-15%2F HTTP/1.1" 200 2527 "https://www.circuitorioantigo.com.br/pf/photography-light-15/" "Mozilla/5.0 AppleWebKit/537.36 (KHTML, like Gecko; compatible; GPTBot/1.4; +https://openai.com/gptbot)"
74.7.227.29 - - [16/Jun/2026:03:33:54 +0000] "GET /wp-json/oembed/1.0/embed?format=xml&url=https%3A%2F%2Fwww.circuitorioantigo.com.br%2Fpf%2Fphotography-light-15%2F HTTP/1.1" 200 2711 "https://www.circuitorioantigo.com.br/pf/photography-light-15/" "Mozilla/5.0 AppleWebKit/537.36 (KHTML, like Gecko; compatible; GPTBot/1.4; +https://openai.com/gptbot)"
74.7.227.29 - - [16/Jun/2026:03:33:55 +0000] "GET /pf/web-project-13/ HTTP/1.1" 200 119909 "https://www.circuitorioantigo.com.br/pf/photography-light-15/" "Mozilla/5.0 AppleWebKit/537.36 (KHTML, like Gecko; compatible; GPTBot/1.4; +https://openai.com/gptbot)"
74.7.227.29 - - [16/Jun/2026:03:33:56 +0000] "GET /wp-content/themes/thegem/css/hovers/thegem-hovers-zooming-blur.css?ver=5.5.0 HTTP/1.1" 200 19924 "https://www.circuitorioantigo.com.br/pf/photography-light-15/" "Mozilla/5.0 AppleWebKit/537.36 (KHTML, like Gecko; compatible; GPTBot/1.4; +https://openai.com/gptbot)"
74.7.227.29 - - [16/Jun/2026:03:33:58 +0000] "GET /wp-json/oembed/1.0/embed?url=https%3A%2F%2Fwww.circuitorioantigo.com.br%2Fpf%2Fvilla-for-rent-16%2F HTTP/1.1" 200 2506 "https://www.circuitorioantigo.com.br/pf/villa-for-rent-16/" "Mozilla/5.0 AppleWebKit/537.36 (KHTML, like Gecko; compatible; GPTBot/1.4; +https://openai.com/gptbot)"
74.7.227.29 - - [16/Jun/2026:03:33:59 +0000] "GET /wp-json/oembed/1.0/embed?format=xml&url=https%3A%2F%2Fwww.circuitorioantigo.com.br%2Fpf%2Fvilla-for-rent-16%2F HTTP/1.1" 200 2694 "https://www.circuitorioantigo.com.br/pf/villa-for-rent-16/" "Mozilla/5.0 AppleWebKit/537.36 (KHTML, like Gecko; compatible; GPTBot/1.4; +https://openai.com/gptbot)"
74.7.227.29 - - [16/Jun/2026:03:34:00 +0000] "GET /pf/real-estate-02-14/ HTTP/1.1" 200 101018 "https://www.circuitorioantigo.com.br/pf/villa-for-rent-16/" "Mozilla/5.0 AppleWebKit/537.36 (KHTML, like Gecko; compatible; GPTBot/1.4; +https://openai.com/gptbot)"
74.7.227.29 - - [16/Jun/2026:03:34:01 +0000] "GET /wp-json/oembed/1.0/embed?format=xml&url=https%3A%2F%2Fwww.circuitorioantigo.com.br%2Fpf%2Fweb-project-13%2F HTTP/1.1" 200 2670 "https://www.circuitorioantigo.com.br/pf/web-project-13/" "Mozilla/5.0 AppleWebKit/537.36 (KHTML, like Gecko; compatible; GPTBot/1.4; +https://openai.com/gptbot)"
74.7.227.29 - - [16/Jun/2026:03:34:02 +0000] "GET /wp-json/oembed/1.0/embed?url=https%3A%2F%2Fwww.circuitorioantigo.com.br%2Fpf%2Fweb-project-13%2F HTTP/1.1" 200 2486 "https://www.circuitorioantigo.com.br/pf/web-project-13/" "Mozilla/5.0 AppleWebKit/537.36 (KHTML, like Gecko; compatible; GPTBot/1.4; +https://openai.com/gptbot)"
74.7.227.29 - - [16/Jun/2026:03:34:03 +0000] "GET /pf/new-ui-kit-8/ HTTP/1.1" 200 112989 "https://www.circuitorioantigo.com.br/pf/web-project-13/" "Mozilla/5.0 AppleWebKit/537.36 (KHTML, like Gecko; compatible; GPTBot/1.4; +https://openai.com/gptbot)"
74.7.227.29 - - [16/Jun/2026:03:34:04 +0000] "GET /wp-json/oembed/1.0/embed?url=https%3A%2F%2Fwww.circuitorioantigo.com.br%2Fpf%2Freal-estate-02-14%2F HTTP/1.1" 200 2505 "https://www.circuitorioantigo.com.br/pf/real-estate-02-14/" "Mozilla/5.0 AppleWebKit/537.36 (KHTML, like Gecko; compatible; GPTBot/1.4; +https://openai.com/gptbot)"
74.7.227.29 - - [16/Jun/2026:03:34:05 +0000] "GET /wp-json/oembed/1.0/embed?format=xml&url=https%3A%2F%2Fwww.circuitorioantigo.com.br%2Fpf%2Freal-estate-02-14%2F HTTP/1.1" 200 2693 "https://www.circuitorioantigo.com.br/pf/real-estate-02-14/" "Mozilla/5.0 AppleWebKit/537.36 (KHTML, like Gecko; compatible; GPTBot/1.4; +https://openai.com/gptbot)"
74.7.227.29 - - [16/Jun/2026:03:34:06 +0000] "GET /pf/branding-cosulting-15/ HTTP/1.1" 200 79892 "https://www.circuitorioantigo.com.br/pf/real-estate-02-14/" "Mozilla/5.0 AppleWebKit/537.36 (KHTML, like Gecko; compatible; GPTBot/1.4; +https://openai.com/gptbot)"
74.7.227.29 - - [16/Jun/2026:03:34:08 +0000] "GET /wp-json/oembed/1.0/embed?url=https%3A%2F%2Fwww.circuitorioantigo.com.br%2Fpf%2Fnew-ui-kit-8%2F HTTP/1.1" 200 2480 "https://www.circuitorioantigo.com.br/pf/new-ui-kit-8/" "Mozilla/5.0 AppleWebKit/537.36 (KHTML, like Gecko; compatible; GPTBot/1.4; +https://openai.com/gptbot)"
74.7.227.29 - - [16/Jun/2026:03:34:09 +0000] "GET /wp-json/oembed/1.0/embed?format=xml&url=https%3A%2F%2Fwww.circuitorioantigo.com.br%2Fpf%2Fnew-ui-kit-8%2F HTTP/1.1" 200 2664 "https://www.circuitorioantigo.com.br/pf/new-ui-kit-8/" "Mozilla/5.0 AppleWebKit/537.36 (KHTML, like Gecko; compatible; GPTBot/1.4; +https://openai.com/gptbot)"
74.7.227.29 - - [16/Jun/2026:03:34:09 +0000] "GET /pf/branding-cosulting-14/ HTTP/1.1" 200 78985 "https://www.circuitorioantigo.com.br/pf/new-ui-kit-8/" "Mozilla/5.0 AppleWebKit/537.36 (KHTML, like Gecko; compatible; GPTBot/1.4; +https://openai.com/gptbot)"
74.7.227.29 - - [16/Jun/2026:03:34:11 +0000] "GET /wp-json/oembed/1.0/embed?format=xml&url=https%3A%2F%2Fwww.circuitorioantigo.com.br%2Fpf%2Fbranding-cosulting-15%2F HTTP/1.1" 200 2717 "https://www.circuitorioantigo.com.br/pf/branding-cosulting-15/" "Mozilla/5.0 AppleWebKit/537.36 (KHTML, like Gecko; compatible; GPTBot/1.4; +https://openai.com/gptbot)"
74.7.227.29 - - [16/Jun/2026:03:34:12 +0000] "GET /wp-json/oembed/1.0/embed?url=https%3A%2F%2Fwww.circuitorioantigo.com.br%2Fpf%2Fbranding-cosulting-15%2F HTTP/1.1" 200 2531 "https://www.circuitorioantigo.com.br/pf/branding-cosulting-15/" "Mozilla/5.0 AppleWebKit/537.36 (KHTML, like Gecko; compatible; GPTBot/1.4; +https://openai.com/gptbot)"
74.7.227.29 - - [16/Jun/2026:03:34:13 +0000] "GET /pf/modern-clean-9/ HTTP/1.1" 200 80055 "https://www.circuitorioantigo.com.br/pf/branding-cosulting-15/" "Mozilla/5.0 AppleWebKit/537.36 (KHTML, like Gecko; compatible; GPTBot/1.4; +https://openai.com/gptbot)"
74.7.227.29 - - [16/Jun/2026:03:34:14 +0000] "GET /wp-json/oembed/1.0/embed?format=xml&url=https%3A%2F%2Fwww.circuitorioantigo.com.br%2Fpf%2Fbranding-cosulting-14%2F HTTP/1.1" 200 2720 "https://www.circuitorioantigo.com.br/pf/branding-cosulting-14/" "Mozilla/5.0 AppleWebKit/537.36 (KHTML, like Gecko; compatible; GPTBot/1.4; +https://openai.com/gptbot)"
74.7.227.29 - - [16/Jun/2026:03:34:15 +0000] "GET /wp-json/oembed/1.0/embed?url=https%3A%2F%2Fwww.circuitorioantigo.com.br%2Fpf%2Fbranding-cosulting-14%2F HTTP/1.1" 200 2534 "https://www.circuitorioantigo.com.br/pf/branding-cosulting-14/" "Mozilla/5.0 AppleWebKit/537.36 (KHTML, like Gecko; compatible; GPTBot/1.4; +https://openai.com/gptbot)"
74.7.227.29 - - [16/Jun/2026:03:34:16 +0000] "GET /pf/real-estate-02-16/ HTTP/1.1" 200 100236 "https://www.circuitorioantigo.com.br/pf/modern-clean-9/" "Mozilla/5.0 AppleWebKit/537.36 (KHTML, like Gecko; compatible; GPTBot/1.4; +https://openai.com/gptbot)"
74.7.227.29 - - [16/Jun/2026:03:34:17 +0000] "GET /wp-json/oembed/1.0/embed?url=https%3A%2F%2Fwww.circuitorioantigo.com.br%2Fpf%2Fmodern-clean-9%2F HTTP/1.1" 200 2509 "https://www.circuitorioantigo.com.br/pf/modern-clean-9/" "Mozilla/5.0 AppleWebKit/537.36 (KHTML, like Gecko; compatible; GPTBot/1.4; +https://openai.com/gptbot)"
74.7.227.29 - - [16/Jun/2026:03:34:18 +0000] "GET /wp-json/oembed/1.0/embed?format=xml&url=https%3A%2F%2Fwww.circuitorioantigo.com.br%2Fpf%2Fmodern-clean-9%2F HTTP/1.1" 200 2695 "https://www.circuitorioantigo.com.br/pf/modern-clean-9/" "Mozilla/5.0 AppleWebKit/537.36 (KHTML, like Gecko; compatible; GPTBot/1.4; +https://openai.com/gptbot)"
74.7.227.29 - - [16/Jun/2026:03:34:19 +0000] "GET /wp-json/oembed/1.0/embed?url=https%3A%2F%2Fwww.circuitorioantigo.com.br%2Fpf%2Freal-estate-02-16%2F HTTP/1.1" 200 2502 "https://www.circuitorioantigo.com.br/pf/real-estate-02-16/" "Mozilla/5.0 AppleWebKit/537.36 (KHTML, like Gecko; compatible; GPTBot/1.4; +https://openai.com/gptbot)"
74.7.227.29 - - [16/Jun/2026:03:34:20 +0000] "GET /pf/branding-cosulting-18/ HTTP/1.1" 200 79892 "https://www.circuitorioantigo.com.br/pf/real-estate-02-16/" "Mozilla/5.0 AppleWebKit/537.36 (KHTML, like Gecko; compatible; GPTBot/1.4; +https://openai.com/gptbot)"
74.7.227.29 - - [16/Jun/2026:03:34:21 +0000] "GET /wp-json/oembed/1.0/embed?format=xml&url=https%3A%2F%2Fwww.circuitorioantigo.com.br%2Fpf%2Freal-estate-02-16%2F HTTP/1.1" 200 2690 "https://www.circuitorioantigo.com.br/pf/real-estate-02-16/" "Mozilla/5.0 AppleWebKit/537.36 (KHTML, like Gecko; compatible; GPTBot/1.4; +https://openai.com/gptbot)"
74.7.227.29 - - [16/Jun/2026:03:34:22 +0000] "GET /pf/modern-clean-11/ HTTP/1.1" 200 80836 "https://www.circuitorioantigo.com.br/pf/branding-cosulting-18/" "Mozilla/5.0 AppleWebKit/537.36 (KHTML, like Gecko; compatible; GPTBot/1.4; +https://openai.com/gptbot)"
74.7.227.29 - - [16/Jun/2026:03:34:23 +0000] "GET /wp-json/oembed/1.0/embed?url=https%3A%2F%2Fwww.circuitorioantigo.com.br%2Fpf%2Fbranding-cosulting-18%2F HTTP/1.1" 200 2530 "https://www.circuitorioantigo.com.br/pf/branding-cosulting-18/" "Mozilla/5.0 AppleWebKit/537.36 (KHTML, like Gecko; compatible; GPTBot/1.4; +https://openai.com/gptbot)"
74.7.227.29 - - [16/Jun/2026:03:34:24 +0000] "GET /wp-json/oembed/1.0/embed?format=xml&url=https%3A%2F%2Fwww.circuitorioantigo.com.br%2Fpf%2Fbranding-cosulting-18%2F HTTP/1.1" 200 2716 "https://www.circuitorioantigo.com.br/pf/branding-cosulting-18/" "Mozilla/5.0 AppleWebKit/537.36 (KHTML, like Gecko; compatible; GPTBot/1.4; +https://openai.com/gptbot)"
74.7.227.29 - - [16/Jun/2026:03:34:25 +0000] "GET /wp-json/oembed/1.0/embed?url=https%3A%2F%2Fwww.circuitorioantigo.com.br%2Fpf%2Fmodern-clean-11%2F HTTP/1.1" 200 2509 "https://www.circuitorioantigo.com.br/pf/modern-clean-11/" "Mozilla/5.0 AppleWebKit/537.36 (KHTML, like Gecko; compatible; GPTBot/1.4; +https://openai.com/gptbot)"
74.7.227.29 - - [16/Jun/2026:03:34:26 +0000] "GET /wp-json/oembed/1.0/embed?format=xml&url=https%3A%2F%2Fwww.circuitorioantigo.com.br%2Fpf%2Fmodern-clean-11%2F HTTP/1.1" 200 2695 "https://www.circuitorioantigo.com.br/pf/modern-clean-11/" "Mozilla/5.0 AppleWebKit/537.36 (KHTML, like Gecko; compatible; GPTBot/1.4; +https://openai.com/gptbot)"
74.7.227.29 - - [16/Jun/2026:03:34:27 +0000] "GET /pf/sidebar-info-4/ HTTP/1.1" 200 80691 "https://www.circuitorioantigo.com.br/pf/modern-clean-11/" "Mozilla/5.0 AppleWebKit/537.36 (KHTML, like Gecko; compatible; GPTBot/1.4; +https://openai.com/gptbot)"
74.7.227.29 - - [16/Jun/2026:03:34:29 +0000] "GET /wp-json/oembed/1.0/embed?url=https%3A%2F%2Fwww.circuitorioantigo.com.br%2Fpf%2Fsidebar-info-4%2F HTTP/1.1" 200 2489 "https://www.circuitorioantigo.com.br/pf/sidebar-info-4/" "Mozilla/5.0 AppleWebKit/537.36 (KHTML, like Gecko; compatible; GPTBot/1.4; +https://openai.com/gptbot)"
74.7.227.29 - - [16/Jun/2026:03:34:30 +0000] "GET /wp-json/oembed/1.0/embed?format=xml&url=https%3A%2F%2Fwww.circuitorioantigo.com.br%2Fpf%2Fsidebar-info-4%2F HTTP/1.1" 200 2673 "https://www.circuitorioantigo.com.br/pf/sidebar-info-4/" "Mozilla/5.0 AppleWebKit/537.36 (KHTML, like Gecko; compatible; GPTBot/1.4; +https://openai.com/gptbot)"
74.7.227.29 - - [16/Jun/2026:03:34:31 +0000] "GET /pf/futuristic-one-9/ HTTP/1.1" 200 80348 "https://www.circuitorioantigo.com.br/pf/sidebar-info-4/" "Mozilla/5.0 AppleWebKit/537.36 (KHTML, like Gecko; compatible; GPTBot/1.4; +https://openai.com/gptbot)"
74.7.227.29 - - [16/Jun/2026:03:34:33 +0000] "GET /pf/app-development-10/ HTTP/1.1" 200 119038 "https://www.circuitorioantigo.com.br/pf/futuristic-one-9/" "Mozilla/5.0 AppleWebKit/537.36 (KHTML, like Gecko; compatible; GPTBot/1.4; +https://openai.com/gptbot)"
74.7.227.29 - - [16/Jun/2026:03:34:34 +0000] "GET /wp-json/oembed/1.0/embed?url=https%3A%2F%2Fwww.circuitorioantigo.com.br%2Fpf%2Ffuturistic-one-9%2F HTTP/1.1" 200 2493 "https://www.circuitorioantigo.com.br/pf/futuristic-one-9/" "Mozilla/5.0 AppleWebKit/537.36 (KHTML, like Gecko; compatible; GPTBot/1.4; +https://openai.com/gptbot)"
74.7.227.29 - - [16/Jun/2026:03:34:35 +0000] "GET /wp-json/oembed/1.0/embed?format=xml&url=https%3A%2F%2Fwww.circuitorioantigo.com.br%2Fpf%2Ffuturistic-one-9%2F HTTP/1.1" 200 2677 "https://www.circuitorioantigo.com.br/pf/futuristic-one-9/" "Mozilla/5.0 AppleWebKit/537.36 (KHTML, like Gecko; compatible; GPTBot/1.4; +https://openai.com/gptbot)"
74.7.227.29 - - [16/Jun/2026:03:34:36 +0000] "GET /wp-json/oembed/1.0/embed?format=xml&url=https%3A%2F%2Fwww.circuitorioantigo.com.br%2Fpf%2Fapp-development-10%2F HTTP/1.1" 200 2686 "https://www.circuitorioantigo.com.br/pf/app-development-10/" "Mozilla/5.0 AppleWebKit/537.36 (KHTML, like Gecko; compatible; GPTBot/1.4; +https://openai.com/gptbot)"
74.7.227.29 - - [16/Jun/2026:03:34:37 +0000] "GET /pf/app-development/ HTTP/1.1" 200 113860 "https://www.circuitorioantigo.com.br/pf/app-development-10/" "Mozilla/5.0 AppleWebKit/537.36 (KHTML, like Gecko; compatible; GPTBot/1.4; +https://openai.com/gptbot)"
162.241.176.232 - - [16/Jun/2026:03:34:39 +0000] "POST /wp-cron.php?doing_wp_cron=1781580879.8452539443969726562500 HTTP/1.1" 404 58105 "-" "WordPress/6.9.4; https://www.circuitorioantigo.com.br"
74.7.227.29 - - [16/Jun/2026:03:34:38 +0000] "GET /wp-json/oembed/1.0/embed?url=https%3A%2F%2Fwww.circuitorioantigo.com.br%2Fpf%2Fapp-development-10%2F HTTP/1.1" 200 2502 "https://www.circuitorioantigo.com.br/pf/app-development-10/" "Mozilla/5.0 AppleWebKit/537.36 (KHTML, like Gecko; compatible; GPTBot/1.4; +https://openai.com/gptbot)"
74.7.227.29 - - [16/Jun/2026:03:34:40 +0000] "GET /wp-json/oembed/1.0/embed?format=xml&url=https%3A%2F%2Fwww.circuitorioantigo.com.br%2Fpf%2Fapp-development%2F HTTP/1.1" 200 2466 "https://www.circuitorioantigo.com.br/pf/app-development/" "Mozilla/5.0 AppleWebKit/537.36 (KHTML, like Gecko; compatible; GPTBot/1.4; +https://openai.com/gptbot)"
74.7.227.29 - - [16/Jun/2026:03:34:41 +0000] "GET /wp-json/oembed/1.0/embed?url=https%3A%2F%2Fwww.circuitorioantigo.com.br%2Fpf%2Fapp-development%2F HTTP/1.1" 200 2323 "https://www.circuitorioantigo.com.br/pf/app-development/" "Mozilla/5.0 AppleWebKit/537.36 (KHTML, like Gecko; compatible; GPTBot/1.4; +https://openai.com/gptbot)"
74.7.227.29 - - [16/Jun/2026:03:34:42 +0000] "GET /pf/creative-projeck/ HTTP/1.1" 200 130569 "https://www.circuitorioantigo.com.br/pf/app-development/" "Mozilla/5.0 AppleWebKit/537.36 (KHTML, like Gecko; compatible; GPTBot/1.4; +https://openai.com/gptbot)"
74.7.227.29 - - [16/Jun/2026:03:34:44 +0000] "GET /wp-json/oembed/1.0/embed?format=xml&url=https%3A%2F%2Fwww.circuitorioantigo.com.br%2Fpf%2Fcreative-projeck%2F HTTP/1.1" 200 2701 "https://www.circuitorioantigo.com.br/pf/creative-projeck/" "Mozilla/5.0 AppleWebKit/537.36 (KHTML, like Gecko; compatible; GPTBot/1.4; +https://openai.com/gptbot)"
74.7.227.29 - - [16/Jun/2026:03:34:45 +0000] "GET /pf/advertising-ci/ HTTP/1.1" 200 81295 "https://www.circuitorioantigo.com.br/pf/creative-projeck/" "Mozilla/5.0 AppleWebKit/537.36 (KHTML, like Gecko; compatible; GPTBot/1.4; +https://openai.com/gptbot)"
74.7.227.29 - - [16/Jun/2026:03:34:47 +0000] "GET /wp-json/oembed/1.0/embed?url=https%3A%2F%2Fwww.circuitorioantigo.com.br%2Fpf%2Fcreative-projeck%2F HTTP/1.1" 200 2517 "https://www.circuitorioantigo.com.br/pf/creative-projeck/" "Mozilla/5.0 AppleWebKit/537.36 (KHTML, like Gecko; compatible; GPTBot/1.4; +https://openai.com/gptbot)"
74.7.227.29 - - [16/Jun/2026:03:34:47 +0000] "GET /wp-json/oembed/1.0/embed?format=xml&url=https%3A%2F%2Fwww.circuitorioantigo.com.br%2Fpf%2Fadvertising-ci%2F HTTP/1.1" 200 2765 "https://www.circuitorioantigo.com.br/pf/advertising-ci/" "Mozilla/5.0 AppleWebKit/537.36 (KHTML, like Gecko; compatible; GPTBot/1.4; +https://openai.com/gptbot)"
74.7.227.29 - - [16/Jun/2026:03:34:48 +0000] "GET /pf/branding-cosulting/ HTTP/1.1" 200 86396 "https://www.circuitorioantigo.com.br/pf/advertising-ci/" "Mozilla/5.0 AppleWebKit/537.36 (KHTML, like Gecko; compatible; GPTBot/1.4; +https://openai.com/gptbot)"
74.7.227.29 - - [16/Jun/2026:03:34:50 +0000] "GET /wp-json/oembed/1.0/embed?url=https%3A%2F%2Fwww.circuitorioantigo.com.br%2Fpf%2Fadvertising-ci%2F HTTP/1.1" 200 2579 "https://www.circuitorioantigo.com.br/pf/advertising-ci/" "Mozilla/5.0 AppleWebKit/537.36 (KHTML, like Gecko; compatible; GPTBot/1.4; +https://openai.com/gptbot)"
74.7.227.29 - - [16/Jun/2026:03:34:51 +0000] "GET /pf/clean-trendy-layout/ HTTP/1.1" 200 88047 "https://www.circuitorioantigo.com.br/pf/branding-cosulting/" "Mozilla/5.0 AppleWebKit/537.36 (KHTML, like Gecko; compatible; GPTBot/1.4; +https://openai.com/gptbot)"
74.7.227.29 - - [16/Jun/2026:03:34:52 +0000] "GET /wp-json/oembed/1.0/embed?format=xml&url=https%3A%2F%2Fwww.circuitorioantigo.com.br%2Fpf%2Fbranding-cosulting%2F HTTP/1.1" 200 2713 "https://www.circuitorioantigo.com.br/pf/branding-cosulting/" "Mozilla/5.0 AppleWebKit/537.36 (KHTML, like Gecko; compatible; GPTBot/1.4; +https://openai.com/gptbot)"
74.7.227.29 - - [16/Jun/2026:03:34:53 +0000] "GET /wp-json/oembed/1.0/embed?url=https%3A%2F%2Fwww.circuitorioantigo.com.br%2Fpf%2Fbranding-cosulting%2F HTTP/1.1" 200 2527 "https://www.circuitorioantigo.com.br/pf/branding-cosulting/" "Mozilla/5.0 AppleWebKit/537.36 (KHTML, like Gecko; compatible; GPTBot/1.4; +https://openai.com/gptbot)"
74.7.227.29 - - [16/Jun/2026:03:34:54 +0000] "GET /wp-json/oembed/1.0/embed?format=xml&url=https%3A%2F%2Fwww.circuitorioantigo.com.br%2Fpf%2Fclean-trendy-layout%2F HTTP/1.1" 200 2724 "https://www.circuitorioantigo.com.br/pf/clean-trendy-layout/" "Mozilla/5.0 AppleWebKit/537.36 (KHTML, like Gecko; compatible; GPTBot/1.4; +https://openai.com/gptbot)"
74.7.227.29 - - [16/Jun/2026:03:34:55 +0000] "GET /pf/photography-dark/ HTTP/1.1" 200 106698 "https://www.circuitorioantigo.com.br/pf/clean-trendy-layout/" "Mozilla/5.0 AppleWebKit/537.36 (KHTML, like Gecko; compatible; GPTBot/1.4; +https://openai.com/gptbot)"
74.7.227.29 - - [16/Jun/2026:03:34:56 +0000] "GET /wp-json/oembed/1.0/embed?url=https%3A%2F%2Fwww.circuitorioantigo.com.br%2Fpf%2Fclean-trendy-layout%2F HTTP/1.1" 200 2538 "https://www.circuitorioantigo.com.br/pf/clean-trendy-layout/" "Mozilla/5.0 AppleWebKit/537.36 (KHTML, like Gecko; compatible; GPTBot/1.4; +https://openai.com/gptbot)"
74.7.227.29 - - [16/Jun/2026:03:34:57 +0000] "GET /wp-json/oembed/1.0/embed?url=https%3A%2F%2Fwww.circuitorioantigo.com.br%2Fpf%2Fphotography-dark%2F HTTP/1.1" 200 2516 "https://www.circuitorioantigo.com.br/pf/photography-dark/" "Mozilla/5.0 AppleWebKit/537.36 (KHTML, like Gecko; compatible; GPTBot/1.4; +https://openai.com/gptbot)"
74.7.227.29 - - [16/Jun/2026:03:34:58 +0000] "GET /wp-json/oembed/1.0/embed?format=xml&url=https%3A%2F%2Fwww.circuitorioantigo.com.br%2Fpf%2Fphotography-dark%2F HTTP/1.1" 200 2700 "https://www.circuitorioantigo.com.br/pf/photography-dark/" "Mozilla/5.0 AppleWebKit/537.36 (KHTML, like Gecko; compatible; GPTBot/1.4; +https://openai.com/gptbot)"
74.7.227.29 - - [16/Jun/2026:03:34:59 +0000] "GET /pf/photography-light/ HTTP/1.1" 200 112773 "https://www.circuitorioantigo.com.br/pf/photography-dark/" "Mozilla/5.0 AppleWebKit/537.36 (KHTML, like Gecko; compatible; GPTBot/1.4; +https://openai.com/gptbot)"
74.7.227.29 - - [16/Jun/2026:03:35:01 +0000] "GET /wp-json/oembed/1.0/embed?format=xml&url=https%3A%2F%2Fwww.circuitorioantigo.com.br%2Fpf%2Fphotography-light%2F HTTP/1.1" 200 2706 "https://www.circuitorioantigo.com.br/pf/photography-light/" "Mozilla/5.0 AppleWebKit/537.36 (KHTML, like Gecko; compatible; GPTBot/1.4; +https://openai.com/gptbot)"
74.7.227.29 - - [16/Jun/2026:03:35:02 +0000] "GET /pf/clean-minimalism/ HTTP/1.1" 200 89297 "https://www.circuitorioantigo.com.br/pf/photography-light/" "Mozilla/5.0 AppleWebKit/537.36 (KHTML, like Gecko; compatible; GPTBot/1.4; +https://openai.com/gptbot)"
74.7.227.29 - - [16/Jun/2026:03:35:03 +0000] "GET /wp-json/oembed/1.0/embed?url=https%3A%2F%2Fwww.circuitorioantigo.com.br%2Fpf%2Fphotography-light%2F HTTP/1.1" 200 2522 "https://www.circuitorioantigo.com.br/pf/photography-light/" "Mozilla/5.0 AppleWebKit/537.36 (KHTML, like Gecko; compatible; GPTBot/1.4; +https://openai.com/gptbot)"
74.7.227.29 - - [16/Jun/2026:03:35:04 +0000] "GET /wp-json/oembed/1.0/embed?url=https%3A%2F%2Fwww.circuitorioantigo.com.br%2Fpf%2Fclean-minimalism%2F HTTP/1.1" 200 2502 "https://www.circuitorioantigo.com.br/pf/clean-minimalism/" "Mozilla/5.0 AppleWebKit/537.36 (KHTML, like Gecko; compatible; GPTBot/1.4; +https://openai.com/gptbot)"
74.7.227.29 - - [16/Jun/2026:03:35:05 +0000] "GET /wp-json/oembed/1.0/embed?format=xml&url=https%3A%2F%2Fwww.circuitorioantigo.com.br%2Fpf%2Fclean-minimalism%2F HTTP/1.1" 200 2686 "https://www.circuitorioantigo.com.br/pf/clean-minimalism/" "Mozilla/5.0 AppleWebKit/537.36 (KHTML, like Gecko; compatible; GPTBot/1.4; +https://openai.com/gptbot)"
