20.206.64.115 - - [16/Jun/2026:04:18:32 +0000] "GET /deepseek_d.php HTTP/1.1" 301 - "-" "Mozilla/5.0 (Windows NT 10.0; Win64; x64) AppleWebKit/537.36 (KHTML, like Gecko) Chrome/120.0.0.0 Safari/537.36"
20.206.64.115 - - [16/Jun/2026:04:18:34 +0000] "GET /function/function.php HTTP/1.1" 301 - "-" "Mozilla/5.0 (Windows NT 10.0; Win64; x64) AppleWebKit/537.36 (KHTML, like Gecko) Chrome/120.0.0.0 Safari/537.36"
20.206.64.115 - - [16/Jun/2026:04:18:35 +0000] "GET /nw.php HTTP/1.1" 301 - "-" "Mozilla/5.0 (Windows NT 10.0; Win64; x64) AppleWebKit/537.36 (KHTML, like Gecko) Chrome/120.0.0.0 Safari/537.36"
20.206.64.115 - - [16/Jun/2026:04:18:36 +0000] "GET /xleet.php HTTP/1.1" 301 - "-" "Mozilla/5.0 (Windows NT 10.0; Win64; x64) AppleWebKit/537.36 (KHTML, like Gecko) Chrome/120.0.0.0 Safari/537.36"
20.206.64.115 - - [16/Jun/2026:04:18:37 +0000] "GET /wp.php HTTP/1.1" 301 - "-" "Mozilla/5.0 (Windows NT 10.0; Win64; x64) AppleWebKit/537.36 (KHTML, like Gecko) Chrome/120.0.0.0 Safari/537.36"
20.206.64.115 - - [16/Jun/2026:04:18:38 +0000] "GET /155.php HTTP/1.1" 301 - "-" "Mozilla/5.0 (Windows NT 10.0; Win64; x64) AppleWebKit/537.36 (KHTML, like Gecko) Chrome/120.0.0.0 Safari/537.36"
20.206.64.115 - - [16/Jun/2026:04:18:39 +0000] "GET /96i.php HTTP/1.1" 301 - "-" "Mozilla/5.0 (Windows NT 10.0; Win64; x64) AppleWebKit/537.36 (KHTML, like Gecko) Chrome/120.0.0.0 Safari/537.36"
20.206.64.115 - - [16/Jun/2026:04:18:40 +0000] "GET /as.php HTTP/1.1" 301 - "-" "Mozilla/5.0 (Windows NT 10.0; Win64; x64) AppleWebKit/537.36 (KHTML, like Gecko) Chrome/120.0.0.0 Safari/537.36"
20.206.64.115 - - [16/Jun/2026:04:18:41 +0000] "GET /min.php HTTP/1.1" 301 - "-" "Mozilla/5.0 (Windows NT 10.0; Win64; x64) AppleWebKit/537.36 (KHTML, like Gecko) Chrome/120.0.0.0 Safari/537.36"
20.206.64.115 - - [16/Jun/2026:04:18:42 +0000] "GET /.well-known/ HTTP/1.1" 200 830 "-" "Mozilla/5.0 (Windows NT 10.0; Win64; x64) AppleWebKit/537.36 (KHTML, like Gecko) Chrome/120.0.0.0 Safari/537.36"
20.206.64.115 - - [16/Jun/2026:04:18:42 +0000] "GET /php8.php HTTP/1.1" 301 - "-" "Mozilla/5.0 (Windows NT 10.0; Win64; x64) AppleWebKit/537.36 (KHTML, like Gecko) Chrome/120.0.0.0 Safari/537.36"
20.206.64.115 - - [16/Jun/2026:04:18:43 +0000] "GET /wp-content/admin.php HTTP/1.1" 301 - "-" "Mozilla/5.0 (Windows NT 10.0; Win64; x64) AppleWebKit/537.36 (KHTML, like Gecko) Chrome/120.0.0.0 Safari/537.36"
20.206.64.115 - - [16/Jun/2026:04:18:44 +0000] "GET /222.php HTTP/1.1" 301 - "-" "Mozilla/5.0 (Windows NT 10.0; Win64; x64) AppleWebKit/537.36 (KHTML, like Gecko) Chrome/120.0.0.0 Safari/537.36"
20.206.64.115 - - [16/Jun/2026:04:18:45 +0000] "GET /wp-content/themes/pridmag/il.php HTTP/1.1" 301 - "-" "Mozilla/5.0 (Windows NT 10.0; Win64; x64) AppleWebKit/537.36 (KHTML, like Gecko) Chrome/120.0.0.0 Safari/537.36"
20.206.64.115 - - [16/Jun/2026:04:18:46 +0000] "GET /info.php HTTP/1.1" 301 - "-" "Mozilla/5.0 (Windows NT 10.0; Win64; x64) AppleWebKit/537.36 (KHTML, like Gecko) Chrome/120.0.0.0 Safari/537.36"
20.206.64.115 - - [16/Jun/2026:04:18:47 +0000] "GET /a.php HTTP/1.1" 301 - "-" "Mozilla/5.0 (Windows NT 10.0; Win64; x64) AppleWebKit/537.36 (KHTML, like Gecko) Chrome/120.0.0.0 Safari/537.36"
20.206.64.115 - - [16/Jun/2026:04:18:48 +0000] "GET /chosen.php HTTP/1.1" 301 - "-" "Mozilla/5.0 (Windows NT 10.0; Win64; x64) AppleWebKit/537.36 (KHTML, like Gecko) Chrome/120.0.0.0 Safari/537.36"
20.206.64.115 - - [16/Jun/2026:04:18:49 +0000] "GET /wp-content/index.php HTTP/1.1" 200 - "-" "Mozilla/5.0 (Windows NT 10.0; Win64; x64) AppleWebKit/537.36 (KHTML, like Gecko) Chrome/120.0.0.0 Safari/537.36"
20.206.64.115 - - [16/Jun/2026:04:18:49 +0000] "GET /vx.php HTTP/1.1" 301 - "-" "Mozilla/5.0 (Windows NT 10.0; Win64; x64) AppleWebKit/537.36 (KHTML, like Gecko) Chrome/120.0.0.0 Safari/537.36"
20.206.64.115 - - [16/Jun/2026:04:18:50 +0000] "GET /admin/controller/extension/ HTTP/1.1" 301 - "-" "Mozilla/5.0 (Windows NT 10.0; Win64; x64) AppleWebKit/537.36 (KHTML, like Gecko) Chrome/120.0.0.0 Safari/537.36"
20.206.64.115 - - [16/Jun/2026:04:18:51 +0000] "GET /wap.php HTTP/1.1" 301 - "-" "Mozilla/5.0 (Windows NT 10.0; Win64; x64) AppleWebKit/537.36 (KHTML, like Gecko) Chrome/120.0.0.0 Safari/537.36"
20.206.64.115 - - [16/Jun/2026:04:18:52 +0000] "GET /wp-admin/wp.php HTTP/1.1" 301 - "-" "Mozilla/5.0 (Windows NT 10.0; Win64; x64) AppleWebKit/537.36 (KHTML, like Gecko) Chrome/120.0.0.0 Safari/537.36"
20.206.64.115 - - [16/Jun/2026:04:18:53 +0000] "GET /bgymj.php HTTP/1.1" 301 - "-" "Mozilla/5.0 (Windows NT 10.0; Win64; x64) AppleWebKit/537.36 (KHTML, like Gecko) Chrome/120.0.0.0 Safari/537.36"
20.206.64.115 - - [16/Jun/2026:04:18:54 +0000] "GET /aa.php HTTP/1.1" 301 - "-" "Mozilla/5.0 (Windows NT 10.0; Win64; x64) AppleWebKit/537.36 (KHTML, like Gecko) Chrome/120.0.0.0 Safari/537.36"
20.206.64.115 - - [16/Jun/2026:04:18:55 +0000] "GET /wp-mail.php HTTP/1.1" 301 - "-" "Mozilla/5.0 (Windows NT 10.0; Win64; x64) AppleWebKit/537.36 (KHTML, like Gecko) Chrome/120.0.0.0 Safari/537.36"
20.206.64.115 - - [16/Jun/2026:04:18:56 +0000] "GET /bolt.php HTTP/1.1" 301 - "-" "Mozilla/5.0 (Windows NT 10.0; Win64; x64) AppleWebKit/537.36 (KHTML, like Gecko) Chrome/120.0.0.0 Safari/537.36"
20.206.64.115 - - [16/Jun/2026:04:18:57 +0000] "GET /bthil.php HTTP/1.1" 301 - "-" "Mozilla/5.0 (Windows NT 10.0; Win64; x64) AppleWebKit/537.36 (KHTML, like Gecko) Chrome/120.0.0.0 Safari/537.36"
20.206.64.115 - - [16/Jun/2026:04:18:58 +0000] "GET /cgi-bin/ HTTP/1.1" 301 - "-" "Mozilla/5.0 (Windows NT 10.0; Win64; x64) AppleWebKit/537.36 (KHTML, like Gecko) Chrome/120.0.0.0 Safari/537.36"
20.206.64.115 - - [16/Jun/2026:04:18:59 +0000] "GET /x.php HTTP/1.1" 301 - "-" "Mozilla/5.0 (Windows NT 10.0; Win64; x64) AppleWebKit/537.36 (KHTML, like Gecko) Chrome/120.0.0.0 Safari/537.36"
20.206.64.115 - - [16/Jun/2026:04:19:00 +0000] "GET /index/function.php HTTP/1.1" 301 - "-" "Mozilla/5.0 (Windows NT 10.0; Win64; x64) AppleWebKit/537.36 (KHTML, like Gecko) Chrome/120.0.0.0 Safari/537.36"
20.206.64.115 - - [16/Jun/2026:04:19:01 +0000] "GET /aaa.php HTTP/1.1" 301 - "-" "Mozilla/5.0 (Windows NT 10.0; Win64; x64) AppleWebKit/537.36 (KHTML, like Gecko) Chrome/120.0.0.0 Safari/537.36"
20.206.64.115 - - [16/Jun/2026:04:19:02 +0000] "GET /abcd.php HTTP/1.1" 301 - "-" "Mozilla/5.0 (Windows NT 10.0; Win64; x64) AppleWebKit/537.36 (KHTML, like Gecko) Chrome/120.0.0.0 Safari/537.36"
20.206.64.115 - - [16/Jun/2026:04:19:03 +0000] "GET /wp-good.php HTTP/1.1" 301 - "-" "Mozilla/5.0 (Windows NT 10.0; Win64; x64) AppleWebKit/537.36 (KHTML, like Gecko) Chrome/120.0.0.0 Safari/537.36"
20.206.64.115 - - [16/Jun/2026:04:19:04 +0000] "GET /simple.php HTTP/1.1" 301 - "-" "Mozilla/5.0 (Windows NT 10.0; Win64; x64) AppleWebKit/537.36 (KHTML, like Gecko) Chrome/120.0.0.0 Safari/537.36"
20.206.64.115 - - [16/Jun/2026:04:19:05 +0000] "GET /edit-tags.php HTTP/1.1" 301 - "-" "Mozilla/5.0 (Windows NT 10.0; Win64; x64) AppleWebKit/537.36 (KHTML, like Gecko) Chrome/120.0.0.0 Safari/537.36"
20.206.64.115 - - [16/Jun/2026:04:19:06 +0000] "GET /u.php HTTP/1.1" 301 - "-" "Mozilla/5.0 (Windows NT 10.0; Win64; x64) AppleWebKit/537.36 (KHTML, like Gecko) Chrome/120.0.0.0 Safari/537.36"
20.206.64.115 - - [16/Jun/2026:04:19:07 +0000] "GET /wp-content/themes/admin.php HTTP/1.1" 301 - "-" "Mozilla/5.0 (Windows NT 10.0; Win64; x64) AppleWebKit/537.36 (KHTML, like Gecko) Chrome/120.0.0.0 Safari/537.36"
20.206.64.115 - - [16/Jun/2026:04:19:08 +0000] "GET /h.php HTTP/1.1" 301 - "-" "Mozilla/5.0 (Windows NT 10.0; Win64; x64) AppleWebKit/537.36 (KHTML, like Gecko) Chrome/120.0.0.0 Safari/537.36"
20.206.64.115 - - [16/Jun/2026:04:19:09 +0000] "GET /ms-edit.php HTTP/1.1" 301 - "-" "Mozilla/5.0 (Windows NT 10.0; Win64; x64) AppleWebKit/537.36 (KHTML, like Gecko) Chrome/120.0.0.0 Safari/537.36"
20.206.64.115 - - [16/Jun/2026:04:19:10 +0000] "GET /a7.php HTTP/1.1" 301 - "-" "Mozilla/5.0 (Windows NT 10.0; Win64; x64) AppleWebKit/537.36 (KHTML, like Gecko) Chrome/120.0.0.0 Safari/537.36"
20.206.64.115 - - [16/Jun/2026:04:19:11 +0000] "GET /manager.php HTTP/1.1" 301 - "-" "Mozilla/5.0 (Windows NT 10.0; Win64; x64) AppleWebKit/537.36 (KHTML, like Gecko) Chrome/120.0.0.0 Safari/537.36"
20.206.64.115 - - [16/Jun/2026:04:19:12 +0000] "GET /w1.php HTTP/1.1" 301 - "-" "Mozilla/5.0 (Windows NT 10.0; Win64; x64) AppleWebKit/537.36 (KHTML, like Gecko) Chrome/120.0.0.0 Safari/537.36"
20.206.64.115 - - [16/Jun/2026:04:19:13 +0000] "GET /wp-includes/fonts/ HTTP/1.1" 200 1579 "-" "Mozilla/5.0 (Windows NT 10.0; Win64; x64) AppleWebKit/537.36 (KHTML, like Gecko) Chrome/120.0.0.0 Safari/537.36"
20.206.64.115 - - [16/Jun/2026:04:19:13 +0000] "GET /wp-login.php HTTP/1.1" 200 12331 "-" "Mozilla/5.0 (Windows NT 10.0; Win64; x64) AppleWebKit/537.36 (KHTML, like Gecko) Chrome/120.0.0.0 Safari/537.36"
162.241.176.232 - - [16/Jun/2026:04:19:15 +0000] "POST /wp-cron.php?doing_wp_cron=1781583555.8521180152893066406250 HTTP/1.1" 404 58105 "-" "WordPress/6.9.4; https://www.circuitorioantigo.com.br"
20.206.64.115 - - [16/Jun/2026:04:19:15 +0000] "GET /default.php HTTP/1.1" 301 - "-" "Mozilla/5.0 (Windows NT 10.0; Win64; x64) AppleWebKit/537.36 (KHTML, like Gecko) Chrome/120.0.0.0 Safari/537.36"
20.206.64.115 - - [16/Jun/2026:04:19:16 +0000] "GET /i.php HTTP/1.1" 301 - "-" "Mozilla/5.0 (Windows NT 10.0; Win64; x64) AppleWebKit/537.36 (KHTML, like Gecko) Chrome/120.0.0.0 Safari/537.36"
20.206.64.115 - - [16/Jun/2026:04:19:17 +0000] "GET /wp-content/uploads/ HTTP/1.1" 200 3839 "-" "Mozilla/5.0 (Windows NT 10.0; Win64; x64) AppleWebKit/537.36 (KHTML, like Gecko) Chrome/120.0.0.0 Safari/537.36"
20.206.64.115 - - [16/Jun/2026:04:19:18 +0000] "GET /wp-includes/Requests/library/index.php HTTP/1.1" 301 - "-" "Mozilla/5.0 (Windows NT 10.0; Win64; x64) AppleWebKit/537.36 (KHTML, like Gecko) Chrome/120.0.0.0 Safari/537.36"
20.206.64.115 - - [16/Jun/2026:04:19:19 +0000] "GET /wp-content/themes/index.php HTTP/1.1" 200 - "-" "Mozilla/5.0 (Windows NT 10.0; Win64; x64) AppleWebKit/537.36 (KHTML, like Gecko) Chrome/120.0.0.0 Safari/537.36"
20.206.64.115 - - [16/Jun/2026:04:19:19 +0000] "GET /gecko-new.php HTTP/1.1" 301 - "-" "Mozilla/5.0 (Windows NT 10.0; Win64; x64) AppleWebKit/537.36 (KHTML, like Gecko) Chrome/120.0.0.0 Safari/537.36"
20.206.64.115 - - [16/Jun/2026:04:19:20 +0000] "GET /NewFile.php HTTP/1.1" 301 - "-" "Mozilla/5.0 (Windows NT 10.0; Win64; x64) AppleWebKit/537.36 (KHTML, like Gecko) Chrome/120.0.0.0 Safari/537.36"
20.206.64.115 - - [16/Jun/2026:04:19:21 +0000] "GET /wp-Blogs.php HTTP/1.1" 301 - "-" "Mozilla/5.0 (Windows NT 10.0; Win64; x64) AppleWebKit/537.36 (KHTML, like Gecko) Chrome/120.0.0.0 Safari/537.36"
20.206.64.115 - - [16/Jun/2026:04:19:22 +0000] "GET /wp-includes/fonts/index.php HTTP/1.1" 301 - "-" "Mozilla/5.0 (Windows NT 10.0; Win64; x64) AppleWebKit/537.36 (KHTML, like Gecko) Chrome/120.0.0.0 Safari/537.36"
20.206.64.115 - - [16/Jun/2026:04:19:24 +0000] "GET /themes.php HTTP/1.1" 301 - "-" "Mozilla/5.0 (Windows NT 10.0; Win64; x64) AppleWebKit/537.36 (KHTML, like Gecko) Chrome/120.0.0.0 Safari/537.36"
20.206.64.115 - - [16/Jun/2026:04:19:25 +0000] "GET /cv.php HTTP/1.1" 301 - "-" "Mozilla/5.0 (Windows NT 10.0; Win64; x64) AppleWebKit/537.36 (KHTML, like Gecko) Chrome/120.0.0.0 Safari/537.36"
20.206.64.115 - - [16/Jun/2026:04:19:26 +0000] "GET /wp-admin/js/ HTTP/1.1" 200 18718 "-" "Mozilla/5.0 (Windows NT 10.0; Win64; x64) AppleWebKit/537.36 (KHTML, like Gecko) Chrome/120.0.0.0 Safari/537.36"
20.206.64.115 - - [16/Jun/2026:04:19:26 +0000] "GET /wp-content/uploads/index.php HTTP/1.1" 301 - "-" "Mozilla/5.0 (Windows NT 10.0; Win64; x64) AppleWebKit/537.36 (KHTML, like Gecko) Chrome/120.0.0.0 Safari/537.36"
20.206.64.115 - - [16/Jun/2026:04:19:27 +0000] "GET /ws83.php HTTP/1.1" 301 - "-" "Mozilla/5.0 (Windows NT 10.0; Win64; x64) AppleWebKit/537.36 (KHTML, like Gecko) Chrome/120.0.0.0 Safari/537.36"
20.206.64.115 - - [16/Jun/2026:04:19:28 +0000] "GET /atex1.php HTTP/1.1" 301 - "-" "Mozilla/5.0 (Windows NT 10.0; Win64; x64) AppleWebKit/537.36 (KHTML, like Gecko) Chrome/120.0.0.0 Safari/537.36"
20.206.64.115 - - [16/Jun/2026:04:19:29 +0000] "GET /class-t.api.php HTTP/1.1" 301 - "-" "Mozilla/5.0 (Windows NT 10.0; Win64; x64) AppleWebKit/537.36 (KHTML, like Gecko) Chrome/120.0.0.0 Safari/537.36"
20.206.64.115 - - [16/Jun/2026:04:19:30 +0000] "GET /w.php HTTP/1.1" 301 - "-" "Mozilla/5.0 (Windows NT 10.0; Win64; x64) AppleWebKit/537.36 (KHTML, like Gecko) Chrome/120.0.0.0 Safari/537.36"
20.206.64.115 - - [16/Jun/2026:04:19:31 +0000] "GET /archive.php HTTP/1.1" 301 - "-" "Mozilla/5.0 (Windows NT 10.0; Win64; x64) AppleWebKit/537.36 (KHTML, like Gecko) Chrome/120.0.0.0 Safari/537.36"
20.206.64.115 - - [16/Jun/2026:04:19:32 +0000] "GET /bless.php HTTP/1.1" 301 - "-" "Mozilla/5.0 (Windows NT 10.0; Win64; x64) AppleWebKit/537.36 (KHTML, like Gecko) Chrome/120.0.0.0 Safari/537.36"
20.206.64.115 - - [16/Jun/2026:04:19:33 +0000] "GET /sagax1.php HTTP/1.1" 301 - "-" "Mozilla/5.0 (Windows NT 10.0; Win64; x64) AppleWebKit/537.36 (KHTML, like Gecko) Chrome/120.0.0.0 Safari/537.36"
20.206.64.115 - - [16/Jun/2026:04:19:34 +0000] "GET /wpc.php HTTP/1.1" 301 - "-" "Mozilla/5.0 (Windows NT 10.0; Win64; x64) AppleWebKit/537.36 (KHTML, like Gecko) Chrome/120.0.0.0 Safari/537.36"
20.206.64.115 - - [16/Jun/2026:04:19:35 +0000] "GET /fone1.php HTTP/1.1" 301 - "-" "Mozilla/5.0 (Windows NT 10.0; Win64; x64) AppleWebKit/537.36 (KHTML, like Gecko) Chrome/120.0.0.0 Safari/537.36"
20.206.64.115 - - [16/Jun/2026:04:19:36 +0000] "GET /ncx.php HTTP/1.1" 301 - "-" "Mozilla/5.0 (Windows NT 10.0; Win64; x64) AppleWebKit/537.36 (KHTML, like Gecko) Chrome/120.0.0.0 Safari/537.36"
20.206.64.115 - - [16/Jun/2026:04:19:38 +0000] "GET /wp-admin/js/index.php HTTP/1.1" 301 - "-" "Mozilla/5.0 (Windows NT 10.0; Win64; x64) AppleWebKit/537.36 (KHTML, like Gecko) Chrome/120.0.0.0 Safari/537.36"
20.206.64.115 - - [16/Jun/2026:04:19:39 +0000] "GET /wso.php HTTP/1.1" 301 - "-" "Mozilla/5.0 (Windows NT 10.0; Win64; x64) AppleWebKit/537.36 (KHTML, like Gecko) Chrome/120.0.0.0 Safari/537.36"
20.206.64.115 - - [16/Jun/2026:04:19:40 +0000] "GET /zup.php73 HTTP/1.1" 301 - "-" "Mozilla/5.0 (Windows NT 10.0; Win64; x64) AppleWebKit/537.36 (KHTML, like Gecko) Chrome/120.0.0.0 Safari/537.36"
20.206.64.115 - - [16/Jun/2026:04:19:41 +0000] "GET /k.php HTTP/1.1" 301 - "-" "Mozilla/5.0 (Windows NT 10.0; Win64; x64) AppleWebKit/537.36 (KHTML, like Gecko) Chrome/120.0.0.0 Safari/537.36"
20.206.64.115 - - [16/Jun/2026:04:19:42 +0000] "GET /wp-blink.php HTTP/1.1" 301 - "-" "Mozilla/5.0 (Windows NT 10.0; Win64; x64) AppleWebKit/537.36 (KHTML, like Gecko) Chrome/120.0.0.0 Safari/537.36"
20.206.64.115 - - [16/Jun/2026:04:19:43 +0000] "GET /randkeyword.PhP7 HTTP/1.1" 301 - "-" "Mozilla/5.0 (Windows NT 10.0; Win64; x64) AppleWebKit/537.36 (KHTML, like Gecko) Chrome/120.0.0.0 Safari/537.36"
20.206.64.115 - - [16/Jun/2026:04:19:44 +0000] "GET /wp-admin/css/colors/ectoplasm/ HTTP/1.1" 200 1610 "-" "Mozilla/5.0 (Windows NT 10.0; Win64; x64) AppleWebKit/537.36 (KHTML, like Gecko) Chrome/120.0.0.0 Safari/537.36"
20.206.64.115 - - [16/Jun/2026:04:19:44 +0000] "GET /wp-content/ HTTP/1.1" 200 - "-" "Mozilla/5.0 (Windows NT 10.0; Win64; x64) AppleWebKit/537.36 (KHTML, like Gecko) Chrome/120.0.0.0 Safari/537.36"
20.206.64.115 - - [16/Jun/2026:04:19:44 +0000] "GET /ww5.php HTTP/1.1" 301 - "-" "Mozilla/5.0 (Windows NT 10.0; Win64; x64) AppleWebKit/537.36 (KHTML, like Gecko) Chrome/120.0.0.0 Safari/537.36"
20.206.64.115 - - [16/Jun/2026:04:19:45 +0000] "GET /2.php HTTP/1.1" 301 - "-" "Mozilla/5.0 (Windows NT 10.0; Win64; x64) AppleWebKit/537.36 (KHTML, like Gecko) Chrome/120.0.0.0 Safari/537.36"
20.206.64.115 - - [16/Jun/2026:04:19:46 +0000] "GET /wp-admin/classwithtostring.php HTTP/1.1" 301 - "-" "Mozilla/5.0 (Windows NT 10.0; Win64; x64) AppleWebKit/537.36 (KHTML, like Gecko) Chrome/120.0.0.0 Safari/537.36"
20.206.64.115 - - [16/Jun/2026:04:19:47 +0000] "GET /atomlib.php HTTP/1.1" 301 - "-" "Mozilla/5.0 (Windows NT 10.0; Win64; x64) AppleWebKit/537.36 (KHTML, like Gecko) Chrome/120.0.0.0 Safari/537.36"
20.206.64.115 - - [16/Jun/2026:04:19:48 +0000] "GET /rip.php HTTP/1.1" 301 - "-" "Mozilla/5.0 (Windows NT 10.0; Win64; x64) AppleWebKit/537.36 (KHTML, like Gecko) Chrome/120.0.0.0 Safari/537.36"
20.206.64.115 - - [16/Jun/2026:04:19:49 +0000] "GET /p.php HTTP/1.1" 301 - "-" "Mozilla/5.0 (Windows NT 10.0; Win64; x64) AppleWebKit/537.36 (KHTML, like Gecko) Chrome/120.0.0.0 Safari/537.36"
20.206.64.115 - - [16/Jun/2026:04:19:50 +0000] "GET /php.php HTTP/1.1" 301 - "-" "Mozilla/5.0 (Windows NT 10.0; Win64; x64) AppleWebKit/537.36 (KHTML, like Gecko) Chrome/120.0.0.0 Safari/537.36"
114.119.156.3 - - [16/Jun/2026:04:21:22 +0000] "GET /2014/01/16/sticky-blog-post/ HTTP/1.1" 200 143483 "https://www.circuitorioantigo.com.br/tag/media/page/5/" "Mozilla/5.0 (Linux; Android 7.0;) AppleWebKit/537.36 (HTML, like Gecko) Mobile Safari/537.36 (compatible; PetalBot;+https://webmaster.petalsearch.com/site/petalbot)"
78.142.18.172 - - [16/Jun/2026:04:21:44 +0000] "GET /wp-login.php HTTP/1.1" 200 11856 "-" "Mozilla/5.0 (Windows NT 10.0; Win64; x64) AppleWebKit/537.36 (KHTML, like Gecko) Chrome/133.0.0.0 Safari/537.36 Edg/133.0.0.0"
78.142.18.172 - - [16/Jun/2026:04:21:46 +0000] "POST /wp-login.php HTTP/1.1" 200 11856 "https://circuitorioantigo.com.br/wp-login.php" "Mozilla/5.0 (Windows NT 10.0; Win64; x64) AppleWebKit/537.36 (KHTML, like Gecko) Chrome/133.0.0.0 Safari/537.36 Edg/133.0.0.0"
210.211.99.176 - - [16/Jun/2026:04:22:26 +0000] "GET /wp-login.php HTTP/1.1" 200 11857 "-" "Mozilla/5.0 (Windows NT 10.0; WOW64) AppleWebKit/537.36 (KHTML, like Gecko) Chrome/133.0.0.0 Safari/537.36"
210.211.99.176 - - [16/Jun/2026:04:22:27 +0000] "POST /wp-login.php HTTP/1.1" 200 11857 "https://www.circuitorioantigo.com.br/wp-login.php" "Mozilla/5.0 (Windows NT 10.0; WOW64) AppleWebKit/537.36 (KHTML, like Gecko) Chrome/133.0.0.0 Safari/537.36"
162.241.176.232 - - [16/Jun/2026:04:26:44 +0000] "POST /wp-cron.php?doing_wp_cron=1781584004.0850839614868164062500 HTTP/1.1" 404 15678 "-" "WordPress/6.9.4; https://www.circuitorioantigo.com.br"
46.105.39.49 - - [16/Jun/2026:04:26:42 +0000] "GET /robots.txt HTTP/1.1" 301 - "-" "Mozilla/5.0 (compatible; MJ12bot/v2.0.5; http://mj12bot.com/)"
46.105.39.49 - - [16/Jun/2026:04:26:45 +0000] "GET /robots.txt HTTP/1.1" 200 307 "-" "Mozilla/5.0 (compatible; MJ12bot/v2.0.5; http://mj12bot.com/)"
46.105.39.49 - - [16/Jun/2026:04:26:46 +0000] "GET / HTTP/1.1" 301 - "-" "Mozilla/5.0 (compatible; MJ12bot/v2.0.5; http://mj12bot.com/)"
46.105.39.49 - - [16/Jun/2026:04:26:48 +0000] "GET / HTTP/1.1" 200 87712 "-" "Mozilla/5.0 (compatible; MJ12bot/v2.0.5; http://mj12bot.com/)"
213.171.208.62 - - [16/Jun/2026:04:29:37 +0000] "GET /wp-login.php HTTP/1.1" 200 11857 "-" "Mozilla/5.0 (Windows NT 10.0; Win64; x64) AppleWebKit/537.36 (KHTML, like Gecko) Chrome/133.0.0.0 Safari/537.36 Edg/133.0.0.0"
213.171.208.62 - - [16/Jun/2026:04:29:38 +0000] "POST /wp-login.php HTTP/1.1" 200 11857 "https://circuitorioantigo.com.br/wp-login.php" "Mozilla/5.0 (Windows NT 10.0; Win64; x64) AppleWebKit/537.36 (KHTML, like Gecko) Chrome/133.0.0.0 Safari/537.36 Edg/133.0.0.0"
78.142.18.172 - - [16/Jun/2026:04:30:19 +0000] "GET /wp-login.php HTTP/1.1" 200 11856 "-" "Mozilla/5.0 (Macintosh; Intel Mac OS X 10_15_7) AppleWebKit/537.36 (KHTML, like Gecko) Chrome/133.0.0.0 Safari/537.36 Edg/133.0.0.0"
78.142.18.172 - - [16/Jun/2026:04:30:19 +0000] "POST /wp-login.php HTTP/1.1" 200 11856 "https://www.circuitorioantigo.com.br/wp-login.php" "Mozilla/5.0 (Macintosh; Intel Mac OS X 10_15_7) AppleWebKit/537.36 (KHTML, like Gecko) Chrome/133.0.0.0 Safari/537.36 Edg/133.0.0.0"
162.241.176.232 - - [16/Jun/2026:04:31:28 +0000] "POST /wp-cron.php?doing_wp_cron=1781584288.0897510051727294921875 HTTP/1.1" 404 58105 "-" "WordPress/6.9.4; https://www.circuitorioantigo.com.br"
57.141.0.23 - - [16/Jun/2026:04:31:26 +0000] "GET /pf/branding-cosulting-18/ HTTP/1.1" 200 79894 "-" "meta-externalagent/1.1 (+https://developers.facebook.com/docs/sharing/webmasters/crawler)"
114.119.140.115 - - [16/Jun/2026:04:32:14 +0000] "GET /2016/page/8 HTTP/1.1" 301 - "http://www.circuitorioantigo.com.br/2016/page/2" "Mozilla/5.0 (Linux; Android 7.0;) AppleWebKit/537.36 (HTML, like Gecko) Mobile Safari/537.36 (compatible; PetalBot;+https://webmaster.petalsearch.com/site/petalbot)"
114.119.140.115 - - [16/Jun/2026:04:32:16 +0000] "GET /2016/page/8/ HTTP/1.1" 200 74469 "http://www.circuitorioantigo.com.br/2016/page/2" "Mozilla/5.0 (Linux; Android 7.0;) AppleWebKit/537.36 (HTML, like Gecko) Mobile Safari/537.36 (compatible; PetalBot;+https://webmaster.petalsearch.com/site/petalbot)"
162.241.176.232 - - [16/Jun/2026:04:33:57 +0000] "POST /wp-cron.php?doing_wp_cron=1781584437.4500510692596435546875 HTTP/1.1" 404 58105 "-" "WordPress/6.9.4; https://www.circuitorioantigo.com.br"
181.209.96.110 - - [16/Jun/2026:04:33:56 +0000] "GET /2016/03/17/blog-post-left-sidebar-5/?share=twitter HTTP/1.1" 302 - "-" "Mozilla/5.0 (Macintosh; Intel Mac OS X 10_15_3) AppleWebKit/537.36 (KHTML, like Gecko) Brave Chrome/80.0.3987.87 Safari/537.36"
52.167.144.204 - - [16/Jun/2026:04:34:43 +0000] "GET /news-sitemap.xml HTTP/1.1" 200 495 "-" "Mozilla/5.0 AppleWebKit/537.36 (KHTML, like Gecko; compatible; bingbot/2.0; +http://www.bing.com/bingbot.htm) Chrome/116.0.1938.76 Safari/537.36"
192.185.4.147 - - [16/Jun/2026:04:34:43 +0000] "GET /wp-login.php HTTP/1.1" 200 11856 "-" "Mozilla/5.0 (Windows NT 10.0; Win64; x64) AppleWebKit/537.36 (KHTML, like Gecko) Chrome/120.0.0.0 Safari/537.36"
192.241.157.226 - - [16/Jun/2026:04:37:00 +0000] "GET /wp-login.php HTTP/1.1" 200 11858 "-" "Mozilla/5.0 (X11; Linux x86_64) AppleWebKit/537.36 (KHTML, like Gecko) Chrome/133.0.0.0 Safari/537.36"
162.241.176.232 - - [16/Jun/2026:04:37:15 +0000] "POST /wp-cron.php?doing_wp_cron=1781584635.1543829441070556640625 HTTP/1.1" 404 58105 "-" "WordPress/6.9.4; https://www.circuitorioantigo.com.br"
192.241.157.226 - - [16/Jun/2026:04:37:13 +0000] "GET /wp-json/wp/v2/users/me HTTP/1.1" 401 114 "-" "Mozilla/5.0 (X11; Linux x86_64) AppleWebKit/537.36 (KHTML, like Gecko) Chrome/133.0.0.0 Safari/537.36"
91.146.102.43 - - [16/Jun/2026:04:37:18 +0000] "GET /wp-login.php HTTP/1.1" 200 11856 "-" "Mozilla/5.0 (X11; Linux x86_64) AppleWebKit/537.36 (KHTML, like Gecko) Chrome/133.0.0.0 Safari/537.36"
91.146.102.43 - - [16/Jun/2026:04:37:20 +0000] "POST /wp-login.php HTTP/1.1" 200 11856 "https://www.circuitorioantigo.com.br/wp-login.php" "Mozilla/5.0 (X11; Linux x86_64) AppleWebKit/537.36 (KHTML, like Gecko) Chrome/133.0.0.0 Safari/537.36"
116.179.32.163 - - [16/Jun/2026:04:37:37 +0000] "GET /wp-content/plugins/contact-form-7/includes/css/styles.css?ver=5.6.1 HTTP/1.1" 200 2731 "-" "Mozilla/5.0 (compatible; Baiduspider/2.0; +http://www.baidu.com/search/spider.html)"
162.241.176.232 - - [16/Jun/2026:04:42:10 +0000] "POST /wp-cron.php?doing_wp_cron=1781584930.2867100238800048828125 HTTP/1.1" 404 58105 "-" "WordPress/6.9.4; https://www.circuitorioantigo.com.br"
216.73.216.90 - - [16/Jun/2026:04:42:08 +0000] "GET /sitemap_index.xml HTTP/1.1" 200 1133 "-" "Mozilla/5.0 AppleWebKit/537.36 (KHTML, like Gecko; compatible; ClaudeBot/1.0; +claudebot@anthropic.com)"
162.241.176.232 - - [16/Jun/2026:04:43:05 +0000] "POST /?wordfence_syncAttackData=1781584985.6895 HTTP/1.1" 200 - "-" "WordPress/6.9.4; https://www.circuitorioantigo.com.br"
114.119.139.185 - - [16/Jun/2026:04:43:04 +0000] "GET /site/wp-login.php?jetpack-sso-show-default-form=0 HTTP/1.1" 200 12385 "https://www.circuitorioantigo.com.br/site/wp-login.php" "Mozilla/5.0 (Linux; Android 7.0;) AppleWebKit/537.36 (HTML, like Gecko) Mobile Safari/537.36 (compatible; PetalBot;+https://webmaster.petalsearch.com/site/petalbot)"
159.203.25.248 - - [16/Jun/2026:04:43:57 +0000] "GET /wp-login.php HTTP/1.1" 200 11857 "-" "Mozilla/5.0 (Windows NT 10.0; Win64; x64) AppleWebKit/537.36 (KHTML, like Gecko) Chrome/133.0.0.0 Safari/537.36 Edg/133.0.0.0"
159.203.25.248 - - [16/Jun/2026:04:43:59 +0000] "POST /wp-login.php HTTP/1.1" 200 11857 "https://circuitorioantigo.com.br/wp-login.php" "Mozilla/5.0 (Windows NT 10.0; Win64; x64) AppleWebKit/537.36 (KHTML, like Gecko) Chrome/133.0.0.0 Safari/537.36 Edg/133.0.0.0"
91.146.99.41 - - [16/Jun/2026:04:44:26 +0000] "GET /wp-login.php HTTP/1.1" 200 12819 "-" "Mozilla/5.0 (X11; Fedora; Linux x86_64) AppleWebKit/537.36 (KHTML, like Gecko) Chrome/133.0.0.0 Safari/537.36"
162.241.176.232 - - [16/Jun/2026:04:44:28 +0000] "POST /wp-cron.php?doing_wp_cron=1781585068.5560379028320312500000 HTTP/1.1" 404 15678 "-" "WordPress/6.9.4; https://www.circuitorioantigo.com.br"
91.146.99.41 - - [16/Jun/2026:04:44:29 +0000] "POST /wp-login.php HTTP/1.1" 401 3510 "https://www.circuitorioantigo.com.br/wp-login.php" "Mozilla/5.0 (X11; Fedora; Linux x86_64) AppleWebKit/537.36 (KHTML, like Gecko) Chrome/133.0.0.0 Safari/537.36"
162.241.176.232 - - [16/Jun/2026:04:45:45 +0000] "POST /wp-cron.php?doing_wp_cron=1781585145.5181250572204589843750 HTTP/1.1" 404 16000 "-" "WordPress/6.9.4; https://www.circuitorioantigo.com.br"
142.44.220.119 - - [16/Jun/2026:04:45:44 +0000] "GET /sitemap.xml HTTP/1.1" 200 652 "-" "Mozilla/5.0 (compatible; AhrefsBot/7.0; +http://ahrefs.com/robot/)"
51.161.37.13 - - [16/Jun/2026:04:45:47 +0000] "GET /sitemap-1.xml HTTP/1.1" 200 22839 "-" "Mozilla/5.0 (compatible; AhrefsBot/7.0; +http://ahrefs.com/robot/)"
15.235.98.19 - - [16/Jun/2026:04:45:50 +0000] "GET /image-sitemap-1.xml HTTP/1.1" 200 219992 "-" "Mozilla/5.0 (compatible; AhrefsBot/7.0; +http://ahrefs.com/robot/)"
148.113.128.198 - - [16/Jun/2026:04:45:52 +0000] "GET /video-sitemap-1.xml HTTP/1.1" 200 3123 "-" "Mozilla/5.0 (compatible; AhrefsBot/7.0; +http://ahrefs.com/robot/)"
190.6.1.179 - - [16/Jun/2026:04:45:56 +0000] "GET /2016/03/15/100-width-galleries-post/ HTTP/1.1" 200 138177 "-" "Mozilla/5.0 (Macintosh; Intel Mac OS X 10_8_0) AppleWebKit/537.36 (KHTML, like Gecko) Chrome/32.0.1664.3 Safari/537.36"
74.7.227.29 - - [16/Jun/2026:04:46:02 +0000] "GET / HTTP/1.1" 200 87713 "http://www.circuitorioantigo.com.br" "Mozilla/5.0 AppleWebKit/537.36 (KHTML, like Gecko; compatible; GPTBot/1.4; +https://openai.com/gptbot)"
216.73.216.90 - - [16/Jun/2026:04:46:25 +0000] "GET /robots.txt HTTP/1.1" 200 307 "-" "Mozilla/5.0 AppleWebKit/537.36 (KHTML, like Gecko; compatible; ClaudeBot/1.0; +claudebot@anthropic.com)"
216.73.216.90 - - [16/Jun/2026:04:46:26 +0000] "GET /news-sitemap.xml HTTP/1.1" 200 495 "-" "Mozilla/5.0 AppleWebKit/537.36 (KHTML, like Gecko; compatible; ClaudeBot/1.0; +claudebot@anthropic.com)"
216.73.216.90 - - [16/Jun/2026:04:46:42 +0000] "GET /sitemap.xml HTTP/1.1" 200 652 "-" "Mozilla/5.0 AppleWebKit/537.36 (KHTML, like Gecko; compatible; ClaudeBot/1.0; +claudebot@anthropic.com)"
162.241.176.232 - - [16/Jun/2026:04:49:51 +0000] "POST /wp-cron.php?doing_wp_cron=1781585391.1935410499572753906250 HTTP/1.1" 404 58105 "-" "WordPress/6.9.4; https://www.circuitorioantigo.com.br"
23.95.96.140 - - [16/Jun/2026:04:49:50 +0000] "GET / HTTP/1.1" 301 - "-" "Mozilla/5.0 (ZZ; Linux x86_64; rv:123.0) Gecko/20100101 Firefox/123.0"
23.95.96.140 - - [16/Jun/2026:04:50:04 +0000] "GET / HTTP/1.1" 200 87705 "http://www.circuitorioantigo.decastilhosports.com.br" "Mozilla/5.0 (Macintosh; Intel Mac OS X 10_15_7) AppleWebKit/605.1.15 (KHTML, like Gecko) Version/16.2 Safari/605.1.15"
91.146.102.43 - - [16/Jun/2026:04:51:26 +0000] "GET /wp-login.php HTTP/1.1" 200 11856 "-" "Mozilla/5.0 (X11; Linux x86_64) AppleWebKit/537.36 (KHTML, like Gecko) Chrome/133.0.0.0 Safari/537.36"
91.146.102.43 - - [16/Jun/2026:04:51:27 +0000] "POST /wp-login.php HTTP/1.1" 200 11856 "https://circuitorioantigo.com.br/wp-login.php" "Mozilla/5.0 (X11; Linux x86_64) AppleWebKit/537.36 (KHTML, like Gecko) Chrome/133.0.0.0 Safari/537.36"
82.223.68.64 - - [16/Jun/2026:04:51:29 +0000] "GET /wp-login.php HTTP/1.1" 200 11855 "-" "Mozilla/5.0 (Windows NT 10.0; Win64; x64) AppleWebKit/537.36 (KHTML, like Gecko) Chrome/133.0.0.0 Safari/537.36"
82.223.68.64 - - [16/Jun/2026:04:51:30 +0000] "POST /wp-login.php HTTP/1.1" 200 11855 "https://www.circuitorioantigo.com.br/wp-login.php" "Mozilla/5.0 (Windows NT 10.0; Win64; x64) AppleWebKit/537.36 (KHTML, like Gecko) Chrome/133.0.0.0 Safari/537.36"
162.241.176.232 - - [16/Jun/2026:04:53:59 +0000] "POST /wp-cron.php?doing_wp_cron=1781585639.2883059978485107421875 HTTP/1.1" 404 58105 "-" "WordPress/6.9.4; https://www.circuitorioantigo.com.br"
114.119.150.248 - - [16/Jun/2026:04:53:57 +0000] "GET /riodasflores/ HTTP/1.1" 200 125492 "https://www.circuitorioantigo.com.br/riodasflores" "Mozilla/5.0 (Linux; Android 7.0;) AppleWebKit/537.36 (HTML, like Gecko) Mobile Safari/537.36 (compatible; PetalBot;+https://webmaster.petalsearch.com/site/petalbot)"
119.195.102.159 - - [16/Jun/2026:04:58:43 +0000] "GET /wp-login.php HTTP/1.1" 200 11858 "-" "Mozilla/5.0 (Windows NT 10.0; Win64; x64) AppleWebKit/537.36 (KHTML, like Gecko) Chrome/133.0.0.0 Safari/537.36 Edg/133.0.0.0"
119.195.102.159 - - [16/Jun/2026:04:58:44 +0000] "POST /wp-login.php HTTP/1.1" 200 11858 "https://circuitorioantigo.com.br/wp-login.php" "Mozilla/5.0 (Windows NT 10.0; Win64; x64) AppleWebKit/537.36 (KHTML, like Gecko) Chrome/133.0.0.0 Safari/537.36 Edg/133.0.0.0"
20.153.140.50 - - [16/Jun/2026:04:59:11 +0000] "GET /wp-login.php HTTP/1.1" 200 11856 "-" "Mozilla/5.0 (Windows NT 10.0; Win64; x64; rv:133.0) Gecko/20100101 Firefox/133.0"
20.153.140.50 - - [16/Jun/2026:04:59:13 +0000] "POST /wp-login.php HTTP/1.1" 200 11856 "https://www.circuitorioantigo.com.br/wp-login.php" "Mozilla/5.0 (Windows NT 10.0; Win64; x64; rv:133.0) Gecko/20100101 Firefox/133.0"
185.68.18.52 - - [16/Jun/2026:05:04:46 +0000] "GET /wp-login.php HTTP/1.1" 200 11855 "-" "Mozilla/5.0 (Windows NT 10.0; Win64; x64) AppleWebKit/537.36 (KHTML, like Gecko) Chrome/120.0.0.0 Safari/537.36"
114.119.156.3 - - [16/Jun/2026:05:04:51 +0000] "GET /category/development/ HTTP/1.1" 200 99029 "https://www.circuitorioantigo.com.br/2016/03/29/sticky-blog-post-4/" "Mozilla/5.0 (Linux; Android 7.0;) AppleWebKit/537.36 (HTML, like Gecko) Mobile Safari/537.36 (compatible; PetalBot;+https://webmaster.petalsearch.com/site/petalbot)"
162.241.176.232 - - [16/Jun/2026:05:05:47 +0000] "POST /wp-cron.php?doing_wp_cron=1781586347.3329939842224121093750 HTTP/1.1" 404 58105 "-" "WordPress/6.9.4; https://www.circuitorioantigo.com.br"
51.68.236.64 - - [16/Jun/2026:05:05:46 +0000] "GET /robots.txt HTTP/1.1" 200 307 "-" "Mozilla/5.0 (compatible; MJ12bot/v2.0.5; http://mj12bot.com/)"
194.163.139.224 - - [16/Jun/2026:05:06:34 +0000] "GET /wp-login.php HTTP/1.1" 200 11858 "-" "Mozilla/5.0 (Macintosh; Intel Mac OS X 11_7_10) AppleWebKit/537.36 (KHTML, like Gecko) Chrome/133.0.0.0 Safari/537.36"
194.163.139.224 - - [16/Jun/2026:05:06:36 +0000] "POST /wp-login.php HTTP/1.1" 200 11858 "https://www.circuitorioantigo.com.br/wp-login.php" "Mozilla/5.0 (Macintosh; Intel Mac OS X 11_7_10) AppleWebKit/537.36 (KHTML, like Gecko) Chrome/133.0.0.0 Safari/537.36"
144.76.80.54 - - [16/Jun/2026:05:06:52 +0000] "GET /wp-json/wp/v2/users/me HTTP/1.1" 401 114 "-" "Mozilla/5.0 (X11; Linux x86_64) AppleWebKit/537.36 (KHTML, like Gecko) Chrome/133.0.0.0 Safari/537.36"
162.241.176.232 - - [16/Jun/2026:05:06:53 +0000] "POST /wp-cron.php?doing_wp_cron=1781586413.8034579753875732421875 HTTP/1.1" 404 15678 "-" "WordPress/6.9.4; https://www.circuitorioantigo.com.br"
51.68.236.64 - - [16/Jun/2026:05:07:25 +0000] "GET / HTTP/1.1" 200 87702 "-" "Mozilla/5.0 (compatible; MJ12bot/v2.0.5; http://mj12bot.com/)"
216.73.216.90 - - [16/Jun/2026:05:07:29 +0000] "GET /2014/10 HTTP/1.1" 301 - "-" "Mozilla/5.0 AppleWebKit/537.36 (KHTML, like Gecko; compatible; ClaudeBot/1.0; +claudebot@anthropic.com)"
216.73.216.90 - - [16/Jun/2026:05:07:30 +0000] "GET /2014/10/ HTTP/1.1" 200 70142 "https://www.circuitorioantigo.com.br/2014/10" "Mozilla/5.0 AppleWebKit/537.36 (KHTML, like Gecko; compatible; ClaudeBot/1.0; +claudebot@anthropic.com)"
162.241.176.232 - - [16/Jun/2026:05:13:05 +0000] "POST /wp-cron.php?doing_wp_cron=1781586785.8145890235900878906250 HTTP/1.1" 404 58105 "-" "WordPress/6.9.4; https://www.circuitorioantigo.com.br"
54.39.0.42 - - [16/Jun/2026:05:13:04 +0000] "GET /sitemap_index.xml HTTP/1.1" 200 1133 "-" "Mozilla/5.0 (compatible; AhrefsBot/7.0; +http://ahrefs.com/robot/)"
142.44.225.35 - - [16/Jun/2026:05:13:14 +0000] "GET /page-sitemap.xml HTTP/1.1" 200 68448 "-" "Mozilla/5.0 (compatible; AhrefsBot/7.0; +http://ahrefs.com/robot/)"
148.113.128.177 - - [16/Jun/2026:05:13:17 +0000] "GET /thegem_pf_item-sitemap.xml HTTP/1.1" 200 8257 "-" "Mozilla/5.0 (compatible; AhrefsBot/7.0; +http://ahrefs.com/robot/)"
148.113.128.157 - - [16/Jun/2026:05:13:19 +0000] "GET /category-sitemap.xml HTTP/1.1" 200 3944 "-" "Mozilla/5.0 (compatible; AhrefsBot/7.0; +http://ahrefs.com/robot/)"
15.235.98.151 - - [16/Jun/2026:05:13:21 +0000] "GET /post_tag-sitemap.xml HTTP/1.1" 200 1765 "-" "Mozilla/5.0 (compatible; AhrefsBot/7.0; +http://ahrefs.com/robot/)"
142.44.220.99 - - [16/Jun/2026:05:13:24 +0000] "GET /author-sitemap.xml HTTP/1.1" 200 768 "-" "Mozilla/5.0 (compatible; AhrefsBot/7.0; +http://ahrefs.com/robot/)"
162.241.176.232 - - [16/Jun/2026:05:15:37 +0000] "POST /wp-cron.php?doing_wp_cron=1781586937.8001759052276611328125 HTTP/1.1" 404 58105 "-" "WordPress/6.9.4; https://www.circuitorioantigo.com.br"
190.102.40.201 - - [16/Jun/2026:05:15:36 +0000] "HEAD / HTTP/1.1" 200 - "-" "Mozilla/5.0 (Windows NT 6.1; Win64; x64) AppleWebKit/537.36 (KHTML, like Gecko) Chrome/83.0.4103.116 Safari/537.36"
114.119.134.1 - - [16/Jun/2026:05:15:42 +0000] "GET /category/development/ HTTP/1.1" 200 99028 "https://www.circuitorioantigo.com.br/2016/03/29/sticky-blog-post-4/" "Mozilla/5.0 (Linux; Android 7.0;) AppleWebKit/537.36 (HTML, like Gecko) Mobile Safari/537.36 (compatible; PetalBot;+https://webmaster.petalsearch.com/site/petalbot)"
194.32.155.65 - - [16/Jun/2026:05:20:50 +0000] "GET /wp-login.php HTTP/1.1" 200 11856 "-" "Mozilla/5.0 (X11; Linux x86_64) AppleWebKit/537.36 (KHTML, like Gecko) Chrome/133.0.0.0 Safari/537.36"
194.32.155.65 - - [16/Jun/2026:05:20:51 +0000] "POST /wp-login.php HTTP/1.1" 200 11856 "https://circuitorioantigo.com.br/wp-login.php" "Mozilla/5.0 (X11; Linux x86_64) AppleWebKit/537.36 (KHTML, like Gecko) Chrome/133.0.0.0 Safari/537.36"
162.241.176.232 - - [16/Jun/2026:05:21:48 +0000] "POST /wp-cron.php?doing_wp_cron=1781587308.7778339385986328125000 HTTP/1.1" 404 58105 "-" "WordPress/6.9.4; https://www.circuitorioantigo.com.br"
89.58.31.106 - - [16/Jun/2026:05:21:47 +0000] "GET /wp-json/wp/v2/users/me HTTP/1.1" 401 114 "-" "Mozilla/5.0 (X11; Linux x86_64; rv:133.0) Gecko/20100101 Firefox/133.0"
162.241.176.232 - - [16/Jun/2026:05:26:13 +0000] "POST /wp-cron.php?doing_wp_cron=1781587573.3028008937835693359375 HTTP/1.1" 404 58105 "-" "WordPress/6.9.4; https://www.circuitorioantigo.com.br"
57.141.0.63 - - [16/Jun/2026:05:26:12 +0000] "GET /category/fashion/ HTTP/1.1" 200 81695 "-" "meta-externalagent/1.1 (+https://developers.facebook.com/docs/sharing/webmasters/crawler)"
114.119.134.1 - - [16/Jun/2026:05:26:36 +0000] "GET /2016/03/23/business-post-6/?share=facebook HTTP/1.1" 302 - "http://www.circuitorioantigo.com.br/site/2016/03/23/business-post-6/" "Mozilla/5.0 (Linux; Android 7.0;) AppleWebKit/537.36 (HTML, like Gecko) Mobile Safari/537.36 (compatible; PetalBot;+https://webmaster.petalsearch.com/site/petalbot)"
185.162.127.214 - - [16/Jun/2026:05:29:59 +0000] "GET /wp-login.php HTTP/1.1" 200 11858 "-" "Mozilla/5.0 (Windows NT 10.0; Win64; x64) AppleWebKit/537.36 (KHTML, like Gecko) Chrome/120.0.0.0 Safari/537.36"
162.241.176.232 - - [16/Jun/2026:05:34:02 +0000] "POST /wp-cron.php?doing_wp_cron=1781588042.4981379508972167968750 HTTP/1.1" 404 58105 "-" "WordPress/6.9.4; https://www.circuitorioantigo.com.br"
186.202.163.107 - - [16/Jun/2026:05:34:01 +0000] "GET / HTTP/1.1" 301 - "-" "Mozilla/5.0 (Windows NT 10.0; Win64; x64) AppleWebKit/537.36 (KHTML, like Gecko) Chrome/90.0 Safari/537.36"
186.202.163.107 - - [16/Jun/2026:05:34:13 +0000] "GET / HTTP/1.1" 200 87705 "-" "Mozilla/5.0 (Windows NT 10.0; Win64; x64) AppleWebKit/537.36 (KHTML, like Gecko) Chrome/90.0 Safari/537.36"
78.46.92.235 - - [16/Jun/2026:05:35:03 +0000] "GET /wp-login.php HTTP/1.1" 200 12885 "-" "Mozilla/5.0 (X11; Linux x86_64) AppleWebKit/537.36 (KHTML, like Gecko) Chrome/133.0.0.0 Safari/537.36"
162.241.176.232 - - [16/Jun/2026:05:35:04 +0000] "POST /wp-cron.php?doing_wp_cron=1781588104.8617279529571533203125 HTTP/1.1" 404 15678 "-" "WordPress/6.9.4; https://www.circuitorioantigo.com.br"
78.46.92.235 - - [16/Jun/2026:05:35:06 +0000] "POST /wp-login.php HTTP/1.1" 401 3510 "https://circuitorioantigo.com.br/wp-login.php" "Mozilla/5.0 (X11; Linux x86_64) AppleWebKit/537.36 (KHTML, like Gecko) Chrome/133.0.0.0 Safari/537.36"
31.3.241.131 - - [16/Jun/2026:05:36:24 +0000] "GET /wp-login.php HTTP/1.1" 200 11855 "-" "Mozilla/5.0 (Macintosh; Intel Mac OS X 10_15_7) AppleWebKit/537.36 (KHTML, like Gecko) Chrome/133.0.0.0 Safari/537.36 Edg/133.0.0.0"
31.3.241.131 - - [16/Jun/2026:05:36:25 +0000] "POST /wp-login.php HTTP/1.1" 200 11855 "https://www.circuitorioantigo.com.br/wp-login.php" "Mozilla/5.0 (Macintosh; Intel Mac OS X 10_15_7) AppleWebKit/537.36 (KHTML, like Gecko) Chrome/133.0.0.0 Safari/537.36 Edg/133.0.0.0"
114.119.139.185 - - [16/Jun/2026:05:37:27 +0000] "GET /2016/03/17/fullwidth-post-sample-5/?share=twitter HTTP/1.1" 302 - "https://www.circuitorioantigo.com.br/2016/03/26/splash-shop-3-post-3/" "Mozilla/5.0 (Linux; Android 8.0.0; SM-G955U Build/R16NW) AppleWebKit/537.36 (KHTML, like Gecko) Chrome/148.0.0.0 Mobile Safari/537.36"
162.241.176.232 - - [16/Jun/2026:05:37:29 +0000] "POST /wp-cron.php?doing_wp_cron=1781588249.3177928924560546875000 HTTP/1.1" 404 15678 "-" "WordPress/6.9.4; https://www.circuitorioantigo.com.br"
91.92.40.173 - - [16/Jun/2026:05:37:31 +0000] "GET / HTTP/1.1" 200 87703 "-" "Mozilla/5.0 (Windows NT 10.0; Win64; x64) AppleWebKit/537.36 (KHTML, like Gecko) Chrome/120.0.0.0 Safari/537.36"
66.249.79.199 - - [16/Jun/2026:05:38:16 +0000] "GET /riodasflores/ HTTP/1.1" 200 125511 "-" "Mozilla/5.0 (Linux; Android 6.0.1; Nexus 5X Build/MMB29P) AppleWebKit/537.36 (KHTML, like Gecko) Chrome/148.0.7778.96 Mobile Safari/537.36 (compatible; Googlebot/2.1; +http://www.google.com/bot.html)"
66.249.79.198 - - [16/Jun/2026:05:38:31 +0000] "GET /wp-content/plugins/revslider/public/assets/css/rs6.css?ver=6.6.20 HTTP/1.1" 200 58327 "https://www.circuitorioantigo.com.br/riodasflores/" "Mozilla/5.0 (Linux; Android 6.0.1; Nexus 5X Build/MMB29P) AppleWebKit/537.36 (KHTML, like Gecko) Chrome/148.0.7778.96 Mobile Safari/537.36 (compatible; Googlebot/2.1; +http://www.google.com/bot.html)"
162.241.176.232 - - [16/Jun/2026:05:38:35 +0000] "POST /wp-cron.php?doing_wp_cron=1781588315.1127939224243164062500 HTTP/1.1" 404 15678 "-" "WordPress/6.9.4; https://www.circuitorioantigo.com.br"
66.249.79.198 - - [16/Jun/2026:05:38:33 +0000] "GET /wp-json/elfsight-youtube-gallery/api?q=%2Fvideos%3Fid%3DsvSCUyVYWco%252Cm-b7jpul410%252C1r81zf2Rd8I%252CNwPJ8hPyF_Y%252C9JCFYkTaBrM%252CxNaljNN8Ues%26part%3Dsnippet%252CcontentDetails%252Cstatistics&callback=jQuery37109351745892781764_1781568000020&key=AIzaSyBAdU9LjKhzfC33x7Q64YSFUAOcxR8YH0Q&public_key=RWxmc2lnaHQuIEFsbCByaWdodHMgcmVzZXJ2ZWQu&_=1780704000000 HTTP/1.1" 200 16728 "https://www.circuitorioantigo.com.br/riodasflores/" "Mozilla/5.0 (Linux; Android 6.0.1; Nexus 5X Build/MMB29P) AppleWebKit/537.36 (KHTML, like Gecko) Chrome/148.0.7778.96 Mobile Safari/537.36 (compatible; Googlebot/2.1; +http://www.google.com/bot.html)"
162.241.176.232 - - [16/Jun/2026:05:40:51 +0000] "POST /wp-cron.php?doing_wp_cron=1781588451.2265119552612304687500 HTTP/1.1" 404 58104 "-" "WordPress/6.9.4; https://www.circuitorioantigo.com.br"
216.73.216.90 - - [16/Jun/2026:05:40:50 +0000] "GET /sitemap_index.xml HTTP/1.1" 200 1133 "-" "Mozilla/5.0 AppleWebKit/537.36 (KHTML, like Gecko; compatible; ClaudeBot/1.0; +claudebot@anthropic.com)"
216.73.216.90 - - [16/Jun/2026:05:40:55 +0000] "GET /sitemap.xml HTTP/1.1" 200 652 "-" "Mozilla/5.0 AppleWebKit/537.36 (KHTML, like Gecko; compatible; ClaudeBot/1.0; +claudebot@anthropic.com)"
185.191.171.11 - - [16/Jun/2026:05:41:03 +0000] "GET /pages/contact-us/ HTTP/1.1" 200 60013 "-" "Mozilla/5.0 (compatible; SemrushBot/7~bl; +http://www.semrush.com/bot.html)"
216.73.216.90 - - [16/Jun/2026:05:41:26 +0000] "GET /news-sitemap.xml HTTP/1.1" 200 495 "-" "Mozilla/5.0 AppleWebKit/537.36 (KHTML, like Gecko; compatible; ClaudeBot/1.0; +claudebot@anthropic.com)"
66.249.88.225 - - [16/Jun/2026:05:42:29 +0000] "GET /.well-known/traffic-advice HTTP/1.1" 404 58105 "-" "Chrome Privacy Preserving Prefetch Proxy"
162.241.176.232 - - [16/Jun/2026:05:42:30 +0000] "POST /wp-cron.php?doing_wp_cron=1781588550.7312219142913818359375 HTTP/1.1" 404 15678 "-" "WordPress/6.9.4; https://www.circuitorioantigo.com.br"
162.241.176.232 - - [16/Jun/2026:05:42:31 +0000] "POST /wp-cron.php?doing_wp_cron=1781588551.4174749851226806640625 HTTP/1.1" 404 58105 "-" "WordPress/6.9.4; https://www.circuitorioantigo.com.br"
193.186.4.202 - - [16/Jun/2026:05:42:30 +0000] "GET / HTTP/1.1" 200 87712 "https://www.google.com/" "Mozilla/5.0 (Linux; Android 10; K) AppleWebKit/537.36 (KHTML, like Gecko) Chrome/149.0.0.0 Mobile Safari/537.36"
154.127.86.8 - - [16/Jun/2026:05:42:38 +0000] "GET /wp-login.php HTTP/1.1" 200 11855 "-" "Mozilla/5.0 (Windows NT 10.0; Win64; x64) AppleWebKit/537.36 (KHTML, like Gecko) Chrome/133.0.0.0 Safari/537.36 Edg/133.0.0.0"
154.127.86.8 - - [16/Jun/2026:05:42:40 +0000] "POST /wp-login.php HTTP/1.1" 200 11855 "https://circuitorioantigo.com.br/wp-login.php" "Mozilla/5.0 (Windows NT 10.0; Win64; x64) AppleWebKit/537.36 (KHTML, like Gecko) Chrome/133.0.0.0 Safari/537.36 Edg/133.0.0.0"
57.141.0.24 - - [16/Jun/2026:05:42:53 +0000] "GET /sitemap.xml HTTP/1.1" 200 652 "-" "meta-externalagent/1.1 (+https://developers.facebook.com/docs/sharing/webmasters/crawler)"
162.254.36.150 - - [16/Jun/2026:05:43:54 +0000] "GET /wp-login.php HTTP/1.1" 200 11857 "-" "Mozilla/5.0 (X11; Linux x86_64) AppleWebKit/537.36 (KHTML, like Gecko) Chrome/133.0.0.0 Safari/537.36"
162.254.36.150 - - [16/Jun/2026:05:43:55 +0000] "POST /wp-login.php HTTP/1.1" 200 11857 "https://www.circuitorioantigo.com.br/wp-login.php" "Mozilla/5.0 (X11; Linux x86_64) AppleWebKit/537.36 (KHTML, like Gecko) Chrome/133.0.0.0 Safari/537.36"
57.141.0.64 - - [16/Jun/2026:05:46:24 +0000] "GET /category-sitemap.xml HTTP/1.1" 200 3944 "-" "meta-externalagent/1.1 (+https://developers.facebook.com/docs/sharing/webmasters/crawler)"
162.241.176.232 - - [16/Jun/2026:05:46:25 +0000] "POST /wp-cron.php?doing_wp_cron=1781588785.5962901115417480468750 HTTP/1.1" 404 16000 "-" "WordPress/6.9.4; https://www.circuitorioantigo.com.br"
54.39.136.91 - - [16/Jun/2026:05:47:07 +0000] "GET /news-sitemap.xml HTTP/1.1" 200 495 "-" "Mozilla/5.0 (compatible; AhrefsBot/7.0; +http://ahrefs.com/robot/)"
47.128.42.178 - - [16/Jun/2026:05:48:17 +0000] "GET /novaiguacu/ HTTP/1.1" 200 156987 "-" "Mozilla/5.0 (Linux; Android 5.0) AppleWebKit/537.36 (KHTML, like Gecko) Mobile Safari/537.36 (compatible; Bytespider; spider-feedback@bytedance.com)"
162.241.176.232 - - [16/Jun/2026:05:48:18 +0000] "POST /wp-cron.php?doing_wp_cron=1781588898.8339269161224365234375 HTTP/1.1" 404 16000 "-" "WordPress/6.9.4; https://www.circuitorioantigo.com.br"
47.128.42.178 - - [16/Jun/2026:05:48:20 +0000] "GET /wp-content/themes/thegem/css/thegem-preloader.css?ver=5.5.0 HTTP/1.1" 200 4203 "https://www.circuitorioantigo.com.br/novaiguacu/" "Mozilla/5.0 (Linux; Android 5.0) AppleWebKit/537.36 (KHTML, like Gecko) Mobile Safari/537.36 (compatible; Bytespider; spider-feedback@bytedance.com)"
47.128.42.178 - - [16/Jun/2026:05:48:20 +0000] "GET /wp-content/themes/thegem/css/thegem-widgets.css?ver=5.5.0 HTTP/1.1" 200 75796 "https://www.circuitorioantigo.com.br/novaiguacu/" "Mozilla/5.0 (Linux; Android 5.0) AppleWebKit/537.36 (KHTML, like Gecko) Mobile Safari/537.36 (compatible; Bytespider; spider-feedback@bytedance.com)"
47.128.42.178 - - [16/Jun/2026:05:48:20 +0000] "GET /wp-content/themes/thegem/css/thegem-grid.css?ver=5.5.0 HTTP/1.1" 200 10841 "https://www.circuitorioantigo.com.br/novaiguacu/" "Mozilla/5.0 (Linux; Android 5.0) AppleWebKit/537.36 (KHTML, like Gecko) Mobile Safari/537.36 (compatible; Bytespider; spider-feedback@bytedance.com)"
47.128.42.178 - - [16/Jun/2026:05:48:20 +0000] "GET /wp-content/themes/thegem/css/thegem-reset.css?ver=5.5.0 HTTP/1.1" 200 4099 "https://www.circuitorioantigo.com.br/novaiguacu/" "Mozilla/5.0 (Linux; Android 5.0) AppleWebKit/537.36 (KHTML, like Gecko) Mobile Safari/537.36 (compatible; Bytespider; spider-feedback@bytedance.com)"
47.128.42.178 - - [16/Jun/2026:05:48:20 +0000] "GET /wp-content/themes/thegem-child/style.css?ver=5.5.0 HTTP/1.1" 200 528 "https://www.circuitorioantigo.com.br/novaiguacu/" "Mozilla/5.0 (Linux; Android 5.0) AppleWebKit/537.36 (KHTML, like Gecko) Mobile Safari/537.36 (compatible; Bytespider; spider-feedback@bytedance.com)"
47.128.42.178 - - [16/Jun/2026:05:48:20 +0000] "GET /wp-content/themes/thegem/css/thegem-new-css.css?ver=5.5.0 HTTP/1.1" 200 51283 "https://www.circuitorioantigo.com.br/novaiguacu/" "Mozilla/5.0 (Linux; Android 5.0) AppleWebKit/537.36 (KHTML, like Gecko) Mobile Safari/537.36 (compatible; Bytespider; spider-feedback@bytedance.com)"
47.128.42.178 - - [16/Jun/2026:05:48:20 +0000] "GET /wp-content/themes/thegem/css/thegem-perevazka-css.css?ver=5.5.0 HTTP/1.1" 200 18210 "https://www.circuitorioantigo.com.br/novaiguacu/" "Mozilla/5.0 (Linux; Android 5.0) AppleWebKit/537.36 (KHTML, like Gecko) Mobile Safari/537.36 (compatible; Bytespider; spider-feedback@bytedance.com)"
47.128.42.178 - - [16/Jun/2026:05:48:20 +0000] "GET /wp-content/themes/thegem/style.css?ver=5.5.0 HTTP/1.1" 200 199352 "https://www.circuitorioantigo.com.br/novaiguacu/" "Mozilla/5.0 (Linux; Android 5.0) AppleWebKit/537.36 (KHTML, like Gecko) Mobile Safari/537.36 (compatible; Bytespider; spider-feedback@bytedance.com)"
47.128.42.178 - - [16/Jun/2026:05:48:20 +0000] "GET /wp-content/themes/thegem/css/thegem-header.css?ver=5.5.0 HTTP/1.1" 200 164080 "https://www.circuitorioantigo.com.br/novaiguacu/" "Mozilla/5.0 (Linux; Android 5.0) AppleWebKit/537.36 (KHTML, like Gecko) Mobile Safari/537.36 (compatible; Bytespider; spider-feedback@bytedance.com)"
114.119.157.196 - - [16/Jun/2026:05:48:19 +0000] "GET /2016/03/16/post-with-video-lightbox-3/ HTTP/1.1" 200 148112 "http://www.circuitorioantigo.com.br/2016/03/29/blog-post-right-sidebar-7" "Mozilla/5.0 (Linux; Android 7.0;) AppleWebKit/537.36 (HTML, like Gecko) Mobile Safari/537.36 (compatible; PetalBot;+https://webmaster.petalsearch.com/site/petalbot)"
47.128.42.178 - - [16/Jun/2026:05:48:20 +0000] "GET /wp-content/themes/thegem/css/thegem-additional-blog-1.css?ver=5.5.0 HTTP/1.1" 200 7476 "https://www.circuitorioantigo.com.br/novaiguacu/" "Mozilla/5.0 (Linux; Android 5.0) AppleWebKit/537.36 (KHTML, like Gecko) Mobile Safari/537.36 (compatible; Bytespider; spider-feedback@bytedance.com)"
47.128.42.178 - - [16/Jun/2026:05:48:21 +0000] "GET /wp-content/themes/thegem/css/thegem-vc_elements.css?ver=5.5.0 HTTP/1.1" 200 6408 "https://www.circuitorioantigo.com.br/novaiguacu/" "Mozilla/5.0 (Linux; Android 5.0) AppleWebKit/537.36 (KHTML, like Gecko) Mobile Safari/537.36 (compatible; Bytespider; spider-feedback@bytedance.com)"
47.128.42.178 - - [16/Jun/2026:05:48:20 +0000] "GET /wp-content/themes/thegem-child/css/custom-LKGqBkp6.css?ver=5.5.0 HTTP/1.1" 200 248018 "https://www.circuitorioantigo.com.br/novaiguacu/" "Mozilla/5.0 (Linux; Android 5.0) AppleWebKit/537.36 (KHTML, like Gecko) Mobile Safari/537.36 (compatible; Bytespider; spider-feedback@bytedance.com)"
47.128.42.178 - - [16/Jun/2026:05:48:21 +0000] "GET /wp-includes/css/dist/block-library/style.min.css?ver=6.9.4 HTTP/1.1" 200 119358 "https://www.circuitorioantigo.com.br/novaiguacu/" "Mozilla/5.0 (Linux; Android 5.0) AppleWebKit/537.36 (KHTML, like Gecko) Mobile Safari/537.36 (compatible; Bytespider; spider-feedback@bytedance.com)"
47.128.42.178 - - [16/Jun/2026:05:48:21 +0000] "GET /wp-content/plugins/go_pricing/assets/css/go_pricing_styles.css?ver=3.3.14 HTTP/1.1" 200 72083 "https://www.circuitorioantigo.com.br/novaiguacu/" "Mozilla/5.0 (Linux; Android 5.0) AppleWebKit/537.36 (KHTML, like Gecko) Mobile Safari/537.36 (compatible; Bytespider; spider-feedback@bytedance.com)"
47.128.42.178 - - [16/Jun/2026:05:48:21 +0000] "GET /wp-content/plugins/mailchimp-for-wp/assets/css/form-themes.css?ver=4.9.11 HTTP/1.1" 200 6739 "https://www.circuitorioantigo.com.br/novaiguacu/" "Mozilla/5.0 (Linux; Android 5.0) AppleWebKit/537.36 (KHTML, like Gecko) Mobile Safari/537.36 (compatible; Bytespider; spider-feedback@bytedance.com)"
47.128.42.178 - - [16/Jun/2026:05:48:21 +0000] "GET /wp-content/plugins/js_composer/assets/lib/prettyphoto/css/prettyPhoto.min.css?ver=7.3 HTTP/1.1" 200 21138 "https://www.circuitorioantigo.com.br/novaiguacu/" "Mozilla/5.0 (Linux; Android 5.0) AppleWebKit/537.36 (KHTML, like Gecko) Mobile Safari/537.36 (compatible; Bytespider; spider-feedback@bytedance.com)"
47.128.42.178 - - [16/Jun/2026:05:48:21 +0000] "GET /wp-content/plugins/jetpack/css/jetpack.css?ver=13.0.1 HTTP/1.1" 200 101629 "https://www.circuitorioantigo.com.br/novaiguacu/" "Mozilla/5.0 (Linux; Android 5.0) AppleWebKit/537.36 (KHTML, like Gecko) Mobile Safari/537.36 (compatible; Bytespider; spider-feedback@bytedance.com)"
47.128.42.178 - - [16/Jun/2026:05:48:21 +0000] "GET /wp-content/plugins/revslider/public/assets/css/rs6.css?ver=6.6.20 HTTP/1.1" 200 58327 "https://www.circuitorioantigo.com.br/novaiguacu/" "Mozilla/5.0 (Linux; Android 5.0) AppleWebKit/537.36 (KHTML, like Gecko) Mobile Safari/537.36 (compatible; Bytespider; spider-feedback@bytedance.com)"
