162.241.176.232 - - [16/Jun/2026:01:19:27 +0000] "POST /19/wp-cron.php?doing_wp_cron=1781572767.6804940700531005859375 HTTP/1.1" 404 23729 "http://www.corridauhebelomonte.com.br/19/wp-cron.php?doing_wp_cron=1781572767.6804940700531005859375" "WordPress/6.0.11; http://www.corridauhebelomonte.com.br"
132.196.99.64 - - [16/Jun/2026:01:21:55 +0000] "GET /wp-content/plugins/hellopress/wp_filemanager.php HTTP/1.1" 301 - "-" "-"
162.241.176.232 - - [16/Jun/2026:01:21:56 +0000] "POST /19/wp-cron.php?doing_wp_cron=1781572916.5686318874359130859375 HTTP/1.1" 404 23729 "http://www.corridauhebelomonte.com.br/19/wp-cron.php?doing_wp_cron=1781572916.5686318874359130859375" "WordPress/6.0.11; http://www.corridauhebelomonte.com.br"
132.196.99.64 - - [16/Jun/2026:01:21:59 +0000] "GET /wp-content/plugins/hellopress/wp_filemanager.php HTTP/1.1" 404 28160 "-" "-"
132.196.99.64 - - [16/Jun/2026:01:22:00 +0000] "GET /this_is_a_new_hello_world.php HTTP/1.1" 301 - "-" "-"
132.196.99.64 - - [16/Jun/2026:01:22:02 +0000] "GET /this_is_a_new_hello_world.php HTTP/1.1" 404 28160 "-" "-"
132.196.99.64 - - [16/Jun/2026:01:22:03 +0000] "GET /size.php HTTP/1.1" 301 - "-" "-"
132.196.99.64 - - [16/Jun/2026:01:22:05 +0000] "GET /size.php HTTP/1.1" 404 28160 "-" "-"
132.196.99.64 - - [16/Jun/2026:01:22:06 +0000] "GET /lock.php HTTP/1.1" 301 - "-" "-"
132.196.99.64 - - [16/Jun/2026:01:22:07 +0000] "GET /lock.php HTTP/1.1" 404 28160 "-" "-"
132.196.99.64 - - [16/Jun/2026:01:22:09 +0000] "GET /ops.php HTTP/1.1" 301 - "-" "-"
132.196.99.64 - - [16/Jun/2026:01:22:10 +0000] "GET /ops.php HTTP/1.1" 404 28160 "-" "-"
132.196.99.64 - - [16/Jun/2026:01:22:12 +0000] "GET /8.php HTTP/1.1" 301 - "-" "-"
132.196.99.64 - - [16/Jun/2026:01:22:13 +0000] "GET /8.php HTTP/1.1" 404 28160 "-" "-"
132.196.99.64 - - [16/Jun/2026:01:22:14 +0000] "GET /mac.php HTTP/1.1" 301 - "-" "-"
132.196.99.64 - - [16/Jun/2026:01:22:16 +0000] "GET /mac.php HTTP/1.1" 404 28160 "-" "-"
132.196.99.64 - - [16/Jun/2026:01:22:17 +0000] "GET /jp.php HTTP/1.1" 301 - "-" "-"
132.196.99.64 - - [16/Jun/2026:01:22:19 +0000] "GET /jp.php HTTP/1.1" 404 28160 "-" "-"
132.196.99.64 - - [16/Jun/2026:01:22:20 +0000] "GET /.well-known/index.php HTTP/1.1" 301 - "-" "-"
132.196.99.64 - - [16/Jun/2026:01:22:22 +0000] "GET /.well-known/ HTTP/1.1" 200 830 "-" "-"
132.196.99.64 - - [16/Jun/2026:01:22:22 +0000] "GET /acp.php HTTP/1.1" 301 - "-" "-"
132.196.99.64 - - [16/Jun/2026:01:22:23 +0000] "GET /acp.php HTTP/1.1" 404 28160 "-" "-"
132.196.99.64 - - [16/Jun/2026:01:22:24 +0000] "GET /wp-ccv.php HTTP/1.1" 301 - "-" "-"
132.196.99.64 - - [16/Jun/2026:01:22:26 +0000] "GET /wp-ccv.php HTTP/1.1" 404 28160 "-" "-"
132.196.99.64 - - [16/Jun/2026:01:22:27 +0000] "GET /s.php HTTP/1.1" 301 - "-" "-"
132.196.99.64 - - [16/Jun/2026:01:22:28 +0000] "GET /s.php HTTP/1.1" 404 28160 "-" "-"
132.196.99.64 - - [16/Jun/2026:01:22:30 +0000] "GET /wp-lamburg.php HTTP/1.1" 301 - "-" "-"
132.196.99.64 - - [16/Jun/2026:01:22:31 +0000] "GET /wp-lamburg.php HTTP/1.1" 404 28160 "-" "-"
132.196.99.64 - - [16/Jun/2026:01:22:33 +0000] "GET /jj.php HTTP/1.1" 301 - "-" "-"
132.196.99.64 - - [16/Jun/2026:01:22:34 +0000] "GET /jj.php HTTP/1.1" 404 28160 "-" "-"
132.196.99.64 - - [16/Jun/2026:01:22:36 +0000] "GET /bthil.php HTTP/1.1" 301 - "-" "-"
132.196.99.64 - - [16/Jun/2026:01:22:37 +0000] "GET /bthil.php HTTP/1.1" 404 28160 "-" "-"
132.196.99.64 - - [16/Jun/2026:01:22:39 +0000] "GET /ups.php HTTP/1.1" 301 - "-" "-"
132.196.99.64 - - [16/Jun/2026:01:22:40 +0000] "GET /ups.php HTTP/1.1" 404 28160 "-" "-"
132.196.99.64 - - [16/Jun/2026:01:22:42 +0000] "GET /classwithtostring.php HTTP/1.1" 301 - "-" "-"
132.196.99.64 - - [16/Jun/2026:01:22:43 +0000] "GET /classwithtostring.php HTTP/1.1" 404 28160 "-" "-"
132.196.99.64 - - [16/Jun/2026:01:22:45 +0000] "GET /w.php HTTP/1.1" 301 - "-" "-"
132.196.99.64 - - [16/Jun/2026:01:22:46 +0000] "GET /w.php HTTP/1.1" 404 28160 "-" "-"
132.196.99.64 - - [16/Jun/2026:01:22:48 +0000] "GET /wp-conflg.php HTTP/1.1" 301 - "-" "-"
132.196.99.64 - - [16/Jun/2026:01:22:49 +0000] "GET /wp-conflg.php HTTP/1.1" 404 28160 "-" "-"
132.196.99.64 - - [16/Jun/2026:01:22:50 +0000] "GET /mini.php HTTP/1.1" 301 - "-" "-"
132.196.99.64 - - [16/Jun/2026:01:22:52 +0000] "GET /mini.php HTTP/1.1" 404 28160 "-" "-"
132.196.99.64 - - [16/Jun/2026:01:22:53 +0000] "GET /x.php HTTP/1.1" 301 - "-" "-"
132.196.99.64 - - [16/Jun/2026:01:22:55 +0000] "GET /x.php HTTP/1.1" 404 28160 "-" "-"
132.196.99.64 - - [16/Jun/2026:01:22:56 +0000] "GET /img.php HTTP/1.1" 301 - "-" "-"
162.241.176.232 - - [16/Jun/2026:01:22:58 +0000] "POST /19/wp-cron.php?doing_wp_cron=1781572977.9989769458770751953125 HTTP/1.1" 404 8000 "http://www.corridauhebelomonte.com.br/19/wp-cron.php?doing_wp_cron=1781572977.9989769458770751953125" "WordPress/6.0.11; http://www.corridauhebelomonte.com.br"
132.196.99.64 - - [16/Jun/2026:01:22:59 +0000] "GET /img.php HTTP/1.1" 404 28160 "-" "-"
132.196.99.64 - - [16/Jun/2026:01:23:00 +0000] "GET /xx.php HTTP/1.1" 301 - "-" "-"
132.196.99.64 - - [16/Jun/2026:01:23:02 +0000] "GET /xx.php HTTP/1.1" 404 28160 "-" "-"
132.196.99.64 - - [16/Jun/2026:01:23:03 +0000] "GET /wp-upload.php HTTP/1.1" 301 - "-" "-"
132.196.99.64 - - [16/Jun/2026:01:23:05 +0000] "GET /wp-upload.php HTTP/1.1" 404 28160 "-" "-"
132.196.99.64 - - [16/Jun/2026:01:23:06 +0000] "GET /insc.php HTTP/1.1" 301 - "-" "-"
132.196.99.64 - - [16/Jun/2026:01:23:07 +0000] "GET /insc.php HTTP/1.1" 404 28160 "-" "-"
132.196.99.64 - - [16/Jun/2026:01:23:09 +0000] "GET /error_log.php HTTP/1.1" 301 - "-" "-"
132.196.99.64 - - [16/Jun/2026:01:23:10 +0000] "GET /error_log.php HTTP/1.1" 404 28160 "-" "-"
132.196.99.64 - - [16/Jun/2026:01:23:11 +0000] "GET /ms-edit.php HTTP/1.1" 301 - "-" "-"
132.196.99.64 - - [16/Jun/2026:01:23:13 +0000] "GET /ms-edit.php HTTP/1.1" 404 28160 "-" "-"
132.196.99.64 - - [16/Jun/2026:01:23:14 +0000] "GET /sd.php HTTP/1.1" 301 - "-" "-"
132.196.99.64 - - [16/Jun/2026:01:23:16 +0000] "GET /sd.php HTTP/1.1" 404 28160 "-" "-"
132.196.99.64 - - [16/Jun/2026:01:23:17 +0000] "GET /asd.php HTTP/1.1" 301 - "-" "-"
132.196.99.64 - - [16/Jun/2026:01:23:18 +0000] "GET /asd.php HTTP/1.1" 404 28160 "-" "-"
132.196.99.64 - - [16/Jun/2026:01:23:20 +0000] "GET /green.php HTTP/1.1" 301 - "-" "-"
132.196.99.64 - - [16/Jun/2026:01:23:21 +0000] "GET /green.php HTTP/1.1" 404 28160 "-" "-"
132.196.99.64 - - [16/Jun/2026:01:23:23 +0000] "GET /wp-blog.php HTTP/1.1" 301 - "-" "-"
132.196.99.64 - - [16/Jun/2026:01:23:24 +0000] "GET /wp-blog.php HTTP/1.1" 404 28160 "-" "-"
132.196.99.64 - - [16/Jun/2026:01:23:26 +0000] "GET /wp-block.php HTTP/1.1" 301 - "-" "-"
132.196.99.64 - - [16/Jun/2026:01:23:27 +0000] "GET /wp-block.php HTTP/1.1" 404 28160 "-" "-"
132.196.99.64 - - [16/Jun/2026:01:23:29 +0000] "GET /cilus.php HTTP/1.1" 301 - "-" "-"
132.196.99.64 - - [16/Jun/2026:01:23:30 +0000] "GET /cilus.php HTTP/1.1" 404 28160 "-" "-"
132.196.99.64 - - [16/Jun/2026:01:23:31 +0000] "GET /co.php HTTP/1.1" 301 - "-" "-"
132.196.99.64 - - [16/Jun/2026:01:23:33 +0000] "GET /co.php HTTP/1.1" 404 28160 "-" "-"
134.209.82.120 - - [16/Jun/2026:01:34:43 +0000] "GET /wp-login.php HTTP/1.1" 302 - "-" "Mozilla/5.0"
162.241.176.232 - - [16/Jun/2026:01:34:45 +0000] "POST /19/wp-cron.php?doing_wp_cron=1781573685.1069500446319580078125 HTTP/1.1" 404 23729 "http://www.corridauhebelomonte.com.br/19/wp-cron.php?doing_wp_cron=1781573685.1069500446319580078125" "WordPress/6.0.11; http://www.corridauhebelomonte.com.br"
134.209.82.120 - - [16/Jun/2026:01:34:46 +0000] "GET /wp-login.php HTTP/1.1" 302 - "-" "Mozilla/5.0"
192.0.86.85 - - [16/Jun/2026:01:39:15 +0000] "GET /19 HTTP/1.1" 301 289 "http://www.corridauhebelomonte.com.br/19" "Automattic Analytics Crawler/0.2; http://wordpress.com/crawler/"
192.0.86.85 - - [16/Jun/2026:01:39:15 +0000] "GET /19/ HTTP/1.1" 404 28160 "http://www.corridauhebelomonte.com.br/19/" "Automattic Analytics Crawler/0.2; http://wordpress.com/crawler/"
100.50.227.41 - - [16/Jun/2026:01:42:58 +0000] "GET /robots.txt HTTP/1.1" 200 136 "-" "Mozilla/5.0 (Macintosh; Intel Mac OS X 10_10_1) AppleWebKit/600.2.5 (KHTML, like Gecko) Version/8.0.2 Safari/600.2.5 (Gort)"
162.241.176.232 - - [16/Jun/2026:01:42:59 +0000] "POST /19/wp-cron.php?doing_wp_cron=1781574179.7192230224609375000000 HTTP/1.1" 404 23729 "http://www.corridauhebelomonte.com.br/19/wp-cron.php?doing_wp_cron=1781574179.7192230224609375000000" "WordPress/6.0.11; http://www.corridauhebelomonte.com.br"
114.119.135.224 - - [16/Jun/2026:01:49:21 +0000] "GET /wp/wp-includes/js/tw-sack.js HTTP/1.1" 200 4969 "http://www.corridauhebelomonte.com.br/wp/wp-includes/js/" "Mozilla/5.0 (Linux; Android 7.0;) AppleWebKit/537.36 (HTML, like Gecko) Mobile Safari/537.36 (compatible; PetalBot;+https://webmaster.petalsearch.com/site/petalbot)"
114.119.157.17 - - [16/Jun/2026:01:50:38 +0000] "GET /wp/wp-includes/js/swfupload/license.txt HTTP/1.1" 200 1540 "http://www.corridauhebelomonte.com.br/wp/wp-includes/js/swfupload/?C=S%3BO%3DA" "Mozilla/5.0 (Linux; Android 7.0;) AppleWebKit/537.36 (HTML, like Gecko) Mobile Safari/537.36 (compatible; PetalBot;+https://webmaster.petalsearch.com/site/petalbot)"
198.244.242.205 - - [16/Jun/2026:01:52:29 +0000] "GET /wp-sitemap.xml HTTP/1.1" 200 617 "-" "Mozilla/5.0 (compatible; AhrefsBot/7.0; +http://ahrefs.com/robot/)"
54.38.147.131 - - [16/Jun/2026:01:52:31 +0000] "GET /wp-sitemap-posts-post-1.xml HTTP/1.1" 200 286 "-" "Mozilla/5.0 (compatible; AhrefsBot/7.0; +http://ahrefs.com/robot/)"
51.195.215.147 - - [16/Jun/2026:01:52:32 +0000] "GET /wp-sitemap-posts-page-1.xml HTTP/1.1" 200 626 "-" "Mozilla/5.0 (compatible; AhrefsBot/7.0; +http://ahrefs.com/robot/)"
198.244.240.41 - - [16/Jun/2026:01:52:34 +0000] "GET /wp-sitemap-posts-personnel-1.xml HTTP/1.1" 200 699 "-" "Mozilla/5.0 (compatible; AhrefsBot/7.0; +http://ahrefs.com/robot/)"
198.244.240.246 - - [16/Jun/2026:01:52:35 +0000] "GET /wp-sitemap-taxonomies-category-1.xml HTTP/1.1" 200 288 "-" "Mozilla/5.0 (compatible; AhrefsBot/7.0; +http://ahrefs.com/robot/)"
114.119.151.70 - - [16/Jun/2026:02:24:18 +0000] "GET /wp/wp-includes/js/jquery/ui/core.min.js HTTP/1.1" 200 3929 "http://www.corridauhebelomonte.com.br/wp/wp-includes/js/jquery/ui/?C=S%3BO%3DA" "Mozilla/5.0 (Linux; Android 7.0;) AppleWebKit/537.36 (HTML, like Gecko) Mobile Safari/537.36 (compatible; PetalBot;+https://webmaster.petalsearch.com/site/petalbot)"
159.223.13.255 - - [16/Jun/2026:02:28:20 +0000] "GET /wp-login.php HTTP/1.1" 301 - "-" "Mozilla/5.0"
162.241.176.232 - - [16/Jun/2026:02:28:21 +0000] "POST /19/wp-cron.php?doing_wp_cron=1781576901.9492340087890625000000 HTTP/1.1" 404 23729 "http://www.corridauhebelomonte.com.br/19/wp-cron.php?doing_wp_cron=1781576901.9492340087890625000000" "WordPress/6.0.11; http://www.corridauhebelomonte.com.br"
159.223.13.255 - - [16/Jun/2026:02:28:23 +0000] "GET /wp-login.php HTTP/1.1" 301 - "-" "Mozilla/5.0"
188.166.152.80 - - [16/Jun/2026:03:13:45 +0000] "GET /wp-login.php HTTP/1.1" 301 - "-" "Mozilla/5.0"
162.241.176.232 - - [16/Jun/2026:03:13:47 +0000] "POST /19/wp-cron.php?doing_wp_cron=1781579627.2110540866851806640625 HTTP/1.1" 404 8000 "http://www.corridauhebelomonte.com.br/19/wp-cron.php?doing_wp_cron=1781579627.2110540866851806640625" "WordPress/6.0.11; http://www.corridauhebelomonte.com.br"
188.166.152.80 - - [16/Jun/2026:03:13:48 +0000] "GET /wp-login.php HTTP/1.1" 301 - "-" "Mozilla/5.0"
188.166.9.88 - - [16/Jun/2026:03:14:39 +0000] "GET / HTTP/1.1" 301 - "-" "Mozilla/5.0 (X11; Linux x86_64; rv:142.0) Gecko/20100101 Firefox/142.0"
188.166.9.88 - - [16/Jun/2026:03:14:41 +0000] "GET /favicon.ico HTTP/1.1" 302 - "http://corridauhebelomonte.decastilhosports.com.br/" "Mozilla/5.0 (X11; Linux x86_64; rv:142.0) Gecko/20100101 Firefox/142.0"
40.77.167.187 - - [16/Jun/2026:03:16:21 +0000] "GET /robots.txt HTTP/1.1" 301 - "-" "Mozilla/5.0 AppleWebKit/537.36 (KHTML, like Gecko; compatible; bingbot/2.0; +http://www.bing.com/bingbot.htm) Chrome/116.0.1938.76 Safari/537.36"
162.241.176.232 - - [16/Jun/2026:03:16:22 +0000] "POST /19/wp-cron.php?doing_wp_cron=1781579782.9870100021362304687500 HTTP/1.1" 404 23729 "http://www.corridauhebelomonte.com.br/19/wp-cron.php?doing_wp_cron=1781579782.9870100021362304687500" "WordPress/6.0.11; http://www.corridauhebelomonte.com.br"
40.77.167.187 - - [16/Jun/2026:03:16:24 +0000] "GET /robots.txt HTTP/1.1" 200 136 "-" "Mozilla/5.0 AppleWebKit/537.36 (KHTML, like Gecko; compatible; bingbot/2.0; +http://www.bing.com/bingbot.htm) Chrome/116.0.1938.76 Safari/537.36"
157.55.39.9 - - [16/Jun/2026:03:16:31 +0000] "GET /sitemap.xml HTTP/1.1" 302 - "-" "Mozilla/5.0 AppleWebKit/537.36 (KHTML, like Gecko; compatible; bingbot/2.0; +http://www.bing.com/bingbot.htm) Chrome/116.0.1938.76 Safari/537.36"
207.46.13.155 - - [16/Jun/2026:03:16:42 +0000] "GET /wp-sitemap.xml HTTP/1.1" 200 617 "-" "Mozilla/5.0 AppleWebKit/537.36 (KHTML, like Gecko; compatible; bingbot/2.0; +http://www.bing.com/bingbot.htm) Chrome/116.0.1938.76 Safari/537.36"
198.244.240.214 - - [16/Jun/2026:03:19:17 +0000] "GET /wp-sitemap.xml HTTP/1.1" 200 617 "-" "Mozilla/5.0 (compatible; AhrefsBot/7.0; +http://ahrefs.com/robot/)"
198.244.240.109 - - [16/Jun/2026:03:19:19 +0000] "GET /wp-sitemap-posts-post-1.xml HTTP/1.1" 200 286 "-" "Mozilla/5.0 (compatible; AhrefsBot/7.0; +http://ahrefs.com/robot/)"
198.244.226.39 - - [16/Jun/2026:03:19:20 +0000] "GET /wp-sitemap-posts-page-1.xml HTTP/1.1" 200 626 "-" "Mozilla/5.0 (compatible; AhrefsBot/7.0; +http://ahrefs.com/robot/)"
51.89.129.212 - - [16/Jun/2026:03:19:22 +0000] "GET /wp-sitemap-posts-personnel-1.xml HTTP/1.1" 200 699 "-" "Mozilla/5.0 (compatible; AhrefsBot/7.0; +http://ahrefs.com/robot/)"
51.195.215.186 - - [16/Jun/2026:03:19:24 +0000] "GET /wp-sitemap-taxonomies-category-1.xml HTTP/1.1" 200 288 "-" "Mozilla/5.0 (compatible; AhrefsBot/7.0; +http://ahrefs.com/robot/)"
114.119.152.8 - - [16/Jun/2026:03:41:27 +0000] "GET /wp?C=N%3BO%3DD HTTP/1.1" 301 301 "http://www.corridauhebelomonte.com.br/wp?C=N%3BO%3DD" "Mozilla/5.0 (Linux; Android 7.0;) AppleWebKit/537.36 (HTML, like Gecko) Mobile Safari/537.36 (compatible; PetalBot;+https://webmaster.petalsearch.com/site/petalbot)"
114.119.152.8 - - [16/Jun/2026:03:41:32 +0000] "GET /wp/?C=N%3BO%3DD HTTP/1.1" 500 251 "http://www.corridauhebelomonte.com.br/wp?C=N%3BO%3DD" "Mozilla/5.0 (Linux; Android 7.0;) AppleWebKit/537.36 (HTML, like Gecko) Mobile Safari/537.36 (compatible; PetalBot;+https://webmaster.petalsearch.com/site/petalbot)"
138.252.238.113 - - [16/Jun/2026:03:49:16 +0000] "GET http://www.corridauhebelomonte.com.br/ HTTP/1.1" 301 - "-" "Mozilla/5.0 (Macintosh; Intel Mac OS X 10_15_6) AppleWebKit/537.36 (KHTML, like Gecko) Chrome/87.0.4280.88 Safari/537.36"
1.15.52.154 - - [16/Jun/2026:04:02:13 +0000] "GET / HTTP/1.1" 200 33649 "-" "Mozilla/5.0 (iPhone; CPU iPhone OS 13_2_3 like Mac OS X) AppleWebKit/605.1.15 (KHTML, like Gecko) Version/13.0.3 Mobile/15E148 Safari/604.1"
43.156.225.86 - - [16/Jun/2026:04:07:13 +0000] "GET / HTTP/1.1" 301 - "-" "Mozilla/5.0 (iPhone; CPU iPhone OS 13_2_3 like Mac OS X) AppleWebKit/605.1.15 (KHTML, like Gecko) Version/13.0.3 Mobile/15E148 Safari/604.1"
162.241.176.232 - - [16/Jun/2026:04:07:14 +0000] "POST /19/wp-cron.php?doing_wp_cron=1781582834.7011880874633789062500 HTTP/1.1" 404 23729 "http://www.corridauhebelomonte.com.br/19/wp-cron.php?doing_wp_cron=1781582834.7011880874633789062500" "WordPress/6.0.11; http://www.corridauhebelomonte.com.br"
43.156.225.86 - - [16/Jun/2026:04:07:17 +0000] "GET / HTTP/1.1" 200 33649 "http://corridauhebelomonte.com.br" "Mozilla/5.0 (iPhone; CPU iPhone OS 13_2_3 like Mac OS X) AppleWebKit/605.1.15 (KHTML, like Gecko) Version/13.0.3 Mobile/15E148 Safari/604.1"
207.46.13.126 - - [16/Jun/2026:04:24:05 +0000] "GET /19/wp-content/plugins/revslider/public/assets/css/rs6.css?ver=6.5.25 HTTP/1.1" 200 59516 "http://corridauhebelomonte.com.br/" "Mozilla/5.0 AppleWebKit/537.36 (KHTML, like Gecko; compatible; bingbot/2.0; +http://www.bing.com/bingbot.htm) Chrome/136.0.0.0 Safari/537.36 AppleWebKit/537.36 (KHTML, like Gecko; compatible; bingbot/2.0; +http://www.bing.com/bingbot.htm) Chrome/116.0.1938.76 Safari/537.36"
207.46.13.126 - - [16/Jun/2026:04:24:05 +0000] "GET /19/wp-content/plugins/goodlayers-core/include/css/page-builder.css?ver=6.0.11 HTTP/1.1" 200 248486 "http://corridauhebelomonte.com.br/" "Mozilla/5.0 AppleWebKit/537.36 (KHTML, like Gecko; compatible; bingbot/2.0; +http://www.bing.com/bingbot.htm) Chrome/136.0.0.0 Safari/537.36 AppleWebKit/537.36 (KHTML, like Gecko; compatible; bingbot/2.0; +http://www.bing.com/bingbot.htm) Chrome/116.0.1938.76 Safari/537.36"
207.46.13.126 - - [16/Jun/2026:04:24:05 +0000] "GET /19/wp-content/plugins/contact-form-7/includes/css/styles.css?ver=5.6.4 HTTP/1.1" 200 2731 "http://corridauhebelomonte.com.br/" "Mozilla/5.0 AppleWebKit/537.36 (KHTML, like Gecko; compatible; bingbot/2.0; +http://www.bing.com/bingbot.htm) Chrome/136.0.0.0 Safari/537.36 AppleWebKit/537.36 (KHTML, like Gecko; compatible; bingbot/2.0; +http://www.bing.com/bingbot.htm) Chrome/116.0.1938.76 Safari/537.36"
207.46.13.126 - - [16/Jun/2026:04:24:05 +0000] "GET /19/wp-content/plugins/goodlayers-core/plugins/style.css?ver=6.0.11 HTTP/1.1" 200 11972 "http://corridauhebelomonte.com.br/" "Mozilla/5.0 AppleWebKit/537.36 (KHTML, like Gecko; compatible; bingbot/2.0; +http://www.bing.com/bingbot.htm) Chrome/136.0.0.0 Safari/537.36 AppleWebKit/537.36 (KHTML, like Gecko; compatible; bingbot/2.0; +http://www.bing.com/bingbot.htm) Chrome/116.0.1938.76 Safari/537.36"
207.46.13.126 - - [16/Jun/2026:04:24:05 +0000] "GET /19/wp-content/plugins/contact-form-7/includes/swv/js/index.js?ver=5.6.4 HTTP/1.1" 200 9937 "http://corridauhebelomonte.com.br/" "Mozilla/5.0 AppleWebKit/537.36 (KHTML, like Gecko; compatible; bingbot/2.0; +http://www.bing.com/bingbot.htm) Chrome/136.0.0.0 Safari/537.36 AppleWebKit/537.36 (KHTML, like Gecko; compatible; bingbot/2.0; +http://www.bing.com/bingbot.htm) Chrome/116.0.1938.76 Safari/537.36"
207.46.13.126 - - [16/Jun/2026:04:24:05 +0000] "GET /19/wp-includes/js/wp-emoji-release.min.js?ver=6.0.11 HTTP/1.1" 200 18617 "http://corridauhebelomonte.com.br/" "Mozilla/5.0 AppleWebKit/537.36 (KHTML, like Gecko; compatible; bingbot/2.0; +http://www.bing.com/bingbot.htm) Chrome/136.0.0.0 Safari/537.36 AppleWebKit/537.36 (KHTML, like Gecko; compatible; bingbot/2.0; +http://www.bing.com/bingbot.htm) Chrome/116.0.1938.76 Safari/537.36"
207.46.13.126 - - [16/Jun/2026:04:24:05 +0000] "GET /19/wp-content/plugins/goodlayers-core/include/js/page-builder.js?ver=1.3.9 HTTP/1.1" 200 83913 "http://corridauhebelomonte.com.br/" "Mozilla/5.0 AppleWebKit/537.36 (KHTML, like Gecko; compatible; bingbot/2.0; +http://www.bing.com/bingbot.htm) Chrome/136.0.0.0 Safari/537.36 AppleWebKit/537.36 (KHTML, like Gecko; compatible; bingbot/2.0; +http://www.bing.com/bingbot.htm) Chrome/116.0.1938.76 Safari/537.36"
40.77.167.72 - - [16/Jun/2026:04:24:11 +0000] "GET /19/wp-content/uploads/gdlr-style-custom.css?1728389060&ver=6.0.11 HTTP/1.1" 200 75440 "http://corridauhebelomonte.com.br/" "Mozilla/5.0 AppleWebKit/537.36 (KHTML, like Gecko; compatible; bingbot/2.0; +http://www.bing.com/bingbot.htm) Chrome/136.0.0.0 Safari/537.36 AppleWebKit/537.36 (KHTML, like Gecko; compatible; bingbot/2.0; +http://www.bing.com/bingbot.htm) Chrome/116.0.1938.76 Safari/537.36"
40.77.167.72 - - [16/Jun/2026:04:24:11 +0000] "GET /19/wp-content/themes/infinite/css/style-core.css?ver=6.0.11 HTTP/1.1" 200 126449 "http://corridauhebelomonte.com.br/" "Mozilla/5.0 AppleWebKit/537.36 (KHTML, like Gecko; compatible; bingbot/2.0; +http://www.bing.com/bingbot.htm) Chrome/136.0.0.0 Safari/537.36 AppleWebKit/537.36 (KHTML, like Gecko; compatible; bingbot/2.0; +http://www.bing.com/bingbot.htm) Chrome/116.0.1938.76 Safari/537.36"
40.77.167.72 - - [16/Jun/2026:04:24:11 +0000] "GET /19/wp-includes/js/jquery/jquery.min.js?ver=3.6.0 HTTP/1.1" 200 89521 "http://corridauhebelomonte.com.br/" "Mozilla/5.0 AppleWebKit/537.36 (KHTML, like Gecko; compatible; bingbot/2.0; +http://www.bing.com/bingbot.htm) Chrome/136.0.0.0 Safari/537.36 AppleWebKit/537.36 (KHTML, like Gecko; compatible; bingbot/2.0; +http://www.bing.com/bingbot.htm) Chrome/116.0.1938.76 Safari/537.36"
40.77.167.72 - - [16/Jun/2026:04:24:11 +0000] "GET /19/wp-includes/css/dist/block-library/style.min.css?ver=6.0.11 HTTP/1.1" 200 88932 "http://corridauhebelomonte.com.br/" "Mozilla/5.0 AppleWebKit/537.36 (KHTML, like Gecko; compatible; bingbot/2.0; +http://www.bing.com/bingbot.htm) Chrome/136.0.0.0 Safari/537.36 AppleWebKit/537.36 (KHTML, like Gecko; compatible; bingbot/2.0; +http://www.bing.com/bingbot.htm) Chrome/116.0.1938.76 Safari/537.36"
40.77.167.72 - - [16/Jun/2026:04:24:11 +0000] "GET /19/wp-includes/js/mediaelement/wp-mediaelement.min.css?ver=6.0.11 HTTP/1.1" 200 4186 "http://corridauhebelomonte.com.br/" "Mozilla/5.0 AppleWebKit/537.36 (KHTML, like Gecko; compatible; bingbot/2.0; +http://www.bing.com/bingbot.htm) Chrome/136.0.0.0 Safari/537.36 AppleWebKit/537.36 (KHTML, like Gecko; compatible; bingbot/2.0; +http://www.bing.com/bingbot.htm) Chrome/116.0.1938.76 Safari/537.36"
40.77.167.72 - - [16/Jun/2026:04:24:11 +0000] "GET /19/wp-content/plugins/wp-google-map-plugin/assets/css/frontend.css?ver=6.0.11 HTTP/1.1" 200 4181 "http://corridauhebelomonte.com.br/" "Mozilla/5.0 AppleWebKit/537.36 (KHTML, like Gecko; compatible; bingbot/2.0; +http://www.bing.com/bingbot.htm) Chrome/136.0.0.0 Safari/537.36 AppleWebKit/537.36 (KHTML, like Gecko; compatible; bingbot/2.0; +http://www.bing.com/bingbot.htm) Chrome/116.0.1938.76 Safari/537.36"
40.77.167.72 - - [16/Jun/2026:04:24:11 +0000] "GET /19/wp-content/plugins/revslider/public/assets/js/rbtools.min.js?ver=6.5.18 HTTP/1.1" 200 128805 "http://corridauhebelomonte.com.br/" "Mozilla/5.0 AppleWebKit/537.36 (KHTML, like Gecko; compatible; bingbot/2.0; +http://www.bing.com/bingbot.htm) Chrome/136.0.0.0 Safari/537.36 AppleWebKit/537.36 (KHTML, like Gecko; compatible; bingbot/2.0; +http://www.bing.com/bingbot.htm) Chrome/116.0.1938.76 Safari/537.36"
40.77.167.72 - - [16/Jun/2026:04:24:11 +0000] "GET /19/wp-content/plugins/wp-google-map-plugin/assets/js/maps.js?ver=2.3.4 HTTP/1.1" 200 56069 "http://corridauhebelomonte.com.br/" "Mozilla/5.0 AppleWebKit/537.36 (KHTML, like Gecko; compatible; bingbot/2.0; +http://www.bing.com/bingbot.htm) Chrome/136.0.0.0 Safari/537.36 AppleWebKit/537.36 (KHTML, like Gecko; compatible; bingbot/2.0; +http://www.bing.com/bingbot.htm) Chrome/116.0.1938.76 Safari/537.36"
40.77.167.72 - - [16/Jun/2026:04:24:11 +0000] "GET /19/wp-includes/js/jquery/ui/effect.min.js?ver=1.13.1 HTTP/1.1" 200 17331 "http://corridauhebelomonte.com.br/" "Mozilla/5.0 AppleWebKit/537.36 (KHTML, like Gecko; compatible; bingbot/2.0; +http://www.bing.com/bingbot.htm) Chrome/136.0.0.0 Safari/537.36 AppleWebKit/537.36 (KHTML, like Gecko; compatible; bingbot/2.0; +http://www.bing.com/bingbot.htm) Chrome/116.0.1938.76 Safari/537.36"
40.77.167.72 - - [16/Jun/2026:04:24:11 +0000] "GET /19/wp-content/themes/infinite/js/jquery.mmenu.js?ver=1.0.0 HTTP/1.1" 200 16099 "http://corridauhebelomonte.com.br/" "Mozilla/5.0 AppleWebKit/537.36 (KHTML, like Gecko; compatible; bingbot/2.0; +http://www.bing.com/bingbot.htm) Chrome/136.0.0.0 Safari/537.36 AppleWebKit/537.36 (KHTML, like Gecko; compatible; bingbot/2.0; +http://www.bing.com/bingbot.htm) Chrome/116.0.1938.76 Safari/537.36"
52.167.144.24 - - [16/Jun/2026:04:24:21 +0000] "GET /19/wp-content/plugins/jetpack/css/jetpack.css?ver=11.4.2 HTTP/1.1" 200 85752 "http://corridauhebelomonte.com.br/" "Mozilla/5.0 AppleWebKit/537.36 (KHTML, like Gecko; compatible; bingbot/2.0; +http://www.bing.com/bingbot.htm) Chrome/136.0.0.0 Safari/537.36 AppleWebKit/537.36 (KHTML, like Gecko; compatible; bingbot/2.0; +http://www.bing.com/bingbot.htm) Chrome/116.0.1938.76 Safari/537.36"
52.167.144.24 - - [16/Jun/2026:04:24:21 +0000] "GET /19/wp-content/plugins/goodlayers-core/plugins/elegant/elegant-font.css?ver=6.0.11 HTTP/1.1" 200 21733 "http://corridauhebelomonte.com.br/" "Mozilla/5.0 AppleWebKit/537.36 (KHTML, like Gecko; compatible; bingbot/2.0; +http://www.bing.com/bingbot.htm) Chrome/136.0.0.0 Safari/537.36 AppleWebKit/537.36 (KHTML, like Gecko; compatible; bingbot/2.0; +http://www.bing.com/bingbot.htm) Chrome/116.0.1938.76 Safari/537.36"
52.167.144.24 - - [16/Jun/2026:04:24:21 +0000] "GET /19/wp-includes/js/jquery/jquery-migrate.min.js?ver=3.3.2 HTTP/1.1" 200 11224 "http://corridauhebelomonte.com.br/" "Mozilla/5.0 AppleWebKit/537.36 (KHTML, like Gecko; compatible; bingbot/2.0; +http://www.bing.com/bingbot.htm) Chrome/136.0.0.0 Safari/537.36 AppleWebKit/537.36 (KHTML, like Gecko; compatible; bingbot/2.0; +http://www.bing.com/bingbot.htm) Chrome/116.0.1938.76 Safari/537.36"
52.167.144.24 - - [16/Jun/2026:04:24:21 +0000] "GET /19/wp-content/themes/infinite-child/style.css?ver=6.0.11 HTTP/1.1" 200 476 "http://corridauhebelomonte.com.br/" "Mozilla/5.0 AppleWebKit/537.36 (KHTML, like Gecko; compatible; bingbot/2.0; +http://www.bing.com/bingbot.htm) Chrome/136.0.0.0 Safari/537.36 AppleWebKit/537.36 (KHTML, like Gecko; compatible; bingbot/2.0; +http://www.bing.com/bingbot.htm) Chrome/116.0.1938.76 Safari/537.36"
52.167.144.24 - - [16/Jun/2026:04:24:21 +0000] "GET /19/wp-includes/js/mediaelement/mediaelementplayer-legacy.min.css?ver=4.2.16 HTTP/1.1" 200 11256 "http://corridauhebelomonte.com.br/" "Mozilla/5.0 AppleWebKit/537.36 (KHTML, like Gecko; compatible; bingbot/2.0; +http://www.bing.com/bingbot.htm) Chrome/136.0.0.0 Safari/537.36 AppleWebKit/537.36 (KHTML, like Gecko; compatible; bingbot/2.0; +http://www.bing.com/bingbot.htm) Chrome/116.0.1938.76 Safari/537.36"
52.167.144.24 - - [16/Jun/2026:04:24:21 +0000] "GET /19/wp-content/plugins/goodlayers-core/plugins/fontawesome/font-awesome.css?ver=6.0.11 HTTP/1.1" 200 30878 "http://corridauhebelomonte.com.br/" "Mozilla/5.0 AppleWebKit/537.36 (KHTML, like Gecko; compatible; bingbot/2.0; +http://www.bing.com/bingbot.htm) Chrome/136.0.0.0 Safari/537.36 AppleWebKit/537.36 (KHTML, like Gecko; compatible; bingbot/2.0; +http://www.bing.com/bingbot.htm) Chrome/116.0.1938.76 Safari/537.36"
52.167.144.24 - - [16/Jun/2026:04:24:21 +0000] "GET /19/wp-content/plugins/contact-form-7/includes/js/index.js?ver=5.6.4 HTTP/1.1" 200 12310 "http://corridauhebelomonte.com.br/" "Mozilla/5.0 AppleWebKit/537.36 (KHTML, like Gecko; compatible; bingbot/2.0; +http://www.bing.com/bingbot.htm) Chrome/136.0.0.0 Safari/537.36 AppleWebKit/537.36 (KHTML, like Gecko; compatible; bingbot/2.0; +http://www.bing.com/bingbot.htm) Chrome/116.0.1938.76 Safari/537.36"
52.167.144.24 - - [16/Jun/2026:04:24:21 +0000] "GET /19/wp-content/plugins/goodlayers-core/plugins/script.js?ver=6.0.11 HTTP/1.1" 200 416290 "http://corridauhebelomonte.com.br/" "Mozilla/5.0 AppleWebKit/537.36 (KHTML, like Gecko; compatible; bingbot/2.0; +http://www.bing.com/bingbot.htm) Chrome/136.0.0.0 Safari/537.36 AppleWebKit/537.36 (KHTML, like Gecko; compatible; bingbot/2.0; +http://www.bing.com/bingbot.htm) Chrome/116.0.1938.76 Safari/537.36"
52.167.144.24 - - [16/Jun/2026:04:24:21 +0000] "GET /19/wp-content/themes/infinite/js/script-core.js?ver=1.0.0 HTTP/1.1" 200 38093 "http://corridauhebelomonte.com.br/" "Mozilla/5.0 AppleWebKit/537.36 (KHTML, like Gecko; compatible; bingbot/2.0; +http://www.bing.com/bingbot.htm) Chrome/136.0.0.0 Safari/537.36 AppleWebKit/537.36 (KHTML, like Gecko; compatible; bingbot/2.0; +http://www.bing.com/bingbot.htm) Chrome/116.0.1938.76 Safari/537.36"
52.167.144.24 - - [16/Jun/2026:04:24:21 +0000] "GET /19/wp-content/themes/infinite/js/jquery.superfish.js?ver=1.0.0 HTTP/1.1" 200 4448 "http://corridauhebelomonte.com.br/" "Mozilla/5.0 AppleWebKit/537.36 (KHTML, like Gecko; compatible; bingbot/2.0; +http://www.bing.com/bingbot.htm) Chrome/136.0.0.0 Safari/537.36 AppleWebKit/537.36 (KHTML, like Gecko; compatible; bingbot/2.0; +http://www.bing.com/bingbot.htm) Chrome/116.0.1938.76 Safari/537.36"
52.167.144.24 - - [16/Jun/2026:04:24:21 +0000] "GET /19/wp-content/plugins/revslider/public/assets/js/rs6.min.js?ver=6.5.25 HTTP/1.1" 200 391496 "http://corridauhebelomonte.com.br/" "Mozilla/5.0 AppleWebKit/537.36 (KHTML, like Gecko; compatible; bingbot/2.0; +http://www.bing.com/bingbot.htm) Chrome/136.0.0.0 Safari/537.36 AppleWebKit/537.36 (KHTML, like Gecko; compatible; bingbot/2.0; +http://www.bing.com/bingbot.htm) Chrome/116.0.1938.76 Safari/537.36"
114.119.154.161 - - [16/Jun/2026:04:25:28 +0000] "GET /wp/wp-includes/js/tinymce/plugins/image/plugin.min.js HTTP/1.1" 200 16029 "http://www.corridauhebelomonte.com.br/wp/wp-includes/js/tinymce/plugins/image/?C=M%3BO%3DA" "Mozilla/5.0 (Linux; Android 7.0;) AppleWebKit/537.36 (HTML, like Gecko) Mobile Safari/537.36 (compatible; PetalBot;+https://webmaster.petalsearch.com/site/petalbot)"
210.87.93.16 - - [16/Jun/2026:04:31:14 +0000] "GET /wp-json/wp/v2/posts HTTP/1.1" 200 1961 "-" "Mozilla/5.0 (Windows NT 10.0; Win64; x64) AppleWebKit/537.36 (KHTML, like Gecko) Chrome/120.0.0.0 Safari/537.36"
162.241.176.232 - - [16/Jun/2026:04:31:16 +0000] "POST /19/wp-cron.php?doing_wp_cron=1781584276.2140870094299316406250 HTTP/1.1" 404 8000 "http://www.corridauhebelomonte.com.br/19/wp-cron.php?doing_wp_cron=1781584276.2140870094299316406250" "WordPress/6.0.11; http://www.corridauhebelomonte.com.br"
210.87.93.16 - - [16/Jun/2026:04:31:18 +0000] "POST /wp-comments-post.php HTTP/1.1" 404 28160 "-" "Mozilla/5.0 (Windows NT 10.0; Win64; x64) AppleWebKit/537.36 (KHTML, like Gecko) Chrome/120.0.0.0 Safari/537.36"
199.244.88.219 - - [16/Jun/2026:04:35:22 +0000] "GET / HTTP/1.1" 301 - "-" "Mozilla/5.0 (X11; Linux x86_64) AppleWebKit/537.36 (KHTML, like Gecko) Chrome/105.0.0.0 Safari/537.36"
162.241.176.232 - - [16/Jun/2026:04:35:23 +0000] "POST /19/wp-cron.php?doing_wp_cron=1781584523.5400381088256835937500 HTTP/1.1" 404 23729 "http://www.corridauhebelomonte.com.br/19/wp-cron.php?doing_wp_cron=1781584523.5400381088256835937500" "WordPress/6.0.11; http://www.corridauhebelomonte.com.br"
199.244.88.228 - - [16/Jun/2026:04:35:24 +0000] "GET / HTTP/1.1" 200 33649 "http://corridauhebelomonte.com.br" "Mozilla/5.0 (X11; Linux x86_64) AppleWebKit/537.36 (KHTML, like Gecko) Chrome/105.0.0.0 Safari/537.36"
199.244.88.228 - - [16/Jun/2026:04:37:32 +0000] "GET /19/wp-content/uploads/fbrfg/favicon-32x32.png HTTP/1.1" 200 2557 "-" "Mozilla/5.0 (Macintosh; Intel Mac OS X 10_15_7) AppleWebKit/537.36 (KHTML, like Gecko) Chrome/120.0.0.0 Safari/537.36"
199.244.88.228 - - [16/Jun/2026:04:37:32 +0000] "GET /19/wp-content/uploads/fbrfg/favicon-16x16.png HTTP/1.1" 200 1481 "-" "Mozilla/5.0 (Macintosh; Intel Mac OS X 10_15_7) AppleWebKit/537.36 (KHTML, like Gecko) Chrome/120.0.0.0 Safari/537.36"
43.153.119.119 - - [16/Jun/2026:04:55:08 +0000] "GET / HTTP/1.1" 200 33649 "-" "Mozilla/5.0 (iPhone; CPU iPhone OS 13_2_3 like Mac OS X) AppleWebKit/605.1.15 (KHTML, like Gecko) Version/13.0.3 Mobile/15E148 Safari/604.1"
142.44.228.124 - - [16/Jun/2026:04:55:08 +0000] "GET /robots.txt HTTP/1.1" 200 136 "-" "Mozilla/5.0 (compatible; AhrefsBot/7.0; +http://ahrefs.com/robot/)"
162.241.176.232 - - [16/Jun/2026:04:55:09 +0000] "POST /19/wp-cron.php?doing_wp_cron=1781585709.5632140636444091796875 HTTP/1.1" 404 8000 "http://www.corridauhebelomonte.com.br/19/wp-cron.php?doing_wp_cron=1781585709.5632140636444091796875" "WordPress/6.0.11; http://www.corridauhebelomonte.com.br"
54.38.147.80 - - [16/Jun/2026:04:55:13 +0000] "GET /wp-sitemap.xml HTTP/1.1" 200 617 "-" "Mozilla/5.0 (compatible; AhrefsBot/7.0; +http://ahrefs.com/robot/)"
51.195.244.115 - - [16/Jun/2026:04:55:46 +0000] "GET /wp-sitemap-posts-post-1.xml HTTP/1.1" 200 286 "-" "Mozilla/5.0 (compatible; AhrefsBot/7.0; +http://ahrefs.com/robot/)"
51.195.244.17 - - [16/Jun/2026:04:55:48 +0000] "GET /wp-sitemap-posts-page-1.xml HTTP/1.1" 200 626 "-" "Mozilla/5.0 (compatible; AhrefsBot/7.0; +http://ahrefs.com/robot/)"
198.244.240.246 - - [16/Jun/2026:04:55:50 +0000] "GET /wp-sitemap-posts-personnel-1.xml HTTP/1.1" 200 699 "-" "Mozilla/5.0 (compatible; AhrefsBot/7.0; +http://ahrefs.com/robot/)"
51.195.215.5 - - [16/Jun/2026:04:55:51 +0000] "GET /wp-sitemap-taxonomies-category-1.xml HTTP/1.1" 200 288 "-" "Mozilla/5.0 (compatible; AhrefsBot/7.0; +http://ahrefs.com/robot/)"
106.63.26.147 - - [16/Jun/2026:04:59:14 +0000] "GET / HTTP/1.1" 200 33649 "-" "Mozilla/5.0 (Macintosh; Intel Mac OS X 10_15_7) AppleWebKit/537.36 (KHTML, like Gecko) Chrome/120.0.0.0 Safari/537.36 Edg/120.0.0.0"
162.241.176.232 - - [16/Jun/2026:04:59:46 +0000] "POST /?wordfence_syncAttackData=1781585986.3587 HTTP/1.1" 200 - "http://www.corridauhebelomonte.com.br/?wordfence_syncAttackData=1781585986.3587" "WordPress/6.0.11; http://www.corridauhebelomonte.com.br"
106.63.26.156 - - [16/Jun/2026:04:59:44 +0000] "GET /wp-content/plugins/wp-google-map-plugin/readme.txt HTTP/1.1" 404 28160 "-" "Opera/9.66.(X11; Linux i686; bhb-IN) Presto/2.9.182 Version/10.00"
162.241.176.232 - - [16/Jun/2026:04:59:47 +0000] "POST /19/wp-cron.php?doing_wp_cron=1781585987.5214400291442871093750 HTTP/1.1" 404 23729 "http://www.corridauhebelomonte.com.br/19/wp-cron.php?doing_wp_cron=1781585987.5214400291442871093750" "WordPress/6.0.11; http://www.corridauhebelomonte.com.br"
106.63.26.148 - - [16/Jun/2026:04:59:59 +0000] "GET /wp-content/plugins/jetpack/readme.txt HTTP/1.1" 404 28160 "-" "Opera/9.66.(X11; Linux i686; bhb-IN) Presto/2.9.182 Version/10.00"
162.241.176.232 - - [16/Jun/2026:05:00:01 +0000] "POST /?wordfence_syncAttackData=1781586001.1375 HTTP/1.1" 200 - "http://www.corridauhebelomonte.com.br/?wordfence_syncAttackData=1781586001.1375" "WordPress/6.0.11; http://www.corridauhebelomonte.com.br"
106.63.26.21 - - [16/Jun/2026:05:00:05 +0000] "GET /wp-content/plugins/contact-form-7/readme.txt HTTP/1.1" 404 28160 "-" "Opera/9.66.(X11; Linux i686; bhb-IN) Presto/2.9.182 Version/10.00"
106.63.26.156 - - [16/Jun/2026:05:00:08 +0000] "GET /wp-content/plugins/revslider/readme.txt HTTP/1.1" 404 28160 "-" "Opera/9.66.(X11; Linux i686; bhb-IN) Presto/2.9.182 Version/10.00"
106.63.26.156 - - [16/Jun/2026:05:00:14 +0000] "GET /wp-content/plugins/goodlayers-core/readme.txt HTTP/1.1" 404 28160 "-" "Opera/9.66.(X11; Linux i686; bhb-IN) Presto/2.9.182 Version/10.00"
162.241.176.232 - - [16/Jun/2026:05:00:15 +0000] "POST /?wordfence_syncAttackData=1781586015.6105 HTTP/1.1" 200 - "http://www.corridauhebelomonte.com.br/?wordfence_syncAttackData=1781586015.6105" "WordPress/6.0.11; http://www.corridauhebelomonte.com.br"
106.63.26.7 - - [16/Jun/2026:05:00:18 +0000] "GET /wp-content/themes/infinite/readme.txt HTTP/1.1" 404 28160 "-" "Opera/9.66.(X11; Linux i686; bhb-IN) Presto/2.9.182 Version/10.00"
106.63.26.8 - - [16/Jun/2026:05:00:21 +0000] "GET /wp-content/themes/infinite-child/readme.txt HTTP/1.1" 404 28160 "-" "Opera/9.66.(X11; Linux i686; bhb-IN) Presto/2.9.182 Version/10.00"
196.51.184.184 - - [16/Jun/2026:05:42:13 +0000] "GET /contato/ HTTP/1.1" 200 35876 "-" "Mozilla/5.0 (Windows NT 10.0; Win64; x64) AppleWebKit/537.36 (KHTML, like Gecko) Chrome/142.0.0.0 YaBrowser/25.12.0.0 Safari/537.36"
162.241.176.232 - - [16/Jun/2026:05:42:14 +0000] "POST /19/wp-cron.php?doing_wp_cron=1781588534.5361049175262451171875 HTTP/1.1" 404 8000 "http://www.corridauhebelomonte.com.br/19/wp-cron.php?doing_wp_cron=1781588534.5361049175262451171875" "WordPress/6.0.11; http://www.corridauhebelomonte.com.br"
196.51.184.184 - - [16/Jun/2026:05:42:16 +0000] "GET /19/wp-content/plugins/contact-form-7/includes/js/index.js?ver=5.6.4 HTTP/1.1" 200 12310 "http://www.corridauhebelomonte.com.br/contato/" "Mozilla/5.0 (Windows NT 10.0; Win64; x64) AppleWebKit/537.36 (KHTML, like Gecko) Chrome/142.0.0.0 YaBrowser/25.12.0.0 Safari/537.36"
196.51.184.184 - - [16/Jun/2026:05:42:17 +0000] "POST /wp-json/contact-form-7/v1/contact-forms/1296/feedback HTTP/1.1" 200 208 "http://www.corridauhebelomonte.com.br/contato/" "Mozilla/5.0 (Windows NT 10.0; Win64; x64) AppleWebKit/537.36 (KHTML, like Gecko) Chrome/142.0.0.0 YaBrowser/25.12.0.0 Safari/537.36"
198.244.240.9 - - [16/Jun/2026:06:21:20 +0000] "GET /wp-sitemap.xml HTTP/1.1" 200 617 "-" "Mozilla/5.0 (compatible; AhrefsBot/7.0; +http://ahrefs.com/robot/)"
51.89.129.148 - - [16/Jun/2026:06:21:21 +0000] "GET /wp-sitemap-posts-post-1.xml HTTP/1.1" 200 286 "-" "Mozilla/5.0 (compatible; AhrefsBot/7.0; +http://ahrefs.com/robot/)"
198.244.240.162 - - [16/Jun/2026:06:21:23 +0000] "GET /wp-sitemap-posts-page-1.xml HTTP/1.1" 200 626 "-" "Mozilla/5.0 (compatible; AhrefsBot/7.0; +http://ahrefs.com/robot/)"
198.244.168.252 - - [16/Jun/2026:06:21:24 +0000] "GET /wp-sitemap-posts-personnel-1.xml HTTP/1.1" 200 699 "-" "Mozilla/5.0 (compatible; AhrefsBot/7.0; +http://ahrefs.com/robot/)"
198.244.183.241 - - [16/Jun/2026:06:21:26 +0000] "GET /wp-sitemap-taxonomies-category-1.xml HTTP/1.1" 200 288 "-" "Mozilla/5.0 (compatible; AhrefsBot/7.0; +http://ahrefs.com/robot/)"
146.70.124.222 - - [16/Jun/2026:06:27:57 +0000] "GET /contato/ HTTP/1.0" 200 35876 "http://www.corridauhebelomonte.com.br/contato/" "Mozilla/5.0 (Windows NT 10.0; Win64; x64) AppleWebKit/537.36 (KHTML, like Gecko) Chrome/131.0.0.0 Safari/537.36 Avast/131.0.0.0"
162.241.176.232 - - [16/Jun/2026:06:27:58 +0000] "POST /19/wp-cron.php?doing_wp_cron=1781591278.6561939716339111328125 HTTP/1.1" 404 23729 "http://www.corridauhebelomonte.com.br/19/wp-cron.php?doing_wp_cron=1781591278.6561939716339111328125" "WordPress/6.0.11; http://www.corridauhebelomonte.com.br"
146.70.124.222 - - [16/Jun/2026:06:28:00 +0000] "POST /wp-json/contact-form-7/v1/contact-forms/1296/feedback HTTP/1.0" 200 208 "http://www.corridauhebelomonte.com.br/contato/" "Mozilla/5.0 (Windows NT 10.0; Win64; x64) AppleWebKit/537.36 (KHTML, like Gecko) Chrome/131.0.0.0 Safari/537.36 Avast/131.0.0.0"
114.119.157.17 - - [16/Jun/2026:06:36:31 +0000] "GET /wp/wp-includes/js/wp-auth-check.js HTTP/1.1" 200 3306 "http://www.corridauhebelomonte.com.br/wp/wp-includes/js/" "Mozilla/5.0 (Linux; Android 7.0;) AppleWebKit/537.36 (HTML, like Gecko) Mobile Safari/537.36 (compatible; PetalBot;+https://webmaster.petalsearch.com/site/petalbot)"
114.119.154.161 - - [16/Jun/2026:06:40:30 +0000] "GET /wp/wp-includes/js/mediaelement/mediaelement-migrate.min.js HTTP/1.1" 200 1193 "http://www.corridauhebelomonte.com.br/wp/wp-includes/js/mediaelement/?C=M%3BO%3DA" "Mozilla/5.0 (Linux; Android 7.0;) AppleWebKit/537.36 (HTML, like Gecko) Mobile Safari/537.36 (compatible; PetalBot;+https://webmaster.petalsearch.com/site/petalbot)"
106.63.26.21 - - [16/Jun/2026:06:51:42 +0000] "GET / HTTP/1.1" 200 33649 "-" "Mozilla/5.0 (Macintosh; Intel Mac OS X 10_15_7) AppleWebKit/537.36 (KHTML, like Gecko) Chrome/120.0.0.0 Safari/537.36 Edg/120.0.0.0"
162.241.176.232 - - [16/Jun/2026:06:51:43 +0000] "POST /19/wp-cron.php?doing_wp_cron=1781592703.6648509502410888671875 HTTP/1.1" 404 23729 "http://www.corridauhebelomonte.com.br/19/wp-cron.php?doing_wp_cron=1781592703.6648509502410888671875" "WordPress/6.0.11; http://www.corridauhebelomonte.com.br"
106.63.26.7 - - [16/Jun/2026:06:51:53 +0000] "GET /19/wp-content/uploads/fbrfg/favicon.ico HTTP/1.1" 200 15086 "-" "Mozilla/5.0 (Macintosh; Intel Mac OS X 10_15_7) AppleWebKit/537.36 (KHTML, like Gecko) Chrome/120.0.0.0 Safari/537.36 Edg/120.0.0.0"
106.63.26.27 - - [16/Jun/2026:06:51:54 +0000] "GET /robots.txt HTTP/1.1" 200 136 "-" "Mozilla/5.0 (Macintosh; Intel Mac OS X 10_15_7) AppleWebKit/537.36 (KHTML, like Gecko) Chrome/120.0.0.0 Safari/537.36 Edg/120.0.0.0"
106.63.26.131 - - [16/Jun/2026:06:51:56 +0000] "GET /sitemap.xml HTTP/1.1" 302 - "-" "Mozilla/5.0 (Macintosh; Intel Mac OS X 10_15_7) AppleWebKit/537.36 (KHTML, like Gecko) Chrome/120.0.0.0 Safari/537.36 Edg/120.0.0.0"
106.63.26.131 - - [16/Jun/2026:06:51:58 +0000] "GET /wp-sitemap.xml HTTP/1.1" 200 617 "http://www.corridauhebelomonte.com.br/sitemap.xml" "Mozilla/5.0 (Macintosh; Intel Mac OS X 10_15_7) AppleWebKit/537.36 (KHTML, like Gecko) Chrome/120.0.0.0 Safari/537.36 Edg/120.0.0.0"
106.63.26.28 - - [16/Jun/2026:06:51:59 +0000] "GET /config.json HTTP/1.1" 404 28160 "-" "Mozilla/5.0 (Macintosh; Intel Mac OS X 10_7_0) AppleWebKit/535.11 (KHTML, like Gecko) Chrome/17.0.963.56 Safari/535.11"
162.241.176.232 - - [16/Jun/2026:06:53:09 +0000] "POST /?wordfence_syncAttackData=1781592789.9883 HTTP/1.1" 200 - "http://www.corridauhebelomonte.com.br/?wordfence_syncAttackData=1781592789.9883" "WordPress/6.0.11; http://www.corridauhebelomonte.com.br"
106.63.26.139 - - [16/Jun/2026:06:53:08 +0000] "GET /wp-content/plugins/contact-form-7/readme.txt HTTP/1.1" 404 28160 "-" "Opera/9.46.(X11; Linux i686; ug-CN) Presto/2.9.179 Version/10.00"
162.241.176.232 - - [16/Jun/2026:06:53:11 +0000] "POST /19/wp-cron.php?doing_wp_cron=1781592791.1540400981903076171875 HTTP/1.1" 404 23729 "http://www.corridauhebelomonte.com.br/19/wp-cron.php?doing_wp_cron=1781592791.1540400981903076171875" "WordPress/6.0.11; http://www.corridauhebelomonte.com.br"
106.63.26.132 - - [16/Jun/2026:06:53:28 +0000] "GET /wp-content/plugins/revslider/readme.txt HTTP/1.1" 404 28160 "-" "Opera/9.46.(X11; Linux i686; ug-CN) Presto/2.9.179 Version/10.00"
162.241.176.232 - - [16/Jun/2026:06:53:29 +0000] "POST /?wordfence_syncAttackData=1781592809.7885 HTTP/1.1" 200 - "http://www.corridauhebelomonte.com.br/?wordfence_syncAttackData=1781592809.7885" "WordPress/6.0.11; http://www.corridauhebelomonte.com.br"
106.63.26.7 - - [16/Jun/2026:06:53:51 +0000] "GET /wp-content/plugins/goodlayers-core/readme.txt HTTP/1.1" 404 28160 "-" "Opera/9.46.(X11; Linux i686; ug-CN) Presto/2.9.179 Version/10.00"
162.241.176.232 - - [16/Jun/2026:06:53:53 +0000] "POST /?wordfence_syncAttackData=1781592833.2726 HTTP/1.1" 200 - "http://www.corridauhebelomonte.com.br/?wordfence_syncAttackData=1781592833.2726" "WordPress/6.0.11; http://www.corridauhebelomonte.com.br"
162.241.176.232 - - [16/Jun/2026:07:15:22 +0000] "POST /19/wp-cron.php?doing_wp_cron=1781594122.4367470741271972656250 HTTP/1.1" 404 23729 "http://www.corridauhebelomonte.com.br/19/wp-cron.php?doing_wp_cron=1781594122.4367470741271972656250" "WordPress/6.0.11; http://www.corridauhebelomonte.com.br"
162.241.176.232 - - [16/Jun/2026:07:17:00 +0000] "POST /19/wp-cron.php?doing_wp_cron=1781594220.7955720424652099609375 HTTP/1.1" 404 23490 "http://www.corridauhebelomonte.com.br/19/wp-cron.php?doing_wp_cron=1781594220.7955720424652099609375" "WordPress/6.0.12; http://www.corridauhebelomonte.com.br"
20.206.64.115 - - [16/Jun/2026:07:20:22 +0000] "GET /wp-content/plugins/hellopress/wp_filemanager.php HTTP/1.1" 404 28228 "-" "-"
162.241.176.232 - - [16/Jun/2026:07:20:24 +0000] "POST /19/wp-cron.php?doing_wp_cron=1781594424.1987431049346923828125 HTTP/1.1" 404 23729 "http://www.corridauhebelomonte.com.br/19/wp-cron.php?doing_wp_cron=1781594424.1987431049346923828125" "WordPress/6.0.11; http://www.corridauhebelomonte.com.br"
20.206.64.115 - - [16/Jun/2026:07:20:25 +0000] "GET /this_is_a_new_hello_world.php HTTP/1.1" 404 28228 "-" "-"
20.206.64.115 - - [16/Jun/2026:07:20:27 +0000] "GET /core/init.php HTTP/1.1" 404 28228 "-" "-"
20.206.64.115 - - [16/Jun/2026:07:20:28 +0000] "GET /aa.php HTTP/1.1" 404 28228 "-" "-"
20.206.64.115 - - [16/Jun/2026:07:20:30 +0000] "GET /xmrlpc.php HTTP/1.1" 404 28228 "-" "-"
20.206.64.115 - - [16/Jun/2026:07:20:31 +0000] "GET /class.php HTTP/1.1" 404 28228 "-" "-"
20.206.64.115 - - [16/Jun/2026:07:20:33 +0000] "GET /goods.php HTTP/1.1" 404 28228 "-" "-"
20.206.64.115 - - [16/Jun/2026:07:20:35 +0000] "GET /info.php HTTP/1.1" 404 28228 "-" "-"
20.206.64.115 - - [16/Jun/2026:07:20:37 +0000] "GET /as.php HTTP/1.1" 404 28228 "-" "-"
20.206.64.115 - - [16/Jun/2026:07:20:38 +0000] "GET /bb.php HTTP/1.1" 404 28228 "-" "-"
20.206.64.115 - - [16/Jun/2026:07:20:40 +0000] "GET /about.php HTTP/1.1" 404 28228 "-" "-"
20.206.64.115 - - [16/Jun/2026:07:20:41 +0000] "GET /222.php HTTP/1.1" 404 28228 "-" "-"
20.206.64.115 - - [16/Jun/2026:07:20:43 +0000] "GET /test1.php HTTP/1.1" 404 28228 "-" "-"
20.206.64.115 - - [16/Jun/2026:07:20:44 +0000] "GET /wp-mail.php HTTP/1.1" 404 28228 "-" "-"
20.206.64.115 - - [16/Jun/2026:07:20:46 +0000] "GET /wp.php HTTP/1.1" 404 28228 "-" "-"
20.206.64.115 - - [16/Jun/2026:07:20:48 +0000] "GET /adminfuns.php HTTP/1.1" 404 28228 "-" "-"
20.206.64.115 - - [16/Jun/2026:07:20:49 +0000] "GET /php8.php HTTP/1.1" 404 28228 "-" "-"
20.206.64.115 - - [16/Jun/2026:07:20:51 +0000] "GET /ioxi-o.php HTTP/1.1" 404 28228 "-" "-"
20.206.64.115 - - [16/Jun/2026:07:20:53 +0000] "GET /edit.php HTTP/1.1" 404 28228 "-" "-"
20.206.64.115 - - [16/Jun/2026:07:20:54 +0000] "GET /sid3.php HTTP/1.1" 404 28228 "-" "-"
20.206.64.115 - - [16/Jun/2026:07:20:56 +0000] "GET /166.php HTTP/1.1" 404 28228 "-" "-"
20.206.64.115 - - [16/Jun/2026:07:20:57 +0000] "GET /test.php HTTP/1.1" 404 28228 "-" "-"
20.206.64.115 - - [16/Jun/2026:07:20:59 +0000] "GET /phpinfo/info.php HTTP/1.1" 404 28228 "-" "-"
20.206.64.115 - - [16/Jun/2026:07:21:00 +0000] "GET /wp-the.php HTTP/1.1" 404 28228 "-" "-"
20.206.64.115 - - [16/Jun/2026:07:21:02 +0000] "GET /CDX2.php HTTP/1.1" 404 28228 "-" "-"
20.206.64.115 - - [16/Jun/2026:07:21:04 +0000] "GET /profile.php HTTP/1.1" 404 28228 "-" "-"
20.206.64.115 - - [16/Jun/2026:07:21:05 +0000] "GET /ws80.php HTTP/1.1" 404 28228 "-" "-"
20.206.64.115 - - [16/Jun/2026:07:21:07 +0000] "GET /a4.php HTTP/1.1" 404 28228 "-" "-"
20.206.64.115 - - [16/Jun/2026:07:21:08 +0000] "GET /buy.php HTTP/1.1" 404 28228 "-" "-"
20.206.64.115 - - [16/Jun/2026:07:21:10 +0000] "GET /core.php HTTP/1.1" 404 28228 "-" "-"
20.206.64.115 - - [16/Jun/2026:07:21:11 +0000] "GET /lock360.php HTTP/1.1" 404 28228 "-" "-"
20.206.64.115 - - [16/Jun/2026:07:21:13 +0000] "GET /bc.php HTTP/1.1" 404 28228 "-" "-"
20.206.64.115 - - [16/Jun/2026:07:21:15 +0000] "GET /av.php HTTP/1.1" 404 28228 "-" "-"
20.206.64.115 - - [16/Jun/2026:07:21:16 +0000] "GET /xs.php HTTP/1.1" 404 28228 "-" "-"
20.206.64.115 - - [16/Jun/2026:07:21:18 +0000] "GET /xxa.php HTTP/1.1" 404 28228 "-" "-"
20.206.64.115 - - [16/Jun/2026:07:21:20 +0000] "GET /index0.php HTTP/1.1" 404 28228 "-" "-"
20.206.64.115 - - [16/Jun/2026:07:21:21 +0000] "GET /wp-kz.php HTTP/1.1" 404 28228 "-" "-"
20.206.64.115 - - [16/Jun/2026:07:21:23 +0000] "GET /19.php HTTP/1.1" 404 28228 "-" "-"
162.241.176.232 - - [16/Jun/2026:07:21:24 +0000] "POST /19/wp-cron.php?doing_wp_cron=1781594484.5552721023559570312500 HTTP/1.1" 404 23729 "http://www.corridauhebelomonte.com.br/19/wp-cron.php?doing_wp_cron=1781594484.5552721023559570312500" "WordPress/6.0.11; http://www.corridauhebelomonte.com.br"
20.206.64.115 - - [16/Jun/2026:07:21:25 +0000] "GET /11.php HTTP/1.1" 404 28228 "-" "-"
20.206.64.115 - - [16/Jun/2026:07:21:27 +0000] "GET /w.php HTTP/1.1" 404 28228 "-" "-"
20.206.64.115 - - [16/Jun/2026:07:21:28 +0000] "GET /ws78.php HTTP/1.1" 404 28228 "-" "-"
20.206.64.115 - - [16/Jun/2026:07:21:30 +0000] "GET /xxx.php HTTP/1.1" 404 28228 "-" "-"
20.206.64.115 - - [16/Jun/2026:07:21:31 +0000] "GET /a7.php HTTP/1.1" 404 28228 "-" "-"
20.206.64.115 - - [16/Jun/2026:07:21:33 +0000] "GET /BDKR28WP.php HTTP/1.1" 404 28228 "-" "-"
20.206.64.115 - - [16/Jun/2026:07:21:35 +0000] "GET /a1.php HTTP/1.1" 404 28228 "-" "-"
20.206.64.115 - - [16/Jun/2026:07:21:36 +0000] "GET /d.php HTTP/1.1" 404 28228 "-" "-"
20.206.64.115 - - [16/Jun/2026:07:21:38 +0000] "GET /xff.php HTTP/1.1" 404 28228 "-" "-"
20.206.64.115 - - [16/Jun/2026:07:21:39 +0000] "GET /xltt.php HTTP/1.1" 404 28228 "-" "-"
20.206.64.115 - - [16/Jun/2026:07:21:41 +0000] "GET /son.php HTTP/1.1" 404 28228 "-" "-"
20.206.64.115 - - [16/Jun/2026:07:21:43 +0000] "GET /doc.php HTTP/1.1" 404 28228 "-" "-"
20.206.64.115 - - [16/Jun/2026:07:21:44 +0000] "GET /zo.php HTTP/1.1" 404 28228 "-" "-"
20.206.64.115 - - [16/Jun/2026:07:21:46 +0000] "GET /xper1.php HTTP/1.1" 404 28228 "-" "-"
20.206.64.115 - - [16/Jun/2026:07:21:47 +0000] "GET /tiny.php HTTP/1.1" 404 28228 "-" "-"
20.206.64.115 - - [16/Jun/2026:07:21:49 +0000] "GET /s1.php HTTP/1.1" 404 28228 "-" "-"
20.206.64.115 - - [16/Jun/2026:07:21:51 +0000] "GET /de.php HTTP/1.1" 404 28228 "-" "-"
20.206.64.115 - - [16/Jun/2026:07:21:52 +0000] "GET /1a.php HTTP/1.1" 404 28228 "-" "-"
20.206.64.115 - - [16/Jun/2026:07:21:54 +0000] "GET /2.php HTTP/1.1" 404 28228 "-" "-"
20.206.64.115 - - [16/Jun/2026:07:21:55 +0000] "GET /sky.php HTTP/1.1" 404 28228 "-" "-"
20.206.64.115 - - [16/Jun/2026:07:21:57 +0000] "GET /man.php HTTP/1.1" 404 28228 "-" "-"
20.206.64.115 - - [16/Jun/2026:07:21:58 +0000] "GET /ms-edit.php HTTP/1.1" 404 28228 "-" "-"
20.206.64.115 - - [16/Jun/2026:07:22:00 +0000] "GET /7.php HTTP/1.1" 404 28228 "-" "-"
20.206.64.115 - - [16/Jun/2026:07:22:01 +0000] "GET /pp.php HTTP/1.1" 404 28228 "-" "-"
20.206.64.115 - - [16/Jun/2026:07:22:03 +0000] "GET /mar.php HTTP/1.1" 404 28228 "-" "-"
20.206.64.115 - - [16/Jun/2026:07:22:04 +0000] "GET /acp.php HTTP/1.1" 404 28228 "-" "-"
20.206.64.115 - - [16/Jun/2026:07:22:06 +0000] "GET /zdd.php HTTP/1.1" 404 28228 "-" "-"
20.206.64.115 - - [16/Jun/2026:07:22:08 +0000] "GET /link.php HTTP/1.1" 404 28228 "-" "-"
20.206.64.115 - - [16/Jun/2026:07:22:09 +0000] "GET /sallu.php HTTP/1.1" 404 28228 "-" "-"
20.206.64.115 - - [16/Jun/2026:07:22:11 +0000] "GET /aboute.php HTTP/1.1" 404 28228 "-" "-"
20.206.64.115 - - [16/Jun/2026:07:22:12 +0000] "GET /one.php HTTP/1.1" 404 28228 "-" "-"
20.206.64.115 - - [16/Jun/2026:07:22:14 +0000] "GET /tx79.php HTTP/1.1" 404 28228 "-" "-"
20.206.64.115 - - [16/Jun/2026:07:22:15 +0000] "GET /wp-class.php HTTP/1.1" 404 28228 "-" "-"
20.206.64.115 - - [16/Jun/2026:07:22:17 +0000] "GET /8.php HTTP/1.1" 404 28228 "-" "-"
20.206.64.115 - - [16/Jun/2026:07:22:18 +0000] "GET /options.php HTTP/1.1" 404 28228 "-" "-"
20.206.64.115 - - [16/Jun/2026:07:22:20 +0000] "GET /f5.php HTTP/1.1" 404 28228 "-" "-"
20.206.64.115 - - [16/Jun/2026:07:22:21 +0000] "GET /alpha.php HTTP/1.1" 404 28228 "-" "-"
20.206.64.115 - - [16/Jun/2026:07:22:23 +0000] "GET /son1.php HTTP/1.1" 404 28228 "-" "-"
