Submit
Path:
~
/
home
/
decas683
/
access-logs
/
File Content:
corridauhebelomonte.decastilhosports.com.br
114.119.135.201 - - [15/Jun/2026:12:24:56 +0000] "GET /wp/wp-includes/js/wp-embed.js HTTP/1.1" 200 3376 "http://www.corridauhebelomonte.com.br/wp/wp-includes/js/" "Mozilla/5.0 (Linux; Android 7.0;) AppleWebKit/537.36 (HTML, like Gecko) Mobile Safari/537.36 (compatible; PetalBot;+https://webmaster.petalsearch.com/site/petalbot)"
142.44.233.144 - - [15/Jun/2026:12:54:53 +0000] "GET /wp-sitemap.xml HTTP/1.1" 200 617 "-" "Mozilla/5.0 (compatible; AhrefsBot/7.0; +http://ahrefs.com/robot/)"
54.39.203.197 - - [15/Jun/2026:12:54:54 +0000] "GET /wp-sitemap-posts-post-1.xml HTTP/1.1" 200 286 "-" "Mozilla/5.0 (compatible; AhrefsBot/7.0; +http://ahrefs.com/robot/)"
148.113.130.195 - - [15/Jun/2026:12:54:56 +0000] "GET /wp-sitemap-posts-page-1.xml HTTP/1.1" 200 626 "-" "Mozilla/5.0 (compatible; AhrefsBot/7.0; +http://ahrefs.com/robot/)"
15.235.27.152 - - [15/Jun/2026:12:54:58 +0000] "GET /wp-sitemap-posts-personnel-1.xml HTTP/1.1" 200 699 "-" "Mozilla/5.0 (compatible; AhrefsBot/7.0; +http://ahrefs.com/robot/)"
51.161.65.170 - - [15/Jun/2026:12:54:59 +0000] "GET /wp-sitemap-taxonomies-category-1.xml HTTP/1.1" 200 288 "-" "Mozilla/5.0 (compatible; AhrefsBot/7.0; +http://ahrefs.com/robot/)"
43.154.127.188 - - [15/Jun/2026:13:03:44 +0000] "GET / HTTP/1.1" 301 - "-" "Mozilla/5.0 (iPhone; CPU iPhone OS 13_2_3 like Mac OS X) AppleWebKit/605.1.15 (KHTML, like Gecko) Version/13.0.3 Mobile/15E148 Safari/604.1"
162.241.176.232 - - [15/Jun/2026:13:03:45 +0000] "POST /19/wp-cron.php?doing_wp_cron=1781528625.8658881187438964843750 HTTP/1.1" 404 8000 "http://www.corridauhebelomonte.com.br/19/wp-cron.php?doing_wp_cron=1781528625.8658881187438964843750" "WordPress/6.0.11; http://www.corridauhebelomonte.com.br"
43.154.127.188 - - [15/Jun/2026:13:03:48 +0000] "GET / HTTP/1.1" 200 33649 "http://corridauhebelomonte.com.br" "Mozilla/5.0 (iPhone; CPU iPhone OS 13_2_3 like Mac OS X) AppleWebKit/605.1.15 (KHTML, like Gecko) Version/13.0.3 Mobile/15E148 Safari/604.1"
34.11.7.248 - - [15/Jun/2026:13:14:39 +0000] "GET / HTTP/1.1" 500 2527 "-" "Mozilla/5.0 (compatible; CMS-Checker/1.0; +https://example.com)"
49.234.192.248 - - [15/Jun/2026:13:15:29 +0000] "GET / HTTP/1.1" 301 - "-" "Mozilla/5.0 (iPhone; CPU iPhone OS 13_2_3 like Mac OS X) AppleWebKit/605.1.15 (KHTML, like Gecko) Version/13.0.3 Mobile/15E148 Safari/604.1"
162.241.176.232 - - [15/Jun/2026:13:15:31 +0000] "POST /19/wp-cron.php?doing_wp_cron=1781529331.6404049396514892578125 HTTP/1.1" 404 8000 "http://www.corridauhebelomonte.com.br/19/wp-cron.php?doing_wp_cron=1781529331.6404049396514892578125" "WordPress/6.0.11; http://www.corridauhebelomonte.com.br"
49.234.192.248 - - [15/Jun/2026:13:15:35 +0000] "GET / HTTP/1.1" 200 33649 "http://corridauhebelomonte.com.br" "Mozilla/5.0 (iPhone; CPU iPhone OS 13_2_3 like Mac OS X) AppleWebKit/605.1.15 (KHTML, like Gecko) Version/13.0.3 Mobile/15E148 Safari/604.1"
43.134.71.232 - - [15/Jun/2026:13:48:42 +0000] "GET / HTTP/1.1" 200 33649 "-" "Mozilla/5.0 (iPhone; CPU iPhone OS 13_2_3 like Mac OS X) AppleWebKit/605.1.15 (KHTML, like Gecko) Version/13.0.3 Mobile/15E148 Safari/604.1"
162.241.176.232 - - [15/Jun/2026:13:48:44 +0000] "POST /19/wp-cron.php?doing_wp_cron=1781531324.1866719722747802734375 HTTP/1.1" 404 8000 "http://www.corridauhebelomonte.com.br/19/wp-cron.php?doing_wp_cron=1781531324.1866719722747802734375" "WordPress/6.0.11; http://www.corridauhebelomonte.com.br"
54.39.210.232 - - [15/Jun/2026:14:18:28 +0000] "GET /wp-sitemap.xml HTTP/1.1" 200 617 "-" "Mozilla/5.0 (compatible; AhrefsBot/7.0; +http://ahrefs.com/robot/)"
51.161.65.122 - - [15/Jun/2026:14:18:30 +0000] "GET /wp-sitemap-posts-post-1.xml HTTP/1.1" 200 286 "-" "Mozilla/5.0 (compatible; AhrefsBot/7.0; +http://ahrefs.com/robot/)"
54.39.203.58 - - [15/Jun/2026:14:18:31 +0000] "GET /wp-sitemap-posts-page-1.xml HTTP/1.1" 200 626 "-" "Mozilla/5.0 (compatible; AhrefsBot/7.0; +http://ahrefs.com/robot/)"
142.44.225.168 - - [15/Jun/2026:14:18:33 +0000] "GET /wp-sitemap-posts-personnel-1.xml HTTP/1.1" 200 699 "-" "Mozilla/5.0 (compatible; AhrefsBot/7.0; +http://ahrefs.com/robot/)"
142.44.233.57 - - [15/Jun/2026:14:18:35 +0000] "GET /wp-sitemap-taxonomies-category-1.xml HTTP/1.1" 200 288 "-" "Mozilla/5.0 (compatible; AhrefsBot/7.0; +http://ahrefs.com/robot/)"
35.225.90.71 - - [15/Jun/2026:14:44:53 +0000] "GET / HTTP/1.1" 301 - "-" "Mozilla/5.0 (compatible; CMS-Checker/1.0; +https://example.com)"
35.225.90.71 - - [15/Jun/2026:14:44:56 +0000] "GET / HTTP/1.1" 200 33649 "http://corridauhebelomonte.com.br" "Mozilla/5.0 (compatible; CMS-Checker/1.0; +https://example.com)"
40.77.167.187 - - [15/Jun/2026:15:04:41 +0000] "GET /robots.txt HTTP/1.1" 200 136 "-" "Mozilla/5.0 AppleWebKit/537.36 (KHTML, like Gecko; compatible; bingbot/2.0; +http://www.bing.com/bingbot.htm) Chrome/116.0.1938.76 Safari/537.36"
162.241.176.232 - - [15/Jun/2026:15:04:43 +0000] "POST /19/wp-cron.php?doing_wp_cron=1781535883.2248129844665527343750 HTTP/1.1" 404 8000 "http://www.corridauhebelomonte.com.br/19/wp-cron.php?doing_wp_cron=1781535883.2248129844665527343750" "WordPress/6.0.11; http://www.corridauhebelomonte.com.br"
207.46.13.126 - - [15/Jun/2026:15:04:48 +0000] "GET /sitemap.xml HTTP/1.1" 302 - "-" "Mozilla/5.0 AppleWebKit/537.36 (KHTML, like Gecko; compatible; bingbot/2.0; +http://www.bing.com/bingbot.htm) Chrome/116.0.1938.76 Safari/537.36"
207.46.13.126 - - [15/Jun/2026:15:04:50 +0000] "GET /wp-sitemap.xml HTTP/1.1" 200 617 "-" "Mozilla/5.0 AppleWebKit/537.36 (KHTML, like Gecko; compatible; bingbot/2.0; +http://www.bing.com/bingbot.htm) Chrome/116.0.1938.76 Safari/537.36"
66.249.68.137 - - [15/Jun/2026:15:07:43 +0000] "GET /robots.txt HTTP/1.1" 200 136 "-" "Mozilla/5.0 (compatible; Googlebot/2.1; +http://www.google.com/bot.html)"
162.241.176.232 - - [15/Jun/2026:15:07:44 +0000] "POST /19/wp-cron.php?doing_wp_cron=1781536064.5279359817504882812500 HTTP/1.1" 404 23729 "http://www.corridauhebelomonte.com.br/19/wp-cron.php?doing_wp_cron=1781536064.5279359817504882812500" "WordPress/6.0.11; http://www.corridauhebelomonte.com.br"
35.225.90.71 - - [15/Jun/2026:15:17:53 +0000] "GET / HTTP/1.1" 301 - "-" "Mozilla/5.0 (Windows NT 10.0; Win64; x64) AppleWebKit/537.36 (KHTML, like Gecko) Chrome/78.0.3904.108 Safari/537.36"
162.241.176.232 - - [15/Jun/2026:15:17:55 +0000] "POST /19/wp-cron.php?doing_wp_cron=1781536675.1340920925140380859375 HTTP/1.1" 404 23729 "http://www.corridauhebelomonte.com.br/19/wp-cron.php?doing_wp_cron=1781536675.1340920925140380859375" "WordPress/6.0.11; http://www.corridauhebelomonte.com.br"
35.225.90.71 - - [15/Jun/2026:15:17:56 +0000] "GET / HTTP/1.1" 200 33649 "-" "Mozilla/5.0 (Windows NT 10.0; Win64; x64) AppleWebKit/537.36 (KHTML, like Gecko) Chrome/78.0.3904.108 Safari/537.36"
35.225.90.71 - - [15/Jun/2026:15:17:57 +0000] "GET //wp-includes/wlwmanifest.xml HTTP/1.1" 301 - "-" "Mozilla/5.0 (Windows NT 10.0; Win64; x64) AppleWebKit/537.36 (KHTML, like Gecko) Chrome/78.0.3904.108 Safari/537.36"
35.225.90.71 - - [15/Jun/2026:15:17:59 +0000] "GET //xmlrpc.php?rsd HTTP/1.1" 301 - "-" "Mozilla/5.0 (Windows NT 10.0; Win64; x64) AppleWebKit/537.36 (KHTML, like Gecko) Chrome/78.0.3904.108 Safari/537.36"
35.225.90.71 - - [15/Jun/2026:15:18:00 +0000] "GET / HTTP/1.1" 200 33649 "-" "Mozilla/5.0 (Windows NT 10.0; Win64; x64) AppleWebKit/537.36 (KHTML, like Gecko) Chrome/78.0.3904.108 Safari/537.36"
35.225.90.71 - - [15/Jun/2026:15:18:01 +0000] "GET //?author=1 HTTP/1.1" 404 27878 "-" "Mozilla/5.0 (Windows NT 10.0; Win64; x64) AppleWebKit/537.36 (KHTML, like Gecko) Chrome/78.0.3904.108 Safari/537.36"
35.225.90.71 - - [15/Jun/2026:15:18:02 +0000] "GET //?author=2 HTTP/1.1" 404 27878 "-" "Mozilla/5.0 (Windows NT 10.0; Win64; x64) AppleWebKit/537.36 (KHTML, like Gecko) Chrome/78.0.3904.108 Safari/537.36"
35.225.90.71 - - [15/Jun/2026:15:18:04 +0000] "GET //wp-json/wp/v2/users/ HTTP/1.1" 401 108 "-" "Mozilla/5.0 (Windows NT 10.0; Win64; x64) AppleWebKit/537.36 (KHTML, like Gecko) Chrome/78.0.3904.108 Safari/537.36"
35.225.90.71 - - [15/Jun/2026:15:18:06 +0000] "GET //wp-json/oembed/1.0/embed?url=http://www.corridauhebelomonte.com.br/ HTTP/1.1" 200 2436 "-" "Mozilla/5.0 (Windows NT 10.0; Win64; x64) AppleWebKit/537.36 (KHTML, like Gecko) Chrome/78.0.3904.108 Safari/537.36"
35.225.90.71 - - [15/Jun/2026:15:18:07 +0000] "POST //xmlrpc.php HTTP/1.1" 301 - "-" "Mozilla/5.0 (Windows NT 10.0; Win64; x64) AppleWebKit/537.36 (KHTML, like Gecko) Chrome/78.0.3904.108 Safari/537.36"
15.235.96.229 - - [15/Jun/2026:15:24:43 +0000] "GET /wp-sitemap.xml HTTP/1.1" 200 617 "-" "Mozilla/5.0 (compatible; AhrefsBot/7.0; +http://ahrefs.com/robot/)"
54.39.210.135 - - [15/Jun/2026:15:24:45 +0000] "GET /wp-sitemap-posts-post-1.xml HTTP/1.1" 200 286 "-" "Mozilla/5.0 (compatible; AhrefsBot/7.0; +http://ahrefs.com/robot/)"
15.235.98.68 - - [15/Jun/2026:15:24:47 +0000] "GET /wp-sitemap-posts-page-1.xml HTTP/1.1" 200 626 "-" "Mozilla/5.0 (compatible; AhrefsBot/7.0; +http://ahrefs.com/robot/)"
148.113.130.211 - - [15/Jun/2026:15:24:48 +0000] "GET /wp-sitemap-posts-personnel-1.xml HTTP/1.1" 200 699 "-" "Mozilla/5.0 (compatible; AhrefsBot/7.0; +http://ahrefs.com/robot/)"
54.39.0.197 - - [15/Jun/2026:15:24:50 +0000] "GET /wp-sitemap-taxonomies-category-1.xml HTTP/1.1" 200 288 "-" "Mozilla/5.0 (compatible; AhrefsBot/7.0; +http://ahrefs.com/robot/)"
114.119.157.17 - - [15/Jun/2026:15:43:22 +0000] "GET /wp/wp-includes/js/jquery/jquery.color.min.js HTTP/1.1" 200 9295 "http://www.corridauhebelomonte.com.br/wp/wp-includes/js/jquery/?C=N%3BO%3DD" "Mozilla/5.0 (Linux; Android 7.0;) AppleWebKit/537.36 (HTML, like Gecko) Mobile Safari/537.36 (compatible; PetalBot;+https://webmaster.petalsearch.com/site/petalbot)"
114.119.151.70 - - [15/Jun/2026:16:25:21 +0000] "GET /wp/wp-includes/js/media-views.min.js HTTP/1.1" 200 100133 "http://www.corridauhebelomonte.com.br/wp/wp-includes/js/" "Mozilla/5.0 (Linux; Android 7.0;) AppleWebKit/537.36 (HTML, like Gecko) Mobile Safari/537.36 (compatible; PetalBot;+https://webmaster.petalsearch.com/site/petalbot)"
114.119.135.224 - - [15/Jun/2026:16:26:45 +0000] "GET /wp/wp-includes/css/wp-pointer.css HTTP/1.1" 200 4021 "http://www.corridauhebelomonte.com.br/wp/wp-includes/css/?C=M%3BO%3DA" "Mozilla/5.0 (Linux; Android 7.0;) AppleWebKit/537.36 (HTML, like Gecko) Mobile Safari/537.36 (compatible; PetalBot;+https://webmaster.petalsearch.com/site/petalbot)"
66.249.68.68 - - [15/Jun/2026:16:42:54 +0000] "GET /robots.txt HTTP/1.1" 301 - "-" "Mozilla/5.0 (compatible; Googlebot/2.1; +http://www.google.com/bot.html)"
162.241.176.232 - - [15/Jun/2026:16:42:55 +0000] "POST /19/wp-cron.php?doing_wp_cron=1781541775.8470170497894287109375 HTTP/1.1" 404 23729 "http://www.corridauhebelomonte.com.br/19/wp-cron.php?doing_wp_cron=1781541775.8470170497894287109375" "WordPress/6.0.11; http://www.corridauhebelomonte.com.br"
66.249.68.137 - - [15/Jun/2026:16:42:57 +0000] "GET /robots.txt HTTP/1.1" 200 136 "-" "Mozilla/5.0 (compatible; Googlebot/2.1; +http://www.google.com/bot.html)"
49.51.47.100 - - [15/Jun/2026:16:48:28 +0000] "GET / HTTP/1.1" 301 - "-" "Mozilla/5.0 (iPhone; CPU iPhone OS 13_2_3 like Mac OS X) AppleWebKit/605.1.15 (KHTML, like Gecko) Version/13.0.3 Mobile/15E148 Safari/604.1"
49.51.47.100 - - [15/Jun/2026:16:48:31 +0000] "GET / HTTP/1.1" 200 33649 "http://corridauhebelomonte.com.br" "Mozilla/5.0 (iPhone; CPU iPhone OS 13_2_3 like Mac OS X) AppleWebKit/605.1.15 (KHTML, like Gecko) Version/13.0.3 Mobile/15E148 Safari/604.1"
162.241.176.232 - - [15/Jun/2026:16:48:32 +0000] "POST /19/wp-cron.php?doing_wp_cron=1781542112.4845180511474609375000 HTTP/1.1" 404 23729 "http://www.corridauhebelomonte.com.br/19/wp-cron.php?doing_wp_cron=1781542112.4845180511474609375000" "WordPress/6.0.11; http://www.corridauhebelomonte.com.br"
148.113.128.211 - - [15/Jun/2026:16:50:55 +0000] "GET /wp-sitemap.xml HTTP/1.1" 200 617 "-" "Mozilla/5.0 (compatible; AhrefsBot/7.0; +http://ahrefs.com/robot/)"
142.44.228.177 - - [15/Jun/2026:16:51:03 +0000] "GET /wp-sitemap-posts-page-1.xml HTTP/1.1" 200 626 "-" "Mozilla/5.0 (compatible; AhrefsBot/7.0; +http://ahrefs.com/robot/)"
54.39.210.23 - - [15/Jun/2026:16:51:05 +0000] "GET /wp-sitemap-posts-personnel-1.xml HTTP/1.1" 200 699 "-" "Mozilla/5.0 (compatible; AhrefsBot/7.0; +http://ahrefs.com/robot/)"
167.114.139.122 - - [15/Jun/2026:16:51:06 +0000] "GET /wp-sitemap-taxonomies-category-1.xml HTTP/1.1" 200 288 "-" "Mozilla/5.0 (compatible; AhrefsBot/7.0; +http://ahrefs.com/robot/)"
43.130.34.74 - - [15/Jun/2026:17:24:36 +0000] "GET / HTTP/1.1" 200 33649 "-" "Mozilla/5.0 (iPhone; CPU iPhone OS 13_2_3 like Mac OS X) AppleWebKit/605.1.15 (KHTML, like Gecko) Version/13.0.3 Mobile/15E148 Safari/604.1"
162.241.176.232 - - [15/Jun/2026:17:24:37 +0000] "POST /19/wp-cron.php?doing_wp_cron=1781544277.9056580066680908203125 HTTP/1.1" 404 8000 "http://www.corridauhebelomonte.com.br/19/wp-cron.php?doing_wp_cron=1781544277.9056580066680908203125" "WordPress/6.0.11; http://www.corridauhebelomonte.com.br"
208.84.102.38 - - [15/Jun/2026:17:39:36 +0000] "GET / HTTP/1.1" 301 - "-" "Mozilla/5.0 (X11; Linux x86_64) AppleWebKit/537.36 (KHTML, like Gecko) Chrome/147.0.0.0 Safari/537.36"
162.241.176.232 - - [15/Jun/2026:17:39:38 +0000] "POST /19/wp-cron.php?doing_wp_cron=1781545178.2291359901428222656250 HTTP/1.1" 404 23729 "http://www.corridauhebelomonte.com.br/19/wp-cron.php?doing_wp_cron=1781545178.2291359901428222656250" "WordPress/6.0.11; http://www.corridauhebelomonte.com.br"
208.84.102.38 - - [15/Jun/2026:17:39:42 +0000] "GET / HTTP/1.1" 200 33649 "http://www.corridauhebelomonte.decastilhosports.com.br/" "Mozilla/5.0 (X11; Linux x86_64) AppleWebKit/537.36 (KHTML, like Gecko) Chrome/147.0.0.0 Safari/537.36"
49.233.45.47 - - [15/Jun/2026:18:14:30 +0000] "GET / HTTP/1.1" 200 33649 "-" "Mozilla/5.0 (iPhone; CPU iPhone OS 13_2_3 like Mac OS X) AppleWebKit/605.1.15 (KHTML, like Gecko) Version/13.0.3 Mobile/15E148 Safari/604.1"
162.241.176.232 - - [15/Jun/2026:18:14:31 +0000] "POST /19/wp-cron.php?doing_wp_cron=1781547271.5901780128479003906250 HTTP/1.1" 404 23729 "http://www.corridauhebelomonte.com.br/19/wp-cron.php?doing_wp_cron=1781547271.5901780128479003906250" "WordPress/6.0.11; http://www.corridauhebelomonte.com.br"
20.63.33.52 - - [15/Jun/2026:18:22:14 +0000] "GET /wp-content/plugins/hellopress/wp_filemanager.php HTTP/1.1" 404 28228 "-" "-"
20.63.33.52 - - [15/Jun/2026:18:22:16 +0000] "GET /this_is_a_new_hello_world.php HTTP/1.1" 404 28228 "-" "-"
20.63.33.52 - - [15/Jun/2026:18:22:17 +0000] "GET /cream1.php HTTP/1.1" 404 28228 "-" "-"
20.63.33.52 - - [15/Jun/2026:18:22:19 +0000] "GET /spawns.php HTTP/1.1" 404 28228 "-" "-"
20.63.33.52 - - [15/Jun/2026:18:22:21 +0000] "GET /vx.php HTTP/1.1" 404 28228 "-" "-"
20.63.33.52 - - [15/Jun/2026:18:22:22 +0000] "GET /wp-good.php HTTP/1.1" 404 28228 "-" "-"
20.63.33.52 - - [15/Jun/2026:18:22:24 +0000] "GET /dal.php HTTP/1.1" 404 28228 "-" "-"
20.63.33.52 - - [15/Jun/2026:18:22:26 +0000] "GET /green1.php HTTP/1.1" 404 28228 "-" "-"
20.63.33.52 - - [15/Jun/2026:18:22:27 +0000] "GET /xmff.php HTTP/1.1" 404 28228 "-" "-"
162.241.176.232 - - [15/Jun/2026:18:22:29 +0000] "POST /19/wp-cron.php?doing_wp_cron=1781547749.1392219066619873046875 HTTP/1.1" 404 23729 "http://www.corridauhebelomonte.com.br/19/wp-cron.php?doing_wp_cron=1781547749.1392219066619873046875" "WordPress/6.0.11; http://www.corridauhebelomonte.com.br"
20.63.33.52 - - [15/Jun/2026:18:22:30 +0000] "GET /wp-tivate.php HTTP/1.1" 404 28228 "-" "-"
20.63.33.52 - - [15/Jun/2026:18:22:32 +0000] "GET /aaf.php HTTP/1.1" 404 28228 "-" "-"
20.63.33.52 - - [15/Jun/2026:18:22:34 +0000] "GET /ethnogr.php HTTP/1.1" 404 28228 "-" "-"
20.63.33.52 - - [15/Jun/2026:18:22:36 +0000] "GET /misgrimmerly.php HTTP/1.1" 404 28228 "-" "-"
20.63.33.52 - - [15/Jun/2026:18:22:37 +0000] "GET /pedodont.php HTTP/1.1" 404 28228 "-" "-"
20.63.33.52 - - [15/Jun/2026:18:22:39 +0000] "GET /wornnessesal.php HTTP/1.1" 404 28228 "-" "-"
20.63.33.52 - - [15/Jun/2026:18:22:41 +0000] "GET /wp-temp.php HTTP/1.1" 404 28228 "-" "-"
20.63.33.52 - - [15/Jun/2026:18:22:42 +0000] "GET /wp-sanita.php HTTP/1.1" 404 28228 "-" "-"
20.63.33.52 - - [15/Jun/2026:18:22:44 +0000] "GET /wp-the.php HTTP/1.1" 404 28228 "-" "-"
20.63.33.52 - - [15/Jun/2026:18:22:45 +0000] "GET /wp-aothait.php HTTP/1.1" 404 28228 "-" "-"
20.63.33.52 - - [15/Jun/2026:18:22:47 +0000] "GET /mr.php HTTP/1.1" 404 28228 "-" "-"
20.63.33.52 - - [15/Jun/2026:18:22:49 +0000] "GET /pass4.php HTTP/1.1" 404 28228 "-" "-"
20.63.33.52 - - [15/Jun/2026:18:22:50 +0000] "GET /wplink.php HTTP/1.1" 404 28228 "-" "-"
20.63.33.52 - - [15/Jun/2026:18:22:52 +0000] "GET /file6.php HTTP/1.1" 404 28228 "-" "-"
20.63.33.52 - - [15/Jun/2026:18:22:54 +0000] "GET /wee.php HTTP/1.1" 404 28228 "-" "-"
20.63.33.52 - - [15/Jun/2026:18:22:57 +0000] "GET /wplogbak.php HTTP/1.1" 404 28228 "-" "-"
20.63.33.52 - - [15/Jun/2026:18:22:58 +0000] "GET /awp-careers.php HTTP/1.1" 404 28228 "-" "-"
20.63.33.52 - - [15/Jun/2026:18:22:59 +0000] "GET /by.php HTTP/1.1" 404 28228 "-" "-"
20.63.33.52 - - [15/Jun/2026:18:23:01 +0000] "GET /op.php HTTP/1.1" 404 28228 "-" "-"
20.63.33.52 - - [15/Jun/2026:18:23:03 +0000] "GET /gk.php HTTP/1.1" 404 28228 "-" "-"
20.63.33.52 - - [15/Jun/2026:18:23:04 +0000] "GET /ponxnwapemsce.php HTTP/1.1" 404 28228 "-" "-"
20.63.33.52 - - [15/Jun/2026:18:23:06 +0000] "GET /bajah.php HTTP/1.1" 404 28228 "-" "-"
20.63.33.52 - - [15/Jun/2026:18:23:08 +0000] "GET /hoeig.php HTTP/1.1" 404 28228 "-" "-"
20.63.33.52 - - [15/Jun/2026:18:23:09 +0000] "GET /wp-lvminl.php HTTP/1.1" 404 28228 "-" "-"
20.63.33.52 - - [15/Jun/2026:18:23:11 +0000] "GET /whs73au5.php HTTP/1.1" 404 28228 "-" "-"
20.63.33.52 - - [15/Jun/2026:18:23:12 +0000] "GET /sdm.php HTTP/1.1" 404 28228 "-" "-"
20.63.33.52 - - [15/Jun/2026:18:23:13 +0000] "GET /super.php HTTP/1.1" 404 28228 "-" "-"
20.63.33.52 - - [15/Jun/2026:18:23:15 +0000] "GET /cxs.php HTTP/1.1" 404 28228 "-" "-"
20.63.33.52 - - [15/Jun/2026:18:23:17 +0000] "GET /00.php HTTP/1.1" 404 28228 "-" "-"
20.63.33.52 - - [15/Jun/2026:18:23:18 +0000] "GET /wp-blink.php HTTP/1.1" 404 28228 "-" "-"
148.113.130.170 - - [15/Jun/2026:18:25:51 +0000] "GET /wp-sitemap.xml HTTP/1.1" 200 617 "-" "Mozilla/5.0 (compatible; AhrefsBot/7.0; +http://ahrefs.com/robot/)"
51.222.95.173 - - [15/Jun/2026:18:25:52 +0000] "GET /wp-sitemap-posts-post-1.xml HTTP/1.1" 200 286 "-" "Mozilla/5.0 (compatible; AhrefsBot/7.0; +http://ahrefs.com/robot/)"
142.44.225.241 - - [15/Jun/2026:18:25:54 +0000] "GET /wp-sitemap-posts-page-1.xml HTTP/1.1" 200 626 "-" "Mozilla/5.0 (compatible; AhrefsBot/7.0; +http://ahrefs.com/robot/)"
54.39.89.178 - - [15/Jun/2026:18:25:56 +0000] "GET /wp-sitemap-posts-personnel-1.xml HTTP/1.1" 200 699 "-" "Mozilla/5.0 (compatible; AhrefsBot/7.0; +http://ahrefs.com/robot/)"
142.44.220.154 - - [15/Jun/2026:18:25:57 +0000] "GET /wp-sitemap-taxonomies-category-1.xml HTTP/1.1" 200 288 "-" "Mozilla/5.0 (compatible; AhrefsBot/7.0; +http://ahrefs.com/robot/)"
114.119.154.161 - - [15/Jun/2026:18:42:26 +0000] "GET /wp/wp-includes/js/tinymce/skins/lightgray/fonts/tinymce-small.ttf HTTP/1.1" 200 9304 "http://www.corridauhebelomonte.com.br/wp/wp-includes/js/tinymce/skins/lightgray/fonts/?C=S%3BO%3DA" "Mozilla/5.0 (Linux; Android 7.0;) AppleWebKit/537.36 (HTML, like Gecko) Mobile Safari/537.36 (compatible; PetalBot;+https://webmaster.petalsearch.com/site/petalbot)"
35.224.120.198 - - [15/Jun/2026:18:42:28 +0000] "GET / HTTP/1.1" 301 - "-" "Mozilla/5.0 (compatible; CMS-Checker/1.0; +https://example.com)"
162.241.176.232 - - [15/Jun/2026:18:42:30 +0000] "POST /19/wp-cron.php?doing_wp_cron=1781548950.3299279212951660156250 HTTP/1.1" 404 8000 "http://www.corridauhebelomonte.com.br/19/wp-cron.php?doing_wp_cron=1781548950.3299279212951660156250" "WordPress/6.0.11; http://www.corridauhebelomonte.com.br"
35.224.120.198 - - [15/Jun/2026:18:42:32 +0000] "GET / HTTP/1.1" 200 33649 "http://www.corridauhebelomonte.decastilhosports.com.br" "Mozilla/5.0 (compatible; CMS-Checker/1.0; +https://example.com)"
192.0.87.71 - - [15/Jun/2026:19:00:00 +0000] "GET /19 HTTP/1.1" 301 289 "http://www.corridauhebelomonte.com.br/19" "Automattic Analytics Crawler/0.2; http://wordpress.com/crawler/"
192.0.87.71 - - [15/Jun/2026:19:00:00 +0000] "GET /19/ HTTP/1.1" 404 28160 "http://www.corridauhebelomonte.com.br/19/" "Automattic Analytics Crawler/0.2; http://wordpress.com/crawler/"
34.19.166.230 - - [15/Jun/2026:19:00:20 +0000] "GET /v2/.git/config HTTP/1.1" 500 2604 "-" "Mozilla/5.0 (Linux; Android 5.1; A1601) AppleWebKit/537.36 (KHTML, like Gecko) Chrome/76.0.3809.111 Mobile Safari/537.36"
34.19.166.230 - - [15/Jun/2026:19:00:20 +0000] "GET /frontend/.git/config HTTP/1.1" 500 2604 "-" "Mozilla/5.0 (Linux; Android 4.1.2; GT-N8013) AppleWebKit/537.36 (KHTML, like Gecko) Chrome/71.0.3578.99 Safari/537.36"
34.19.166.230 - - [15/Jun/2026:19:00:20 +0000] "GET /htdocs/.git/config HTTP/1.1" 500 2604 "-" "Mozilla/5.0 (Linux; Android 9; Mi A1) AppleWebKit/537.36 (KHTML, like Gecko) Chrome/76.0.3809.111 Mobile Safari/537.36"
34.19.166.230 - - [15/Jun/2026:19:00:20 +0000] "GET /dist/.git/config HTTP/1.1" 500 2604 "-" "POLARIS/6.01 (BREW 3.1.5; U; en-us; LG; LX265; POLARIS/6.01/WAP) MMP/2.0 profile/MIDP-2.1 Configuration/CLDC-1.1"
34.19.166.230 - - [15/Jun/2026:19:00:20 +0000] "GET /shop/.git/config HTTP/1.1" 500 2604 "-" "Mozilla/5.0 (X11; Linux x86_64) AppleWebKit/537.36 (KHTML, like Gecko) Chrome/77.0.3844.0 Safari/537.36"
34.19.166.230 - - [15/Jun/2026:19:00:20 +0000] "GET /project/.git/config HTTP/1.1" 500 2604 "-" "Mozilla/5.0 (Linux; Android 9; Redmi Note 7) AppleWebKit/537.36 (KHTML, like Gecko) Chrome/76.0.3809.111 Mobile Safari/537.36"
34.19.166.230 - - [15/Jun/2026:19:00:20 +0000] "GET /portal/.git/config HTTP/1.1" 500 2604 "-" "Mozilla/5.0 (Linux; Android 8.1.0; LM-Q925S) AppleWebKit/537.36 (KHTML, like Gecko) Chrome/76.0.3809.111 Mobile Safari/537.36"
34.19.166.230 - - [15/Jun/2026:19:00:20 +0000] "GET /app/.git/config HTTP/1.1" 500 2604 "-" "Mozilla/5.0 (Linux; Android 9; Redmi Note 5) AppleWebKit/537.36 (KHTML, like Gecko) Chrome/75.0.3770.143 Mobile Safari/537.36"
34.19.166.230 - - [15/Jun/2026:19:00:20 +0000] "GET /src/.git/config HTTP/1.1" 500 2604 "-" "Mozilla/5.0 (Linux; Android 7.1.2; Nexus 6P Build/N2G48C) AppleWebKit/537.36 (KHTML, like Gecko) Chrome/60.0.3112.107 Mobile Safari/537.36"
34.19.166.230 - - [15/Jun/2026:19:00:20 +0000] "GET /wordpress/.git/config HTTP/1.1" 500 2604 "-" "Mozilla/5.0 (Windows NT 10.0; Win64; x64) AppleWebKit/537.36 (KHTML, like Gecko) Chrome/73.0.3683.103 Safari/537.36 OPR/60.0.3255.83"
34.19.166.230 - - [15/Jun/2026:19:00:20 +0000] "GET /static/.git/config HTTP/1.1" 500 2604 "-" "Mozilla/5.0 (Linux; Android 4.3; SPH-L710 Build/JSS15J) AppleWebKit/537.36 (KHTML, like Gecko) Chrome/32.0.1700.99 Mobile Safari/537.36"
34.19.166.230 - - [15/Jun/2026:19:00:20 +0000] "GET /symfony/.git/config HTTP/1.1" 500 2604 "-" "Mozilla/5.0 (Windows NT 10.0; WOW64) AppleWebKit/537.36 (KHTML, like Gecko) Chrome/55.0.2883.87 Safari/537.36"
34.19.166.230 - - [15/Jun/2026:19:00:20 +0000] "GET /v1/.git/config HTTP/1.1" 500 2604 "-" "Mozilla/5.0 (Macintosh; Intel Mac OS X 10_14_5) AppleWebKit/537.36 (KHTML, like Gecko) Chrome/74.0.3729.131 Safari/537.36"
34.19.166.230 - - [15/Jun/2026:19:00:20 +0000] "GET /build/.git/config HTTP/1.1" 500 2604 "-" "BlackBerry8320/4.2.2 Profile/MIDP-2.0 Configuration/CLDC-1.1 VendorID/100"
34.19.166.230 - - [15/Jun/2026:19:00:20 +0000] "GET /laravel/.git/config HTTP/1.1" 500 2604 "-" "Mozilla/5.0 (Macintosh; Intel Mac OS X 10_14_5) AppleWebKit/537.36 (KHTML, like Gecko) Chrome/78.0.3880.4 Safari/537.36"
34.19.166.230 - - [15/Jun/2026:19:00:20 +0000] "GET /api/.git/config HTTP/1.1" 500 2604 "-" "Mozilla/5.0 (Macintosh; Intel Mac OS X 10_14_4) AppleWebKit/537.36 (KHTML, like Gecko) Chrome/72.0.3626.121 Safari/537.36"
34.19.166.230 - - [15/Jun/2026:19:00:20 +0000] "GET /.git/config HTTP/1.1" 500 2604 "-" "MobileSafari/600.1.4 CFNetwork/711.1.12 Darwin/14.0.0"
34.19.166.230 - - [15/Jun/2026:19:00:20 +0000] "GET /html/.git/config HTTP/1.1" 500 2604 "-" "Mozilla/5.0 (Windows NT 10.0; WOW64) AppleWebKit/537.36 (KHTML, like Gecko) Chrome/48.0.2564.116 UBrowser/5.6.13705.206 Safari/537.36"
34.19.166.230 - - [15/Jun/2026:19:00:20 +0000] "GET /v3/.git/config HTTP/1.1" 404 28228 "-" "Mozilla/5.0 (Linux; Android 8.1.0; Moto G (5S) Plus) AppleWebKit/537.36 (KHTML, like Gecko) Chrome/75.0.3770.143 Mobile Safari/537.36"
34.19.166.230 - - [15/Jun/2026:19:00:20 +0000] "GET /assets/.git/config HTTP/1.1" 404 28228 "-" "Mozilla/5.0 (Linux; Android 9; Nokia 6.1) AppleWebKit/537.36 (KHTML, like Gecko) Chrome/76.0.3809.111 Mobile Safari/537.36"
34.19.166.230 - - [15/Jun/2026:19:00:20 +0000] "GET /site/.git/config HTTP/1.1" 404 28228 "-" "Mozilla/5.0 (X11; U; Linux i686; en-US; rv:1.9.1.16) Gecko/20120421 Gecko Firefox/11.0"
34.19.166.230 - - [15/Jun/2026:19:00:20 +0000] "GET /blog/.git/config HTTP/1.1" 404 28228 "-" "Mozilla/5.0 (Linux; Android 8.1.0; vivo 1807) AppleWebKit/537.36 (KHTML, like Gecko) Chrome/71.0.3578.99 Mobile Safari/537.36"
34.19.166.230 - - [15/Jun/2026:19:00:20 +0000] "GET /code/.git/config HTTP/1.1" 404 28228 "-" "SonyEricssonT100/R101"
34.19.166.230 - - [15/Jun/2026:19:00:20 +0000] "GET /backend/.git/config HTTP/1.1" 404 28228 "-" "Mozilla/5.0 (Macintosh; Intel Mac OS X 10_14_0) AppleWebKit/537.36 (KHTML, like Gecko) Chrome/77.0.3864.0 Safari/537.36"
34.19.166.230 - - [15/Jun/2026:19:00:20 +0000] "GET /www/.git/config HTTP/1.1" 404 28228 "-" "Mozilla/5.0 (Windows NT 10.0; Win64; x64) AppleWebKit/537.36 (KHTML, like Gecko) Chrome/75.0.3770.100 Safari/537.36 OPR/62.0.3331.109"
34.19.166.230 - - [15/Jun/2026:19:00:20 +0000] "GET /web/.git/config HTTP/1.1" 404 28228 "-" "HTC-ST7377/1.59.502.3 (67150) Opera/9.50 (Windows NT 5.1; U; en) UP.Link/6.3.1.17.0"
34.19.166.230 - - [15/Jun/2026:19:00:20 +0000] "GET /dashboard/.git/config HTTP/1.1" 404 28228 "-" "FeedFetcher-Google; ( http://www.google.com/feedfetcher.html)"
34.19.166.230 - - [15/Jun/2026:19:00:20 +0000] "GET /wp-content/.git/config HTTP/1.1" 404 28228 "-" "Mozilla/5.0 (iPhone; CPU iPhone OS 12_3 like Mac OS X) AppleWebKit/605.1.15 (KHTML, like Gecko) CriOS/76.0.3809.81 Mobile/15E148 Safari/605.1"
34.19.166.230 - - [15/Jun/2026:19:00:20 +0000] "GET /public/.git/config HTTP/1.1" 404 28228 "-" "Mozilla/5.0 (Linux; Android 9; SM-N960F) AppleWebKit/537.36 (KHTML, like Gecko) Chrome/76.0.3809.89 Mobile Safari/537.36"
34.19.166.230 - - [15/Jun/2026:19:00:20 +0000] "GET /admin/.git/config HTTP/1.1" 404 28228 "-" "Mozilla/5.0 (Windows NT 10.0; WOW64) AppleWebKit/537.36 (KHTML, like Gecko) Chrome/78.0.3880.4 Safari/537.36"
162.241.176.232 - - [15/Jun/2026:19:01:29 +0000] "POST /19/wp-cron.php?doing_wp_cron=1781550089.2152810096740722656250 HTTP/1.1" 500 243 "http://www.corridauhebelomonte.com.br/19/wp-cron.php?doing_wp_cron=1781550089.2152810096740722656250" "WordPress/6.0.11; http://www.corridauhebelomonte.com.br"
162.241.176.232 - - [15/Jun/2026:19:01:29 +0000] "POST /19/wp-cron.php?doing_wp_cron=1781550089.7314479351043701171875 HTTP/1.1" 500 2604 "http://www.corridauhebelomonte.com.br/19/wp-cron.php?doing_wp_cron=1781550089.7314479351043701171875" "WordPress/6.0.11; http://www.corridauhebelomonte.com.br"
162.241.176.232 - - [15/Jun/2026:19:01:29 +0000] "POST /19/wp-cron.php?doing_wp_cron=1781550089.0351769924163818359375 HTTP/1.1" 500 2604 "http://www.corridauhebelomonte.com.br/19/wp-cron.php?doing_wp_cron=1781550089.0351769924163818359375" "WordPress/6.0.11; http://www.corridauhebelomonte.com.br"
93.159.230.84 - - [15/Jun/2026:19:02:04 +0000] "GET / HTTP/1.1" 500 2527 "-" "Mozilla/5.0 (Linux; arm_64; Android 12; CPH2205) AppleWebKit/537.36 (KHTML, like Gecko) Chrome/110.0.0.0 YaBrowser/23.3.3.86.00 SA/3 Mobile Safari/537.36"
162.241.176.232 - - [15/Jun/2026:19:01:29 +0000] "POST /19/wp-cron.php?doing_wp_cron=1781550088.9909150600433349609375 HTTP/1.1" 500 243 "http://www.corridauhebelomonte.com.br/19/wp-cron.php?doing_wp_cron=1781550088.9909150600433349609375" "WordPress/6.0.11; http://www.corridauhebelomonte.com.br"
162.241.176.232 - - [15/Jun/2026:19:01:32 +0000] "POST /19/wp-cron.php?doing_wp_cron=1781550091.9527199268341064453125 HTTP/1.1" 500 2604 "http://www.corridauhebelomonte.com.br/19/wp-cron.php?doing_wp_cron=1781550091.9527199268341064453125" "WordPress/6.0.11; http://www.corridauhebelomonte.com.br"
162.241.176.232 - - [15/Jun/2026:19:01:29 +0000] "POST /19/wp-cron.php?doing_wp_cron=1781550089.1848731040954589843750 HTTP/1.1" 500 243 "http://www.corridauhebelomonte.com.br/19/wp-cron.php?doing_wp_cron=1781550089.1848731040954589843750" "WordPress/6.0.11; http://www.corridauhebelomonte.com.br"
162.241.176.232 - - [15/Jun/2026:19:01:29 +0000] "POST /19/wp-cron.php?doing_wp_cron=1781550089.3120310306549072265625 HTTP/1.1" 500 243 "http://www.corridauhebelomonte.com.br/19/wp-cron.php?doing_wp_cron=1781550089.3120310306549072265625" "WordPress/6.0.11; http://www.corridauhebelomonte.com.br"
162.241.176.232 - - [15/Jun/2026:19:01:29 +0000] "POST /19/wp-cron.php?doing_wp_cron=1781550089.3366920948028564453125 HTTP/1.1" 500 243 "http://www.corridauhebelomonte.com.br/19/wp-cron.php?doing_wp_cron=1781550089.3366920948028564453125" "WordPress/6.0.11; http://www.corridauhebelomonte.com.br"
162.241.176.232 - - [15/Jun/2026:19:01:29 +0000] "POST /19/wp-cron.php?doing_wp_cron=1781550089.2035939693450927734375 HTTP/1.1" 500 2604 "http://www.corridauhebelomonte.com.br/19/wp-cron.php?doing_wp_cron=1781550089.2035939693450927734375" "WordPress/6.0.11; http://www.corridauhebelomonte.com.br"
162.241.176.232 - - [15/Jun/2026:19:01:31 +0000] "POST /19/wp-cron.php?doing_wp_cron=1781550091.6078050136566162109375 HTTP/1.1" 500 2604 "http://www.corridauhebelomonte.com.br/19/wp-cron.php?doing_wp_cron=1781550091.6078050136566162109375" "WordPress/6.0.11; http://www.corridauhebelomonte.com.br"
34.19.166.230 - - [15/Jun/2026:19:01:35 +0000] "GET /laravel/.git/config HTTP/1.1" 500 2604 "-" "Mozilla/5.0 (iPhone; CPU iPhone OS 12_4 like Mac OS X) AppleWebKit/605.1.15 (KHTML, like Gecko) CriOS/74.0.3729.121 Mobile/15E148 Safari/605.1"
162.241.176.232 - - [15/Jun/2026:19:01:29 +0000] "POST /19/wp-cron.php?doing_wp_cron=1781550089.0697669982910156250000 HTTP/1.1" 500 2604 "http://www.corridauhebelomonte.com.br/19/wp-cron.php?doing_wp_cron=1781550089.0697669982910156250000" "WordPress/6.0.11; http://www.corridauhebelomonte.com.br"
162.241.176.232 - - [15/Jun/2026:19:01:32 +0000] "POST /19/wp-cron.php?doing_wp_cron=1781550091.8605101108551025390625 HTTP/1.1" 500 2604 "http://www.corridauhebelomonte.com.br/19/wp-cron.php?doing_wp_cron=1781550091.8605101108551025390625" "WordPress/6.0.11; http://www.corridauhebelomonte.com.br"
34.19.166.230 - - [15/Jun/2026:19:01:35 +0000] "GET /static/.git/config HTTP/1.1" 500 2604 "-" "Mozilla/5.0 (Macintosh; Intel Mac OS X 10_14_4) AppleWebKit/537.36 (KHTML, like Gecko) Chrome/76.0.3809.87 Safari/537.36"
34.19.166.230 - - [15/Jun/2026:19:01:35 +0000] "GET /code/.git/config HTTP/1.1" 500 2604 "-" "Mozilla/5.0 (X11; U; Linux i686; it; rv:1.9.2.3) Gecko/20100406 Firefox/3.6.3 (Swiftfox)"
34.19.166.230 - - [15/Jun/2026:19:01:35 +0000] "GET /assets/.git/config HTTP/1.1" 500 2604 "-" "Mozilla/5.0 (Macintosh; Intel Mac OS X 10_10_5) AppleWebKit/603.3.8 (KHTML, like Gecko) Version/10.1.2 Safari/603.3.8"
34.19.166.230 - - [15/Jun/2026:19:01:35 +0000] "GET /public/.git/config HTTP/1.1" 500 2604 "-" "Mozilla/5.0 (Maemo; Linux armv7l; rv:2.0.1) Gecko/20100101 Firefox/4.0.1 Fennec/2.0.1"
34.19.166.230 - - [15/Jun/2026:19:01:35 +0000] "GET /www/.git/config HTTP/1.1" 404 28160 "-" "Mozilla/5.0 (Macintosh; Intel Mac OS X 10_14_4) AppleWebKit/537.36 (KHTML, like Gecko) Chrome/76.0.3809.100 Safari/537.36"
34.19.166.230 - - [15/Jun/2026:19:01:35 +0000] "GET /app/.git/config HTTP/1.1" 404 28160 "-" "Mozilla/5.0 (Linux; U; Android 3.0; en-us; Xoom Build/HRI39) AppleWebKit/525.10 (KHTML, like Gecko) Version/3.0.4 Mobile Safari/523.12.2"
34.19.166.230 - - [15/Jun/2026:19:01:35 +0000] "GET /htdocs/.git/config HTTP/1.1" 404 28160 "-" "Mozilla/5.0 (X11; Linux x86_64) AppleWebKit/537.36 (KHTML, like Gecko) Chrome/43.0.2357.93 Safari/537.36"
34.19.166.230 - - [15/Jun/2026:19:01:35 +0000] "GET /dashboard/.git/config HTTP/1.1" 404 28160 "-" "Mozilla/5.0 (Macintosh; Intel Mac OS X 10_14_5) AppleWebKit/537.36 (KHTML, like Gecko) Chrome/78.0.3882.0 Safari/537.36"
34.19.166.230 - - [15/Jun/2026:19:01:35 +0000] "GET /admin/.git/config HTTP/1.1" 404 28160 "-" "Mozilla/5.0 (Windows NT 6.1; WOW64) AppleWebKit/537.36 (KHTML, like Gecko) Chrome/70.0.3538.25 Safari/537.36 Core/1.70.3722.400 QQBrowser/10.5.3738.400"
34.19.166.230 - - [15/Jun/2026:19:01:35 +0000] "GET /wp-content/.git/config HTTP/1.1" 404 28160 "-" "Mozilla/5.0 (iPod; U; CPU iPhone OS 6_1 like Mac OS X; en-HK) AppleWebKit/534.35 (KHTML, like Gecko) Chrome/11.0.696.65 Safari/534.35 Puffin/3.9174IP Mobile"
34.19.166.230 - - [15/Jun/2026:19:01:35 +0000] "GET /shop/.git/config HTTP/1.1" 404 28160 "-" "Mozilla/5.0 (X11; FreeBSD amd64; rv:5.0) Gecko/20100101 Firefox/5.0"
34.182.211.185 - - [15/Jun/2026:19:01:37 +0000] "GET /wp-json/wp/v2/settings HTTP/1.1" 401 95 "-" "Mozilla/5.0 (MSIE 9.0; Windows NT 10.0; Win64; x64) AppleWebKit/537.36 (KHTML, like Gecko) Chrome/51.0.2704.79 Safari/537.36 Edge/14.14931"
34.19.166.230 - - [15/Jun/2026:19:01:35 +0000] "GET /web/.git/config HTTP/1.1" 404 28160 "-" "Mozilla/5.0 (Linux; Android 8.0.0; moto e5 plus) AppleWebKit/537.36 (KHTML, like Gecko) Chrome/76.0.3809.89 Mobile Safari/537.36"
34.182.211.185 - - [15/Jun/2026:19:01:37 +0000] "GET /wp-json/gravitysmtp/v1/tests/mock-data HTTP/1.1" 404 153 "-" "Offline Explorer/2.5"
34.19.166.230 - - [15/Jun/2026:19:01:35 +0000] "GET /api/.git/config HTTP/1.1" 404 28160 "-" "Mozilla/5.0 (Linux; Android 9; moto x4) AppleWebKit/537.36 (KHTML, like Gecko) Chrome/74.0.3729.157 Mobile Safari/537.36"
34.19.166.230 - - [15/Jun/2026:19:01:35 +0000] "GET /src/.git/config HTTP/1.1" 404 28160 "-" "Mozilla/5.0 (Macintosh; Intel Mac OS X 10_13_6) AppleWebKit/537.36 (KHTML, like Gecko) Chrome/74.0.3729.169 Safari/537.36"
34.19.166.230 - - [15/Jun/2026:19:01:35 +0000] "GET /v1/.git/config HTTP/1.1" 404 28160 "-" "Mozilla/5.0 (Linux; Android 8.0.0; Pixel XL Build/OPR6.170623.012) AppleWebKit/537.36 (KHTML, like Gecko) Chrome/60.0.3112.107 Mobile Safari/537.36"
34.19.166.230 - - [15/Jun/2026:19:01:35 +0000] "GET /portal/.git/config HTTP/1.1" 404 28160 "-" "Python-urllib/2.5"
34.19.166.230 - - [15/Jun/2026:19:01:35 +0000] "GET /site/.git/config HTTP/1.1" 404 28160 "-" "Mozilla/5.0 (Linux; Android 9; SM-A505FM) AppleWebKit/537.36 (KHTML, like Gecko) Chrome/76.0.3809.111 Mobile Safari/537.36"
34.182.211.185 - - [15/Jun/2026:19:01:37 +0000] "GET /wp-json/gravitysmtp/v1/tests/mock-data?page=gravitysmtp-settings HTTP/1.1" 404 153 "-" "Mozilla/5.0 (X11; Linux i686 on x86_64; rv:2.0.1) Gecko/20100101 Firefox/4.0.1 Fennec/2.0.1"
34.19.166.230 - - [15/Jun/2026:19:01:35 +0000] "GET /dist/.git/config HTTP/1.1" 404 28160 "-" "Mozilla/5.0 (Windows NT 6.1; WOW64; rv:7.0.1) Gecko/20100101 Firefox/7.0.1"
34.19.166.230 - - [15/Jun/2026:19:01:35 +0000] "GET /v2/.git/config HTTP/1.1" 404 28160 "-" "Mozilla/5.0 (Windows NT 6.1; WOW64) AppleWebKit/537.36 (KHTML, like Gecko) Chrome/75.0.3770.143 YaBrowser/19.7.2.516 Yowser/2.5 Safari/537.36"
34.19.166.230 - - [15/Jun/2026:19:01:35 +0000] "GET /frontend/.git/config HTTP/1.1" 404 28160 "-" "Mozilla/5.0 (X11; Linux x86_64; rv:10.0.1) Gecko/20100101 Firefox/10.0.1"
34.182.211.185 - - [15/Jun/2026:19:01:37 +0000] "GET /wp-json/gravitysmtp/v1/config HTTP/1.1" 404 153 "-" "Mozilla/4.0 (compatible; MSIE 7.0; Windows NT 6.0; Trident/4.0)"
34.182.211.185 - - [15/Jun/2026:19:01:37 +0000] "GET /wp-json/gravitysmtp/v1/settings HTTP/1.1" 404 153 "-" "Mozilla/5.0 (compatible; MSIE 10.6; Windows NT 6.1; Trident/5.0; InfoPath.2; SLCC1; .NET CLR 3.0.4506.2152; .NET CLR 3.5.30729; .NET CLR 2.0.50727) 3gpp-gba UNTRUSTED/1.0"
34.19.166.230 - - [15/Jun/2026:19:01:35 +0000] "GET /build/.git/config HTTP/1.1" 404 28160 "-" "Mozilla/5.0 (Windows NT 10.0; WOW64; rv:47.0) Gecko/20100101 Firefox/47.0"
34.19.166.230 - - [15/Jun/2026:19:01:35 +0000] "GET /backend/.git/config HTTP/1.1" 404 28160 "-" "Mozilla/5.0 (Windows NT 6.1; WOW64) AppleWebKit/537.36 (KHTML, like Gecko) Chrome/33.0.1750.154 Safari/537.36 OPR/20.0.1387.91"
34.19.166.230 - - [15/Jun/2026:19:01:35 +0000] "GET /v3/.git/config HTTP/1.1" 404 28160 "-" "Mozilla/5.0 (Windows NT 10.0; Win64; x64) AppleWebKit/537.36 (KHTML, like Gecko) Chrome/75.0.3770.100 Safari/537.36 OPR/62.0.3331.72"
34.19.166.230 - - [15/Jun/2026:19:01:35 +0000] "GET /project/.git/config HTTP/1.1" 404 28160 "-" "Mozilla/5.0 (SymbianOS/9.1; U; en-us) AppleWebKit/413 (KHTML, like Gecko) Safari/413 es65"
34.19.166.230 - - [15/Jun/2026:19:01:35 +0000] "GET /html/.git/config HTTP/1.1" 404 28160 "-" "LG-LX550 AU-MIC-LX550/2.0 MMP/2.0 Profile/MIDP-2.0 Configuration/CLDC-1.1"
34.19.166.230 - - [15/Jun/2026:19:01:35 +0000] "GET /.git/config HTTP/1.1" 404 28160 "-" "Mozilla/5.0 (Linux; Android 8.0.0; LG-H870DS) AppleWebKit/537.36 (KHTML, like Gecko) Chrome/76.0.3809.111 Mobile Safari/537.36"
34.19.166.230 - - [15/Jun/2026:19:01:35 +0000] "GET /blog/.git/config HTTP/1.1" 404 28160 "-" "Mozilla/5.0 (Linux; Android 8.0.0; HTC U11) AppleWebKit/537.36 (KHTML, like Gecko) Chrome/76.0.3809.111 Mobile Safari/537.36"
34.19.166.230 - - [15/Jun/2026:19:01:35 +0000] "GET /wordpress/.git/config HTTP/1.1" 404 28160 "-" "Mozilla/5.0 (Linux; Android 9; moto g(7) play) AppleWebKit/537.36 (KHTML, like Gecko) Chrome/75.0.3770.143 Mobile Safari/537.36"
34.19.166.230 - - [15/Jun/2026:19:01:35 +0000] "GET /symfony/.git/config HTTP/1.1" 404 28160 "-" "Mozilla/5.0 (Macintosh; Intel Mac OS X 10_13_6) AppleWebKit/605.1.15 (KHTML, like Gecko) Version/11.1.2 Safari/605.1.15"
162.241.176.232 - - [15/Jun/2026:19:03:26 +0000] "POST /19/wp-cron.php?doing_wp_cron=1781550206.0459930896759033203125 HTTP/1.1" 404 23729 "http://www.corridauhebelomonte.com.br/19/wp-cron.php?doing_wp_cron=1781550206.0459930896759033203125" "WordPress/6.0.11; http://www.corridauhebelomonte.com.br"
162.241.176.232 - - [15/Jun/2026:19:03:26 +0000] "POST /19/wp-cron.php?doing_wp_cron=1781550206.0409219264984130859375 HTTP/1.1" 404 23729 "http://www.corridauhebelomonte.com.br/19/wp-cron.php?doing_wp_cron=1781550206.0409219264984130859375" "WordPress/6.0.11; http://www.corridauhebelomonte.com.br"
162.241.176.232 - - [15/Jun/2026:19:03:26 +0000] "POST /19/wp-cron.php?doing_wp_cron=1781550206.0415930747985839843750 HTTP/1.1" 404 23729 "http://www.corridauhebelomonte.com.br/19/wp-cron.php?doing_wp_cron=1781550206.0415930747985839843750" "WordPress/6.0.11; http://www.corridauhebelomonte.com.br"
162.241.176.232 - - [15/Jun/2026:19:03:29 +0000] "POST /19/wp-cron.php?doing_wp_cron=1781550209.4089870452880859375000 HTTP/1.1" 404 23729 "http://www.corridauhebelomonte.com.br/19/wp-cron.php?doing_wp_cron=1781550209.4089870452880859375000" "WordPress/6.0.11; http://www.corridauhebelomonte.com.br"
162.241.176.232 - - [15/Jun/2026:19:03:28 +0000] "POST /19/wp-cron.php?doing_wp_cron=1781550208.6202270984649658203125 HTTP/1.1" 404 23729 "http://www.corridauhebelomonte.com.br/19/wp-cron.php?doing_wp_cron=1781550208.6202270984649658203125" "WordPress/6.0.11; http://www.corridauhebelomonte.com.br"
162.241.176.232 - - [15/Jun/2026:19:03:30 +0000] "POST /19/wp-cron.php?doing_wp_cron=1781550209.8516759872436523437500 HTTP/1.1" 404 23729 "http://www.corridauhebelomonte.com.br/19/wp-cron.php?doing_wp_cron=1781550209.8516759872436523437500" "WordPress/6.0.11; http://www.corridauhebelomonte.com.br"
162.241.176.232 - - [15/Jun/2026:19:03:32 +0000] "POST /19/wp-cron.php?doing_wp_cron=1781550211.7759799957275390625000 HTTP/1.1" 404 23729 "http://www.corridauhebelomonte.com.br/19/wp-cron.php?doing_wp_cron=1781550211.7759799957275390625000" "WordPress/6.0.11; http://www.corridauhebelomonte.com.br"
162.241.176.232 - - [15/Jun/2026:19:03:27 +0000] "POST /19/wp-cron.php?doing_wp_cron=1781550206.9027490615844726562500 HTTP/1.1" 404 23729 "http://www.corridauhebelomonte.com.br/19/wp-cron.php?doing_wp_cron=1781550206.9027490615844726562500" "WordPress/6.0.11; http://www.corridauhebelomonte.com.br"
162.241.176.232 - - [15/Jun/2026:19:03:32 +0000] "POST /19/wp-cron.php?doing_wp_cron=1781550211.6490340232849121093750 HTTP/1.1" 404 23729 "http://www.corridauhebelomonte.com.br/19/wp-cron.php?doing_wp_cron=1781550211.6490340232849121093750" "WordPress/6.0.11; http://www.corridauhebelomonte.com.br"
162.241.176.232 - - [15/Jun/2026:19:03:34 +0000] "POST /19/wp-cron.php?doing_wp_cron=1781550213.6172299385070800781250 HTTP/1.1" 404 23729 "http://www.corridauhebelomonte.com.br/19/wp-cron.php?doing_wp_cron=1781550213.6172299385070800781250" "WordPress/6.0.11; http://www.corridauhebelomonte.com.br"
162.241.176.232 - - [15/Jun/2026:19:03:32 +0000] "POST /19/wp-cron.php?doing_wp_cron=1781550211.7074580192565917968750 HTTP/1.1" 404 23729 "http://www.corridauhebelomonte.com.br/19/wp-cron.php?doing_wp_cron=1781550211.7074580192565917968750" "WordPress/6.0.11; http://www.corridauhebelomonte.com.br"
162.241.176.232 - - [15/Jun/2026:19:03:29 +0000] "POST /19/wp-cron.php?doing_wp_cron=1781550209.5909628868103027343750 HTTP/1.1" 404 23729 "http://www.corridauhebelomonte.com.br/19/wp-cron.php?doing_wp_cron=1781550209.5909628868103027343750" "WordPress/6.0.11; http://www.corridauhebelomonte.com.br"
162.241.176.232 - - [15/Jun/2026:19:03:28 +0000] "POST /19/wp-cron.php?doing_wp_cron=1781550208.5785799026489257812500 HTTP/1.1" 404 23729 "http://www.corridauhebelomonte.com.br/19/wp-cron.php?doing_wp_cron=1781550208.5785799026489257812500" "WordPress/6.0.11; http://www.corridauhebelomonte.com.br"
162.241.176.232 - - [15/Jun/2026:19:03:31 +0000] "POST /19/wp-cron.php?doing_wp_cron=1781550209.9925971031188964843750 HTTP/1.1" 404 23729 "http://www.corridauhebelomonte.com.br/19/wp-cron.php?doing_wp_cron=1781550209.9925971031188964843750" "WordPress/6.0.11; http://www.corridauhebelomonte.com.br"
162.241.176.232 - - [15/Jun/2026:19:03:31 +0000] "POST /19/wp-cron.php?doing_wp_cron=1781550209.8905529975891113281250 HTTP/1.1" 404 23729 "http://www.corridauhebelomonte.com.br/19/wp-cron.php?doing_wp_cron=1781550209.8905529975891113281250" "WordPress/6.0.11; http://www.corridauhebelomonte.com.br"
162.241.176.232 - - [15/Jun/2026:19:03:32 +0000] "POST /19/wp-cron.php?doing_wp_cron=1781550211.7413120269775390625000 HTTP/1.1" 404 23729 "http://www.corridauhebelomonte.com.br/19/wp-cron.php?doing_wp_cron=1781550211.7413120269775390625000" "WordPress/6.0.11; http://www.corridauhebelomonte.com.br"
162.241.176.232 - - [15/Jun/2026:19:03:33 +0000] "POST /19/wp-cron.php?doing_wp_cron=1781550212.6322679519653320312500 HTTP/1.1" 404 23729 "http://www.corridauhebelomonte.com.br/19/wp-cron.php?doing_wp_cron=1781550212.6322679519653320312500" "WordPress/6.0.11; http://www.corridauhebelomonte.com.br"
162.241.176.232 - - [15/Jun/2026:19:03:28 +0000] "POST /19/wp-cron.php?doing_wp_cron=1781550208.7036280632019042968750 HTTP/1.1" 404 23729 "http://www.corridauhebelomonte.com.br/19/wp-cron.php?doing_wp_cron=1781550208.7036280632019042968750" "WordPress/6.0.11; http://www.corridauhebelomonte.com.br"
162.241.176.232 - - [15/Jun/2026:19:03:31 +0000] "POST /19/wp-cron.php?doing_wp_cron=1781550211.0999920368194580078125 HTTP/1.1" 404 23729 "http://www.corridauhebelomonte.com.br/19/wp-cron.php?doing_wp_cron=1781550211.0999920368194580078125" "WordPress/6.0.11; http://www.corridauhebelomonte.com.br"
162.241.176.232 - - [15/Jun/2026:19:03:27 +0000] "POST /19/wp-cron.php?doing_wp_cron=1781550207.6491041183471679687500 HTTP/1.1" 404 23729 "http://www.corridauhebelomonte.com.br/19/wp-cron.php?doing_wp_cron=1781550207.6491041183471679687500" "WordPress/6.0.11; http://www.corridauhebelomonte.com.br"
162.241.176.232 - - [15/Jun/2026:19:03:31 +0000] "POST /19/wp-cron.php?doing_wp_cron=1781550211.1070809364318847656250 HTTP/1.1" 404 23729 "http://www.corridauhebelomonte.com.br/19/wp-cron.php?doing_wp_cron=1781550211.1070809364318847656250" "WordPress/6.0.11; http://www.corridauhebelomonte.com.br"
162.241.176.232 - - [15/Jun/2026:19:03:32 +0000] "POST /19/wp-cron.php?doing_wp_cron=1781550211.6344690322875976562500 HTTP/1.1" 404 23729 "http://www.corridauhebelomonte.com.br/19/wp-cron.php?doing_wp_cron=1781550211.6344690322875976562500" "WordPress/6.0.11; http://www.corridauhebelomonte.com.br"
162.241.176.232 - - [15/Jun/2026:19:03:36 +0000] "POST /19/wp-cron.php?doing_wp_cron=1781550215.3576500415802001953125 HTTP/1.1" 404 23729 "http://www.corridauhebelomonte.com.br/19/wp-cron.php?doing_wp_cron=1781550215.3576500415802001953125" "WordPress/6.0.11; http://www.corridauhebelomonte.com.br"
162.241.176.232 - - [15/Jun/2026:19:03:29 +0000] "POST /19/wp-cron.php?doing_wp_cron=1781550209.3825109004974365234375 HTTP/1.1" 404 23729 "http://www.corridauhebelomonte.com.br/19/wp-cron.php?doing_wp_cron=1781550209.3825109004974365234375" "WordPress/6.0.11; http://www.corridauhebelomonte.com.br"
162.241.176.232 - - [15/Jun/2026:19:03:38 +0000] "POST /19/wp-cron.php?doing_wp_cron=1781550217.3907179832458496093750 HTTP/1.1" 404 23729 "http://www.corridauhebelomonte.com.br/19/wp-cron.php?doing_wp_cron=1781550217.3907179832458496093750" "WordPress/6.0.11; http://www.corridauhebelomonte.com.br"
162.241.176.232 - - [15/Jun/2026:19:03:31 +0000] "POST /19/wp-cron.php?doing_wp_cron=1781550211.1577079296112060546875 HTTP/1.1" 404 23729 "http://www.corridauhebelomonte.com.br/19/wp-cron.php?doing_wp_cron=1781550211.1577079296112060546875" "WordPress/6.0.11; http://www.corridauhebelomonte.com.br"
162.241.176.232 - - [15/Jun/2026:19:03:32 +0000] "POST /19/wp-cron.php?doing_wp_cron=1781550211.5740489959716796875000 HTTP/1.1" 404 23729 "http://www.corridauhebelomonte.com.br/19/wp-cron.php?doing_wp_cron=1781550211.5740489959716796875000" "WordPress/6.0.11; http://www.corridauhebelomonte.com.br"
162.241.176.232 - - [15/Jun/2026:19:03:31 +0000] "POST /19/wp-cron.php?doing_wp_cron=1781550211.1406409740447998046875 HTTP/1.1" 404 23729 "http://www.corridauhebelomonte.com.br/19/wp-cron.php?doing_wp_cron=1781550211.1406409740447998046875" "WordPress/6.0.11; http://www.corridauhebelomonte.com.br"
162.241.176.232 - - [15/Jun/2026:19:03:33 +0000] "POST /19/wp-cron.php?doing_wp_cron=1781550213.4205489158630371093750 HTTP/1.1" 404 23729 "http://www.corridauhebelomonte.com.br/19/wp-cron.php?doing_wp_cron=1781550213.4205489158630371093750" "WordPress/6.0.11; http://www.corridauhebelomonte.com.br"
162.241.176.232 - - [15/Jun/2026:19:03:38 +0000] "POST /19/wp-cron.php?doing_wp_cron=1781550217.0108659267425537109375 HTTP/1.1" 404 23729 "http://www.corridauhebelomonte.com.br/19/wp-cron.php?doing_wp_cron=1781550217.0108659267425537109375" "WordPress/6.0.11; http://www.corridauhebelomonte.com.br"
34.159.77.173 - - [15/Jun/2026:19:13:07 +0000] "GET /.env.copy HTTP/1.1" 500 2527 "-" "Mozilla/5.0 (Windows NT 10.0; WOW64) AppleWebKit/537.36 (KHTML, like Gecko) Chrome/73.0.3683.103 Whale/1.5.75.9 Safari/537.36"
34.159.77.173 - - [15/Jun/2026:19:12:57 +0000] "GET /.env.save HTTP/1.1" 500 2527 "-" "Mozilla/5.0 (Linux; Android 6.0; Le X620 Build/MRA58K) AppleWebKit/537.36 (KHTML, like Gecko) Chrome/56.0.2924.87 Mobile Safari/537.36"
34.159.77.173 - - [15/Jun/2026:19:13:01 +0000] "GET /.env.staging HTTP/1.1" 500 2527 "-" "Mozilla/4.0 (compatible; MSIE 7.0; Windows NT 6.1; Trident/6.0)"
34.159.77.173 - - [15/Jun/2026:19:13:21 +0000] "GET /.env.preprod HTTP/1.1" 500 2527 "-" "Mozilla/5.0 (Windows NT 6.3; Win64; x64) AppleWebKit/537.36 (KHTML, like Gecko) Chrome/67.0.3396.87 Safari/537.36"
34.159.77.173 - - [15/Jun/2026:19:13:24 +0000] "GET /.env HTTP/1.1" 500 2527 "-" "SonyEricssonS500i/R6BC Browser/NetFront/3.3 Profile/MIDP-2.0 Configuration/CLDC-1.1"
34.159.77.173 - - [15/Jun/2026:19:13:40 +0000] "GET /.env.development HTTP/1.1" 500 2527 "-" "Mozilla/5.0 (Windows NT 6.1; Win64; x64; rv:25.0) Gecko/20100101 Firefox/29.0"
34.159.77.173 - - [15/Jun/2026:19:13:53 +0000] "GET /.env.qa HTTP/1.1" 500 2527 "-" "Mozilla/5.0 (Linux; U; Android 2.3.3; ko-kr; SHW-M250S Build/GINGERBREAD) AppleWebKit/533.1 (KHTML, like Gecko) Version/4.0 Mobile Safari/533.1"
34.159.77.173 - - [15/Jun/2026:19:14:13 +0000] "GET /.env.dev HTTP/1.1" 500 2527 "-" "Mozilla/5.0 (Windows NT 6.1; Win64; x64) AppleWebKit/537.36 (KHTML, like Gecko) Chrome/71.0.3578.98 Safari/537.36"
34.159.77.173 - - [15/Jun/2026:19:14:13 +0000] "GET /.env.uat HTTP/1.1" 500 2527 "-" "Mozilla/5.0 (Linux; Android 9; ANE-LX1) AppleWebKit/537.36 (KHTML, like Gecko) Chrome/76.0.3809.111 Mobile Safari/537.36"
34.159.77.173 - - [15/Jun/2026:19:14:50 +0000] "GET /.env.bak HTTP/1.1" 500 2527 "-" "Mozilla/5.0 (Android; Linux armv7l; rv:10.0.1) Gecko/20100101 Firefox/10.0.1 Fennec/10.0.1"
34.159.77.173 - - [15/Jun/2026:19:14:57 +0000] "GET /.env.pre-production HTTP/1.1" 500 2527 "-" "Mozilla/5.0 (Macintosh; Intel Mac OS X 10_14_5) AppleWebKit/537.36 (KHTML, like Gecko) Chrome/73.0.3683.75 Safari/537.36"
34.159.77.173 - - [15/Jun/2026:19:15:16 +0000] "GET /env HTTP/1.1" 500 2527 "-" "Mozilla/5.0 (Windows NT 6.1; WOW64) AppleWebKit/537.36 (KHTML, like Gecko) Chrome/74.0.3729.169 Safari/537.36"
34.159.77.173 - - [15/Jun/2026:19:15:16 +0000] "GET /env.backup HTTP/1.1" 500 2527 "-" "Mozilla/5.0 (Macintosh; Intel Mac OS X 10_14_5) AppleWebKit/537.36 (KHTML, like Gecko) Chrome/72.0.3626.121 Safari/537.36"
34.159.77.173 - - [15/Jun/2026:19:14:42 +0000] "GET /.env.stage HTTP/1.1" 500 2527 "-" "Opera/9.80 (Android; Opera Mini/43.3.2254/150.36; U; en) Presto/2.12.423 Version/12.16"
34.159.77.173 - - [15/Jun/2026:19:15:17 +0000] "GET /.env.local HTTP/1.1" 500 2527 "-" "Mozilla/5.0 (Linux; Android 9; SM-G950U) AppleWebKit/537.36 (KHTML, like Gecko) Chrome/76.0.3809.89 Mobile Safari/537.36"
